[INFO] cloning repository https://github.com/fengjutian/AlexOS
[INFO] running `Command { std: "git" "-c" "credential.helper=" "-c" "credential.helper=/workspace/cargo-home/bin/git-credential-null" "clone" "--bare" "https://github.com/fengjutian/AlexOS" "/workspace/cache/git-repos/https%3A%2F%2Fgithub.com%2Ffengjutian%2FAlexOS", kill_on_drop: false }`
[INFO] [stderr] Cloning into bare repository '/workspace/cache/git-repos/https%3A%2F%2Fgithub.com%2Ffengjutian%2FAlexOS'...
[INFO] running `Command { std: "git" "rev-parse" "HEAD", kill_on_drop: false }`
[INFO] [stdout] f1ce74cebdeca42c822aeb98a6c7acdf64f24242
[INFO] checking fengjutian/AlexOS against 3154cc1a3e6424e44f438a95007d043ed5ceaaf6 for pr-133502-30
[INFO] running `Command { std: "git" "clone" "/workspace/cache/git-repos/https%3A%2F%2Fgithub.com%2Ffengjutian%2FAlexOS" "/workspace/builds/worker-0-tc2/source", kill_on_drop: false }`
[INFO] [stderr] Cloning into '/workspace/builds/worker-0-tc2/source'...
[INFO] [stderr] done.
[INFO] started tweaking git repo https://github.com/fengjutian/AlexOS
[INFO] finished tweaking git repo https://github.com/fengjutian/AlexOS
[INFO] tweaked toml for git repo https://github.com/fengjutian/AlexOS written to /workspace/builds/worker-0-tc2/source/Cargo.toml
[INFO] validating manifest of git repo https://github.com/fengjutian/AlexOS on toolchain 3154cc1a3e6424e44f438a95007d043ed5ceaaf6
[INFO] running `Command { std: CARGO_HOME="/workspace/cargo-home" RUSTUP_HOME="/workspace/rustup-home" "/workspace/cargo-home/bin/cargo" "+3154cc1a3e6424e44f438a95007d043ed5ceaaf6" "metadata" "--manifest-path" "Cargo.toml" "--no-deps", kill_on_drop: false }`
[INFO] crate git repo https://github.com/fengjutian/AlexOS already has a lockfile, it will not be regenerated
[INFO] running `Command { std: CARGO_HOME="/workspace/cargo-home" RUSTUP_HOME="/workspace/rustup-home" "/workspace/cargo-home/bin/cargo" "+3154cc1a3e6424e44f438a95007d043ed5ceaaf6" "fetch" "--manifest-path" "Cargo.toml", kill_on_drop: false }`
[INFO] running `Command { std: "docker" "create" "-v" "/var/lib/crater-agent-workspace/builds/worker-0-tc2/source:/opt/rustwide/workdir:ro,Z" "-v" "/var/lib/crater-agent-workspace/builds/worker-0-tc2/target:/opt/rustwide/target:rw,Z" "-v" "/var/lib/crater-agent-workspace/cargo-home:/opt/rustwide/cargo-home:ro,Z" "-v" "/var/lib/crater-agent-workspace/rustup-home:/opt/rustwide/rustup-home:ro,Z" "-m" "1610612736" "--network" "none" "ghcr.io/rust-lang/crates-build-env/linux@sha256:77db811e55d90add9212f6832c23229e3de5f1c1f9905e8cb07319ea15df73ac" "sleep" "infinity", kill_on_drop: false }`
[INFO] [stdout] f7585073fcb90a14270d52048830e63e34455d2a29b02bd211029f0a58c4f86d
[INFO] running `Command { std: "docker" "start" "f7585073fcb90a14270d52048830e63e34455d2a29b02bd211029f0a58c4f86d", kill_on_drop: false }`
[INFO] running `Command { std: "docker" "inspect" "f7585073fcb90a14270d52048830e63e34455d2a29b02bd211029f0a58c4f86d", kill_on_drop: false }`
[INFO] running `Command { std: "docker" "exec" "-e" "SOURCE_DIR=/opt/rustwide/workdir" "-e" "CARGO_HOME=/opt/rustwide/cargo-home" "-e" "RUSTUP_HOME=/opt/rustwide/rustup-home" "-e" "CARGO_TARGET_DIR=/opt/rustwide/target" "-w" "/opt/rustwide/workdir" "--user" "0:0" "f7585073fcb90a14270d52048830e63e34455d2a29b02bd211029f0a58c4f86d" "/opt/rustwide/cargo-home/bin/cargo" "+3154cc1a3e6424e44f438a95007d043ed5ceaaf6" "metadata" "--no-deps" "--format-version=1", kill_on_drop: false }`
[INFO] running `Command { std: "docker" "inspect" "f7585073fcb90a14270d52048830e63e34455d2a29b02bd211029f0a58c4f86d", kill_on_drop: false }`
[INFO] running `Command { std: "docker" "exec" "-e" "SOURCE_DIR=/opt/rustwide/workdir" "-e" "CARGO_HOME=/opt/rustwide/cargo-home" "-e" "RUSTUP_HOME=/opt/rustwide/rustup-home" "-e" "CARGO_TARGET_DIR=/opt/rustwide/target" "-e" "CARGO_INCREMENTAL=0" "-e" "RUST_BACKTRACE=full" "-e" "RUSTFLAGS=--cap-lints=forbid" "-e" "RUSTDOCFLAGS=--cap-lints=forbid" "-w" "/opt/rustwide/workdir" "--user" "0:0" "f7585073fcb90a14270d52048830e63e34455d2a29b02bd211029f0a58c4f86d" "/opt/rustwide/cargo-home/bin/cargo" "+3154cc1a3e6424e44f438a95007d043ed5ceaaf6" "check" "--frozen" "--all" "--all-targets" "--message-format=json", kill_on_drop: false }`
[INFO] [stderr]    Compiling proc-macro2 v1.0.107
[INFO] [stderr]    Compiling quote v1.0.47
[INFO] [stderr]    Compiling unicode-ident v1.0.24
[INFO] [stderr]    Compiling libc v0.2.189
[INFO] [stderr]     Checking cfg-if v1.0.4
[INFO] [stderr]     Checking stable_deref_trait v1.2.1
[INFO] [stderr]    Compiling version_check v0.9.5
[INFO] [stderr]     Checking memchr v2.8.3
[INFO] [stderr]     Checking log v0.4.33
[INFO] [stderr]    Compiling find-msvc-tools v0.1.10
[INFO] [stderr]    Compiling serde_core v1.0.229
[INFO] [stderr]    Compiling shlex v2.0.1
[INFO] [stderr]     Checking smallvec v1.15.2
[INFO] [stderr]    Compiling crossbeam-utils v0.8.22
[INFO] [stderr]    Compiling generic-array v0.14.7
[INFO] [stderr]    Compiling cc v1.4.2
[INFO] [stderr]     Checking typenum v1.20.1
[INFO] [stderr]     Checking itoa v1.0.18
[INFO] [stderr]     Checking zeroize v1.9.0
[INFO] [stderr]     Checking litemap v0.8.3
[INFO] [stderr]     Checking writeable v0.6.4
[INFO] [stderr]    Compiling icu_normalizer_data v2.3.0
[INFO] [stderr]     Checking utf8_iter v1.0.4
[INFO] [stderr]    Compiling icu_properties_data v2.3.0
[INFO] [stderr]    Compiling zmij v1.0.23
[INFO] [stderr]    Compiling crc32fast v1.5.0
[INFO] [stderr]    Compiling syn v2.0.119
[INFO] [stderr]    Compiling syn v3.0.3
[INFO] [stderr]    Compiling semver v1.0.28
[INFO] [stderr]    Compiling serde v1.0.229
[INFO] [stderr]     Checking once_cell v1.21.4
[INFO] [stderr]    Compiling rustc_version v0.4.1
[INFO] [stderr]     Checking rustls-pki-types v1.15.1
[INFO] [stderr]    Compiling crossbeam-epoch v0.9.20
[INFO] [stderr]     Checking getrandom v0.2.17
[INFO] [stderr]    Compiling httparse v1.10.1
[INFO] [stderr]     Checking subtle v2.6.1
[INFO] [stderr]    Compiling inotify-sys v0.1.8
[INFO] [stderr]     Checking untrusted v0.9.0
[INFO] [stderr]     Checking utf8parse v0.2.2
[INFO] [stderr]    Compiling getrandom v0.4.3
[INFO] [stderr]    Compiling serde_json v1.0.151
[INFO] [stderr]    Compiling ring v0.17.14
[INFO] [stderr]    Compiling rustix v1.1.4
[INFO] [stderr]     Checking anstyle-parse v1.0.0
[INFO] [stderr]    Compiling curve25519-dalek v4.1.3
[INFO] [stderr]     Checking aho-corasick v1.1.5
[INFO] [stderr]     Checking equivalent v1.0.2
[INFO] [stderr]     Checking colorchoice v1.0.5
[INFO] [stderr]     Checking cpufeatures v0.2.17
[INFO] [stderr]     Checking crypto-common v0.1.7
[INFO] [stderr]     Checking block-buffer v0.10.4
[INFO] [stderr]    Compiling crossbeam-deque v0.8.7
[INFO] [stderr]     Checking bytes v1.12.1
[INFO] [stderr]     Checking digest v0.10.7
[INFO] [stderr]     Checking is_terminal_polyfill v1.70.2
[INFO] [stderr]     Checking hashbrown v0.17.1
[INFO] [stderr]     Checking anstyle-query v1.1.5
[INFO] [stderr]     Checking linux-raw-sys v0.12.1
[INFO] [stderr]     Checking percent-encoding v2.3.2
[INFO] [stderr]     Checking adler2 v2.0.1
[INFO] [stderr]     Checking bitflags v2.13.1
[INFO] [stderr]     Checking same-file v1.0.6
[INFO] [stderr]     Checking simd-adler32 v0.3.10
[INFO] [stderr]     Checking regex-syntax v0.8.11
[INFO] [stderr]    Compiling rustls v0.23.43
[INFO] [stderr]     Checking anstyle v1.0.14
[INFO] [stderr]     Checking miniz_oxide v0.8.9
[INFO] [stderr]     Checking anstream v1.0.0
[INFO] [stderr]     Checking walkdir v2.5.0
[INFO] [stderr]     Checking indexmap v2.14.0
[INFO] [stderr]     Checking http v1.5.0
[INFO] [stderr]     Checking regex-automata v0.4.18
[INFO] [stderr]     Checking bstr v1.13.1
[INFO] [stderr]     Checking base64 v0.23.1
[INFO] [stderr]     Checking strsim v0.11.1
[INFO] [stderr]    Compiling zerovec-derive v0.11.6
[INFO] [stderr]    Compiling displaydoc v0.2.7
[INFO] [stderr]    Compiling serde_derive v1.0.229
[INFO] [stderr]    Compiling heck v0.5.0
[INFO] [stderr]    Compiling getrandom v0.3.4
[INFO] [stderr]     Checking clap_lex v1.1.0
[INFO] [stderr]     Checking bitflags v1.3.2
[INFO] [stderr]    Compiling parking_lot_core v0.9.12
[INFO] [stderr]    Compiling thiserror v2.0.20
[INFO] [stderr]     Checking signature v2.2.0
[INFO] [stderr]    Compiling synstructure v0.13.2
[INFO] [stderr]     Checking fastrand v2.4.1
[INFO] [stderr]     Checking tempfile v3.27.0
[INFO] [stderr]     Checking ed25519 v2.2.3
[INFO] [stderr]     Checking inotify v0.9.6
[INFO] [stderr]     Checking clap_builder v4.6.0
[INFO] [stderr]     Checking ureq-proto v0.6.1
[INFO] [stderr]    Compiling thiserror-impl v2.0.20
[INFO] [stderr]     Checking flate2 v1.1.9
[INFO] [stderr]     Checking form_urlencoded v1.2.2
[INFO] [stderr]     Checking rustls-webpki v0.103.14
[INFO] [stderr]     Checking sha2 v0.10.9
[INFO] [stderr]     Checking globset v0.4.20
[INFO] [stderr]     Checking webpki-roots v1.0.9
[INFO] [stderr]     Checking rand_core v0.6.4
[INFO] [stderr]     Checking filetime v0.2.29
[INFO] [stderr]     Checking mio v0.8.11
[INFO] [stderr]     Checking crossbeam-channel v0.5.16
[INFO] [stderr]     Checking slab v0.4.12
[INFO] [stderr]     Checking utf8-zero v0.8.1
[INFO] [stderr]     Checking ryu v1.0.23
[INFO] [stderr]     Checking scopeguard v1.2.0
[INFO] [stderr]     Checking futures-core v0.3.33
[INFO] [stderr]     Checking futures-task v0.3.33
[INFO] [stderr]     Checking unsafe-libyaml v0.2.11
[INFO] [stderr]    Compiling zerofrom-derive v0.1.7
[INFO] [stderr]    Compiling yoke-derive v0.8.2
[INFO] [stderr]    Compiling curve25519-dalek-derive v0.1.1
[INFO] [stderr]    Compiling clap_derive v4.6.1
[INFO] [stderr]     Checking pin-project-lite v0.2.17
[INFO] [stderr]     Checking futures-util v0.3.33
[INFO] [stderr]     Checking notify v6.1.1
[INFO] [stderr]     Checking lock_api v0.4.14
[INFO] [stderr]     Checking ignore v0.4.33
[INFO] [stderr]     Checking zerofrom v0.1.8
[INFO] [stderr]     Checking yoke v0.8.3
[INFO] [stderr]     Checking zerovec v0.11.8
[INFO] [stderr]     Checking zerotrie v0.2.5
[INFO] [stderr]     Checking zip v4.6.1
[INFO] [stderr]     Checking alex-logging v0.1.0 (/opt/rustwide/workdir/packages/alex-logging)
[INFO] [stderr]     Checking serde_yaml_ng v0.10.0
[INFO] [stderr]     Checking clap v4.6.1
[INFO] [stderr]     Checking ed25519-dalek v2.2.0
[INFO] [stderr]     Checking base64 v0.22.1
[INFO] [stderr]     Checking tinystr v0.8.4
[INFO] [stderr]     Checking potential_utf v0.1.6
[INFO] [stderr]     Checking parking_lot v0.12.5
[INFO] [stderr]     Checking icu_collections v2.3.0
[INFO] [stderr]    Compiling serial_test_derive v3.5.0
[INFO] [stderr]     Checking icu_locale_core v2.3.0
[INFO] [stderr]     Checking futures-executor v0.3.32
[INFO] [stderr]     Checking ureq v3.4.0
[INFO] [stderr]     Checking serial_test v3.5.0
[INFO] [stderr]     Checking icu_provider v2.3.1
[INFO] [stderr]     Checking icu_normalizer v2.3.0
[INFO] [stderr]     Checking icu_properties v2.3.0
[INFO] [stderr]     Checking idna_adapter v1.2.2
[INFO] [stderr]     Checking idna v1.1.0
[INFO] [stderr]     Checking url v2.5.8
[INFO] [stderr]     Checking alex v0.2.0 (/opt/rustwide/workdir)
[INFO] [stdout] error[E0433]: cannot find module or crate `wry` in this scope
[INFO] [stdout]  --> src/daemon/proxy_client.rs:9:5
[INFO] [stdout]   |
[INFO] [stdout] 9 | use wry::http::{Request, Response};
[INFO] [stdout]   |     ^^^ use of unresolved module or unlinked crate `wry`
[INFO] [stdout]   |
[INFO] [stdout]   = help: if you wanted to use a crate named `wry`, use `cargo add wry` to add it to your `Cargo.toml`
[INFO] [stdout] 
[INFO] [stdout] 
[INFO] [stdout] error[E0433]: cannot find module or crate `wry` in this scope
[INFO] [stdout]   --> src/runtime/proxy.rs:32:5
[INFO] [stdout]    |
[INFO] [stdout] 32 | use wry::http::{Request, Response, StatusCode};
[INFO] [stdout]    |     ^^^ use of unresolved module or unlinked crate `wry`
[INFO] [stdout]    |
[INFO] [stdout]    = help: if you wanted to use a crate named `wry`, use `cargo add wry` to add it to your `Cargo.toml`
[INFO] [stdout] 
[INFO] [stdout] 
[INFO] [stdout] error[E0433]: cannot find module or crate `tao` in this scope
[INFO] [stdout]   --> src/webview/manager_webview.rs:13:5
[INFO] [stdout]    |
[INFO] [stdout] 13 | use tao::{
[INFO] [stdout]    |     ^^^ use of unresolved module or unlinked crate `tao`
[INFO] [stdout]    |
[INFO] [stdout]    = help: if you wanted to use a crate named `tao`, use `cargo add tao` to add it to your `Cargo.toml`
[INFO] [stdout] 
[INFO] [stdout] 
[INFO] [stdout] error[E0433]: cannot find module or crate `wry` in this scope
[INFO] [stdout]   --> src/webview/manager_webview.rs:18:5
[INFO] [stdout]    |
[INFO] [stdout] 18 | use wry::{
[INFO] [stdout]    |     ^^^ use of unresolved module or unlinked crate `wry`
[INFO] [stdout]    |
[INFO] [stdout]    = help: if you wanted to use a crate named `wry`, use `cargo add wry` to add it to your `Cargo.toml`
[INFO] [stdout] 
[INFO] [stdout] 
[INFO] [stdout] error[E0432]: unresolved import `wry`
[INFO] [stdout]   --> src/webview/manager_webview.rs:18:5
[INFO] [stdout]    |
[INFO] [stdout] 18 | use wry::{
[INFO] [stdout]    |     ^^^ use of unresolved module or unlinked crate `wry`
[INFO] [stdout]    |
[INFO] [stdout]    = help: if you wanted to use a crate named `wry`, use `cargo add wry` to add it to your `Cargo.toml`
[INFO] [stdout] 
[INFO] [stdout] 
[INFO] [stdout] error[E0433]: cannot find module or crate `wry` in this scope
[INFO] [stdout]  --> src/daemon/proxy_client.rs:9:5
[INFO] [stdout]   |
[INFO] [stdout] 9 | use wry::http::{Request, Response};
[INFO] [stdout]   |     ^^^ use of unresolved module or unlinked crate `wry`
[INFO] [stdout]   |
[INFO] [stdout]   = help: if you wanted to use a crate named `wry`, use `cargo add wry` to add it to your `Cargo.toml`
[INFO] [stdout] 
[INFO] [stdout] 
[INFO] [stdout] error[E0433]: cannot find module or crate `wry` in this scope
[INFO] [stdout]   --> src/runtime/proxy.rs:32:5
[INFO] [stdout]    |
[INFO] [stdout] 32 | use wry::http::{Request, Response, StatusCode};
[INFO] [stdout]    |     ^^^ use of unresolved module or unlinked crate `wry`
[INFO] [stdout]    |
[INFO] [stdout]    = help: if you wanted to use a crate named `wry`, use `cargo add wry` to add it to your `Cargo.toml`
[INFO] [stdout] 
[INFO] [stdout] 
[INFO] [stdout] error[E0433]: cannot find module or crate `wry` in this scope
[INFO] [stdout]     --> src/runtime/supervisor.rs:2259:9
[INFO] [stdout]      |
[INFO] [stdout] 2259 |     use wry::http::Request;
[INFO] [stdout]      |         ^^^ use of unresolved module or unlinked crate `wry`
[INFO] [stdout]      |
[INFO] [stdout]      = help: if you wanted to use a crate named `wry`, use `cargo add wry` to add it to your `Cargo.toml`
[INFO] [stdout] 
[INFO] [stdout] 
[INFO] [stdout] error[E0433]: cannot find module or crate `tao` in this scope
[INFO] [stdout]   --> src/webview/manager_webview.rs:13:5
[INFO] [stdout]    |
[INFO] [stdout] 13 | use tao::{
[INFO] [stdout]    |     ^^^ use of unresolved module or unlinked crate `tao`
[INFO] [stdout]    |
[INFO] [stdout]    = help: if you wanted to use a crate named `tao`, use `cargo add tao` to add it to your `Cargo.toml`
[INFO] [stdout] 
[INFO] [stdout] 
[INFO] [stdout] error[E0433]: cannot find module or crate `wry` in this scope
[INFO] [stdout]   --> src/webview/manager_webview.rs:18:5
[INFO] [stdout]    |
[INFO] [stdout] 18 | use wry::{
[INFO] [stdout]    |     ^^^ use of unresolved module or unlinked crate `wry`
[INFO] [stdout]    |
[INFO] [stdout]    = help: if you wanted to use a crate named `wry`, use `cargo add wry` to add it to your `Cargo.toml`
[INFO] [stdout] 
[INFO] [stdout] 
[INFO] [stdout] error[E0433]: cannot find module or crate `wry` in this scope
[INFO] [stdout]    --> src/webview/manager_webview.rs:252:9
[INFO] [stdout]     |
[INFO] [stdout] 252 |     use wry::http::header::CONTENT_TYPE;
[INFO] [stdout]     |         ^^^ use of unresolved module or unlinked crate `wry`
[INFO] [stdout]     |
[INFO] [stdout]     = help: if you wanted to use a crate named `wry`, use `cargo add wry` to add it to your `Cargo.toml`
[INFO] [stdout] 
[INFO] [stdout] 
[INFO] [stdout] error[E0432]: unresolved import `wry`
[INFO] [stdout]   --> src/webview/manager_webview.rs:18:5
[INFO] [stdout]    |
[INFO] [stdout] 18 | use wry::{
[INFO] [stdout]    |     ^^^ use of unresolved module or unlinked crate `wry`
[INFO] [stdout]    |
[INFO] [stdout]    = help: if you wanted to use a crate named `wry`, use `cargo add wry` to add it to your `Cargo.toml`
[INFO] [stdout] 
[INFO] [stdout] 
[INFO] [stdout] error[E0425]: cannot find type `JobHandle` in this scope
[INFO] [stdout]   --> src/container/isolation.rs:49:13
[INFO] [stdout]    |
[INFO] [stdout] 49 |     Job(Arc<JobHandle>),
[INFO] [stdout]    |             ^^^^^^^^^ not found in this scope
[INFO] [stdout]    |
[INFO] [stdout] help: you might be missing a type parameter
[INFO] [stdout]    |
[INFO] [stdout] 42 | enum BoundaryKind<JobHandle> {
[INFO] [stdout]    |                  +++++++++++
[INFO] [stdout] 
[INFO] [stdout] 
[INFO] [stdout] error[E0425]: cannot find type `JobHandle` in this scope
[INFO] [stdout]   --> src/container/isolation.rs:51:23
[INFO] [stdout]    |
[INFO] [stdout] 51 |     RestrictedJob(Arc<JobHandle>),
[INFO] [stdout]    |                       ^^^^^^^^^ not found in this scope
[INFO] [stdout]    |
[INFO] [stdout] help: you might be missing a type parameter
[INFO] [stdout]    |
[INFO] [stdout] 42 | enum BoundaryKind<JobHandle> {
[INFO] [stdout]    |                  +++++++++++
[INFO] [stdout] 
[INFO] [stdout] 
[INFO] [stdout] error[E0433]: cannot find module or crate `wry` in this scope
[INFO] [stdout]     --> src/daemon/service.rs:1412:27
[INFO] [stdout]      |
[INFO] [stdout] 1412 |         let mut builder = wry::http::Request::builder().method(method).uri(path);
[INFO] [stdout]      |                           ^^^ use of unresolved module or unlinked crate `wry`
[INFO] [stdout]      |
[INFO] [stdout]      = help: if you wanted to use a crate named `wry`, use `cargo add wry` to add it to your `Cargo.toml`
[INFO] [stdout] help: consider importing one of these structs
[INFO] [stdout]      |
[INFO] [stdout]    1 + use crate::ipc::Request;
[INFO] [stdout]      |
[INFO] [stdout]    1 + use std::error::Request;
[INFO] [stdout]      |
[INFO] [stdout] help: if you import `Request`, refer to it directly
[INFO] [stdout]      |
[INFO] [stdout] 1412 -         let mut builder = wry::http::Request::builder().method(method).uri(path);
[INFO] [stdout] 1412 +         let mut builder = Request::builder().method(method).uri(path);
[INFO] [stdout]      |
[INFO] [stdout] 
[INFO] [stdout] 
[INFO] [stdout] warning: unused imports: `DaemonService` and `DaemonStateStore`
[INFO] [stdout]  --> src/daemon/transport.rs:5:46
[INFO] [stdout]   |
[INFO] [stdout] 5 | use super::{ControlRequest, ControlResponse, DaemonService, DaemonStateStore};
[INFO] [stdout]   |                                              ^^^^^^^^^^^^^  ^^^^^^^^^^^^^^^^
[INFO] [stdout]   |
[INFO] [stdout]   = note: `#[warn(unused_imports)]` (part of `#[warn(unused)]`) on by default
[INFO] [stdout] 
[INFO] [stdout] 
[INFO] [stdout] error[E0425]: cannot find type `JobHandle` in this scope
[INFO] [stdout]   --> src/container/isolation.rs:49:13
[INFO] [stdout]    |
[INFO] [stdout] 49 |     Job(Arc<JobHandle>),
[INFO] [stdout]    |             ^^^^^^^^^ not found in this scope
[INFO] [stdout]    |
[INFO] [stdout] help: you might be missing a type parameter
[INFO] [stdout]    |
[INFO] [stdout] 42 | enum BoundaryKind<JobHandle> {
[INFO] [stdout]    |                  +++++++++++
[INFO] [stdout] 
[INFO] [stdout] 
[INFO] [stdout] error[E0425]: cannot find type `JobHandle` in this scope
[INFO] [stdout]   --> src/container/isolation.rs:51:23
[INFO] [stdout]    |
[INFO] [stdout] 51 |     RestrictedJob(Arc<JobHandle>),
[INFO] [stdout]    |                       ^^^^^^^^^ not found in this scope
[INFO] [stdout]    |
[INFO] [stdout] help: you might be missing a type parameter
[INFO] [stdout]    |
[INFO] [stdout] 42 | enum BoundaryKind<JobHandle> {
[INFO] [stdout]    |                  +++++++++++
[INFO] [stdout] 
[INFO] [stdout] 
[INFO] [stdout] error[E0433]: cannot find module or crate `wry` in this scope
[INFO] [stdout]     --> src/daemon/service.rs:1412:27
[INFO] [stdout]      |
[INFO] [stdout] 1412 |         let mut builder = wry::http::Request::builder().method(method).uri(path);
[INFO] [stdout]      |                           ^^^ use of unresolved module or unlinked crate `wry`
[INFO] [stdout]      |
[INFO] [stdout]      = help: if you wanted to use a crate named `wry`, use `cargo add wry` to add it to your `Cargo.toml`
[INFO] [stdout] help: consider importing one of these structs
[INFO] [stdout]      |
[INFO] [stdout]    1 + use crate::ipc::Request;
[INFO] [stdout]      |
[INFO] [stdout]    1 + use std::error::Request;
[INFO] [stdout]      |
[INFO] [stdout] help: if you import `Request`, refer to it directly
[INFO] [stdout]      |
[INFO] [stdout] 1412 -         let mut builder = wry::http::Request::builder().method(method).uri(path);
[INFO] [stdout] 1412 +         let mut builder = Request::builder().method(method).uri(path);
[INFO] [stdout]      |
[INFO] [stdout] 
[INFO] [stdout] 
[INFO] [stdout] warning: unused imports: `DaemonService` and `DaemonStateStore`
[INFO] [stdout]  --> src/daemon/transport.rs:5:46
[INFO] [stdout]   |
[INFO] [stdout] 5 | use super::{ControlRequest, ControlResponse, DaemonService, DaemonStateStore};
[INFO] [stdout]   |                                              ^^^^^^^^^^^^^  ^^^^^^^^^^^^^^^^
[INFO] [stdout]   |
[INFO] [stdout]   = note: `#[warn(unused_imports)]` (part of `#[warn(unused)]`) on by default
[INFO] [stdout] 
[INFO] [stdout] 
[INFO] [stdout] error[E0599]: no method named `signal` found for struct `ExitStatus` in the current scope
[INFO] [stdout]    --> src/core/plugin.rs:260:42
[INFO] [stdout]     |
[INFO] [stdout] 260 |             if let Some(signal) = status.signal() {
[INFO] [stdout]     |                                          ^^^^^^ method not found in `ExitStatus`
[INFO] [stdout]     |
[INFO] [stdout]    --> /rustc/3154cc1a3e6424e44f438a95007d043ed5ceaaf6/library/std/src/os/unix/process.rs:381:7
[INFO] [stdout]     |
[INFO] [stdout]     = note: the method is available for `ExitStatus` here
[INFO] [stdout]     |
[INFO] [stdout]     = help: items from traits can only be used if the trait is in scope
[INFO] [stdout] help: trait `ExitStatusExt` which provides `signal` is implemented but not in scope; perhaps you want to import it
[INFO] [stdout]     |
[INFO] [stdout]  11 + use std::os::unix::process::ExitStatusExt;
[INFO] [stdout]     |
[INFO] [stdout] 
[INFO] [stdout] 
[INFO] [stdout] error[E0599]: no method named `signal` found for struct `ExitStatus` in the current scope
[INFO] [stdout]    --> src/core/plugin.rs:260:42
[INFO] [stdout]     |
[INFO] [stdout] 260 |             if let Some(signal) = status.signal() {
[INFO] [stdout]     |                                          ^^^^^^ method not found in `ExitStatus`
[INFO] [stdout]     |
[INFO] [stdout]    --> /rustc/3154cc1a3e6424e44f438a95007d043ed5ceaaf6/library/std/src/os/unix/process.rs:381:7
[INFO] [stdout]     |
[INFO] [stdout]     = note: the method is available for `ExitStatus` here
[INFO] [stdout]     |
[INFO] [stdout]     = help: items from traits can only be used if the trait is in scope
[INFO] [stdout] help: trait `ExitStatusExt` which provides `signal` is implemented but not in scope; perhaps you want to import it
[INFO] [stdout]     |
[INFO] [stdout]  11 + use std::os::unix::process::ExitStatusExt;
[INFO] [stdout]     |
[INFO] [stdout] 
[INFO] [stdout] 
[INFO] [stdout] error[E0277]: the size for values of type `str` cannot be known at compilation time
[INFO] [stdout]    --> src/webview/manager_webview.rs:101:35
[INFO] [stdout]     |
[INFO] [stdout] 101 |         .with_navigation_handler(|url| crate::is_internal_webview_url(&url, "system"))
[INFO] [stdout]     |                                   ^^^ doesn't have a size known at compile-time
[INFO] [stdout]     |
[INFO] [stdout]     = help: the trait `Sized` is not implemented for `str`
[INFO] [stdout]     = note: all function arguments must have a statically known size
[INFO] [stdout]     = help: unsized fn params are gated as an unstable feature
[INFO] [stdout] 
[INFO] [stdout] 
[INFO] [stdout] error[E0308]: mismatched types
[INFO] [stdout]   --> src/webview/manager_webview.rs:82:44
[INFO] [stdout]    |
[INFO] [stdout] 82 | pub fn run(manager: Arc<ManagerRouter>) -> Result<(), AlexError> {
[INFO] [stdout]    |        ---                                 ^^^^^^^^^^^^^^^^^^^^^ expected `Result<(), AlexError>`, found `()`
[INFO] [stdout]    |        |
[INFO] [stdout]    |        implicitly returns `()` as its body has no tail or `return` expression
[INFO] [stdout]    |
[INFO] [stdout]    = note:   expected enum `Result<(), AlexError>`
[INFO] [stdout]            found unit type `()`
[INFO] [stdout] 
[INFO] [stdout] 
[INFO] [stdout] error[E0277]: the size for values of type `str` cannot be known at compilation time
[INFO] [stdout]    --> src/webview/manager_webview.rs:101:35
[INFO] [stdout]     |
[INFO] [stdout] 101 |         .with_navigation_handler(|url| crate::is_internal_webview_url(&url, "system"))
[INFO] [stdout]     |                                   ^^^ doesn't have a size known at compile-time
[INFO] [stdout]     |
[INFO] [stdout]     = help: the trait `Sized` is not implemented for `str`
[INFO] [stdout]     = note: all function arguments must have a statically known size
[INFO] [stdout]     = help: unsized fn params are gated as an unstable feature
[INFO] [stdout] 
[INFO] [stdout] 
[INFO] [stdout] error[E0308]: mismatched types
[INFO] [stdout]   --> src/webview/manager_webview.rs:82:44
[INFO] [stdout]    |
[INFO] [stdout] 82 | pub fn run(manager: Arc<ManagerRouter>) -> Result<(), AlexError> {
[INFO] [stdout]    |        ---                                 ^^^^^^^^^^^^^^^^^^^^^ expected `Result<(), AlexError>`, found `()`
[INFO] [stdout]    |        |
[INFO] [stdout]    |        implicitly returns `()` as its body has no tail or `return` expression
[INFO] [stdout]    |
[INFO] [stdout]    = note:   expected enum `Result<(), AlexError>`
[INFO] [stdout]            found unit type `()`
[INFO] [stdout] 
[INFO] [stdout] 
[INFO] [stdout] Some errors have detailed explanations: E0277, E0308, E0425, E0432, E0433, E0599.
[INFO] [stdout] 
[INFO] [stdout] For more information about an error, try `rustc --explain E0277`.
[INFO] [stdout] 
[INFO] [stderr] error: could not compile `alex` (lib) due to 11 previous errors; 1 warning emitted
[INFO] [stderr] warning: build failed, waiting for other jobs to finish...
[INFO] [stdout] Some errors have detailed explanations: E0277, E0308, E0425, E0432, E0433, E0599.
[INFO] [stdout] 
[INFO] [stdout] For more information about an error, try `rustc --explain E0277`.
[INFO] [stdout] 
[INFO] [stderr] error: could not compile `alex` (lib test) due to 13 previous errors; 1 warning emitted
[INFO] running `Command { std: "docker" "inspect" "f7585073fcb90a14270d52048830e63e34455d2a29b02bd211029f0a58c4f86d", kill_on_drop: false }`
[INFO] running `Command { std: "docker" "rm" "-f" "f7585073fcb90a14270d52048830e63e34455d2a29b02bd211029f0a58c4f86d", kill_on_drop: false }`
[INFO] [stdout] f7585073fcb90a14270d52048830e63e34455d2a29b02bd211029f0a58c4f86d
