[INFO] cloning repository https://github.com/fb0sh/filehelper
[INFO] running `Command { std: "git" "-c" "credential.helper=" "-c" "credential.helper=/workspace/cargo-home/bin/git-credential-null" "clone" "--bare" "https://github.com/fb0sh/filehelper" "/workspace/cache/git-repos/https%3A%2F%2Fgithub.com%2Ffb0sh%2Ffilehelper", kill_on_drop: false }`
[INFO] [stderr] Cloning into bare repository '/workspace/cache/git-repos/https%3A%2F%2Fgithub.com%2Ffb0sh%2Ffilehelper'...
[INFO] running `Command { std: "git" "rev-parse" "HEAD", kill_on_drop: false }`
[INFO] [stdout] ea5c78f6537cefeb385f30650db2f90e9fa0f6cb
[INFO] checking fb0sh/filehelper against 3154cc1a3e6424e44f438a95007d043ed5ceaaf6+rustflags=-Znext-solver=coherence for pr-133502-30
[INFO] running `Command { std: "git" "clone" "/workspace/cache/git-repos/https%3A%2F%2Fgithub.com%2Ffb0sh%2Ffilehelper" "/workspace/builds/worker-3-tc1/source", kill_on_drop: false }`
[INFO] [stderr] Cloning into '/workspace/builds/worker-3-tc1/source'...
[INFO] [stderr] done.
[INFO] started tweaking git repo https://github.com/fb0sh/filehelper
[INFO] finished tweaking git repo https://github.com/fb0sh/filehelper
[INFO] tweaked toml for git repo https://github.com/fb0sh/filehelper written to /workspace/builds/worker-3-tc1/source/Cargo.toml
[INFO] validating manifest of git repo https://github.com/fb0sh/filehelper on toolchain 3154cc1a3e6424e44f438a95007d043ed5ceaaf6
[INFO] running `Command { std: CARGO_HOME="/workspace/cargo-home" RUSTUP_HOME="/workspace/rustup-home" "/workspace/cargo-home/bin/cargo" "+3154cc1a3e6424e44f438a95007d043ed5ceaaf6" "metadata" "--manifest-path" "Cargo.toml" "--no-deps", kill_on_drop: false }`
[INFO] crate git repo https://github.com/fb0sh/filehelper already has a lockfile, it will not be regenerated
[INFO] running `Command { std: CARGO_HOME="/workspace/cargo-home" RUSTUP_HOME="/workspace/rustup-home" "/workspace/cargo-home/bin/cargo" "+3154cc1a3e6424e44f438a95007d043ed5ceaaf6" "fetch" "--manifest-path" "Cargo.toml", kill_on_drop: false }`
[INFO] [stderr]     Updating crates.io index
[INFO] [stderr]  Downloading crates ...
[INFO] [stderr]   Downloaded rle-decode-fast v1.0.3
[INFO] [stderr]   Downloaded include-flate-compress v0.3.4
[INFO] [stderr]   Downloaded libflate_lz77 v2.3.0
[INFO] [stderr]   Downloaded include-flate v0.3.4
[INFO] [stderr]   Downloaded libflate v2.3.1
[INFO] [stderr]   Downloaded neli-proc-macros v0.2.2
[INFO] [stderr]   Downloaded getset v0.1.7
[INFO] [stderr]   Downloaded include-flate-codegen v0.3.4
[INFO] [stderr]   Downloaded pem v4.0.0
[INFO] [stderr]   Downloaded local-ip-address v0.6.13
[INFO] [stderr]   Downloaded axum-server v0.8.0
[INFO] [stderr]   Downloaded rcgen v0.14.10
[INFO] [stderr]   Downloaded neli v0.7.4
[INFO] [stderr]   Downloaded aws-lc-rs v1.18.0
[INFO] [stderr]   Downloaded aws-lc-sys v0.44.0
[INFO] running `Command { std: "docker" "create" "-v" "/var/lib/crater-agent-workspace/builds/worker-3-tc1/source:/opt/rustwide/workdir:ro,Z" "-v" "/var/lib/crater-agent-workspace/builds/worker-3-tc1/target:/opt/rustwide/target:rw,Z" "-v" "/var/lib/crater-agent-workspace/cargo-home:/opt/rustwide/cargo-home:ro,Z" "-v" "/var/lib/crater-agent-workspace/rustup-home:/opt/rustwide/rustup-home:ro,Z" "-m" "1610612736" "--network" "none" "ghcr.io/rust-lang/crates-build-env/linux@sha256:77db811e55d90add9212f6832c23229e3de5f1c1f9905e8cb07319ea15df73ac" "sleep" "infinity", kill_on_drop: false }`
[INFO] [stdout] c7da4f0c9ac79d4f9440a9d4cd1d129dc0847721fa9f758cb960185a39b7129e
[INFO] running `Command { std: "docker" "start" "c7da4f0c9ac79d4f9440a9d4cd1d129dc0847721fa9f758cb960185a39b7129e", kill_on_drop: false }`
[INFO] running `Command { std: "docker" "inspect" "c7da4f0c9ac79d4f9440a9d4cd1d129dc0847721fa9f758cb960185a39b7129e", kill_on_drop: false }`
[INFO] running `Command { std: "docker" "exec" "-e" "SOURCE_DIR=/opt/rustwide/workdir" "-e" "CARGO_HOME=/opt/rustwide/cargo-home" "-e" "RUSTUP_HOME=/opt/rustwide/rustup-home" "-e" "CARGO_TARGET_DIR=/opt/rustwide/target" "-w" "/opt/rustwide/workdir" "--user" "0:0" "c7da4f0c9ac79d4f9440a9d4cd1d129dc0847721fa9f758cb960185a39b7129e" "/opt/rustwide/cargo-home/bin/cargo" "+3154cc1a3e6424e44f438a95007d043ed5ceaaf6" "metadata" "--no-deps" "--format-version=1", kill_on_drop: false }`
[INFO] running `Command { std: "docker" "inspect" "c7da4f0c9ac79d4f9440a9d4cd1d129dc0847721fa9f758cb960185a39b7129e", kill_on_drop: false }`
[INFO] running `Command { std: "docker" "exec" "-e" "SOURCE_DIR=/opt/rustwide/workdir" "-e" "CARGO_HOME=/opt/rustwide/cargo-home" "-e" "RUSTUP_HOME=/opt/rustwide/rustup-home" "-e" "CARGO_TARGET_DIR=/opt/rustwide/target" "-e" "CARGO_INCREMENTAL=0" "-e" "RUST_BACKTRACE=full" "-e" "RUSTFLAGS=--cap-lints=forbid -Znext-solver=coherence" "-e" "RUSTDOCFLAGS=--cap-lints=forbid" "-w" "/opt/rustwide/workdir" "--user" "0:0" "c7da4f0c9ac79d4f9440a9d4cd1d129dc0847721fa9f758cb960185a39b7129e" "/opt/rustwide/cargo-home/bin/cargo" "+3154cc1a3e6424e44f438a95007d043ed5ceaaf6" "check" "--frozen" "--all" "--all-targets" "--message-format=json", kill_on_drop: false }`
[INFO] [stderr]    Compiling jobserver v0.1.35
[INFO] [stderr]     Checking parking_lot_core v0.9.12
[INFO] [stderr]    Compiling displaydoc v0.2.7
[INFO] [stderr]    Compiling typenum v1.20.1
[INFO] [stderr]    Compiling num-traits v0.2.19
[INFO] [stderr]     Checking block-buffer v0.10.4
[INFO] [stderr]     Checking crypto-common v0.1.7
[INFO] [stderr]    Compiling crc32fast v1.5.1
[INFO] [stderr]    Compiling zstd-safe v7.2.4
[INFO] [stderr]     Checking futures-util v0.3.34
[INFO] [stderr]     Checking digest v0.10.7
[INFO] [stderr]    Compiling cc v1.4.4
[INFO] [stderr]     Checking parking_lot v0.12.5
[INFO] [stderr]    Compiling darling_core v0.20.11
[INFO] [stderr]    Compiling form_urlencoded v1.2.2
[INFO] [stderr]    Compiling no_std_io2 v0.9.4
[INFO] [stderr]     Checking tokio v1.53.1
[INFO] [stderr]    Compiling aws-lc-rs v1.18.0
[INFO] [stderr]    Compiling tinystr v0.8.4
[INFO] [stderr]    Compiling zerotrie v0.2.5
[INFO] [stderr]    Compiling icu_locale_core v2.3.0
[INFO] [stderr]    Compiling icu_collections v2.3.0
[INFO] [stderr]    Compiling cmake v0.1.58
[INFO] [stderr]    Compiling generic-array v0.14.7
[INFO] [stderr]    Compiling icu_provider v2.3.1
[INFO] [stderr]    Compiling zstd-sys v2.0.16+zstd.1.5.7
[INFO] [stderr]    Compiling aws-lc-sys v0.44.0
[INFO] [stderr]    Compiling icu_normalizer v2.3.0
[INFO] [stderr]    Compiling icu_properties v2.3.0
[INFO] [stderr]    Compiling libsqlite3-sys v0.30.1
[INFO] [stderr]    Compiling hybrid-array v0.4.14
[INFO] [stderr]    Compiling rle-decode-fast v1.0.3
[INFO] [stderr]    Compiling libflate_lz77 v2.3.0
[INFO] [stderr]    Compiling darling_macro v0.20.11
[INFO] [stderr]    Compiling dary_heap v0.3.9
[INFO] [stderr]    Compiling adler32 v1.2.0
[INFO] [stderr]    Compiling libflate v2.3.1
[INFO] [stderr]    Compiling idna_adapter v1.2.2
[INFO] [stderr]    Compiling sha2 v0.10.9
[INFO] [stderr]    Compiling idna v1.1.0
[INFO] [stderr]    Compiling chrono v0.4.45
[INFO] [stderr]    Compiling futures-intrusive v0.5.0
[INFO] [stderr]    Compiling block-buffer v0.12.1
[INFO] [stderr]    Compiling url v2.5.8
[INFO] [stderr]     Checking tokio-util v0.7.19
[INFO] [stderr]    Compiling crypto-common v0.2.2
[INFO] [stderr]    Compiling darling v0.20.11
[INFO] [stderr]     Checking sha1 v0.10.7
[INFO] [stderr]    Compiling spin v0.9.9
[INFO] [stderr]    Compiling proc-macro-error-attr3 v3.1.0
[INFO] [stderr]    Compiling const-oid v0.10.2
[INFO] [stderr]     Checking simd-adler32 v0.3.10
[INFO] [stderr]    Compiling ryu v1.0.23
[INFO] [stderr]     Checking h2 v0.4.19
[INFO] [stderr]    Compiling serde_urlencoded v0.7.1
[INFO] [stderr]    Compiling digest v0.11.3
[INFO] [stderr]    Compiling sqlx-core v0.8.6
[INFO] [stderr]     Checking miniz_oxide v0.9.1
[INFO] [stderr]    Compiling proc-macro-error3 v3.1.0
[INFO] [stderr]    Compiling flume v0.11.1
[INFO] [stderr]    Compiling derive_builder_core v0.20.2
[INFO] [stderr]     Checking rand_chacha v0.9.0
[INFO] [stderr]    Compiling futures-executor v0.3.34
[INFO] [stderr]    Compiling atoi v2.0.0
[INFO] [stderr]    Compiling cpufeatures v0.3.1
[INFO] [stderr]    Compiling rustls v0.23.43
[INFO] [stderr]    Compiling sha2 v0.11.0
[INFO] [stderr]    Compiling derive_builder_macro v0.20.2
[INFO] [stderr]     Checking rand_chacha v0.3.1
[INFO] [stderr]     Checking uuid v1.26.0
[INFO] [stderr]     Checking brotli v8.0.4
[INFO] [stderr]     Checking rand v0.9.5
[INFO] [stderr]     Checking flate2 v1.1.10
[INFO] [stderr]     Checking tokio-stream v0.1.19
[INFO] [stderr]    Compiling ring v0.17.14
[INFO] [stderr]    Compiling fs-err v3.3.1
[INFO] [stderr]     Checking regex-syntax v0.8.11
[INFO] [stderr]     Checking bitflags v2.13.1
[INFO] [stderr]     Checking compression-core v0.4.32
[INFO] [stderr]     Checking hyper v1.11.0
[INFO] [stderr]    Compiling mime v0.3.17
[INFO] [stderr]     Checking time v0.3.55
[INFO] [stderr]    Compiling mime_guess v2.0.5
[INFO] [stderr]     Checking regex-automata v0.4.18
[INFO] [stderr]     Checking hyper-util v0.1.20
[INFO] [stderr]     Checking tungstenite v0.29.0
[INFO] [stderr]     Checking compression-codecs v0.4.38
[INFO] [stderr]    Compiling rust-embed-utils v8.12.0
[INFO] [stderr]     Checking rand v0.8.8
[INFO] [stderr]     Checking derive_builder v0.20.2
[INFO] [stderr]    Compiling neli-proc-macros v0.2.2
[INFO] [stderr]    Compiling getset v0.1.7
[INFO] [stderr]     Checking base64 v0.23.1
[INFO] [stderr]     Checking pem v4.0.0
[INFO] [stderr]     Checking matchers v0.2.0
[INFO] [stderr]     Checking arc-swap v1.9.2
[INFO] [stderr]    Compiling rust-embed-impl v8.12.0
[INFO] [stderr]     Checking async-compression v0.4.43
[INFO] [stderr]     Checking neli v0.7.4
[INFO] [stderr]     Checking tokio-tungstenite v0.29.0
[INFO] [stderr]     Checking yasna v0.6.0
[INFO] [stderr]    Compiling sqlx-sqlite v0.8.6
[INFO] [stderr]     Checking tower v0.5.3
[INFO] [stderr]     Checking axum-core v0.5.6
[INFO] [stderr]     Checking tracing-subscriber v0.3.23
[INFO] [stderr]     Checking tower-http v0.6.11
[INFO] [stderr]     Checking directories v5.0.1
[INFO] [stderr]     Checking hmac v0.12.1
[INFO] [stderr]     Checking tungstenite v0.24.0
[INFO] [stderr]     Checking rcgen v0.14.10
[INFO] [stderr]     Checking local-ip-address v0.6.13
[INFO] [stderr]     Checking axum v0.8.9
[INFO] [stderr]    Compiling sqlx-macros-core v0.8.6
[INFO] [stderr]     Checking tokio-tungstenite v0.24.0
[INFO] [stderr]     Checking zstd v0.13.3
[INFO] [stderr]     Checking include-flate-compress v0.3.4
[INFO] [stderr]    Compiling include-flate-codegen v0.3.4
[INFO] [stderr]     Checking include-flate v0.3.4
[INFO] [stderr]    Compiling sqlx-macros v0.8.6
[INFO] [stderr]     Checking rust-embed v8.12.0
[INFO] [stderr]     Checking sqlx v0.8.6
[INFO] [stderr]     Checking rustls-webpki v0.103.15
[INFO] [stderr]     Checking tokio-rustls v0.26.4
[INFO] [stderr]     Checking axum-server v0.8.0
[INFO] [stderr]     Checking filehelper v2.0.6 (/opt/rustwide/workdir/crates/filehelper)
[INFO] [stdout] error: #[derive(RustEmbed)] folder '/opt/rustwide/workdir/crates/filehelper/../../web/dist' does not exist. cwd: '/opt/rustwide/workdir'
[INFO] [stdout]   --> crates/filehelper/src/web.rs:6:1
[INFO] [stdout]    |
[INFO] [stdout]  6 | / #[folder = "../../web/dist"]
[INFO] [stdout] ...  |
[INFO] [stdout] 11 | | pub struct WebAssets;
[INFO] [stdout]    | |_____________________^
[INFO] [stdout] 
[INFO] [stdout] 
[INFO] [stdout] error: #[derive(RustEmbed)] folder '/opt/rustwide/workdir/crates/filehelper/../../web/dist' does not exist. cwd: '/opt/rustwide/workdir'
[INFO] [stdout]   --> crates/filehelper/src/web.rs:6:1
[INFO] [stdout]    |
[INFO] [stdout]  6 | / #[folder = "../../web/dist"]
[INFO] [stdout] ...  |
[INFO] [stdout] 11 | | pub struct WebAssets;
[INFO] [stdout]    | |_____________________^
[INFO] [stdout] 
[INFO] [stdout] 
[INFO] [stdout] error[E0599]: no associated function or constant named `get` found for struct `WebAssets` in the current scope
[INFO] [stdout]   --> crates/filehelper/src/web.rs:32:36
[INFO] [stdout]    |
[INFO] [stdout] 11 | pub struct WebAssets;
[INFO] [stdout]    | -------------------- associated function or constant `get` not found for this struct
[INFO] [stdout] ...
[INFO] [stdout] 32 |     if let Some(file) = WebAssets::get(path) {
[INFO] [stdout]    |                                    ^^^ associated function or constant not found in `WebAssets`
[INFO] [stdout]    |
[INFO] [stdout]    = help: items from traits can only be used if the trait is implemented and in scope
[INFO] [stdout]    = note: the following traits define an item `get`, perhaps you need to implement one of them:
[INFO] [stdout]            candidate #1: `Embed`
[INFO] [stdout]            candidate #2: `Row`
[INFO] [stdout]            candidate #3: `SliceIndex`
[INFO] [stdout]            candidate #4: `icu_collections::codepointtrie::cptrie::TypedCodePointTrie`
[INFO] [stdout]            candidate #5: `icu_properties::names::PropertyEnumToValueNameLookup`
[INFO] [stdout]            candidate #6: `icu_provider::baked::DataStore`
[INFO] [stdout] 
[INFO] [stdout] 
[INFO] [stdout] error[E0599]: no associated function or constant named `get` found for struct `WebAssets` in the current scope
[INFO] [stdout]   --> crates/filehelper/src/web.rs:53:20
[INFO] [stdout]    |
[INFO] [stdout] 11 | pub struct WebAssets;
[INFO] [stdout]    | -------------------- associated function or constant `get` not found for this struct
[INFO] [stdout] ...
[INFO] [stdout] 53 |         WebAssets::get("index.html").map(|file| {
[INFO] [stdout]    |                    ^^^ associated function or constant not found in `WebAssets`
[INFO] [stdout]    |
[INFO] [stdout]    = help: items from traits can only be used if the trait is implemented and in scope
[INFO] [stdout]    = note: the following traits define an item `get`, perhaps you need to implement one of them:
[INFO] [stdout]            candidate #1: `Embed`
[INFO] [stdout]            candidate #2: `Row`
[INFO] [stdout]            candidate #3: `SliceIndex`
[INFO] [stdout]            candidate #4: `icu_collections::codepointtrie::cptrie::TypedCodePointTrie`
[INFO] [stdout]            candidate #5: `icu_properties::names::PropertyEnumToValueNameLookup`
[INFO] [stdout]            candidate #6: `icu_provider::baked::DataStore`
[INFO] [stdout] 
[INFO] [stdout] 
[INFO] [stdout] error[E0599]: no associated function or constant named `get` found for struct `WebAssets` in the current scope
[INFO] [stdout]   --> crates/filehelper/src/web.rs:32:36
[INFO] [stdout]    |
[INFO] [stdout] 11 | pub struct WebAssets;
[INFO] [stdout]    | -------------------- associated function or constant `get` not found for this struct
[INFO] [stdout] ...
[INFO] [stdout] 32 |     if let Some(file) = WebAssets::get(path) {
[INFO] [stdout]    |                                    ^^^ associated function or constant not found in `WebAssets`
[INFO] [stdout]    |
[INFO] [stdout]    = help: items from traits can only be used if the trait is implemented and in scope
[INFO] [stdout]    = note: the following traits define an item `get`, perhaps you need to implement one of them:
[INFO] [stdout]            candidate #1: `Embed`
[INFO] [stdout]            candidate #2: `Row`
[INFO] [stdout]            candidate #3: `SliceIndex`
[INFO] [stdout]            candidate #4: `icu_collections::codepointtrie::cptrie::TypedCodePointTrie`
[INFO] [stdout]            candidate #5: `icu_properties::names::PropertyEnumToValueNameLookup`
[INFO] [stdout]            candidate #6: `icu_provider::baked::DataStore`
[INFO] [stdout] 
[INFO] [stdout] 
[INFO] [stdout] error[E0599]: no associated function or constant named `get` found for struct `WebAssets` in the current scope
[INFO] [stdout]   --> crates/filehelper/src/web.rs:53:20
[INFO] [stdout]    |
[INFO] [stdout] 11 | pub struct WebAssets;
[INFO] [stdout]    | -------------------- associated function or constant `get` not found for this struct
[INFO] [stdout] ...
[INFO] [stdout] 53 |         WebAssets::get("index.html").map(|file| {
[INFO] [stdout]    |                    ^^^ associated function or constant not found in `WebAssets`
[INFO] [stdout]    |
[INFO] [stdout]    = help: items from traits can only be used if the trait is implemented and in scope
[INFO] [stdout]    = note: the following traits define an item `get`, perhaps you need to implement one of them:
[INFO] [stdout]            candidate #1: `Embed`
[INFO] [stdout]            candidate #2: `Row`
[INFO] [stdout]            candidate #3: `SliceIndex`
[INFO] [stdout]            candidate #4: `icu_collections::codepointtrie::cptrie::TypedCodePointTrie`
[INFO] [stdout]            candidate #5: `icu_properties::names::PropertyEnumToValueNameLookup`
[INFO] [stdout]            candidate #6: `icu_provider::baked::DataStore`
[INFO] [stdout] 
[INFO] [stdout] 
[INFO] [stdout] For more information about this error, try `rustc --explain E0599`.
[INFO] [stdout] 
[INFO] [stderr] error: could not compile `filehelper` (lib) due to 3 previous errors
[INFO] [stderr] warning: build failed, waiting for other jobs to finish...
[INFO] [stdout] For more information about this error, try `rustc --explain E0599`.
[INFO] [stdout] 
[INFO] [stderr] error: could not compile `filehelper` (lib test) due to 3 previous errors
[INFO] running `Command { std: "docker" "inspect" "c7da4f0c9ac79d4f9440a9d4cd1d129dc0847721fa9f758cb960185a39b7129e", kill_on_drop: false }`
[INFO] running `Command { std: "docker" "rm" "-f" "c7da4f0c9ac79d4f9440a9d4cd1d129dc0847721fa9f758cb960185a39b7129e", kill_on_drop: false }`
[INFO] [stdout] c7da4f0c9ac79d4f9440a9d4cd1d129dc0847721fa9f758cb960185a39b7129e
