[INFO] cloning repository https://github.com/fayfoxcat/sshweb
[INFO] running `Command { std: "git" "-c" "credential.helper=" "-c" "credential.helper=/workspace/cargo-home/bin/git-credential-null" "clone" "--bare" "https://github.com/fayfoxcat/sshweb" "/workspace/cache/git-repos/https%3A%2F%2Fgithub.com%2Ffayfoxcat%2Fsshweb", kill_on_drop: false }`
[INFO] [stderr] Cloning into bare repository '/workspace/cache/git-repos/https%3A%2F%2Fgithub.com%2Ffayfoxcat%2Fsshweb'...
[INFO] running `Command { std: "git" "rev-parse" "HEAD", kill_on_drop: false }`
[INFO] [stdout] 104174f06d9a447655917f4d9a71c9c282f6acca
[INFO] checking fayfoxcat/sshweb against 3154cc1a3e6424e44f438a95007d043ed5ceaaf6 for pr-133502-30
[INFO] running `Command { std: "git" "clone" "/workspace/cache/git-repos/https%3A%2F%2Fgithub.com%2Ffayfoxcat%2Fsshweb" "/workspace/builds/worker-2-tc2/source", kill_on_drop: false }`
[INFO] [stderr] Cloning into '/workspace/builds/worker-2-tc2/source'...
[INFO] [stderr] done.
[INFO] started tweaking git repo https://github.com/fayfoxcat/sshweb
[INFO] finished tweaking git repo https://github.com/fayfoxcat/sshweb
[INFO] tweaked toml for git repo https://github.com/fayfoxcat/sshweb written to /workspace/builds/worker-2-tc2/source/Cargo.toml
[INFO] validating manifest of git repo https://github.com/fayfoxcat/sshweb on toolchain 3154cc1a3e6424e44f438a95007d043ed5ceaaf6
[INFO] running `Command { std: CARGO_HOME="/workspace/cargo-home" RUSTUP_HOME="/workspace/rustup-home" "/workspace/cargo-home/bin/cargo" "+3154cc1a3e6424e44f438a95007d043ed5ceaaf6" "metadata" "--manifest-path" "Cargo.toml" "--no-deps", kill_on_drop: false }`
[INFO] crate git repo https://github.com/fayfoxcat/sshweb already has a lockfile, it will not be regenerated
[INFO] running `Command { std: CARGO_HOME="/workspace/cargo-home" RUSTUP_HOME="/workspace/rustup-home" "/workspace/cargo-home/bin/cargo" "+3154cc1a3e6424e44f438a95007d043ed5ceaaf6" "fetch" "--manifest-path" "Cargo.toml", kill_on_drop: false }`
[INFO] running `Command { std: "docker" "create" "-v" "/var/lib/crater-agent-workspace/builds/worker-2-tc2/source:/opt/rustwide/workdir:ro,Z" "-v" "/var/lib/crater-agent-workspace/builds/worker-2-tc2/target:/opt/rustwide/target:rw,Z" "-v" "/var/lib/crater-agent-workspace/cargo-home:/opt/rustwide/cargo-home:ro,Z" "-v" "/var/lib/crater-agent-workspace/rustup-home:/opt/rustwide/rustup-home:ro,Z" "-m" "1610612736" "--network" "none" "ghcr.io/rust-lang/crates-build-env/linux@sha256:77db811e55d90add9212f6832c23229e3de5f1c1f9905e8cb07319ea15df73ac" "sleep" "infinity", kill_on_drop: false }`
[INFO] [stdout] 8e33499ec3b0e6799ab0fd9799655727a0eadaf2cbbf84542e5742f9e98c3f5b
[INFO] running `Command { std: "docker" "start" "8e33499ec3b0e6799ab0fd9799655727a0eadaf2cbbf84542e5742f9e98c3f5b", kill_on_drop: false }`
[INFO] running `Command { std: "docker" "inspect" "8e33499ec3b0e6799ab0fd9799655727a0eadaf2cbbf84542e5742f9e98c3f5b", kill_on_drop: false }`
[INFO] running `Command { std: "docker" "exec" "-e" "SOURCE_DIR=/opt/rustwide/workdir" "-e" "CARGO_HOME=/opt/rustwide/cargo-home" "-e" "RUSTUP_HOME=/opt/rustwide/rustup-home" "-e" "CARGO_TARGET_DIR=/opt/rustwide/target" "-w" "/opt/rustwide/workdir" "--user" "0:0" "8e33499ec3b0e6799ab0fd9799655727a0eadaf2cbbf84542e5742f9e98c3f5b" "/opt/rustwide/cargo-home/bin/cargo" "+3154cc1a3e6424e44f438a95007d043ed5ceaaf6" "metadata" "--no-deps" "--format-version=1", kill_on_drop: false }`
[INFO] running `Command { std: "docker" "inspect" "8e33499ec3b0e6799ab0fd9799655727a0eadaf2cbbf84542e5742f9e98c3f5b", kill_on_drop: false }`
[INFO] running `Command { std: "docker" "exec" "-e" "SOURCE_DIR=/opt/rustwide/workdir" "-e" "CARGO_HOME=/opt/rustwide/cargo-home" "-e" "RUSTUP_HOME=/opt/rustwide/rustup-home" "-e" "CARGO_TARGET_DIR=/opt/rustwide/target" "-e" "CARGO_INCREMENTAL=0" "-e" "RUST_BACKTRACE=full" "-e" "RUSTFLAGS=--cap-lints=forbid" "-e" "RUSTDOCFLAGS=--cap-lints=forbid" "-w" "/opt/rustwide/workdir" "--user" "0:0" "8e33499ec3b0e6799ab0fd9799655727a0eadaf2cbbf84542e5742f9e98c3f5b" "/opt/rustwide/cargo-home/bin/cargo" "+3154cc1a3e6424e44f438a95007d043ed5ceaaf6" "check" "--frozen" "--all" "--all-targets" "--message-format=json", kill_on_drop: false }`
[INFO] [stderr]     Checking subtle v2.6.1
[INFO] [stderr]    Compiling proc-macro2 v1.0.93
[INFO] [stderr]    Compiling autocfg v1.1.0
[INFO] [stderr]    Compiling version_check v0.9.4
[INFO] [stderr]    Compiling serde v1.0.188
[INFO] [stderr]     Checking getrandom v0.4.3
[INFO] [stderr]     Checking getrandom v0.2.17
[INFO] [stderr]     Checking base64ct v1.6.0
[INFO] [stderr]     Checking ctutils v0.4.2
[INFO] [stderr]     Checking pin-project-lite v0.2.13
[INFO] [stderr]     Checking mio v1.2.2
[INFO] [stderr]     Checking rand_core v0.6.4
[INFO] [stderr]     Checking signal-hook-registry v1.4.1
[INFO] [stderr]    Compiling cc v1.4.3
[INFO] [stderr]     Checking itoa v1.0.9
[INFO] [stderr]     Checking pem-rfc7468 v1.0.0
[INFO] [stderr]    Compiling num-traits v0.2.19
[INFO] [stderr]     Checking hybrid-array v0.4.14
[INFO] [stderr]    Compiling generic-array v0.14.7
[INFO] [stderr]     Checking der v0.8.1
[INFO] [stderr]    Compiling slab v0.4.9
[INFO] [stderr]     Checking tracing-core v0.1.31
[INFO] [stderr]     Checking smallvec v1.13.2
[INFO] [stderr]    Compiling quote v1.0.37
[INFO] [stderr]     Checking rustcrypto-ff v0.14.0-rc.1
[INFO] [stderr]     Checking crypto-common v0.1.6
[INFO] [stderr]     Checking block-buffer v0.10.4
[INFO] [stderr]     Checking block-padding v0.3.3
[INFO] [stderr]     Checking ppv-lite86 v0.2.17
[INFO] [stderr]     Checking inout v0.1.4
[INFO] [stderr]    Compiling syn v2.0.98
[INFO] [stderr]    Compiling syn v3.0.3
[INFO] [stderr]     Checking digest v0.10.7
[INFO] [stderr]     Checking cipher v0.4.4
[INFO] [stderr]     Checking base16ct v1.0.0
[INFO] [stderr]     Checking rand_chacha v0.3.1
[INFO] [stderr]    Compiling cmake v0.1.58
[INFO] [stderr]     Checking rustcrypto-group v0.14.0-rc.1
[INFO] [stderr]     Checking rand v0.8.5
[INFO] [stderr]     Checking bitflags v2.4.0
[INFO] [stderr]     Checking spki v0.8.0-rc.4
[INFO] [stderr]     Checking universal-hash v0.5.1
[INFO] [stderr]    Compiling unicase v2.7.0
[INFO] [stderr]    Compiling lock_api v0.4.10
[INFO] [stderr]     Checking spin v0.5.2
[INFO] [stderr]    Compiling httparse v1.10.0
[INFO] [stderr]    Compiling parking_lot_core v0.9.8
[INFO] [stderr]     Checking crypto-common v0.2.2
[INFO] [stderr]     Checking block-buffer v0.12.1
[INFO] [stderr]     Checking block-padding v0.4.2
[INFO] [stderr]     Checking crypto-bigint v0.7.0-rc.28
[INFO] [stderr]     Checking sec1 v0.8.1
[INFO] [stderr]     Checking inout v0.2.2
[INFO] [stderr]    Compiling aws-lc-sys v0.44.0
[INFO] [stderr]    Compiling ring v0.17.14
[INFO] [stderr]     Checking byteorder v1.4.3
[INFO] [stderr]     Checking lazy_static v1.4.0
[INFO] [stderr]     Checking sha2 v0.10.9
[INFO] [stderr]     Checking num-integer v0.1.47
[INFO] [stderr]     Checking digest v0.11.3
[INFO] [stderr]     Checking cipher v0.5.2
[INFO] [stderr]     Checking universal-hash v0.6.1
[INFO] [stderr]     Checking polyval v0.7.3
[INFO] [stderr]     Checking salsa20 v0.11.0
[INFO] [stderr]     Checking hmac v0.13.0
[INFO] [stderr]     Checking sha2 v0.11.0
[INFO] [stderr]     Checking ghash v0.6.0
[INFO] [stderr]     Checking pbkdf2 v0.13.0
[INFO] [stderr]     Checking ctr v0.10.1
[INFO] [stderr]     Checking aes v0.9.2
[INFO] [stderr]     Checking aead v0.6.0-rc.10
[INFO] [stderr]     Checking cbc v0.2.1
[INFO] [stderr]     Checking signature v3.0.0
[INFO] [stderr]     Checking aes-gcm v0.11.0-rc.3
[INFO] [stderr]     Checking hkdf v0.13.0
[INFO] [stderr]     Checking rfc6979 v0.5.0
[INFO] [stderr]     Checking scrypt v0.12.0
[INFO] [stderr]     Checking hashbrown v0.14.0
[INFO] [stderr]     Checking thin-vec v0.2.19
[INFO] [stderr]     Checking pkcs5 v0.8.0-rc.13
[INFO] [stderr]     Checking pkcs8 v0.11.0-rc.11
[INFO] [stderr]    Compiling curve25519-dalek v5.0.0-pre.6
[INFO] [stderr]     Checking polyval v0.6.2
[INFO] [stderr]     Checking pem-rfc7468 v0.7.0
[INFO] [stderr]    Compiling const-oid v0.10.2
[INFO] [stderr]     Checking indexmap v2.0.0
[INFO] [stderr]    Compiling nix v0.31.3
[INFO] [stderr]     Checking ghash v0.5.1
[INFO] [stderr]    Compiling mime_guess v2.0.4
[INFO] [stderr]     Checking ctr v0.9.2
[INFO] [stderr]     Checking aes v0.8.4
[INFO] [stderr]     Checking arc-swap v1.9.2
[INFO] [stderr]     Checking sha1 v0.10.5
[INFO] [stderr]     Checking hmac v0.12.1
[INFO] [stderr]     Checking aead v0.5.2
[INFO] [stderr]    Compiling num-bigint-dig v0.8.6
[INFO] [stderr]     Checking data-encoding v2.4.0
[INFO] [stderr]     Checking utf8parse v0.2.1
[INFO] [stderr]     Checking awaitable-error v0.1.0
[INFO] [stderr]     Checking anstyle-parse v0.2.1
[INFO] [stderr]     Checking aes-gcm v0.10.3
[INFO] [stderr]     Checking pbkdf2 v0.12.2
[INFO] [stderr]     Checking elliptic-curve v0.14.0-rc.28
[INFO] [stderr]     Checking primefield v0.14.0-rc.7
[INFO] [stderr]     Checking crypto-primes v0.7.0-pre.9
[INFO] [stderr]     Checking parking_lot v0.12.1
[INFO] [stderr]     Checking ecdsa v0.17.0-rc.16
[INFO] [stderr]     Checking primeorder v0.14.0-rc.7
[INFO] [stderr]    Compiling tokio-macros v2.7.2
[INFO] [stderr]    Compiling thiserror-impl v2.0.20
[INFO] [stderr]    Compiling num-derive v0.5.1
[INFO] [stderr]     Checking ed25519 v3.0.0-rc.4
[INFO] [stderr]     Checking num-iter v0.1.46
[INFO] [stderr]     Checking blowfish v0.9.1
[INFO] [stderr]     Checking poly1305 v0.8.0
[INFO] [stderr]     Checking pkcs1 v0.8.0-rc.4
[INFO] [stderr]     Checking chacha20 v0.9.1
[INFO] [stderr]     Checking cbc v0.1.2
[INFO] [stderr]     Checking blake2 v0.10.6
[INFO] [stderr]     Checking password-hash v0.5.0
[INFO] [stderr]     Checking chacha20 v0.10.1
[INFO] [stderr]     Checking keccak v0.2.1
[INFO] [stderr]    Compiling serde_derive v1.0.188
[INFO] [stderr]    Compiling tracing-attributes v0.1.26
[INFO] [stderr]    Compiling futures-macro v0.3.31
[INFO] [stderr]    Compiling curve25519-dalek-derive v0.1.1
[INFO] [stderr]    Compiling pin-project-internal v1.1.3
[INFO] [stderr]     Checking ryu v1.0.15
[INFO] [stderr]    Compiling rustls v0.23.43
[INFO] [stderr]    Compiling serde_json v1.0.106
[INFO] [stderr]     Checking thiserror v2.0.20
[INFO] [stderr]     Checking regex-syntax v0.7.5
[INFO] [stderr]     Checking fiat-crypto v0.3.0
[INFO] [stderr]     Checking futures-util v0.3.31
[INFO] [stderr]     Checking tracing v0.1.37
[INFO] [stderr]     Checking colorchoice v1.0.0
[INFO] [stderr]     Checking anstream v0.6.15
[INFO] [stderr]     Checking ed25519-dalek v3.0.0-pre.6
[INFO] [stderr]     Checking pin-project v1.1.3
[INFO] [stderr]     Checking miniz_oxide v0.8.9
[INFO] [stderr]     Checking sha3 v0.11.0
[INFO] [stderr]     Checking regex-automata v0.3.8
[INFO] [stderr]     Checking rsa v0.10.0-rc.16
[INFO] [stderr]     Checking rand v0.10.2
[INFO] [stderr]    Compiling derive_destructure2 v0.1.3
[INFO] [stderr]     Checking argon2 v0.5.3
[INFO] [stderr]     Checking bcrypt-pbkdf v0.10.0
[INFO] [stderr]     Checking p521 v0.14.0-rc.7
[INFO] [stderr]     Checking p256 v0.14.0-rc.7
[INFO] [stderr]    Compiling rust-embed-utils v8.12.0
[INFO] [stderr]     Checking awaitable v0.4.0
[INFO] [stderr]     Checking crc32fast v1.5.0
[INFO] [stderr]     Checking sha1 v0.11.0
[INFO] [stderr]     Checking kem v0.3.0
[INFO] [stderr]     Checking module-lattice v0.2.3
[INFO] [stderr]     Checking ciborium-io v0.2.1
[INFO] [stderr]    Compiling anyhow v1.0.75
[INFO] [stderr]     Checking half v1.8.2
[INFO] [stderr]     Checking clap_builder v4.5.17
[INFO] [stderr]     Checking ciborium-ll v0.2.1
[INFO] [stderr]     Checking ml-kem v0.3.0-rc.1
[INFO] [stderr]    Compiling clap_derive v4.5.13
[INFO] [stderr]     Checking futures-executor v0.3.31
[INFO] [stderr]     Checking futures v0.3.31
[INFO] [stderr]    Compiling enum_dispatch v0.3.13
[INFO] [stderr]     Checking flate2 v1.1.9
[INFO] [stderr]     Checking regex v1.9.5
[INFO] [stderr]    Compiling rust-embed-impl v8.12.0
[INFO] [stderr]     Checking internal-russh-num-bigint v0.5.0
[INFO] [stderr]    Compiling delegate v0.13.5
[INFO] [stderr]    Compiling async-trait v0.1.92
[INFO] [stderr]     Checking num-bigint v0.4.8
[INFO] [stderr]     Checking sharded-slab v0.1.4
[INFO] [stderr]     Checking tracing-log v0.1.3
[INFO] [stderr]     Checking generic-array v1.4.5
[INFO] [stderr]     Checking thread_local v1.1.7
[INFO] [stderr]     Checking bytes v1.10.0
[INFO] [stderr]     Checking vec-strings v0.4.8
[INFO] [stderr]     Checking ssh_format_error v0.1.0
[INFO] [stderr]     Checking openssh-sftp-protocol-error v0.1.1
[INFO] [stderr]     Checking triomphe v0.1.16
[INFO] [stderr]     Checking concurrent_arena v0.1.11
[INFO] [stderr]     Checking serde_urlencoded v0.7.1
[INFO] [stderr]     Checking serde_path_to_error v0.1.14
[INFO] [stderr]     Checking rtoolbox v0.0.6
[INFO] [stderr]     Checking hex-literal v1.1.0
[INFO] [stderr]     Checking md5 v0.7.0
[INFO] [stderr]     Checking rpassword v7.5.4
[INFO] [stderr]     Checking tracing-subscriber v0.3.17
[INFO] [stderr]     Checking sshweb-core v0.5.0 (/opt/rustwide/workdir/crates/sshweb-core)
[INFO] [stderr]     Checking tokio v1.53.1
[INFO] [stderr]     Checking http v1.2.0
[INFO] [stderr]     Checking ssh-encoding v0.2.0
[INFO] [stderr]     Checking ssh_format v0.14.1
[INFO] [stderr]     Checking openssh-sftp-protocol v0.24.2
[INFO] [stderr]     Checking ssh-cipher v0.2.0
[INFO] [stderr]     Checking russh-cryptovec v0.60.3
[INFO] [stderr]     Checking ciborium v0.2.1
[INFO] [stderr]     Checking clap v4.5.17
[INFO] [stderr]     Checking rust-embed v8.12.0
[INFO] [stderr]     Checking rustls-pemfile v2.2.0
[INFO] [stderr]     Checking http-body v1.0.1
[INFO] [stderr]     Checking tungstenite v0.26.1
[INFO] [stderr]     Checking http-body-util v0.1.2
[INFO] [stderr]     Checking tower-http v0.6.2
[INFO] [stderr]     Checking axum-core v0.5.0
[INFO] [stderr]     Checking p384 v0.14.0-rc.7
[INFO] [stderr]     Checking dashmap v5.5.3
[INFO] [stderr]     Checking nix v0.27.1
[INFO] [stderr]     Checking close_fds v0.3.2
[INFO] [stderr]     Checking tokio-util v0.7.8
[INFO] [stderr]     Checking openssh-sftp-error v0.5.1
[INFO] [stderr]     Checking tokio-io-utility v0.7.6
[INFO] [stderr]     Checking russh-util v0.52.0
[INFO] [stderr]     Checking tower v0.5.2
[INFO] [stderr]     Checking tokio-tungstenite v0.26.1
[INFO] [stderr]     Checking openssh-sftp-client-lowlevel v0.7.2
[INFO] [stderr]     Checking internal-russh-forked-ssh-key v0.6.18+upstream-0.6.7
[INFO] [stderr]     Checking h2 v0.4.7
[INFO] [stderr]     Checking tokio-stream v0.1.17
[INFO] [stderr]     Checking openssh-sftp-client v0.15.8
[INFO] [stderr]     Checking russh v0.60.3
[INFO] [stderr]     Checking hyper v1.6.0
[INFO] [stderr]    Compiling aws-lc-rs v1.18.0
[INFO] [stderr]     Checking hyper-util v0.1.10
[INFO] [stderr]     Checking axum v0.8.1
[INFO] [stderr]     Checking rustls-webpki v0.103.15
[INFO] [stderr]     Checking tokio-rustls v0.26.4
[INFO] [stderr]     Checking sshweb-server v0.5.0 (/opt/rustwide/workdir/crates/sshweb-server)
[INFO] [stdout] error: #[derive(RustEmbed)] folder '/opt/rustwide/workdir/crates/sshweb-server/../../build/' does not exist. cwd: '/opt/rustwide/workdir'
[INFO] [stdout]   --> crates/sshweb-server/src/web/embed.rs:14:1
[INFO] [stdout]    |
[INFO] [stdout] 14 | / /// The embedded `build/` directory (frontend static output). Path is relative
[INFO] [stdout] 15 | | /// to this crate's manifest dir (`crates/sshweb-server`), so `../../build` is
[INFO] [stdout] 16 | | /// the repo-root frontend build output.
[INFO] [stdout] 17 | | #[derive(RustEmbed)]
[INFO] [stdout] 18 | | #[folder = "../../build/"]
[INFO] [stdout] 19 | | struct Assets;
[INFO] [stdout]    | |______________^
[INFO] [stdout] 
[INFO] [stdout] 
[INFO] [stdout] error: #[derive(RustEmbed)] folder '/opt/rustwide/workdir/crates/sshweb-server/../../build/' does not exist. cwd: '/opt/rustwide/workdir'
[INFO] [stdout]   --> crates/sshweb-server/src/web/embed.rs:14:1
[INFO] [stdout]    |
[INFO] [stdout] 14 | / /// The embedded `build/` directory (frontend static output). Path is relative
[INFO] [stdout] 15 | | /// to this crate's manifest dir (`crates/sshweb-server`), so `../../build` is
[INFO] [stdout] 16 | | /// the repo-root frontend build output.
[INFO] [stdout] 17 | | #[derive(RustEmbed)]
[INFO] [stdout] 18 | | #[folder = "../../build/"]
[INFO] [stdout] 19 | | struct Assets;
[INFO] [stdout]    | |______________^
[INFO] [stdout] 
[INFO] [stdout] 
[INFO] [stdout] error[E0599]: no associated function or constant named `get` found for struct `Assets` in the current scope
[INFO] [stdout]   --> crates/sshweb-server/src/web/embed.rs:68:27
[INFO] [stdout]    |
[INFO] [stdout] 19 | struct Assets;
[INFO] [stdout]    | ------------- associated function or constant `get` not found for this struct
[INFO] [stdout] ...
[INFO] [stdout] 68 |             match Assets::get(&format!("{path}.br")) {
[INFO] [stdout]    |                           ^^^ associated function or constant not found in `Assets`
[INFO] [stdout]    |
[INFO] [stdout]    = help: items from traits can only be used if the trait is implemented and in scope
[INFO] [stdout]    = note: the following traits define an item `get`, perhaps you need to implement one of them:
[INFO] [stdout]            candidate #1: `Embed`
[INFO] [stdout]            candidate #2: `SliceIndex`
[INFO] [stdout]            candidate #3: `StoresServerSessions`
[INFO] [stdout] 
[INFO] [stdout] 
[INFO] [stdout] error[E0599]: no associated function or constant named `get` found for struct `Assets` in the current scope
[INFO] [stdout]   --> crates/sshweb-server/src/web/embed.rs:70:34
[INFO] [stdout]    |
[INFO] [stdout] 19 | struct Assets;
[INFO] [stdout]    | ------------- associated function or constant `get` not found for this struct
[INFO] [stdout] ...
[INFO] [stdout] 70 |                 None => (Assets::get(path).map(|f| f.data), None),
[INFO] [stdout]    |                                  ^^^ associated function or constant not found in `Assets`
[INFO] [stdout]    |
[INFO] [stdout]    = help: items from traits can only be used if the trait is implemented and in scope
[INFO] [stdout]    = note: the following traits define an item `get`, perhaps you need to implement one of them:
[INFO] [stdout]            candidate #1: `Embed`
[INFO] [stdout]            candidate #2: `SliceIndex`
[INFO] [stdout]            candidate #3: `StoresServerSessions`
[INFO] [stdout] 
[INFO] [stdout] 
[INFO] [stdout] error[E0599]: no associated function or constant named `get` found for struct `Assets` in the current scope
[INFO] [stdout]   --> crates/sshweb-server/src/web/embed.rs:73:27
[INFO] [stdout]    |
[INFO] [stdout] 19 | struct Assets;
[INFO] [stdout]    | ------------- associated function or constant `get` not found for this struct
[INFO] [stdout] ...
[INFO] [stdout] 73 |             match Assets::get(&format!("{path}.gz")) {
[INFO] [stdout]    |                           ^^^ associated function or constant not found in `Assets`
[INFO] [stdout]    |
[INFO] [stdout]    = help: items from traits can only be used if the trait is implemented and in scope
[INFO] [stdout]    = note: the following traits define an item `get`, perhaps you need to implement one of them:
[INFO] [stdout]            candidate #1: `Embed`
[INFO] [stdout]            candidate #2: `SliceIndex`
[INFO] [stdout]            candidate #3: `StoresServerSessions`
[INFO] [stdout] 
[INFO] [stdout] 
[INFO] [stdout] error[E0599]: no associated function or constant named `get` found for struct `Assets` in the current scope
[INFO] [stdout]   --> crates/sshweb-server/src/web/embed.rs:75:34
[INFO] [stdout]    |
[INFO] [stdout] 19 | struct Assets;
[INFO] [stdout]    | ------------- associated function or constant `get` not found for this struct
[INFO] [stdout] ...
[INFO] [stdout] 75 |                 None => (Assets::get(path).map(|f| f.data), None),
[INFO] [stdout]    |                                  ^^^ associated function or constant not found in `Assets`
[INFO] [stdout]    |
[INFO] [stdout]    = help: items from traits can only be used if the trait is implemented and in scope
[INFO] [stdout]    = note: the following traits define an item `get`, perhaps you need to implement one of them:
[INFO] [stdout]            candidate #1: `Embed`
[INFO] [stdout]            candidate #2: `SliceIndex`
[INFO] [stdout]            candidate #3: `StoresServerSessions`
[INFO] [stdout] 
[INFO] [stdout] 
[INFO] [stdout] error[E0599]: no associated function or constant named `get` found for struct `Assets` in the current scope
[INFO] [stdout]   --> crates/sshweb-server/src/web/embed.rs:78:22
[INFO] [stdout]    |
[INFO] [stdout] 19 | struct Assets;
[INFO] [stdout]    | ------------- associated function or constant `get` not found for this struct
[INFO] [stdout] ...
[INFO] [stdout] 78 |             (Assets::get(path).map(|f| f.data), None)
[INFO] [stdout]    |                      ^^^ associated function or constant not found in `Assets`
[INFO] [stdout]    |
[INFO] [stdout]    = help: items from traits can only be used if the trait is implemented and in scope
[INFO] [stdout]    = note: the following traits define an item `get`, perhaps you need to implement one of them:
[INFO] [stdout]            candidate #1: `Embed`
[INFO] [stdout]            candidate #2: `SliceIndex`
[INFO] [stdout]            candidate #3: `StoresServerSessions`
[INFO] [stdout] 
[INFO] [stdout] 
[INFO] [stdout] error[E0599]: no associated function or constant named `get` found for struct `Assets` in the current scope
[INFO] [stdout]   --> crates/sshweb-server/src/web/embed.rs:91:39
[INFO] [stdout]    |
[INFO] [stdout] 19 | struct Assets;
[INFO] [stdout]    | ------------- associated function or constant `get` not found for this struct
[INFO] [stdout] ...
[INFO] [stdout] 91 |             let Some(shell) = Assets::get(SPA_SHELL) else {
[INFO] [stdout]    |                                       ^^^ associated function or constant not found in `Assets`
[INFO] [stdout]    |
[INFO] [stdout]    = help: items from traits can only be used if the trait is implemented and in scope
[INFO] [stdout]    = note: the following traits define an item `get`, perhaps you need to implement one of them:
[INFO] [stdout]            candidate #1: `Embed`
[INFO] [stdout]            candidate #2: `SliceIndex`
[INFO] [stdout]            candidate #3: `StoresServerSessions`
[INFO] [stdout] 
[INFO] [stdout] 
[INFO] [stdout] error[E0599]: no associated function or constant named `get` found for struct `Assets` in the current scope
[INFO] [stdout]   --> crates/sshweb-server/src/web/embed.rs:68:27
[INFO] [stdout]    |
[INFO] [stdout] 19 | struct Assets;
[INFO] [stdout]    | ------------- associated function or constant `get` not found for this struct
[INFO] [stdout] ...
[INFO] [stdout] 68 |             match Assets::get(&format!("{path}.br")) {
[INFO] [stdout]    |                           ^^^ associated function or constant not found in `Assets`
[INFO] [stdout]    |
[INFO] [stdout]    = help: items from traits can only be used if the trait is implemented and in scope
[INFO] [stdout]    = note: the following traits define an item `get`, perhaps you need to implement one of them:
[INFO] [stdout]            candidate #1: `Embed`
[INFO] [stdout]            candidate #2: `SliceIndex`
[INFO] [stdout]            candidate #3: `StoresServerSessions`
[INFO] [stdout] 
[INFO] [stdout] 
[INFO] [stdout] error[E0599]: no associated function or constant named `get` found for struct `Assets` in the current scope
[INFO] [stdout]   --> crates/sshweb-server/src/web/embed.rs:70:34
[INFO] [stdout]    |
[INFO] [stdout] 19 | struct Assets;
[INFO] [stdout]    | ------------- associated function or constant `get` not found for this struct
[INFO] [stdout] ...
[INFO] [stdout] 70 |                 None => (Assets::get(path).map(|f| f.data), None),
[INFO] [stdout]    |                                  ^^^ associated function or constant not found in `Assets`
[INFO] [stdout]    |
[INFO] [stdout]    = help: items from traits can only be used if the trait is implemented and in scope
[INFO] [stdout]    = note: the following traits define an item `get`, perhaps you need to implement one of them:
[INFO] [stdout]            candidate #1: `Embed`
[INFO] [stdout]            candidate #2: `SliceIndex`
[INFO] [stdout]            candidate #3: `StoresServerSessions`
[INFO] [stdout] 
[INFO] [stdout] 
[INFO] [stdout] error[E0599]: no associated function or constant named `get` found for struct `Assets` in the current scope
[INFO] [stdout]   --> crates/sshweb-server/src/web/embed.rs:73:27
[INFO] [stdout]    |
[INFO] [stdout] 19 | struct Assets;
[INFO] [stdout]    | ------------- associated function or constant `get` not found for this struct
[INFO] [stdout] ...
[INFO] [stdout] 73 |             match Assets::get(&format!("{path}.gz")) {
[INFO] [stdout]    |                           ^^^ associated function or constant not found in `Assets`
[INFO] [stdout]    |
[INFO] [stdout]    = help: items from traits can only be used if the trait is implemented and in scope
[INFO] [stdout]    = note: the following traits define an item `get`, perhaps you need to implement one of them:
[INFO] [stdout]            candidate #1: `Embed`
[INFO] [stdout]            candidate #2: `SliceIndex`
[INFO] [stdout]            candidate #3: `StoresServerSessions`
[INFO] [stdout] 
[INFO] [stdout] 
[INFO] [stdout] error[E0599]: no associated function or constant named `get` found for struct `Assets` in the current scope
[INFO] [stdout]   --> crates/sshweb-server/src/web/embed.rs:75:34
[INFO] [stdout]    |
[INFO] [stdout] 19 | struct Assets;
[INFO] [stdout]    | ------------- associated function or constant `get` not found for this struct
[INFO] [stdout] ...
[INFO] [stdout] 75 |                 None => (Assets::get(path).map(|f| f.data), None),
[INFO] [stdout]    |                                  ^^^ associated function or constant not found in `Assets`
[INFO] [stdout]    |
[INFO] [stdout]    = help: items from traits can only be used if the trait is implemented and in scope
[INFO] [stdout]    = note: the following traits define an item `get`, perhaps you need to implement one of them:
[INFO] [stdout]            candidate #1: `Embed`
[INFO] [stdout]            candidate #2: `SliceIndex`
[INFO] [stdout]            candidate #3: `StoresServerSessions`
[INFO] [stdout] 
[INFO] [stdout] 
[INFO] [stdout] error[E0599]: no associated function or constant named `get` found for struct `Assets` in the current scope
[INFO] [stdout]   --> crates/sshweb-server/src/web/embed.rs:78:22
[INFO] [stdout]    |
[INFO] [stdout] 19 | struct Assets;
[INFO] [stdout]    | ------------- associated function or constant `get` not found for this struct
[INFO] [stdout] ...
[INFO] [stdout] 78 |             (Assets::get(path).map(|f| f.data), None)
[INFO] [stdout]    |                      ^^^ associated function or constant not found in `Assets`
[INFO] [stdout]    |
[INFO] [stdout]    = help: items from traits can only be used if the trait is implemented and in scope
[INFO] [stdout]    = note: the following traits define an item `get`, perhaps you need to implement one of them:
[INFO] [stdout]            candidate #1: `Embed`
[INFO] [stdout]            candidate #2: `SliceIndex`
[INFO] [stdout]            candidate #3: `StoresServerSessions`
[INFO] [stdout] 
[INFO] [stdout] 
[INFO] [stdout] error[E0599]: no associated function or constant named `get` found for struct `Assets` in the current scope
[INFO] [stdout]   --> crates/sshweb-server/src/web/embed.rs:91:39
[INFO] [stdout]    |
[INFO] [stdout] 19 | struct Assets;
[INFO] [stdout]    | ------------- associated function or constant `get` not found for this struct
[INFO] [stdout] ...
[INFO] [stdout] 91 |             let Some(shell) = Assets::get(SPA_SHELL) else {
[INFO] [stdout]    |                                       ^^^ associated function or constant not found in `Assets`
[INFO] [stdout]    |
[INFO] [stdout]    = help: items from traits can only be used if the trait is implemented and in scope
[INFO] [stdout]    = note: the following traits define an item `get`, perhaps you need to implement one of them:
[INFO] [stdout]            candidate #1: `Embed`
[INFO] [stdout]            candidate #2: `SliceIndex`
[INFO] [stdout]            candidate #3: `StoresServerSessions`
[INFO] [stdout] 
[INFO] [stdout] 
[INFO] [stdout] For more information about this error, try `rustc --explain E0599`.
[INFO] [stdout] 
[INFO] [stderr] error: could not compile `sshweb-server` (lib) due to 7 previous errors
[INFO] [stderr] warning: build failed, waiting for other jobs to finish...
[INFO] [stdout] For more information about this error, try `rustc --explain E0599`.
[INFO] [stdout] 
[INFO] [stderr] error: could not compile `sshweb-server` (lib test) due to 7 previous errors
[INFO] running `Command { std: "docker" "inspect" "8e33499ec3b0e6799ab0fd9799655727a0eadaf2cbbf84542e5742f9e98c3f5b", kill_on_drop: false }`
[INFO] running `Command { std: "docker" "rm" "-f" "8e33499ec3b0e6799ab0fd9799655727a0eadaf2cbbf84542e5742f9e98c3f5b", kill_on_drop: false }`
[INFO] [stdout] 8e33499ec3b0e6799ab0fd9799655727a0eadaf2cbbf84542e5742f9e98c3f5b
