[INFO] cloning repository https://github.com/fastverk/cred-helper
[INFO] running `Command { std: "git" "-c" "credential.helper=" "-c" "credential.helper=/workspace/cargo-home/bin/git-credential-null" "clone" "--bare" "https://github.com/fastverk/cred-helper" "/workspace/cache/git-repos/https%3A%2F%2Fgithub.com%2Ffastverk%2Fcred-helper", kill_on_drop: false }`
[INFO] [stderr] Cloning into bare repository '/workspace/cache/git-repos/https%3A%2F%2Fgithub.com%2Ffastverk%2Fcred-helper'...
[INFO] running `Command { std: "git" "rev-parse" "HEAD", kill_on_drop: false }`
[INFO] [stdout] b7a4935d982eebc4f044d65a106bbfbd67ab044b
[INFO] checking fastverk/cred-helper against 3154cc1a3e6424e44f438a95007d043ed5ceaaf6+rustflags=-Znext-solver=coherence for pr-133502-30
[INFO] running `Command { std: "git" "clone" "/workspace/cache/git-repos/https%3A%2F%2Fgithub.com%2Ffastverk%2Fcred-helper" "/workspace/builds/worker-6-tc1/source", kill_on_drop: false }`
[INFO] [stderr] Cloning into '/workspace/builds/worker-6-tc1/source'...
[INFO] [stderr] done.
[INFO] started tweaking git repo https://github.com/fastverk/cred-helper
[INFO] finished tweaking git repo https://github.com/fastverk/cred-helper
[INFO] tweaked toml for git repo https://github.com/fastverk/cred-helper written to /workspace/builds/worker-6-tc1/source/Cargo.toml
[INFO] validating manifest of git repo https://github.com/fastverk/cred-helper on toolchain 3154cc1a3e6424e44f438a95007d043ed5ceaaf6
[INFO] running `Command { std: CARGO_HOME="/workspace/cargo-home" RUSTUP_HOME="/workspace/rustup-home" "/workspace/cargo-home/bin/cargo" "+3154cc1a3e6424e44f438a95007d043ed5ceaaf6" "metadata" "--manifest-path" "Cargo.toml" "--no-deps", kill_on_drop: false }`
[INFO] crate git repo https://github.com/fastverk/cred-helper already has a lockfile, it will not be regenerated
[INFO] running `Command { std: CARGO_HOME="/workspace/cargo-home" RUSTUP_HOME="/workspace/rustup-home" "/workspace/cargo-home/bin/cargo" "+3154cc1a3e6424e44f438a95007d043ed5ceaaf6" "fetch" "--manifest-path" "Cargo.toml", kill_on_drop: false }`
[INFO] [stderr]     Updating crates.io index
[INFO] [stderr]  Downloading crates ...
[INFO] [stderr]   Downloaded keyring v3.6.3
[INFO] running `Command { std: "docker" "create" "-v" "/var/lib/crater-agent-workspace/builds/worker-6-tc1/source:/opt/rustwide/workdir:ro,Z" "-v" "/var/lib/crater-agent-workspace/builds/worker-6-tc1/target:/opt/rustwide/target:rw,Z" "-v" "/var/lib/crater-agent-workspace/cargo-home:/opt/rustwide/cargo-home:ro,Z" "-v" "/var/lib/crater-agent-workspace/rustup-home:/opt/rustwide/rustup-home:ro,Z" "-m" "1610612736" "--network" "none" "ghcr.io/rust-lang/crates-build-env/linux@sha256:77db811e55d90add9212f6832c23229e3de5f1c1f9905e8cb07319ea15df73ac" "sleep" "infinity", kill_on_drop: false }`
[INFO] [stdout] 4991f7be55ccb655a3362cc29c141c96d46a3ab05862d669ea5fa47b8f7ed364
[INFO] running `Command { std: "docker" "start" "4991f7be55ccb655a3362cc29c141c96d46a3ab05862d669ea5fa47b8f7ed364", kill_on_drop: false }`
[INFO] running `Command { std: "docker" "inspect" "4991f7be55ccb655a3362cc29c141c96d46a3ab05862d669ea5fa47b8f7ed364", kill_on_drop: false }`
[INFO] running `Command { std: "docker" "exec" "-e" "SOURCE_DIR=/opt/rustwide/workdir" "-e" "CARGO_HOME=/opt/rustwide/cargo-home" "-e" "RUSTUP_HOME=/opt/rustwide/rustup-home" "-e" "CARGO_TARGET_DIR=/opt/rustwide/target" "-w" "/opt/rustwide/workdir" "--user" "0:0" "4991f7be55ccb655a3362cc29c141c96d46a3ab05862d669ea5fa47b8f7ed364" "/opt/rustwide/cargo-home/bin/cargo" "+3154cc1a3e6424e44f438a95007d043ed5ceaaf6" "metadata" "--no-deps" "--format-version=1", kill_on_drop: false }`
[INFO] running `Command { std: "docker" "inspect" "4991f7be55ccb655a3362cc29c141c96d46a3ab05862d669ea5fa47b8f7ed364", kill_on_drop: false }`
[INFO] running `Command { std: "docker" "exec" "-e" "SOURCE_DIR=/opt/rustwide/workdir" "-e" "CARGO_HOME=/opt/rustwide/cargo-home" "-e" "RUSTUP_HOME=/opt/rustwide/rustup-home" "-e" "CARGO_TARGET_DIR=/opt/rustwide/target" "-e" "CARGO_INCREMENTAL=0" "-e" "RUST_BACKTRACE=full" "-e" "RUSTFLAGS=--cap-lints=forbid -Znext-solver=coherence" "-e" "RUSTDOCFLAGS=--cap-lints=forbid" "-w" "/opt/rustwide/workdir" "--user" "0:0" "4991f7be55ccb655a3362cc29c141c96d46a3ab05862d669ea5fa47b8f7ed364" "/opt/rustwide/cargo-home/bin/cargo" "+3154cc1a3e6424e44f438a95007d043ed5ceaaf6" "check" "--frozen" "--all" "--all-targets" "--message-format=json", kill_on_drop: false }`
[INFO] [stderr]    Compiling anyhow v1.0.102
[INFO] [stderr]    Compiling serde_core v1.0.228
[INFO] [stderr]    Compiling either v1.16.0
[INFO] [stderr]    Compiling syn v2.0.117
[INFO] [stderr]    Compiling cc v1.2.65
[INFO] [stderr]     Checking rustls-pki-types v1.14.1
[INFO] [stderr]     Checking smallvec v1.15.2
[INFO] [stderr]     Checking bytes v1.11.1
[INFO] [stderr]     Checking option-ext v0.2.0
[INFO] [stderr]    Compiling rustls v0.23.41
[INFO] [stderr]     Checking percent-encoding v2.3.2
[INFO] [stderr]     Checking simd-adler32 v0.3.9
[INFO] [stderr]     Checking log v0.4.32
[INFO] [stderr]     Checking dirs-sys v0.4.1
[INFO] [stderr]     Checking form_urlencoded v1.2.2
[INFO] [stderr]     Checking directories v5.0.1
[INFO] [stderr]     Checking miniz_oxide v0.8.9
[INFO] [stderr]    Compiling itertools v0.14.0
[INFO] [stderr]     Checking webpki-roots v1.0.8
[INFO] [stderr]     Checking webpki-roots v0.26.11
[INFO] [stderr]     Checking flate2 v1.1.9
[INFO] [stderr]    Compiling ring v0.17.14
[INFO] [stderr]    Compiling synstructure v0.13.2
[INFO] [stderr]    Compiling zerovec-derive v0.11.3
[INFO] [stderr]    Compiling displaydoc v0.2.6
[INFO] [stderr]    Compiling prost-derive v0.13.5
[INFO] [stderr]    Compiling zerofrom-derive v0.1.7
[INFO] [stderr]    Compiling yoke-derive v0.8.2
[INFO] [stderr]     Checking serde_json v1.0.150
[INFO] [stderr]     Checking zerofrom v0.1.8
[INFO] [stderr]     Checking yoke v0.8.3
[INFO] [stderr]     Checking zerotrie v0.2.4
[INFO] [stderr]     Checking zerovec v0.11.6
[INFO] [stderr]     Checking prost v0.13.5
[INFO] [stderr]     Checking prost-types v0.13.5
[INFO] [stderr]     Checking tinystr v0.8.3
[INFO] [stderr]     Checking potential_utf v0.1.5
[INFO] [stderr]     Checking icu_collections v2.2.0
[INFO] [stderr]     Checking icu_locale_core v2.2.0
[INFO] [stderr]     Checking icu_provider v2.2.0
[INFO] [stderr]     Checking credresolve v0.1.0 (/opt/rustwide/workdir/credresolve)
[INFO] [stderr]     Checking icu_normalizer v2.2.0
[INFO] [stderr]     Checking icu_properties v2.2.0
[INFO] [stdout] error[E0433]: cannot find module or crate `connection_proto` in this scope
[INFO] [stdout]   --> credresolve/src/lib.rs:20:9
[INFO] [stdout]    |
[INFO] [stdout] 20 | pub use connection_proto::fastverk::v1 as proto;
[INFO] [stdout]    |         ^^^^^^^^^^^^^^^^ use of unresolved module or unlinked crate `connection_proto`
[INFO] [stdout]    |
[INFO] [stdout]    = help: if you wanted to use a crate named `connection_proto`, use `cargo add connection_proto` to add it to your `Cargo.toml`
[INFO] [stdout] 
[INFO] [stdout] 
[INFO] [stdout] error[E0432]: unresolved imports `crate::proto::AuthKind`, `crate::proto::Connection`, `crate::proto::ConnectionRegistry`, `crate::proto::OAuthConfig`, `crate::proto::daemon_request`, `crate::proto::daemon_response`, `crate::proto::DaemonRequest`, `crate::proto::DaemonResponse`, `crate::proto::GetSecretRequest`, `crate::proto::MintPatRequest`, `crate::proto::MintPatResponse`, `crate::proto::secret_ref::Store`, `crate::proto::EnvRef`, `crate::proto::FileRef`, `crate::proto::KeychainRef`, `crate::proto::SecretRef`
[INFO] [stdout]   --> credresolve/src/connections.rs:13:20
[INFO] [stdout]    |
[INFO] [stdout] 13 | use crate::proto::{AuthKind, Connection, ConnectionRegistry, OAuthConfig};
[INFO] [stdout]    |                    ^^^^^^^^  ^^^^^^^^^^  ^^^^^^^^^^^^^^^^^^  ^^^^^^^^^^^
[INFO] [stdout]    |
[INFO] [stdout]   ::: credresolve/src/daemon.rs:47:5
[INFO] [stdout]    |
[INFO] [stdout] 47 |     daemon_request, daemon_response, DaemonRequest, DaemonResponse, GetSecretRequest,
[INFO] [stdout]    |     ^^^^^^^^^^^^^^  ^^^^^^^^^^^^^^^  ^^^^^^^^^^^^^  ^^^^^^^^^^^^^^  ^^^^^^^^^^^^^^^^
[INFO] [stdout]    |
[INFO] [stdout]   ::: credresolve/src/gitlab.rs:37:20
[INFO] [stdout]    |
[INFO] [stdout] 37 | use crate::proto::{MintPatRequest, MintPatResponse};
[INFO] [stdout]    |                    ^^^^^^^^^^^^^^  ^^^^^^^^^^^^^^^
[INFO] [stdout]    |
[INFO] [stdout]   ::: credresolve/src/secretstore.rs:25:20
[INFO] [stdout]    |
[INFO] [stdout] 25 | use crate::proto::{secret_ref::Store, EnvRef, FileRef, KeychainRef, SecretRef};
[INFO] [stdout]    |                    ^^^^^^^^^^^^^^^^^  ^^^^^^  ^^^^^^^  ^^^^^^^^^^^  ^^^^^^^^^
[INFO] [stdout] 
[INFO] [stdout] 
[INFO] [stdout] error[E0433]: cannot find module or crate `connection_proto` in this scope
[INFO] [stdout]   --> credresolve/src/lib.rs:20:9
[INFO] [stdout]    |
[INFO] [stdout] 20 | pub use connection_proto::fastverk::v1 as proto;
[INFO] [stdout]    |         ^^^^^^^^^^^^^^^^ use of unresolved module or unlinked crate `connection_proto`
[INFO] [stdout]    |
[INFO] [stdout]    = help: if you wanted to use a crate named `connection_proto`, use `cargo add connection_proto` to add it to your `Cargo.toml`
[INFO] [stdout] 
[INFO] [stdout] 
[INFO] [stdout] error[E0432]: unresolved imports `crate::proto::AuthKind`, `crate::proto::Connection`, `crate::proto::ConnectionRegistry`, `crate::proto::OAuthConfig`, `crate::proto::secret_ref::Store`, `crate::proto::AuthKind`, `crate::proto::daemon_request`, `crate::proto::daemon_response`, `crate::proto::DaemonRequest`, `crate::proto::DaemonResponse`, `crate::proto::GetSecretRequest`, `crate::proto::daemon_request`, `crate::proto::daemon_response`, `crate::proto::DaemonRequest`, `crate::proto::DaemonResponse`, `crate::proto::GetSecretResponse`, `crate::proto::MintPatRequest`, `crate::proto::MintPatResponse`, `crate::proto::secret_ref::Store`, `crate::proto::EnvRef`, `crate::proto::FileRef`, `crate::proto::KeychainRef`, `crate::proto::SecretRef`
[INFO] [stdout]    --> credresolve/src/connections.rs:13:20
[INFO] [stdout]     |
[INFO] [stdout]  13 | use crate::proto::{AuthKind, Connection, ConnectionRegistry, OAuthConfig};
[INFO] [stdout]     |                    ^^^^^^^^  ^^^^^^^^^^  ^^^^^^^^^^^^^^^^^^  ^^^^^^^^^^^
[INFO] [stdout] ...
[INFO] [stdout] 427 |     use crate::proto::{secret_ref::Store, AuthKind};
[INFO] [stdout]     |                        ^^^^^^^^^^^^^^^^^  ^^^^^^^^
[INFO] [stdout]     |
[INFO] [stdout]    ::: credresolve/src/daemon.rs:47:5
[INFO] [stdout]     |
[INFO] [stdout]  47 |     daemon_request, daemon_response, DaemonRequest, DaemonResponse, GetSecretRequest,
[INFO] [stdout]     |     ^^^^^^^^^^^^^^  ^^^^^^^^^^^^^^^  ^^^^^^^^^^^^^  ^^^^^^^^^^^^^^  ^^^^^^^^^^^^^^^^
[INFO] [stdout] ...
[INFO] [stdout] 141 |         daemon_request, daemon_response, DaemonRequest, DaemonResponse, GetSecretResponse,
[INFO] [stdout]     |         ^^^^^^^^^^^^^^  ^^^^^^^^^^^^^^^  ^^^^^^^^^^^^^  ^^^^^^^^^^^^^^  ^^^^^^^^^^^^^^^^^
[INFO] [stdout]     |
[INFO] [stdout]    ::: credresolve/src/gitlab.rs:37:20
[INFO] [stdout]     |
[INFO] [stdout]  37 | use crate::proto::{MintPatRequest, MintPatResponse};
[INFO] [stdout]     |                    ^^^^^^^^^^^^^^  ^^^^^^^^^^^^^^^
[INFO] [stdout]     |
[INFO] [stdout]    ::: credresolve/src/secretstore.rs:25:20
[INFO] [stdout]     |
[INFO] [stdout]  25 | use crate::proto::{secret_ref::Store, EnvRef, FileRef, KeychainRef, SecretRef};
[INFO] [stdout]     |                    ^^^^^^^^^^^^^^^^^  ^^^^^^  ^^^^^^^  ^^^^^^^^^^^  ^^^^^^^^^
[INFO] [stdout] 
[INFO] [stdout] 
[INFO] [stdout] warning: unused import: `prost::Message`
[INFO] [stdout]    --> credresolve/src/daemon.rs:143:9
[INFO] [stdout]     |
[INFO] [stdout] 143 |     use prost::Message;
[INFO] [stdout]     |         ^^^^^^^^^^^^^^
[INFO] [stdout]     |
[INFO] [stdout]     = note: `#[warn(unused_imports)]` (part of `#[warn(unused)]`) on by default
[INFO] [stdout] 
[INFO] [stdout] 
[INFO] [stdout] Some errors have detailed explanations: E0432, E0433.
[INFO] [stdout] 
[INFO] [stdout] For more information about an error, try `rustc --explain E0432`.
[INFO] [stdout] 
[INFO] [stderr] error: could not compile `credresolve` (lib) due to 2 previous errors
[INFO] [stderr] warning: build failed, waiting for other jobs to finish...
[INFO] [stdout] Some errors have detailed explanations: E0432, E0433.
[INFO] [stdout] 
[INFO] [stdout] For more information about an error, try `rustc --explain E0432`.
[INFO] [stdout] 
[INFO] [stderr] error: could not compile `credresolve` (lib test) due to 2 previous errors; 1 warning emitted
[INFO] [stderr] warning: unused dependency `prost-types`
[INFO] [stderr]   --> credresolve/Cargo.toml:23:1
[INFO] [stderr]    |
[INFO] [stderr] 23 | prost-types.workspace = true
[INFO] [stderr]    | ^^^^^^^^^^^
[INFO] [stderr]    |
[INFO] [stderr]    = note: `cargo::unused_dependencies` is set to `warn` by default
[INFO] [stderr] help: consider removing the dependency on `prost-types`
[INFO] [stderr] warning: `credresolve` (manifest) generated 1 warning
[INFO] running `Command { std: "docker" "inspect" "4991f7be55ccb655a3362cc29c141c96d46a3ab05862d669ea5fa47b8f7ed364", kill_on_drop: false }`
[INFO] running `Command { std: "docker" "rm" "-f" "4991f7be55ccb655a3362cc29c141c96d46a3ab05862d669ea5fa47b8f7ed364", kill_on_drop: false }`
[INFO] [stdout] 4991f7be55ccb655a3362cc29c141c96d46a3ab05862d669ea5fa47b8f7ed364
