[INFO] cloning repository https://github.com/fanypcd/WoT-Blitz-Agent
[INFO] running `Command { std: "git" "-c" "credential.helper=" "-c" "credential.helper=/workspace/cargo-home/bin/git-credential-null" "clone" "--bare" "https://github.com/fanypcd/WoT-Blitz-Agent" "/workspace/cache/git-repos/https%3A%2F%2Fgithub.com%2Ffanypcd%2FWoT-Blitz-Agent", kill_on_drop: false }`
[INFO] [stderr] Cloning into bare repository '/workspace/cache/git-repos/https%3A%2F%2Fgithub.com%2Ffanypcd%2FWoT-Blitz-Agent'...
[INFO] running `Command { std: "git" "rev-parse" "HEAD", kill_on_drop: false }`
[INFO] [stdout] 37960fbf0ef269fe6df09a8111a41ca7eaff91ac
[INFO] checking fanypcd/WoT-Blitz-Agent against 3154cc1a3e6424e44f438a95007d043ed5ceaaf6 for pr-133502-30
[INFO] running `Command { std: "git" "clone" "/workspace/cache/git-repos/https%3A%2F%2Fgithub.com%2Ffanypcd%2FWoT-Blitz-Agent" "/workspace/builds/worker-4-tc2/source", kill_on_drop: false }`
[INFO] [stderr] Cloning into '/workspace/builds/worker-4-tc2/source'...
[INFO] [stderr] done.
[INFO] started tweaking git repo https://github.com/fanypcd/WoT-Blitz-Agent
[INFO] finished tweaking git repo https://github.com/fanypcd/WoT-Blitz-Agent
[INFO] tweaked toml for git repo https://github.com/fanypcd/WoT-Blitz-Agent written to /workspace/builds/worker-4-tc2/source/Cargo.toml
[INFO] validating manifest of git repo https://github.com/fanypcd/WoT-Blitz-Agent on toolchain 3154cc1a3e6424e44f438a95007d043ed5ceaaf6
[INFO] running `Command { std: CARGO_HOME="/workspace/cargo-home" RUSTUP_HOME="/workspace/rustup-home" "/workspace/cargo-home/bin/cargo" "+3154cc1a3e6424e44f438a95007d043ed5ceaaf6" "metadata" "--manifest-path" "Cargo.toml" "--no-deps", kill_on_drop: false }`
[INFO] crate git repo https://github.com/fanypcd/WoT-Blitz-Agent already has a lockfile, it will not be regenerated
[INFO] running `Command { std: CARGO_HOME="/workspace/cargo-home" RUSTUP_HOME="/workspace/rustup-home" "/workspace/cargo-home/bin/cargo" "+3154cc1a3e6424e44f438a95007d043ed5ceaaf6" "fetch" "--manifest-path" "Cargo.toml", kill_on_drop: false }`
[INFO] [stderr]     Blocking waiting for file lock on package cache
[INFO] running `Command { std: "docker" "create" "-v" "/var/lib/crater-agent-workspace/builds/worker-4-tc2/source:/opt/rustwide/workdir:ro,Z" "-v" "/var/lib/crater-agent-workspace/builds/worker-4-tc2/target:/opt/rustwide/target:rw,Z" "-v" "/var/lib/crater-agent-workspace/cargo-home:/opt/rustwide/cargo-home:ro,Z" "-v" "/var/lib/crater-agent-workspace/rustup-home:/opt/rustwide/rustup-home:ro,Z" "-m" "1610612736" "--network" "none" "ghcr.io/rust-lang/crates-build-env/linux@sha256:77db811e55d90add9212f6832c23229e3de5f1c1f9905e8cb07319ea15df73ac" "sleep" "infinity", kill_on_drop: false }`
[INFO] [stdout] 47c70917cfcb1dd14258cc7423c39f179d7fae0b4e7879ad148d787d2827a5cb
[INFO] running `Command { std: "docker" "start" "47c70917cfcb1dd14258cc7423c39f179d7fae0b4e7879ad148d787d2827a5cb", kill_on_drop: false }`
[INFO] running `Command { std: "docker" "inspect" "47c70917cfcb1dd14258cc7423c39f179d7fae0b4e7879ad148d787d2827a5cb", kill_on_drop: false }`
[INFO] running `Command { std: "docker" "exec" "-e" "SOURCE_DIR=/opt/rustwide/workdir" "-e" "CARGO_HOME=/opt/rustwide/cargo-home" "-e" "RUSTUP_HOME=/opt/rustwide/rustup-home" "-e" "CARGO_TARGET_DIR=/opt/rustwide/target" "-w" "/opt/rustwide/workdir" "--user" "0:0" "47c70917cfcb1dd14258cc7423c39f179d7fae0b4e7879ad148d787d2827a5cb" "/opt/rustwide/cargo-home/bin/cargo" "+3154cc1a3e6424e44f438a95007d043ed5ceaaf6" "metadata" "--no-deps" "--format-version=1", kill_on_drop: false }`
[INFO] running `Command { std: "docker" "inspect" "47c70917cfcb1dd14258cc7423c39f179d7fae0b4e7879ad148d787d2827a5cb", kill_on_drop: false }`
[INFO] running `Command { std: "docker" "exec" "-e" "SOURCE_DIR=/opt/rustwide/workdir" "-e" "CARGO_HOME=/opt/rustwide/cargo-home" "-e" "RUSTUP_HOME=/opt/rustwide/rustup-home" "-e" "CARGO_TARGET_DIR=/opt/rustwide/target" "-e" "CARGO_INCREMENTAL=0" "-e" "RUST_BACKTRACE=full" "-e" "RUSTFLAGS=--cap-lints=forbid" "-e" "RUSTDOCFLAGS=--cap-lints=forbid" "-w" "/opt/rustwide/workdir" "--user" "0:0" "47c70917cfcb1dd14258cc7423c39f179d7fae0b4e7879ad148d787d2827a5cb" "/opt/rustwide/cargo-home/bin/cargo" "+3154cc1a3e6424e44f438a95007d043ed5ceaaf6" "check" "--frozen" "--all" "--all-targets" "--message-format=json", kill_on_drop: false }`
[INFO] [stderr]    Compiling syn v3.0.4
[INFO] [stderr]    Compiling libc v0.2.189
[INFO] [stderr]    Compiling syn v1.0.109
[INFO] [stderr]    Compiling crc32fast v1.5.1
[INFO] [stderr]    Compiling darling_core v0.20.11
[INFO] [stderr]     Checking simd-adler32 v0.3.10
[INFO] [stderr]    Compiling either v1.18.0
[INFO] [stderr]     Checking log v0.4.34
[INFO] [stderr]     Checking serde_json v1.0.151
[INFO] [stderr]     Checking num-integer v0.1.47
[INFO] [stderr]    Compiling thiserror-impl v1.0.69
[INFO] [stderr]     Checking hex v0.4.3
[INFO] [stderr]     Checking iter-read v1.1.0
[INFO] [stderr]     Checking serde_bytes v0.11.19
[INFO] [stderr]     Checking chrono v0.4.45
[INFO] [stderr]    Compiling ring v0.17.14
[INFO] [stderr]    Compiling typenum v1.20.1
[INFO] [stderr]     Checking miniz_oxide v0.8.9
[INFO] [stderr]    Compiling itertools v0.10.5
[INFO] [stderr]     Checking tracing v0.1.44
[INFO] [stderr]     Checking futures-util v0.3.34
[INFO] [stderr]    Compiling aho-corasick v1.1.5
[INFO] [stderr]     Checking num-bigint v0.4.8
[INFO] [stderr]     Checking flate2 v1.1.9
[INFO] [stderr]    Compiling const-oid v0.10.2
[INFO] [stderr]    Compiling regex-syntax v0.8.11
[INFO] [stderr]     Checking zip v0.6.6
[INFO] [stderr]     Checking thiserror v1.0.69
[INFO] [stderr]    Compiling bstr v1.13.1
[INFO] [stderr]    Compiling cfg_aliases v0.2.2
[INFO] [stderr]     Checking regex-automata v0.4.18
[INFO] [stderr]    Compiling cpufeatures v0.3.0
[INFO] [stderr]    Compiling nix v0.31.3
[INFO] [stderr]    Compiling mime_guess v2.0.5
[INFO] [stderr]    Compiling mime v0.3.17
[INFO] [stderr]     Checking hybrid-array v0.4.15
[INFO] [stderr]     Checking anstream v1.0.0
[INFO] [stderr]     Checking clap_lex v1.1.0
[INFO] [stderr]     Checking strsim v0.11.1
[INFO] [stderr]     Checking axum-core v0.5.6
[INFO] [stderr]     Checking serde_path_to_error v0.1.20
[INFO] [stderr]     Checking clap_builder v4.6.6
[INFO] [stderr]     Checking matchit v0.8.4
[INFO] [stderr]     Checking parking_lot_core v0.9.12
[INFO] [stderr]     Checking errno v0.3.14
[INFO] [stderr]     Checking signal-hook-registry v1.4.8
[INFO] [stderr]     Checking parking_lot v0.12.5
[INFO] [stderr]     Checking mio v1.2.2
[INFO] [stderr]     Checking socket2 v0.6.5
[INFO] [stderr]     Checking getrandom v0.2.17
[INFO] [stderr]     Checking crypto-common v0.2.2
[INFO] [stderr]     Checking block-buffer v0.12.1
[INFO] [stderr]    Compiling wotb-agent v0.1.0 (/opt/rustwide/workdir)
[INFO] [stderr] warning: wotb-agent@0.1.0: frontend/dist 不存在——已生成占位（debug 测试构建）；release/bundle 构建前先 cd frontend && npm run build
[INFO] [stderr]    Compiling darling_macro v0.20.11
[INFO] [stderr]     Checking digest v0.11.3
[INFO] [stderr]    Compiling rustls v0.23.43
[INFO] [stderr]     Checking sha2 v0.11.0
[INFO] [stderr]    Compiling darling v0.20.11
[INFO] [stderr]    Compiling serde_with_macros v2.3.3
[INFO] [stderr]     Checking ctrlc v3.5.2
[INFO] [stderr]    Compiling prost-derive v0.11.9
[INFO] [stderr]     Checking globset v0.4.20
[INFO] [stderr]     Checking regex v1.13.1
[INFO] [stderr]     Checking rust-embed-utils v8.12.0
[INFO] [stderr]     Checking rustls-webpki v0.103.15
[INFO] [stderr]     Checking prost v0.11.9
[INFO] [stderr]    Compiling serde_derive v1.0.229
[INFO] [stderr]    Compiling zerovec-derive v0.11.6
[INFO] [stderr]    Compiling displaydoc v0.2.7
[INFO] [stderr]    Compiling tokio-macros v2.7.2
[INFO] [stderr]    Compiling serde_repr v0.1.21
[INFO] [stderr]    Compiling clap_derive v4.6.4
[INFO] [stderr]     Checking tokio v1.53.1
[INFO] [stderr]     Checking zerotrie v0.2.5
[INFO] [stderr]     Checking zerovec v0.11.8
[INFO] [stderr]    Compiling rust-embed-impl v8.12.0
[INFO] [stderr]     Checking clap v4.6.6
[INFO] [stderr]     Checking tinystr v0.8.4
[INFO] [stderr]     Checking potential_utf v0.1.6
[INFO] [stderr]     Checking rust-embed v8.12.0
[INFO] [stderr]     Checking icu_collections v2.3.0
[INFO] [stderr]     Checking icu_locale_core v2.3.0
[INFO] [stderr]     Checking icu_provider v2.3.1
[INFO] [stderr]     Checking icu_normalizer v2.3.0
[INFO] [stderr]     Checking icu_properties v2.3.0
[INFO] [stderr]     Checking serde v1.0.229
[INFO] [stderr]     Checking serde_with v2.3.3
[INFO] [stderr]     Checking serde-pickle v1.2.0
[INFO] [stderr]     Checking serde_urlencoded v0.7.1
[INFO] [stderr]     Checking serde_spanned v0.6.9
[INFO] [stderr]     Checking toml_datetime v0.6.11
[INFO] [stderr]     Checking idna_adapter v1.2.2
[INFO] [stderr]     Checking idna v1.1.0
[INFO] [stderr]     Checking toml_edit v0.22.27
[INFO] [stderr]     Checking url v2.5.8
[INFO] [stderr]     Checking webbrowser v1.2.4
[INFO] [stderr]     Checking toml v0.8.23
[INFO] [stderr]     Checking wotbreplay-parser v0.4.2
[INFO] [stderr]     Checking hyper v1.11.0
[INFO] [stderr]     Checking tower v0.5.3
[INFO] [stderr]     Checking tokio-rustls v0.26.4
[INFO] [stderr]     Checking tokio-util v0.7.19
[INFO] [stderr]     Checking wotb-replay-core v0.1.0 (/opt/rustwide/workdir/crates/replay-core)
[INFO] [stderr]     Checking tower-http v0.6.11
[INFO] [stderr]     Checking hyper-util v0.1.20
[INFO] [stderr]     Checking hyper-rustls v0.27.9
[INFO] [stderr]     Checking axum v0.8.9
[INFO] [stderr]     Checking reqwest v0.12.28
[INFO] [stderr]     Checking wotb-replay-wasm v0.1.0 (/opt/rustwide/workdir/crates/replay-wasm)
[INFO] [stdout] error: #[derive(RustEmbed)] folder '/opt/rustwide/workdir/frontend/dist/' does not exist. cwd: '/opt/rustwide/workdir'
[INFO] [stdout]   --> src/web/mod.rs:17:1
[INFO] [stdout]    |
[INFO] [stdout] 17 | / /// Vue 前端构建产物（frontend/dist/，构建入口 `cd frontend && npm run build`）。
[INFO] [stdout] 18 | | /// 默认 debug 构建运行时读盘（npm run build 后刷新即生效）；release 构建编译期嵌入。
[INFO] [stdout] 19 | | /// 排除 release/：dist 只认 npm 产物，导出资产包若误落 dist 内会被编译期嵌入撑爆构建。
[INFO] [stdout] 20 | | #[derive(RustEmbed)]
[INFO] [stdout] ...  |
[INFO] [stdout] 23 | | #[exclude = "release/**"]
[INFO] [stdout] 24 | | struct SpaAssets;
[INFO] [stdout]    | |_________________^
[INFO] [stdout] 
[INFO] [stdout] 
[INFO] [stdout] error: #[derive(RustEmbed)] folder '/opt/rustwide/workdir/frontend/dist/' does not exist. cwd: '/opt/rustwide/workdir'
[INFO] [stdout]   --> src/web/mod.rs:17:1
[INFO] [stdout]    |
[INFO] [stdout] 17 | / /// Vue 前端构建产物（frontend/dist/，构建入口 `cd frontend && npm run build`）。
[INFO] [stdout] 18 | | /// 默认 debug 构建运行时读盘（npm run build 后刷新即生效）；release 构建编译期嵌入。
[INFO] [stdout] 19 | | /// 排除 release/：dist 只认 npm 产物，导出资产包若误落 dist 内会被编译期嵌入撑爆构建。
[INFO] [stdout] 20 | | #[derive(RustEmbed)]
[INFO] [stdout] ...  |
[INFO] [stdout] 23 | | #[exclude = "release/**"]
[INFO] [stdout] 24 | | struct SpaAssets;
[INFO] [stdout]    | |_________________^
[INFO] [stdout] 
[INFO] [stdout] 
[INFO] [stdout] error[E0599]: no associated function or constant named `get` found for struct `SpaAssets` in the current scope
[INFO] [stdout]    --> src/web/mod.rs:311:22
[INFO] [stdout]     |
[INFO] [stdout]  24 | struct SpaAssets;
[INFO] [stdout]     | ---------------- associated function or constant `get` not found for this struct
[INFO] [stdout] ...
[INFO] [stdout] 311 |     match SpaAssets::get("index.html") {
[INFO] [stdout]     |                      ^^^ associated function or constant not found in `SpaAssets`
[INFO] [stdout]     |
[INFO] [stdout]     = help: items from traits can only be used if the trait is implemented and in scope
[INFO] [stdout]     = note: the following traits define an item `get`, perhaps you need to implement one of them:
[INFO] [stdout]             candidate #1: `Embed`
[INFO] [stdout]             candidate #2: `SliceIndex`
[INFO] [stdout]             candidate #3: `icu_collections::codepointtrie::cptrie::TypedCodePointTrie`
[INFO] [stdout]             candidate #4: `icu_properties::names::PropertyEnumToValueNameLookup`
[INFO] [stdout]             candidate #5: `icu_provider::baked::DataStore`
[INFO] [stdout]             candidate #6: `rustls::server::server_conn::StoresServerSessions`
[INFO] [stdout]             candidate #7: `toml_edit::table::TableLike`
[INFO] [stdout] 
[INFO] [stdout] 
[INFO] [stdout] error[E0599]: no associated function or constant named `get` found for struct `SpaAssets` in the current scope
[INFO] [stdout]    --> src/web/mod.rs:335:33
[INFO] [stdout]     |
[INFO] [stdout]  24 | struct SpaAssets;
[INFO] [stdout]     | ---------------- associated function or constant `get` not found for this struct
[INFO] [stdout] ...
[INFO] [stdout] 335 |     let Some(file) = SpaAssets::get(&format!("assets/{path}")) else {
[INFO] [stdout]     |                                 ^^^ associated function or constant not found in `SpaAssets`
[INFO] [stdout]     |
[INFO] [stdout]     = help: items from traits can only be used if the trait is implemented and in scope
[INFO] [stdout]     = note: the following traits define an item `get`, perhaps you need to implement one of them:
[INFO] [stdout]             candidate #1: `Embed`
[INFO] [stdout]             candidate #2: `SliceIndex`
[INFO] [stdout]             candidate #3: `icu_collections::codepointtrie::cptrie::TypedCodePointTrie`
[INFO] [stdout]             candidate #4: `icu_properties::names::PropertyEnumToValueNameLookup`
[INFO] [stdout]             candidate #5: `icu_provider::baked::DataStore`
[INFO] [stdout]             candidate #6: `rustls::server::server_conn::StoresServerSessions`
[INFO] [stdout]             candidate #7: `toml_edit::table::TableLike`
[INFO] [stdout] 
[INFO] [stdout] 
[INFO] [stdout] error[E0599]: no associated function or constant named `get` found for struct `SpaAssets` in the current scope
[INFO] [stdout]    --> src/web/mod.rs:311:22
[INFO] [stdout]     |
[INFO] [stdout]  24 | struct SpaAssets;
[INFO] [stdout]     | ---------------- associated function or constant `get` not found for this struct
[INFO] [stdout] ...
[INFO] [stdout] 311 |     match SpaAssets::get("index.html") {
[INFO] [stdout]     |                      ^^^ associated function or constant not found in `SpaAssets`
[INFO] [stdout]     |
[INFO] [stdout]     = help: items from traits can only be used if the trait is implemented and in scope
[INFO] [stdout]     = note: the following traits define an item `get`, perhaps you need to implement one of them:
[INFO] [stdout]             candidate #1: `Embed`
[INFO] [stdout]             candidate #2: `SliceIndex`
[INFO] [stdout]             candidate #3: `icu_collections::codepointtrie::cptrie::TypedCodePointTrie`
[INFO] [stdout]             candidate #4: `icu_properties::names::PropertyEnumToValueNameLookup`
[INFO] [stdout]             candidate #5: `icu_provider::baked::DataStore`
[INFO] [stdout]             candidate #6: `rustls::server::server_conn::StoresServerSessions`
[INFO] [stdout]             candidate #7: `toml_edit::table::TableLike`
[INFO] [stdout] 
[INFO] [stdout] 
[INFO] [stdout] error[E0599]: no associated function or constant named `get` found for struct `SpaAssets` in the current scope
[INFO] [stdout]    --> src/web/mod.rs:335:33
[INFO] [stdout]     |
[INFO] [stdout]  24 | struct SpaAssets;
[INFO] [stdout]     | ---------------- associated function or constant `get` not found for this struct
[INFO] [stdout] ...
[INFO] [stdout] 335 |     let Some(file) = SpaAssets::get(&format!("assets/{path}")) else {
[INFO] [stdout]     |                                 ^^^ associated function or constant not found in `SpaAssets`
[INFO] [stdout]     |
[INFO] [stdout]     = help: items from traits can only be used if the trait is implemented and in scope
[INFO] [stdout]     = note: the following traits define an item `get`, perhaps you need to implement one of them:
[INFO] [stdout]             candidate #1: `Embed`
[INFO] [stdout]             candidate #2: `SliceIndex`
[INFO] [stdout]             candidate #3: `icu_collections::codepointtrie::cptrie::TypedCodePointTrie`
[INFO] [stdout]             candidate #4: `icu_properties::names::PropertyEnumToValueNameLookup`
[INFO] [stdout]             candidate #5: `icu_provider::baked::DataStore`
[INFO] [stdout]             candidate #6: `rustls::server::server_conn::StoresServerSessions`
[INFO] [stdout]             candidate #7: `toml_edit::table::TableLike`
[INFO] [stdout] 
[INFO] [stdout] 
[INFO] [stdout] For more information about this error, try `rustc --explain E0599`.
[INFO] [stdout] 
[INFO] [stderr] warning: wotb-agent@0.1.0: frontend/dist 不存在——已生成占位（debug 测试构建）；release/bundle 构建前先 cd frontend && npm run build
[INFO] [stderr] error: could not compile `wotb-agent` (lib) due to 3 previous errors
[INFO] [stderr] warning: build failed, waiting for other jobs to finish...
[INFO] [stdout] For more information about this error, try `rustc --explain E0599`.
[INFO] [stdout] 
[INFO] [stderr] warning: wotb-agent@0.1.0: frontend/dist 不存在——已生成占位（debug 测试构建）；release/bundle 构建前先 cd frontend && npm run build
[INFO] [stderr] error: could not compile `wotb-agent` (lib test) due to 3 previous errors
[INFO] running `Command { std: "docker" "inspect" "47c70917cfcb1dd14258cc7423c39f179d7fae0b4e7879ad148d787d2827a5cb", kill_on_drop: false }`
[INFO] running `Command { std: "docker" "rm" "-f" "47c70917cfcb1dd14258cc7423c39f179d7fae0b4e7879ad148d787d2827a5cb", kill_on_drop: false }`
[INFO] [stdout] 47c70917cfcb1dd14258cc7423c39f179d7fae0b4e7879ad148d787d2827a5cb
