[INFO] cloning repository https://github.com/fangzh5/hi-codex
[INFO] running `Command { std: "git" "-c" "credential.helper=" "-c" "credential.helper=/workspace/cargo-home/bin/git-credential-null" "clone" "--bare" "https://github.com/fangzh5/hi-codex" "/workspace/cache/git-repos/https%3A%2F%2Fgithub.com%2Ffangzh5%2Fhi-codex", kill_on_drop: false }`
[INFO] [stderr] Cloning into bare repository '/workspace/cache/git-repos/https%3A%2F%2Fgithub.com%2Ffangzh5%2Fhi-codex'...
[INFO] running `Command { std: "git" "rev-parse" "HEAD", kill_on_drop: false }`
[INFO] [stdout] 35a725f8521cbe0c610e2ee9b547cb9a7308014c
[INFO] checking fangzh5/hi-codex against 3154cc1a3e6424e44f438a95007d043ed5ceaaf6+rustflags=-Znext-solver=coherence for pr-133502-30
[INFO] running `Command { std: "git" "clone" "/workspace/cache/git-repos/https%3A%2F%2Fgithub.com%2Ffangzh5%2Fhi-codex" "/workspace/builds/worker-7-tc1/source", kill_on_drop: false }`
[INFO] [stderr] Cloning into '/workspace/builds/worker-7-tc1/source'...
[INFO] [stderr] done.
[INFO] started tweaking git repo https://github.com/fangzh5/hi-codex
[INFO] finished tweaking git repo https://github.com/fangzh5/hi-codex
[INFO] tweaked toml for git repo https://github.com/fangzh5/hi-codex written to /workspace/builds/worker-7-tc1/source/Cargo.toml
[INFO] validating manifest of git repo https://github.com/fangzh5/hi-codex on toolchain 3154cc1a3e6424e44f438a95007d043ed5ceaaf6
[INFO] running `Command { std: CARGO_HOME="/workspace/cargo-home" RUSTUP_HOME="/workspace/rustup-home" "/workspace/cargo-home/bin/cargo" "+3154cc1a3e6424e44f438a95007d043ed5ceaaf6" "metadata" "--manifest-path" "Cargo.toml" "--no-deps", kill_on_drop: false }`
[INFO] crate git repo https://github.com/fangzh5/hi-codex already has a lockfile, it will not be regenerated
[INFO] running `Command { std: CARGO_HOME="/workspace/cargo-home" RUSTUP_HOME="/workspace/rustup-home" "/workspace/cargo-home/bin/cargo" "+3154cc1a3e6424e44f438a95007d043ed5ceaaf6" "fetch" "--manifest-path" "Cargo.toml", kill_on_drop: false }`
[INFO] running `Command { std: "docker" "create" "-v" "/var/lib/crater-agent-workspace/builds/worker-7-tc1/source:/opt/rustwide/workdir:ro,Z" "-v" "/var/lib/crater-agent-workspace/builds/worker-7-tc1/target:/opt/rustwide/target:rw,Z" "-v" "/var/lib/crater-agent-workspace/cargo-home:/opt/rustwide/cargo-home:ro,Z" "-v" "/var/lib/crater-agent-workspace/rustup-home:/opt/rustwide/rustup-home:ro,Z" "-m" "1610612736" "--network" "none" "ghcr.io/rust-lang/crates-build-env/linux@sha256:77db811e55d90add9212f6832c23229e3de5f1c1f9905e8cb07319ea15df73ac" "sleep" "infinity", kill_on_drop: false }`
[INFO] [stdout] 2fb4817858d2de954e30cf227929ca942fca7038f963e86bd55db239209865fc
[INFO] running `Command { std: "docker" "start" "2fb4817858d2de954e30cf227929ca942fca7038f963e86bd55db239209865fc", kill_on_drop: false }`
[INFO] running `Command { std: "docker" "inspect" "2fb4817858d2de954e30cf227929ca942fca7038f963e86bd55db239209865fc", kill_on_drop: false }`
[INFO] running `Command { std: "docker" "exec" "-e" "SOURCE_DIR=/opt/rustwide/workdir" "-e" "CARGO_HOME=/opt/rustwide/cargo-home" "-e" "RUSTUP_HOME=/opt/rustwide/rustup-home" "-e" "CARGO_TARGET_DIR=/opt/rustwide/target" "-w" "/opt/rustwide/workdir" "--user" "0:0" "2fb4817858d2de954e30cf227929ca942fca7038f963e86bd55db239209865fc" "/opt/rustwide/cargo-home/bin/cargo" "+3154cc1a3e6424e44f438a95007d043ed5ceaaf6" "metadata" "--no-deps" "--format-version=1", kill_on_drop: false }`
[INFO] running `Command { std: "docker" "inspect" "2fb4817858d2de954e30cf227929ca942fca7038f963e86bd55db239209865fc", kill_on_drop: false }`
[INFO] running `Command { std: "docker" "exec" "-e" "SOURCE_DIR=/opt/rustwide/workdir" "-e" "CARGO_HOME=/opt/rustwide/cargo-home" "-e" "RUSTUP_HOME=/opt/rustwide/rustup-home" "-e" "CARGO_TARGET_DIR=/opt/rustwide/target" "-e" "CARGO_INCREMENTAL=0" "-e" "RUST_BACKTRACE=full" "-e" "RUSTFLAGS=--cap-lints=forbid -Znext-solver=coherence" "-e" "RUSTDOCFLAGS=--cap-lints=forbid" "-w" "/opt/rustwide/workdir" "--user" "0:0" "2fb4817858d2de954e30cf227929ca942fca7038f963e86bd55db239209865fc" "/opt/rustwide/cargo-home/bin/cargo" "+3154cc1a3e6424e44f438a95007d043ed5ceaaf6" "check" "--frozen" "--all" "--all-targets" "--message-format=json", kill_on_drop: false }`
[INFO] [stderr]    Compiling serde v1.0.229
[INFO] [stderr]    Compiling windows_x86_64_gnu v0.52.6
[INFO] [stderr]     Checking windows-targets v0.52.6
[INFO] [stderr]     Checking windows-sys v0.52.0
[INFO] [stderr]     Checking toml v0.5.11
[INFO] [stderr]    Compiling winres v0.1.12
[INFO] [stderr]    Compiling hicodex v0.4.0 (/opt/rustwide/workdir)
[INFO] [stdout] error[E0433]: cannot find `windows` in `os`
[INFO] [stdout]   --> src/accounts.rs:10:14
[INFO] [stdout]    |
[INFO] [stdout] 10 | use std::os::windows::fs::MetadataExt;
[INFO] [stdout]    |              ^^^^^^^ could not find `windows` in `os`
[INFO] [stdout]    |
[INFO] [stdout] note: found an item that was configured out
[INFO] [stdout]   --> /rustc/3154cc1a3e6424e44f438a95007d043ed5ceaaf6/library/std/src/os/mod.rs:62:4
[INFO] [stdout]    |
[INFO] [stdout]    = note: the item is gated behind the `windows` feature
[INFO] [stdout] 
[INFO] [stdout] 
[INFO] [stdout] error[E0433]: cannot find `windows` in `os`
[INFO] [stdout]  --> src/credential_storage.rs:7:14
[INFO] [stdout]   |
[INFO] [stdout] 7 | use std::os::windows::fs::MetadataExt;
[INFO] [stdout]   |              ^^^^^^^ could not find `windows` in `os`
[INFO] [stdout]   |
[INFO] [stdout] note: found an item that was configured out
[INFO] [stdout]  --> /rustc/3154cc1a3e6424e44f438a95007d043ed5ceaaf6/library/std/src/os/mod.rs:62:4
[INFO] [stdout]   |
[INFO] [stdout]   = note: the item is gated behind the `windows` feature
[INFO] [stdout] 
[INFO] [stdout] 
[INFO] [stdout] error[E0433]: cannot find `windows` in `os`
[INFO] [stdout]  --> src/credential_storage.rs:8:14
[INFO] [stdout]   |
[INFO] [stdout] 8 | use std::os::windows::io::FromRawHandle;
[INFO] [stdout]   |              ^^^^^^^ could not find `windows` in `os`
[INFO] [stdout]   |
[INFO] [stdout] note: found an item that was configured out
[INFO] [stdout]  --> /rustc/3154cc1a3e6424e44f438a95007d043ed5ceaaf6/library/std/src/os/mod.rs:62:4
[INFO] [stdout]   |
[INFO] [stdout]   = note: the item is gated behind the `windows` feature
[INFO] [stdout] 
[INFO] [stdout] 
[INFO] [stdout] error[E0433]: cannot find `windows` in `os`
[INFO] [stdout]   --> src/credential_storage.rs:30:14
[INFO] [stdout]    |
[INFO] [stdout] 30 | use std::os::windows::ffi::OsStrExt;
[INFO] [stdout]    |              ^^^^^^^ could not find `windows` in `os`
[INFO] [stdout]    |
[INFO] [stdout] note: found an item that was configured out
[INFO] [stdout]   --> /rustc/3154cc1a3e6424e44f438a95007d043ed5ceaaf6/library/std/src/os/mod.rs:62:4
[INFO] [stdout]    |
[INFO] [stdout]    = note: the item is gated behind the `windows` feature
[INFO] [stdout] 
[INFO] [stdout] 
[INFO] [stdout] error[E0433]: cannot find `windows` in `os`
[INFO] [stdout]  --> src/rpc.rs:5:14
[INFO] [stdout]   |
[INFO] [stdout] 5 | use std::os::windows::process::CommandExt;
[INFO] [stdout]   |              ^^^^^^^ could not find `windows` in `os`
[INFO] [stdout]   |
[INFO] [stdout] note: found an item that was configured out
[INFO] [stdout]  --> /rustc/3154cc1a3e6424e44f438a95007d043ed5ceaaf6/library/std/src/os/mod.rs:62:4
[INFO] [stdout]   |
[INFO] [stdout]   = note: the item is gated behind the `windows` feature
[INFO] [stdout] 
[INFO] [stdout] 
[INFO] [stdout] error[E0433]: cannot find `windows` in `os`
[INFO] [stdout]  --> src/startup.rs:1:14
[INFO] [stdout]   |
[INFO] [stdout] 1 | use std::os::windows::process::CommandExt;
[INFO] [stdout]   |              ^^^^^^^ could not find `windows` in `os`
[INFO] [stdout]   |
[INFO] [stdout] note: found an item that was configured out
[INFO] [stdout]  --> /rustc/3154cc1a3e6424e44f438a95007d043ed5ceaaf6/library/std/src/os/mod.rs:62:4
[INFO] [stdout]   |
[INFO] [stdout]   = note: the item is gated behind the `windows` feature
[INFO] [stdout] 
[INFO] [stdout] 
[INFO] [stdout] error[E0433]: cannot find `windows` in `os`
[INFO] [stdout]  --> src/system_usage.rs:2:14
[INFO] [stdout]   |
[INFO] [stdout] 2 | use std::os::windows::process::CommandExt;
[INFO] [stdout]   |              ^^^^^^^ could not find `windows` in `os`
[INFO] [stdout]   |
[INFO] [stdout] note: found an item that was configured out
[INFO] [stdout]  --> /rustc/3154cc1a3e6424e44f438a95007d043ed5ceaaf6/library/std/src/os/mod.rs:62:4
[INFO] [stdout]   |
[INFO] [stdout]   = note: the item is gated behind the `windows` feature
[INFO] [stdout] 
[INFO] [stdout] 
[INFO] [stdout] error[E0433]: cannot find `windows` in `os`
[INFO] [stdout]  --> src/taskbar.rs:3:14
[INFO] [stdout]   |
[INFO] [stdout] 3 | use std::os::windows::process::CommandExt;
[INFO] [stdout]   |              ^^^^^^^ could not find `windows` in `os`
[INFO] [stdout]   |
[INFO] [stdout] note: found an item that was configured out
[INFO] [stdout]  --> /rustc/3154cc1a3e6424e44f438a95007d043ed5ceaaf6/library/std/src/os/mod.rs:62:4
[INFO] [stdout]   |
[INFO] [stdout]   = note: the item is gated behind the `windows` feature
[INFO] [stdout] 
[INFO] [stdout] 
[INFO] [stdout] error[E0433]: cannot find `windows` in `os`
[INFO] [stdout]    --> src/ui.rs:301:22
[INFO] [stdout]     |
[INFO] [stdout] 301 |         use std::os::windows::ffi::OsStringExt;
[INFO] [stdout]     |                      ^^^^^^^ could not find `windows` in `os`
[INFO] [stdout]     |
[INFO] [stdout] note: found an item that was configured out
[INFO] [stdout]    --> /rustc/3154cc1a3e6424e44f438a95007d043ed5ceaaf6/library/std/src/os/mod.rs:62:4
[INFO] [stdout]     |
[INFO] [stdout]     = note: the item is gated behind the `windows` feature
[INFO] [stdout] 
[INFO] [stdout] 
[INFO] [stdout] error[E0433]: cannot find `windows` in `os`
[INFO] [stdout]   --> src/accounts.rs:10:14
[INFO] [stdout]    |
[INFO] [stdout] 10 | use std::os::windows::fs::MetadataExt;
[INFO] [stdout]    |              ^^^^^^^ could not find `windows` in `os`
[INFO] [stdout]    |
[INFO] [stdout] note: found an item that was configured out
[INFO] [stdout]   --> /rustc/3154cc1a3e6424e44f438a95007d043ed5ceaaf6/library/std/src/os/mod.rs:62:4
[INFO] [stdout]    |
[INFO] [stdout]    = note: the item is gated behind the `windows` feature
[INFO] [stdout] 
[INFO] [stdout] 
[INFO] [stdout] error[E0433]: cannot find `windows` in `os`
[INFO] [stdout]  --> src/credential_storage.rs:7:14
[INFO] [stdout]   |
[INFO] [stdout] 7 | use std::os::windows::fs::MetadataExt;
[INFO] [stdout]   |              ^^^^^^^ could not find `windows` in `os`
[INFO] [stdout]   |
[INFO] [stdout] note: found an item that was configured out
[INFO] [stdout]  --> /rustc/3154cc1a3e6424e44f438a95007d043ed5ceaaf6/library/std/src/os/mod.rs:62:4
[INFO] [stdout]   |
[INFO] [stdout]   = note: the item is gated behind the `windows` feature
[INFO] [stdout] 
[INFO] [stdout] 
[INFO] [stdout] error[E0433]: cannot find `windows` in `os`
[INFO] [stdout]  --> src/credential_storage.rs:8:14
[INFO] [stdout]   |
[INFO] [stdout] 8 | use std::os::windows::io::FromRawHandle;
[INFO] [stdout]   |              ^^^^^^^ could not find `windows` in `os`
[INFO] [stdout]   |
[INFO] [stdout] note: found an item that was configured out
[INFO] [stdout]  --> /rustc/3154cc1a3e6424e44f438a95007d043ed5ceaaf6/library/std/src/os/mod.rs:62:4
[INFO] [stdout]   |
[INFO] [stdout]   = note: the item is gated behind the `windows` feature
[INFO] [stdout] 
[INFO] [stdout] 
[INFO] [stdout] error[E0433]: cannot find `windows` in `os`
[INFO] [stdout]   --> src/credential_storage.rs:30:14
[INFO] [stdout]    |
[INFO] [stdout] 30 | use std::os::windows::ffi::OsStrExt;
[INFO] [stdout]    |              ^^^^^^^ could not find `windows` in `os`
[INFO] [stdout]    |
[INFO] [stdout] note: found an item that was configured out
[INFO] [stdout]   --> /rustc/3154cc1a3e6424e44f438a95007d043ed5ceaaf6/library/std/src/os/mod.rs:62:4
[INFO] [stdout]    |
[INFO] [stdout]    = note: the item is gated behind the `windows` feature
[INFO] [stdout] 
[INFO] [stdout] 
[INFO] [stdout] error[E0433]: cannot find `windows` in `os`
[INFO] [stdout]  --> src/rpc.rs:5:14
[INFO] [stdout]   |
[INFO] [stdout] 5 | use std::os::windows::process::CommandExt;
[INFO] [stdout]   |              ^^^^^^^ could not find `windows` in `os`
[INFO] [stdout]   |
[INFO] [stdout] note: found an item that was configured out
[INFO] [stdout]  --> /rustc/3154cc1a3e6424e44f438a95007d043ed5ceaaf6/library/std/src/os/mod.rs:62:4
[INFO] [stdout]   |
[INFO] [stdout]   = note: the item is gated behind the `windows` feature
[INFO] [stdout] 
[INFO] [stdout] 
[INFO] [stdout] error[E0433]: cannot find `windows` in `os`
[INFO] [stdout]  --> src/startup.rs:1:14
[INFO] [stdout]   |
[INFO] [stdout] 1 | use std::os::windows::process::CommandExt;
[INFO] [stdout]   |              ^^^^^^^ could not find `windows` in `os`
[INFO] [stdout]   |
[INFO] [stdout] note: found an item that was configured out
[INFO] [stdout]  --> /rustc/3154cc1a3e6424e44f438a95007d043ed5ceaaf6/library/std/src/os/mod.rs:62:4
[INFO] [stdout]   |
[INFO] [stdout]   = note: the item is gated behind the `windows` feature
[INFO] [stdout] 
[INFO] [stdout] 
[INFO] [stdout] error[E0433]: cannot find `windows` in `os`
[INFO] [stdout]  --> src/system_usage.rs:2:14
[INFO] [stdout]   |
[INFO] [stdout] 2 | use std::os::windows::process::CommandExt;
[INFO] [stdout]   |              ^^^^^^^ could not find `windows` in `os`
[INFO] [stdout]   |
[INFO] [stdout] note: found an item that was configured out
[INFO] [stdout]  --> /rustc/3154cc1a3e6424e44f438a95007d043ed5ceaaf6/library/std/src/os/mod.rs:62:4
[INFO] [stdout]   |
[INFO] [stdout]   = note: the item is gated behind the `windows` feature
[INFO] [stdout] 
[INFO] [stdout] 
[INFO] [stdout] error[E0433]: cannot find `windows` in `os`
[INFO] [stdout]  --> src/taskbar.rs:3:14
[INFO] [stdout]   |
[INFO] [stdout] 3 | use std::os::windows::process::CommandExt;
[INFO] [stdout]   |              ^^^^^^^ could not find `windows` in `os`
[INFO] [stdout]   |
[INFO] [stdout] note: found an item that was configured out
[INFO] [stdout]  --> /rustc/3154cc1a3e6424e44f438a95007d043ed5ceaaf6/library/std/src/os/mod.rs:62:4
[INFO] [stdout]   |
[INFO] [stdout]   = note: the item is gated behind the `windows` feature
[INFO] [stdout] 
[INFO] [stdout] 
[INFO] [stdout] error[E0433]: cannot find `windows` in `os`
[INFO] [stdout]    --> src/ui.rs:301:22
[INFO] [stdout]     |
[INFO] [stdout] 301 |         use std::os::windows::ffi::OsStringExt;
[INFO] [stdout]     |                      ^^^^^^^ could not find `windows` in `os`
[INFO] [stdout]     |
[INFO] [stdout] note: found an item that was configured out
[INFO] [stdout]    --> /rustc/3154cc1a3e6424e44f438a95007d043ed5ceaaf6/library/std/src/os/mod.rs:62:4
[INFO] [stdout]     |
[INFO] [stdout]     = note: the item is gated behind the `windows` feature
[INFO] [stdout] 
[INFO] [stdout] 
[INFO] [stdout] error[E0599]: no method named `file_attributes` found for struct `Metadata` in the current scope
[INFO] [stdout]   --> src/accounts.rs:94:40
[INFO] [stdout]    |
[INFO] [stdout] 94 |     if !metadata.is_file() || metadata.file_attributes() & 0x400 != 0 {
[INFO] [stdout]    |                                        ^^^^^^^^^^^^^^^
[INFO] [stdout]    |
[INFO] [stdout] help: there is a method `file_type` with a similar name
[INFO] [stdout]    |
[INFO] [stdout] 94 -     if !metadata.is_file() || metadata.file_attributes() & 0x400 != 0 {
[INFO] [stdout] 94 +     if !metadata.is_file() || metadata.file_type() & 0x400 != 0 {
[INFO] [stdout]    |
[INFO] [stdout] 
[INFO] [stdout] 
[INFO] [stdout] error[E0599]: no method named `file_attributes` found for struct `Metadata` in the current scope
[INFO] [stdout]    --> src/accounts.rs:290:21
[INFO] [stdout]     |
[INFO] [stdout] 290 |         if metadata.file_attributes() & 0x400 != 0 {
[INFO] [stdout]     |                     ^^^^^^^^^^^^^^^
[INFO] [stdout]     |
[INFO] [stdout] help: there is a method `file_type` with a similar name
[INFO] [stdout]     |
[INFO] [stdout] 290 -         if metadata.file_attributes() & 0x400 != 0 {
[INFO] [stdout] 290 +         if metadata.file_type() & 0x400 != 0 {
[INFO] [stdout]     |
[INFO] [stdout] 
[INFO] [stdout] 
[INFO] [stdout] error[E0599]: no method named `file_attributes` found for struct `Metadata` in the current scope
[INFO] [stdout]   --> src/accounts.rs:94:40
[INFO] [stdout]    |
[INFO] [stdout] 94 |     if !metadata.is_file() || metadata.file_attributes() & 0x400 != 0 {
[INFO] [stdout]    |                                        ^^^^^^^^^^^^^^^
[INFO] [stdout]    |
[INFO] [stdout] help: there is a method `file_type` with a similar name
[INFO] [stdout]    |
[INFO] [stdout] 94 -     if !metadata.is_file() || metadata.file_attributes() & 0x400 != 0 {
[INFO] [stdout] 94 +     if !metadata.is_file() || metadata.file_type() & 0x400 != 0 {
[INFO] [stdout]    |
[INFO] [stdout] 
[INFO] [stdout] 
[INFO] [stdout] error[E0599]: no method named `encode_wide` found for reference `&OsStr` in the current scope
[INFO] [stdout]   --> src/credential_storage.rs:28:22
[INFO] [stdout]    |
[INFO] [stdout] 28 |     path.as_os_str().encode_wide().chain(Some(0)).collect()
[INFO] [stdout]    |                      ^^^^^^^^^^^ method not found in `&OsStr`
[INFO] [stdout] 
[INFO] [stdout] 
[INFO] [stdout] error[E0599]: no method named `file_attributes` found for struct `Metadata` in the current scope
[INFO] [stdout]    --> src/accounts.rs:290:21
[INFO] [stdout]     |
[INFO] [stdout] 290 |         if metadata.file_attributes() & 0x400 != 0 {
[INFO] [stdout]     |                     ^^^^^^^^^^^^^^^
[INFO] [stdout]     |
[INFO] [stdout] help: there is a method `file_type` with a similar name
[INFO] [stdout]     |
[INFO] [stdout] 290 -         if metadata.file_attributes() & 0x400 != 0 {
[INFO] [stdout] 290 +         if metadata.file_type() & 0x400 != 0 {
[INFO] [stdout]     |
[INFO] [stdout] 
[INFO] [stdout] 
[INFO] [stdout] error[E0599]: no associated function or constant named `from_raw_handle` found for struct `File` in the current scope
[INFO] [stdout]   --> src/credential_storage.rs:70:18
[INFO] [stdout]    |
[INFO] [stdout] 70 |         Ok(File::from_raw_handle(handle as *mut _))
[INFO] [stdout]    |                  ^^^^^^^^^^^^^^^ associated function or constant not found in `File`
[INFO] [stdout]    |
[INFO] [stdout] note: if you're trying to build a new `File` consider using one of the following associated functions:
[INFO] [stdout]       File::open
[INFO] [stdout]       File::create
[INFO] [stdout]       File::create_new
[INFO] [stdout]   --> /rustc/3154cc1a3e6424e44f438a95007d043ed5ceaaf6/library/std/src/fs.rs:584:4
[INFO] [stdout] help: there is an associated function `from_raw_fd` with a similar name
[INFO] [stdout]    |
[INFO] [stdout] 70 -         Ok(File::from_raw_handle(handle as *mut _))
[INFO] [stdout] 70 +         Ok(File::from_raw_fd(handle as *mut _))
[INFO] [stdout]    |
[INFO] [stdout] 
[INFO] [stdout] 
[INFO] [stdout] error[E0599]: no method named `file_attributes` found for struct `Metadata` in the current scope
[INFO] [stdout]    --> src/credential_storage.rs:141:56
[INFO] [stdout]     |
[INFO] [stdout] 141 |         Ok(metadata) if metadata.is_file() && metadata.file_attributes() & 0x400 == 0 => Ok(true),
[INFO] [stdout]     |                                                        ^^^^^^^^^^^^^^^
[INFO] [stdout]     |
[INFO] [stdout] help: there is a method `file_type` with a similar name
[INFO] [stdout]     |
[INFO] [stdout] 141 -         Ok(metadata) if metadata.is_file() && metadata.file_attributes() & 0x400 == 0 => Ok(true),
[INFO] [stdout] 141 +         Ok(metadata) if metadata.is_file() && metadata.file_type() & 0x400 == 0 => Ok(true),
[INFO] [stdout]     |
[INFO] [stdout] 
[INFO] [stdout] 
[INFO] [stdout] error[E0599]: no method named `creation_flags` found for mutable reference `&mut Command` in the current scope
[INFO] [stdout]    --> src/rpc.rs:167:14
[INFO] [stdout]     |
[INFO] [stdout] 162 |         match Command::new(&candidate)
[INFO] [stdout] 163 |             .arg("app-server")
[INFO] [stdout] 164 |             .stdin(Stdio::piped())
[INFO] [stdout] 165 |             .stdout(Stdio::piped())
[INFO] [stdout] 166 |             .stderr(Stdio::null())
[INFO] [stdout] 167 |             .creation_flags(CREATE_NO_WINDOW)
[INFO] [stdout]     |              ^^^^^^^^^^^^^^ method not found in `&mut Command`
[INFO] [stdout] 
[INFO] [stdout] 
[INFO] [stdout] error[E0599]: no method named `encode_wide` found for reference `&OsStr` in the current scope
[INFO] [stdout]   --> src/credential_storage.rs:28:22
[INFO] [stdout]    |
[INFO] [stdout] 28 |     path.as_os_str().encode_wide().chain(Some(0)).collect()
[INFO] [stdout]    |                      ^^^^^^^^^^^ method not found in `&OsStr`
[INFO] [stdout] 
[INFO] [stdout] 
[INFO] [stdout] error[E0599]: no method named `creation_flags` found for struct `Command` in the current scope
[INFO] [stdout]   --> src/startup.rs:10:13
[INFO] [stdout]    |
[INFO] [stdout] 10 |     command.creation_flags(CREATE_NO_WINDOW);
[INFO] [stdout]    |             ^^^^^^^^^^^^^^ method not found in `Command`
[INFO] [stdout] 
[INFO] [stdout] 
[INFO] [stdout] error[E0599]: no associated function or constant named `from_raw_handle` found for struct `File` in the current scope
[INFO] [stdout]   --> src/credential_storage.rs:70:18
[INFO] [stdout]    |
[INFO] [stdout] 70 |         Ok(File::from_raw_handle(handle as *mut _))
[INFO] [stdout]    |                  ^^^^^^^^^^^^^^^ associated function or constant not found in `File`
[INFO] [stdout]    |
[INFO] [stdout] note: if you're trying to build a new `File` consider using one of the following associated functions:
[INFO] [stdout]       File::open
[INFO] [stdout]       File::create
[INFO] [stdout]       File::create_new
[INFO] [stdout]   --> /rustc/3154cc1a3e6424e44f438a95007d043ed5ceaaf6/library/std/src/fs.rs:584:4
[INFO] [stdout] help: there is an associated function `from_raw_fd` with a similar name
[INFO] [stdout]    |
[INFO] [stdout] 70 -         Ok(File::from_raw_handle(handle as *mut _))
[INFO] [stdout] 70 +         Ok(File::from_raw_fd(handle as *mut _))
[INFO] [stdout]    |
[INFO] [stdout] 
[INFO] [stdout] 
[INFO] [stdout] error[E0599]: no method named `creation_flags` found for struct `Command` in the current scope
[INFO] [stdout]   --> src/system_usage.rs:91:13
[INFO] [stdout]    |
[INFO] [stdout] 91 |     command.creation_flags(CREATE_NO_WINDOW);
[INFO] [stdout]    |             ^^^^^^^^^^^^^^ method not found in `Command`
[INFO] [stdout] 
[INFO] [stdout] 
[INFO] [stdout] error[E0599]: no method named `file_attributes` found for struct `Metadata` in the current scope
[INFO] [stdout]    --> src/credential_storage.rs:141:56
[INFO] [stdout]     |
[INFO] [stdout] 141 |         Ok(metadata) if metadata.is_file() && metadata.file_attributes() & 0x400 == 0 => Ok(true),
[INFO] [stdout]     |                                                        ^^^^^^^^^^^^^^^
[INFO] [stdout]     |
[INFO] [stdout] help: there is a method `file_type` with a similar name
[INFO] [stdout]     |
[INFO] [stdout] 141 -         Ok(metadata) if metadata.is_file() && metadata.file_attributes() & 0x400 == 0 => Ok(true),
[INFO] [stdout] 141 +         Ok(metadata) if metadata.is_file() && metadata.file_type() & 0x400 == 0 => Ok(true),
[INFO] [stdout]     |
[INFO] [stdout] 
[INFO] [stdout] 
[INFO] [stdout] error[E0599]: no method named `creation_flags` found for struct `Command` in the current scope
[INFO] [stdout]    --> src/taskbar.rs:168:13
[INFO] [stdout]     |
[INFO] [stdout] 168 |     command.creation_flags(CREATE_NO_WINDOW);
[INFO] [stdout]     |             ^^^^^^^^^^^^^^ method not found in `Command`
[INFO] [stdout] 
[INFO] [stdout] 
[INFO] [stdout] error[E0599]: no associated function or constant named `from_wide` found for struct `OsString` in the current scope
[INFO] [stdout]    --> src/ui.rs:306:34
[INFO] [stdout]     |
[INFO] [stdout] 306 |         Some(std::ffi::OsString::from_wide(&buffer[..length]).into())
[INFO] [stdout]     |                                  ^^^^^^^^^ associated function or constant not found in `OsString`
[INFO] [stdout]     |
[INFO] [stdout] note: if you're trying to build a new `OsString` consider using one of the following associated functions:
[INFO] [stdout]       OsString::new
[INFO] [stdout]       OsString::from_encoded_bytes_unchecked
[INFO] [stdout]       OsString::with_capacity
[INFO] [stdout]    --> /rustc/3154cc1a3e6424e44f438a95007d043ed5ceaaf6/library/std/src/ffi/os_str.rs:134:4
[INFO] [stdout] help: there is an associated function `from_iter` with a similar name
[INFO] [stdout]     |
[INFO] [stdout] 306 -         Some(std::ffi::OsString::from_wide(&buffer[..length]).into())
[INFO] [stdout] 306 +         Some(std::ffi::OsString::from_iter(&buffer[..length]).into())
[INFO] [stdout]     |
[INFO] [stdout] 
[INFO] [stdout] 
[INFO] [stdout] error[E0599]: no method named `creation_flags` found for mutable reference `&mut Command` in the current scope
[INFO] [stdout]    --> src/rpc.rs:167:14
[INFO] [stdout]     |
[INFO] [stdout] 162 |         match Command::new(&candidate)
[INFO] [stdout] 163 |             .arg("app-server")
[INFO] [stdout] 164 |             .stdin(Stdio::piped())
[INFO] [stdout] 165 |             .stdout(Stdio::piped())
[INFO] [stdout] 166 |             .stderr(Stdio::null())
[INFO] [stdout] 167 |             .creation_flags(CREATE_NO_WINDOW)
[INFO] [stdout]     |              ^^^^^^^^^^^^^^ method not found in `&mut Command`
[INFO] [stdout] 
[INFO] [stdout] 
[INFO] [stdout] error[E0599]: no method named `creation_flags` found for struct `Command` in the current scope
[INFO] [stdout]   --> src/startup.rs:10:13
[INFO] [stdout]    |
[INFO] [stdout] 10 |     command.creation_flags(CREATE_NO_WINDOW);
[INFO] [stdout]    |             ^^^^^^^^^^^^^^ method not found in `Command`
[INFO] [stdout] 
[INFO] [stdout] 
[INFO] [stdout] error[E0599]: no method named `creation_flags` found for struct `Command` in the current scope
[INFO] [stdout]   --> src/system_usage.rs:91:13
[INFO] [stdout]    |
[INFO] [stdout] 91 |     command.creation_flags(CREATE_NO_WINDOW);
[INFO] [stdout]    |             ^^^^^^^^^^^^^^ method not found in `Command`
[INFO] [stdout] 
[INFO] [stdout] 
[INFO] [stdout] error[E0599]: no method named `creation_flags` found for struct `Command` in the current scope
[INFO] [stdout]    --> src/taskbar.rs:168:13
[INFO] [stdout]     |
[INFO] [stdout] 168 |     command.creation_flags(CREATE_NO_WINDOW);
[INFO] [stdout]     |             ^^^^^^^^^^^^^^ method not found in `Command`
[INFO] [stdout] 
[INFO] [stdout] 
[INFO] [stdout] error[E0599]: no associated function or constant named `from_wide` found for struct `OsString` in the current scope
[INFO] [stdout]    --> src/ui.rs:306:34
[INFO] [stdout]     |
[INFO] [stdout] 306 |         Some(std::ffi::OsString::from_wide(&buffer[..length]).into())
[INFO] [stdout]     |                                  ^^^^^^^^^ associated function or constant not found in `OsString`
[INFO] [stdout]     |
[INFO] [stdout] note: if you're trying to build a new `OsString` consider using one of the following associated functions:
[INFO] [stdout]       OsString::new
[INFO] [stdout]       OsString::from_encoded_bytes_unchecked
[INFO] [stdout]       OsString::with_capacity
[INFO] [stdout]    --> /rustc/3154cc1a3e6424e44f438a95007d043ed5ceaaf6/library/std/src/ffi/os_str.rs:134:4
[INFO] [stdout] help: there is an associated function `from_iter` with a similar name
[INFO] [stdout]     |
[INFO] [stdout] 306 -         Some(std::ffi::OsString::from_wide(&buffer[..length]).into())
[INFO] [stdout] 306 +         Some(std::ffi::OsString::from_iter(&buffer[..length]).into())
[INFO] [stdout]     |
[INFO] [stdout] 
[INFO] [stdout] 
[INFO] [stdout] Some errors have detailed explanations: E0433, E0599.
[INFO] [stdout] 
[INFO] [stdout] For more information about an error, try `rustc --explain E0433`.
[INFO] [stdout] 
[INFO] [stderr] error: could not compile `hicodex` (bin "hicodex") due to 19 previous errors
[INFO] [stderr] warning: build failed, waiting for other jobs to finish...
[INFO] [stdout] Some errors have detailed explanations: E0433, E0599.
[INFO] [stdout] 
[INFO] [stdout] For more information about an error, try `rustc --explain E0433`.
[INFO] [stdout] 
[INFO] [stderr] error: could not compile `hicodex` (bin "hicodex" test) due to 19 previous errors
[INFO] [stderr] warning: unused dependency `winres`
[INFO] [stderr]  --> Cargo.toml:2:1
[INFO] [stderr]   |
[INFO] [stderr] 2 | winres = "0.1"
[INFO] [stderr]   | ^^^^^^^^^^^^^^
[INFO] [stderr]   |
[INFO] [stderr]   = note: `cargo::unused_dependencies` is set to `warn` by default
[INFO] [stderr] help: consider removing the dependency on `winres`
[INFO] [stderr] warning: `hicodex` (manifest) generated 1 warning
[INFO] running `Command { std: "docker" "inspect" "2fb4817858d2de954e30cf227929ca942fca7038f963e86bd55db239209865fc", kill_on_drop: false }`
[INFO] running `Command { std: "docker" "rm" "-f" "2fb4817858d2de954e30cf227929ca942fca7038f963e86bd55db239209865fc", kill_on_drop: false }`
[INFO] [stdout] 2fb4817858d2de954e30cf227929ca942fca7038f963e86bd55db239209865fc
