[INFO] cloning repository https://github.com/fadhlurthoriq/siakad-rust
[INFO] running `Command { std: "git" "-c" "credential.helper=" "-c" "credential.helper=/workspace/cargo-home/bin/git-credential-null" "clone" "--bare" "https://github.com/fadhlurthoriq/siakad-rust" "/workspace/cache/git-repos/https%3A%2F%2Fgithub.com%2Ffadhlurthoriq%2Fsiakad-rust", kill_on_drop: false }`
[INFO] [stderr] Cloning into bare repository '/workspace/cache/git-repos/https%3A%2F%2Fgithub.com%2Ffadhlurthoriq%2Fsiakad-rust'...
[INFO] running `Command { std: "git" "rev-parse" "HEAD", kill_on_drop: false }`
[INFO] [stdout] bb444962b8e1a155739931703018f7053427efbc
[INFO] checking fadhlurthoriq/siakad-rust against 3154cc1a3e6424e44f438a95007d043ed5ceaaf6 for pr-133502-30
[INFO] running `Command { std: "git" "clone" "/workspace/cache/git-repos/https%3A%2F%2Fgithub.com%2Ffadhlurthoriq%2Fsiakad-rust" "/workspace/builds/worker-0-tc2/source", kill_on_drop: false }`
[INFO] [stderr] Cloning into '/workspace/builds/worker-0-tc2/source'...
[INFO] [stderr] done.
[INFO] started tweaking git repo https://github.com/fadhlurthoriq/siakad-rust
[INFO] finished tweaking git repo https://github.com/fadhlurthoriq/siakad-rust
[INFO] tweaked toml for git repo https://github.com/fadhlurthoriq/siakad-rust written to /workspace/builds/worker-0-tc2/source/Cargo.toml
[INFO] validating manifest of git repo https://github.com/fadhlurthoriq/siakad-rust on toolchain 3154cc1a3e6424e44f438a95007d043ed5ceaaf6
[INFO] running `Command { std: CARGO_HOME="/workspace/cargo-home" RUSTUP_HOME="/workspace/rustup-home" "/workspace/cargo-home/bin/cargo" "+3154cc1a3e6424e44f438a95007d043ed5ceaaf6" "metadata" "--manifest-path" "Cargo.toml" "--no-deps", kill_on_drop: false }`
[INFO] crate git repo https://github.com/fadhlurthoriq/siakad-rust already has a lockfile, it will not be regenerated
[INFO] running `Command { std: CARGO_HOME="/workspace/cargo-home" RUSTUP_HOME="/workspace/rustup-home" "/workspace/cargo-home/bin/cargo" "+3154cc1a3e6424e44f438a95007d043ed5ceaaf6" "fetch" "--manifest-path" "Cargo.toml", kill_on_drop: false }`
[INFO] running `Command { std: "docker" "create" "-v" "/var/lib/crater-agent-workspace/builds/worker-0-tc2/source:/opt/rustwide/workdir:ro,Z" "-v" "/var/lib/crater-agent-workspace/builds/worker-0-tc2/target:/opt/rustwide/target:rw,Z" "-v" "/var/lib/crater-agent-workspace/cargo-home:/opt/rustwide/cargo-home:ro,Z" "-v" "/var/lib/crater-agent-workspace/rustup-home:/opt/rustwide/rustup-home:ro,Z" "-m" "1610612736" "--network" "none" "ghcr.io/rust-lang/crates-build-env/linux@sha256:77db811e55d90add9212f6832c23229e3de5f1c1f9905e8cb07319ea15df73ac" "sleep" "infinity", kill_on_drop: false }`
[INFO] [stdout] e116992cfe4fdeb6f88f0ced80fe43caa554f05d3a436c1d3d859b821e9a6992
[INFO] running `Command { std: "docker" "start" "e116992cfe4fdeb6f88f0ced80fe43caa554f05d3a436c1d3d859b821e9a6992", kill_on_drop: false }`
[INFO] running `Command { std: "docker" "inspect" "e116992cfe4fdeb6f88f0ced80fe43caa554f05d3a436c1d3d859b821e9a6992", kill_on_drop: false }`
[INFO] running `Command { std: "docker" "exec" "-e" "SOURCE_DIR=/opt/rustwide/workdir" "-e" "CARGO_HOME=/opt/rustwide/cargo-home" "-e" "RUSTUP_HOME=/opt/rustwide/rustup-home" "-e" "CARGO_TARGET_DIR=/opt/rustwide/target" "-w" "/opt/rustwide/workdir" "--user" "0:0" "e116992cfe4fdeb6f88f0ced80fe43caa554f05d3a436c1d3d859b821e9a6992" "/opt/rustwide/cargo-home/bin/cargo" "+3154cc1a3e6424e44f438a95007d043ed5ceaaf6" "metadata" "--no-deps" "--format-version=1", kill_on_drop: false }`
[INFO] running `Command { std: "docker" "inspect" "e116992cfe4fdeb6f88f0ced80fe43caa554f05d3a436c1d3d859b821e9a6992", kill_on_drop: false }`
[INFO] running `Command { std: "docker" "exec" "-e" "SOURCE_DIR=/opt/rustwide/workdir" "-e" "CARGO_HOME=/opt/rustwide/cargo-home" "-e" "RUSTUP_HOME=/opt/rustwide/rustup-home" "-e" "CARGO_TARGET_DIR=/opt/rustwide/target" "-e" "CARGO_INCREMENTAL=0" "-e" "RUST_BACKTRACE=full" "-e" "RUSTFLAGS=--cap-lints=forbid" "-e" "RUSTDOCFLAGS=--cap-lints=forbid" "-w" "/opt/rustwide/workdir" "--user" "0:0" "e116992cfe4fdeb6f88f0ced80fe43caa554f05d3a436c1d3d859b821e9a6992" "/opt/rustwide/cargo-home/bin/cargo" "+3154cc1a3e6424e44f438a95007d043ed5ceaaf6" "check" "--frozen" "--all" "--all-targets" "--message-format=json", kill_on_drop: false }`
[INFO] [stderr]     Checking serde v1.0.229
[INFO] [stderr]    Compiling tokio-macros v2.7.2
[INFO] [stderr]     Checking futures-util v0.3.33
[INFO] [stderr]    Compiling tinystr v0.8.3
[INFO] [stderr]    Compiling crossbeam-utils v0.8.22
[INFO] [stderr]     Checking tracing v0.1.44
[INFO] [stderr]     Checking icu_locale_core v2.2.0
[INFO] [stderr]    Compiling zerotrie v0.2.4
[INFO] [stderr]    Compiling icu_collections v2.2.0
[INFO] [stderr]     Checking smallvec v1.15.2
[INFO] [stderr]     Checking lock_api v0.4.14
[INFO] [stderr]     Checking parking_lot_core v0.9.12
[INFO] [stderr]    Compiling zerocopy v0.8.55
[INFO] [stderr]    Compiling digest v0.11.3
[INFO] [stderr]     Checking parking_lot v0.12.5
[INFO] [stderr]     Checking sync_wrapper v1.0.2
[INFO] [stderr]     Checking either v1.17.0
[INFO] [stderr]     Checking time v0.3.55
[INFO] [stderr]     Checking icu_provider v2.2.0
[INFO] [stderr]     Checking tokio v1.53.1
[INFO] [stderr]     Checking axum-core v0.5.6
[INFO] [stderr]     Checking icu_properties v2.2.0
[INFO] [stderr]     Checking icu_normalizer v2.2.0
[INFO] [stderr]     Checking futures-executor v0.3.33
[INFO] [stderr]     Checking idna_adapter v1.2.2
[INFO] [stderr]     Checking idna v1.1.0
[INFO] [stderr]     Checking digest v0.10.7
[INFO] [stderr]     Checking url v2.5.8
[INFO] [stderr]    Compiling futures-intrusive v0.5.0
[INFO] [stderr]    Compiling crossbeam-queue v0.3.13
[INFO] [stderr]     Checking futures v0.3.33
[INFO] [stderr]    Compiling thiserror v2.0.19
[INFO] [stderr]    Compiling chacha20 v0.10.1
[INFO] [stderr]    Compiling hmac v0.13.0
[INFO] [stderr]    Compiling async-trait v0.1.91
[INFO] [stderr]    Compiling crc16 v0.4.0
[INFO] [stderr]    Compiling rand v0.10.2
[INFO] [stderr]    Compiling hkdf v0.13.0
[INFO] [stderr]    Compiling sha2 v0.11.0
[INFO] [stderr]    Compiling md-5 v0.11.0
[INFO] [stderr]    Compiling whoami v2.1.2
[INFO] [stderr]    Compiling sqlx-core v0.9.0
[INFO] [stderr]     Checking sha2 v0.10.9
[INFO] [stderr]     Checking bytes-utils v0.1.4
[INFO] [stderr]     Checking cookie-factory v0.3.2
[INFO] [stderr]     Checking cookie v0.18.1
[INFO] [stderr]     Checking redis-protocol v6.0.0
[INFO] [stderr]     Checking rmp v0.8.15
[INFO] [stderr]     Checking socket2 v0.5.10
[INFO] [stderr]    Compiling fred-macros v0.1.0
[INFO] [stderr]     Checking urlencoding v2.1.3
[INFO] [stderr]     Checking password-hash v0.5.0
[INFO] [stderr]     Checking serde_urlencoded v0.7.1
[INFO] [stderr]     Checking rmp-serde v1.3.1
[INFO] [stderr]     Checking tower-cookies v0.11.0
[INFO] [stderr]     Checking blake2 v0.10.6
[INFO] [stderr]     Checking argon2 v0.5.3
[INFO] [stderr]     Checking tokio-stream v0.1.19
[INFO] [stderr]     Checking hyper v1.11.0
[INFO] [stderr]     Checking tokio-util v0.7.19
[INFO] [stderr]     Checking tower v0.5.3
[INFO] [stderr]     Checking ppv-lite86 v0.2.21
[INFO] [stderr]     Checking hyper-util v0.1.20
[INFO] [stderr]     Checking rand_chacha v0.3.1
[INFO] [stderr]     Checking axum v0.8.9
[INFO] [stderr]     Checking rand v0.8.7
[INFO] [stderr]    Compiling sqlx-postgres v0.9.0
[INFO] [stderr]     Checking tower-sessions-core v0.14.0
[INFO] [stderr]     Checking fred v10.1.0
[INFO] [stderr]     Checking tower-sessions-memory-store v0.14.0
[INFO] [stderr]     Checking tower-sessions v0.14.0
[INFO] [stderr]    Compiling sqlx-macros-core v0.9.0
[INFO] [stderr]    Compiling sqlx-macros v0.9.0
[INFO] [stderr]     Checking sqlx v0.9.0
[INFO] [stderr]     Checking tower-sessions-redis-store v0.16.0
[INFO] [stderr]     Checking siakad v0.1.0 (/opt/rustwide/workdir)
[INFO] [stdout] error: set `DATABASE_URL` to use query macros online, or run `cargo sqlx prepare` to update the query cache
[INFO] [stdout]   --> src/api/models/guru.rs:27:9
[INFO] [stdout]    |
[INFO] [stdout] 27 |         sqlx::query_as!(Guru, "SELECT id, nip, nama_guru FROM guru")
[INFO] [stdout]    |         ^^^^^^^^^^^^^^^^^^^^^^^^^^^^^^^^^^^^^^^^^^^^^^^^^^^^^^^^^^^^
[INFO] [stdout]    |
[INFO] [stdout]    = note: this error originates in the macro `$crate::sqlx_macros::expand_query` which comes from the expansion of the macro `sqlx::query_as` (in Nightly builds, run with -Z macro-backtrace for more info)
[INFO] [stdout] 
[INFO] [stdout] 
[INFO] [stdout] error: set `DATABASE_URL` to use query macros online, or run `cargo sqlx prepare` to update the query cache
[INFO] [stdout]   --> src/api/models/guru.rs:39:9
[INFO] [stdout]    |
[INFO] [stdout] 39 | ...   sqlx::query_as!( Guru, "INSERT INTO guru (nip, nama_guru, password) VALUES ($1, $2, $3) RETURNING id, nip, nama_guru", input.nip, input.nama_guru, hashed_password )
[INFO] [stdout]    |       ^^^^^^^^^^^^^^^^^^^^^^^^^^^^^^^^^^^^^^^^^^^^^^^^^^^^^^^^^^^^^^^^^^^^^^^^^^^^^^^^^^^^^^^^^^^^^^^^^^^^^^^^^^^^^^^^^^^^^^^^^^^^^^^^^^^^^^^^^^^^^^^^^^^^^^^^^^^^^^^^^^^^
[INFO] [stdout]    |
[INFO] [stdout]    = note: this error originates in the macro `$crate::sqlx_macros::expand_query` which comes from the expansion of the macro `sqlx::query_as` (in Nightly builds, run with -Z macro-backtrace for more info)
[INFO] [stdout] 
[INFO] [stdout] 
[INFO] [stdout] error: set `DATABASE_URL` to use query macros online, or run `cargo sqlx prepare` to update the query cache
[INFO] [stdout]   --> src/api/models/guru.rs:45:9
[INFO] [stdout]    |
[INFO] [stdout] 45 | ...   sqlx::query_as!( Guru, "UPDATE guru SET nip = COALESCE($1, nip), nama_guru = COALESCE($2, nama_guru) WHERE id = $3 RETURNING id, nip, nama_guru", input.nip, input.nama_guru, id )
[INFO] [stdout]    |       ^^^^^^^^^^^^^^^^^^^^^^^^^^^^^^^^^^^^^^^^^^^^^^^^^^^^^^^^^^^^^^^^^^^^^^^^^^^^^^^^^^^^^^^^^^^^^^^^^^^^^^^^^^^^^^^^^^^^^^^^^^^^^^^^^^^^^^^^^^^^^^^^^^^^^^^^^^^^^^^^^^^^^^^^^^^^^^^^^^
[INFO] [stdout]    |
[INFO] [stdout]    = note: this error originates in the macro `$crate::sqlx_macros::expand_query` which comes from the expansion of the macro `sqlx::query_as` (in Nightly builds, run with -Z macro-backtrace for more info)
[INFO] [stdout] 
[INFO] [stdout] 
[INFO] [stdout] error: set `DATABASE_URL` to use query macros online, or run `cargo sqlx prepare` to update the query cache
[INFO] [stdout]   --> src/api/models/guru.rs:51:22
[INFO] [stdout]    |
[INFO] [stdout] 51 |         let result = sqlx::query!("DELETE FROM guru WHERE id = $1", id)
[INFO] [stdout]    |                      ^^^^^^^^^^^^^^^^^^^^^^^^^^^^^^^^^^^^^^^^^^^^^^^^^^
[INFO] [stdout]    |
[INFO] [stdout]    = note: this error originates in the macro `$crate::sqlx_macros::expand_query` which comes from the expansion of the macro `sqlx::query` (in Nightly builds, run with -Z macro-backtrace for more info)
[INFO] [stdout] 
[INFO] [stdout] 
[INFO] [stdout] error: set `DATABASE_URL` to use query macros online, or run `cargo sqlx prepare` to update the query cache
[INFO] [stdout]   --> src/api/models/kelas.rs:36:9
[INFO] [stdout]    |
[INFO] [stdout] 36 |         sqlx::query_as!( Kelas, r#"SELECT id, nama_kelas, tingkat_kelas as "tingkat_kelas: TingkatKelas" FROM kelas"# )
[INFO] [stdout]    |         ^^^^^^^^^^^^^^^^^^^^^^^^^^^^^^^^^^^^^^^^^^^^^^^^^^^^^^^^^^^^^^^^^^^^^^^^^^^^^^^^^^^^^^^^^^^^^^^^^^^^^^^^^^^^^^^
[INFO] [stdout]    |
[INFO] [stdout]    = note: this error originates in the macro `$crate::sqlx_macros::expand_query` which comes from the expansion of the macro `sqlx::query_as` (in Nightly builds, run with -Z macro-backtrace for more info)
[INFO] [stdout] 
[INFO] [stdout] 
[INFO] [stdout] error: set `DATABASE_URL` to use query macros online, or run `cargo sqlx prepare` to update the query cache
[INFO] [stdout]   --> src/api/models/kelas.rs:42:9
[INFO] [stdout]    |
[INFO] [stdout] 42 | /         sqlx::query_as!(
[INFO] [stdout] 43 | |             Kelas,
[INFO] [stdout] 44 | |             r#"INSERT INTO kelas (nama_kelas, tingkat_kelas)
[INFO] [stdout] 45 | |                VALUES ($1, $2)
[INFO] [stdout] ...  |
[INFO] [stdout] 48 | |             input.tingkat_kelas as TingkatKelas
[INFO] [stdout] 49 | |         )
[INFO] [stdout]    | |_________^
[INFO] [stdout]    |
[INFO] [stdout]    = note: this error originates in the macro `$crate::sqlx_macros::expand_query` which comes from the expansion of the macro `sqlx::query_as` (in Nightly builds, run with -Z macro-backtrace for more info)
[INFO] [stdout] 
[INFO] [stdout] 
[INFO] [stdout] error: set `DATABASE_URL` to use query macros online, or run `cargo sqlx prepare` to update the query cache
[INFO] [stdout]   --> src/api/models/kelas.rs:55:9
[INFO] [stdout]    |
[INFO] [stdout] 55 | /         sqlx::query_as!(
[INFO] [stdout] 56 | |             Kelas,
[INFO] [stdout] 57 | |             r#"UPDATE kelas SET
[INFO] [stdout] 58 | |                 nama_kelas = COALESCE($1, nama_kelas),
[INFO] [stdout] ...  |
[INFO] [stdout] 64 | |             id
[INFO] [stdout] 65 | |         )
[INFO] [stdout]    | |_________^
[INFO] [stdout]    |
[INFO] [stdout]    = note: this error originates in the macro `$crate::sqlx_macros::expand_query` which comes from the expansion of the macro `sqlx::query_as` (in Nightly builds, run with -Z macro-backtrace for more info)
[INFO] [stdout] 
[INFO] [stdout] 
[INFO] [stdout] error: set `DATABASE_URL` to use query macros online, or run `cargo sqlx prepare` to update the query cache
[INFO] [stdout]   --> src/api/models/kelas.rs:71:22
[INFO] [stdout]    |
[INFO] [stdout] 71 |         let result = sqlx::query!("DELETE FROM kelas WHERE id = $1", id)
[INFO] [stdout]    |                      ^^^^^^^^^^^^^^^^^^^^^^^^^^^^^^^^^^^^^^^^^^^^^^^^^^^
[INFO] [stdout]    |
[INFO] [stdout]    = note: this error originates in the macro `$crate::sqlx_macros::expand_query` which comes from the expansion of the macro `sqlx::query` (in Nightly builds, run with -Z macro-backtrace for more info)
[INFO] [stdout] 
[INFO] [stdout] 
[INFO] [stdout] error: set `DATABASE_URL` to use query macros online, or run `cargo sqlx prepare` to update the query cache
[INFO] [stdout]   --> src/api/models/siswa.rs:34:9
[INFO] [stdout]    |
[INFO] [stdout] 34 |         sqlx::query_as!( Siswa, "SELECT id, id_kelas, nis, nama_siswa, kontak, alamat FROM siswa" )
[INFO] [stdout]    |         ^^^^^^^^^^^^^^^^^^^^^^^^^^^^^^^^^^^^^^^^^^^^^^^^^^^^^^^^^^^^^^^^^^^^^^^^^^^^^^^^^^^^^^^^^^^
[INFO] [stdout]    |
[INFO] [stdout]    = note: this error originates in the macro `$crate::sqlx_macros::expand_query` which comes from the expansion of the macro `sqlx::query_as` (in Nightly builds, run with -Z macro-backtrace for more info)
[INFO] [stdout] 
[INFO] [stdout] 
[INFO] [stdout] error: set `DATABASE_URL` to use query macros online, or run `cargo sqlx prepare` to update the query cache
[INFO] [stdout]   --> src/api/models/siswa.rs:40:9
[INFO] [stdout]    |
[INFO] [stdout] 40 | ...   sqlx::query_as!( Siswa, "INSERT INTO siswa (id_kelas, nis, nama_siswa, kontak, alamat) VALUES ($1, $2, $3, $4, $5) RETURNING id, id_kelas, nis, nama_siswa, kontak, alamat", input.id_kelas, input.nis, input.nama_siswa, input.kontak, input.alamat )
[INFO] [stdout]    |       ^^^^^^^^^^^^^^^^^^^^^^^^^^^^^^^^^^^^^^^^^^^^^^^^^^^^^^^^^^^^^^^^^^^^^^^^^^^^^^^^^^^^^^^^^^^^^^^^^^^^^^^^^^^^^^^^^^^^^^^^^^^^^^^^^^^^^^^^^^^^^^^^^^^^^^^^^^^^^^^^^^^^^^^^^^^^^^^^^^^^^^^^^^^^^^^^^^^^^^^^^^^^^^^^^^^^^^^^^^^^^^^^^^^^^^^^^^^^^^^^^^^^^^
[INFO] [stdout]    |
[INFO] [stdout]    = note: this error originates in the macro `$crate::sqlx_macros::expand_query` which comes from the expansion of the macro `sqlx::query_as` (in Nightly builds, run with -Z macro-backtrace for more info)
[INFO] [stdout] 
[INFO] [stdout] 
[INFO] [stdout] error: set `DATABASE_URL` to use query macros online, or run `cargo sqlx prepare` to update the query cache
[INFO] [stdout]   --> src/api/models/guru.rs:27:9
[INFO] [stdout]    |
[INFO] [stdout] 27 |         sqlx::query_as!(Guru, "SELECT id, nip, nama_guru FROM guru")
[INFO] [stdout]    |         ^^^^^^^^^^^^^^^^^^^^^^^^^^^^^^^^^^^^^^^^^^^^^^^^^^^^^^^^^^^^
[INFO] [stdout]    |
[INFO] [stdout]    = note: this error originates in the macro `$crate::sqlx_macros::expand_query` which comes from the expansion of the macro `sqlx::query_as` (in Nightly builds, run with -Z macro-backtrace for more info)
[INFO] [stdout] 
[INFO] [stdout] 
[INFO] [stdout] error: set `DATABASE_URL` to use query macros online, or run `cargo sqlx prepare` to update the query cache
[INFO] [stdout]   --> src/api/models/siswa.rs:46:9
[INFO] [stdout]    |
[INFO] [stdout] 46 | ...   sqlx::query_as!( Siswa, "UPDATE siswa SET id_....nama_siswa, input.kontak, input.alamat, id )
[INFO] [stdout]    |       ^^^^^^^^^^^^^^^^^^^^^^^^^^^^^^^^^^^^^^^^^^^^^...^^^^^^^^^^^^^^^^^^^^^^^^^^^^^^^^^^^^^^^^^^^^^
[INFO] [stdout]    |
[INFO] [stdout]    = note: this error originates in the macro `$crate::sqlx_macros::expand_query` which comes from the expansion of the macro `sqlx::query_as` (in Nightly builds, run with -Z macro-backtrace for more info)
[INFO] [stdout] 
[INFO] [stdout] 
[INFO] [stdout] error: set `DATABASE_URL` to use query macros online, or run `cargo sqlx prepare` to update the query cache
[INFO] [stdout]   --> src/api/models/guru.rs:39:9
[INFO] [stdout]    |
[INFO] [stdout] 39 | ...   sqlx::query_as!( Guru, "INSERT INTO guru (nip, nama_guru, password) VALUES ($1, $2, $3) RETURNING id, nip, nama_guru", input.nip, input.nama_guru, hashed_password )
[INFO] [stdout]    |       ^^^^^^^^^^^^^^^^^^^^^^^^^^^^^^^^^^^^^^^^^^^^^^^^^^^^^^^^^^^^^^^^^^^^^^^^^^^^^^^^^^^^^^^^^^^^^^^^^^^^^^^^^^^^^^^^^^^^^^^^^^^^^^^^^^^^^^^^^^^^^^^^^^^^^^^^^^^^^^^^^^^^
[INFO] [stdout]    |
[INFO] [stdout]    = note: this error originates in the macro `$crate::sqlx_macros::expand_query` which comes from the expansion of the macro `sqlx::query_as` (in Nightly builds, run with -Z macro-backtrace for more info)
[INFO] [stdout] 
[INFO] [stdout] 
[INFO] [stdout] error: set `DATABASE_URL` to use query macros online, or run `cargo sqlx prepare` to update the query cache
[INFO] [stdout]   --> src/api/models/guru.rs:45:9
[INFO] [stdout]    |
[INFO] [stdout] 45 | ...   sqlx::query_as!( Guru, "UPDATE guru SET nip = COALESCE($1, nip), nama_guru = COALESCE($2, nama_guru) WHERE id = $3 RETURNING id, nip, nama_guru", input.nip, input.nama_guru, id )
[INFO] [stdout]    |       ^^^^^^^^^^^^^^^^^^^^^^^^^^^^^^^^^^^^^^^^^^^^^^^^^^^^^^^^^^^^^^^^^^^^^^^^^^^^^^^^^^^^^^^^^^^^^^^^^^^^^^^^^^^^^^^^^^^^^^^^^^^^^^^^^^^^^^^^^^^^^^^^^^^^^^^^^^^^^^^^^^^^^^^^^^^^^^^^^^
[INFO] [stdout]    |
[INFO] [stdout]    = note: this error originates in the macro `$crate::sqlx_macros::expand_query` which comes from the expansion of the macro `sqlx::query_as` (in Nightly builds, run with -Z macro-backtrace for more info)
[INFO] [stdout] 
[INFO] [stdout] 
[INFO] [stdout] error: set `DATABASE_URL` to use query macros online, or run `cargo sqlx prepare` to update the query cache
[INFO] [stdout]   --> src/api/models/siswa.rs:52:22
[INFO] [stdout]    |
[INFO] [stdout] 52 |         let result = sqlx::query!("DELETE FROM siswa WHERE id = $1", id)
[INFO] [stdout]    |                      ^^^^^^^^^^^^^^^^^^^^^^^^^^^^^^^^^^^^^^^^^^^^^^^^^^^
[INFO] [stdout]    |
[INFO] [stdout]    = note: this error originates in the macro `$crate::sqlx_macros::expand_query` which comes from the expansion of the macro `sqlx::query` (in Nightly builds, run with -Z macro-backtrace for more info)
[INFO] [stdout] 
[INFO] [stdout] 
[INFO] [stdout] error: set `DATABASE_URL` to use query macros online, or run `cargo sqlx prepare` to update the query cache
[INFO] [stdout]   --> src/api/models/guru.rs:51:22
[INFO] [stdout]    |
[INFO] [stdout] 51 |         let result = sqlx::query!("DELETE FROM guru WHERE id = $1", id)
[INFO] [stdout]    |                      ^^^^^^^^^^^^^^^^^^^^^^^^^^^^^^^^^^^^^^^^^^^^^^^^^^
[INFO] [stdout]    |
[INFO] [stdout]    = note: this error originates in the macro `$crate::sqlx_macros::expand_query` which comes from the expansion of the macro `sqlx::query` (in Nightly builds, run with -Z macro-backtrace for more info)
[INFO] [stdout] 
[INFO] [stdout] 
[INFO] [stdout] error: set `DATABASE_URL` to use query macros online, or run `cargo sqlx prepare` to update the query cache
[INFO] [stdout]   --> src/auth/handler.rs:29:15
[INFO] [stdout]    |
[INFO] [stdout] 29 |     let row = sqlx::query!( "SELECT id, nama_guru, password FROM guru WHERE nip = $1", form.nip )
[INFO] [stdout]    |               ^^^^^^^^^^^^^^^^^^^^^^^^^^^^^^^^^^^^^^^^^^^^^^^^^^^^^^^^^^^^^^^^^^^^^^^^^^^^^^^^^^^
[INFO] [stdout]    |
[INFO] [stdout]    = note: this error originates in the macro `$crate::sqlx_macros::expand_query` which comes from the expansion of the macro `sqlx::query` (in Nightly builds, run with -Z macro-backtrace for more info)
[INFO] [stdout] 
[INFO] [stdout] 
[INFO] [stdout] error: set `DATABASE_URL` to use query macros online, or run `cargo sqlx prepare` to update the query cache
[INFO] [stdout]   --> src/api/models/kelas.rs:36:9
[INFO] [stdout]    |
[INFO] [stdout] 36 |         sqlx::query_as!( Kelas, r#"SELECT id, nama_kelas, tingkat_kelas as "tingkat_kelas: TingkatKelas" FROM kelas"# )
[INFO] [stdout]    |         ^^^^^^^^^^^^^^^^^^^^^^^^^^^^^^^^^^^^^^^^^^^^^^^^^^^^^^^^^^^^^^^^^^^^^^^^^^^^^^^^^^^^^^^^^^^^^^^^^^^^^^^^^^^^^^^
[INFO] [stdout]    |
[INFO] [stdout]    = note: this error originates in the macro `$crate::sqlx_macros::expand_query` which comes from the expansion of the macro `sqlx::query_as` (in Nightly builds, run with -Z macro-backtrace for more info)
[INFO] [stdout] 
[INFO] [stdout] 
[INFO] [stdout] error: set `DATABASE_URL` to use query macros online, or run `cargo sqlx prepare` to update the query cache
[INFO] [stdout]   --> src/api/models/kelas.rs:42:9
[INFO] [stdout]    |
[INFO] [stdout] 42 | /         sqlx::query_as!(
[INFO] [stdout] 43 | |             Kelas,
[INFO] [stdout] 44 | |             r#"INSERT INTO kelas (nama_kelas, tingkat_kelas)
[INFO] [stdout] 45 | |                VALUES ($1, $2)
[INFO] [stdout] ...  |
[INFO] [stdout] 48 | |             input.tingkat_kelas as TingkatKelas
[INFO] [stdout] 49 | |         )
[INFO] [stdout]    | |_________^
[INFO] [stdout]    |
[INFO] [stdout]    = note: this error originates in the macro `$crate::sqlx_macros::expand_query` which comes from the expansion of the macro `sqlx::query_as` (in Nightly builds, run with -Z macro-backtrace for more info)
[INFO] [stdout] 
[INFO] [stdout] 
[INFO] [stdout] error: set `DATABASE_URL` to use query macros online, or run `cargo sqlx prepare` to update the query cache
[INFO] [stdout]   --> src/api/models/kelas.rs:55:9
[INFO] [stdout]    |
[INFO] [stdout] 55 | /         sqlx::query_as!(
[INFO] [stdout] 56 | |             Kelas,
[INFO] [stdout] 57 | |             r#"UPDATE kelas SET
[INFO] [stdout] 58 | |                 nama_kelas = COALESCE($1, nama_kelas),
[INFO] [stdout] ...  |
[INFO] [stdout] 64 | |             id
[INFO] [stdout] 65 | |         )
[INFO] [stdout]    | |_________^
[INFO] [stdout]    |
[INFO] [stdout]    = note: this error originates in the macro `$crate::sqlx_macros::expand_query` which comes from the expansion of the macro `sqlx::query_as` (in Nightly builds, run with -Z macro-backtrace for more info)
[INFO] [stdout] 
[INFO] [stdout] 
[INFO] [stdout] error: set `DATABASE_URL` to use query macros online, or run `cargo sqlx prepare` to update the query cache
[INFO] [stdout]   --> src/api/models/kelas.rs:71:22
[INFO] [stdout]    |
[INFO] [stdout] 71 |         let result = sqlx::query!("DELETE FROM kelas WHERE id = $1", id)
[INFO] [stdout]    |                      ^^^^^^^^^^^^^^^^^^^^^^^^^^^^^^^^^^^^^^^^^^^^^^^^^^^
[INFO] [stdout]    |
[INFO] [stdout]    = note: this error originates in the macro `$crate::sqlx_macros::expand_query` which comes from the expansion of the macro `sqlx::query` (in Nightly builds, run with -Z macro-backtrace for more info)
[INFO] [stdout] 
[INFO] [stdout] 
[INFO] [stdout] warning: unused import: `Response`
[INFO] [stdout]  --> src/auth/handler.rs:1:69
[INFO] [stdout]   |
[INFO] [stdout] 1 | use axum::{extract::State, response::{Html, IntoResponse, Redirect, Response}, Form};
[INFO] [stdout]   |                                                                     ^^^^^^^^
[INFO] [stdout]   |
[INFO] [stdout]   = note: `#[warn(unused_imports)]` (part of `#[warn(unused)]`) on by default
[INFO] [stdout] 
[INFO] [stdout] 
[INFO] [stdout] error: set `DATABASE_URL` to use query macros online, or run `cargo sqlx prepare` to update the query cache
[INFO] [stdout]   --> src/api/models/siswa.rs:34:9
[INFO] [stdout]    |
[INFO] [stdout] 34 |         sqlx::query_as!( Siswa, "SELECT id, id_kelas, nis, nama_siswa, kontak, alamat FROM siswa" )
[INFO] [stdout]    |         ^^^^^^^^^^^^^^^^^^^^^^^^^^^^^^^^^^^^^^^^^^^^^^^^^^^^^^^^^^^^^^^^^^^^^^^^^^^^^^^^^^^^^^^^^^^
[INFO] [stdout]    |
[INFO] [stdout]    = note: this error originates in the macro `$crate::sqlx_macros::expand_query` which comes from the expansion of the macro `sqlx::query_as` (in Nightly builds, run with -Z macro-backtrace for more info)
[INFO] [stdout] 
[INFO] [stdout] 
[INFO] [stdout] error: set `DATABASE_URL` to use query macros online, or run `cargo sqlx prepare` to update the query cache
[INFO] [stdout]   --> src/api/models/siswa.rs:40:9
[INFO] [stdout]    |
[INFO] [stdout] 40 | ...   sqlx::query_as!( Siswa, "INSERT INTO siswa (id_kelas, nis, nama_siswa, kontak, alamat) VALUES ($1, $2, $3, $4, $5) RETURNING id, id_kelas, nis, nama_siswa, kontak, alamat", input.id_kelas, input.nis, input.nama_siswa, input.kontak, input.alamat )
[INFO] [stdout]    |       ^^^^^^^^^^^^^^^^^^^^^^^^^^^^^^^^^^^^^^^^^^^^^^^^^^^^^^^^^^^^^^^^^^^^^^^^^^^^^^^^^^^^^^^^^^^^^^^^^^^^^^^^^^^^^^^^^^^^^^^^^^^^^^^^^^^^^^^^^^^^^^^^^^^^^^^^^^^^^^^^^^^^^^^^^^^^^^^^^^^^^^^^^^^^^^^^^^^^^^^^^^^^^^^^^^^^^^^^^^^^^^^^^^^^^^^^^^^^^^^^^^^^^^
[INFO] [stdout]    |
[INFO] [stdout]    = note: this error originates in the macro `$crate::sqlx_macros::expand_query` which comes from the expansion of the macro `sqlx::query_as` (in Nightly builds, run with -Z macro-backtrace for more info)
[INFO] [stdout] 
[INFO] [stdout] 
[INFO] [stdout] error: set `DATABASE_URL` to use query macros online, or run `cargo sqlx prepare` to update the query cache
[INFO] [stdout]   --> src/api/models/siswa.rs:46:9
[INFO] [stdout]    |
[INFO] [stdout] 46 | ...   sqlx::query_as!( Siswa, "UPDATE siswa SET id_....nama_siswa, input.kontak, input.alamat, id )
[INFO] [stdout]    |       ^^^^^^^^^^^^^^^^^^^^^^^^^^^^^^^^^^^^^^^^^^^^^...^^^^^^^^^^^^^^^^^^^^^^^^^^^^^^^^^^^^^^^^^^^^^
[INFO] [stdout]    |
[INFO] [stdout]    = note: this error originates in the macro `$crate::sqlx_macros::expand_query` which comes from the expansion of the macro `sqlx::query_as` (in Nightly builds, run with -Z macro-backtrace for more info)
[INFO] [stdout] 
[INFO] [stdout] 
[INFO] [stdout] error: set `DATABASE_URL` to use query macros online, or run `cargo sqlx prepare` to update the query cache
[INFO] [stdout]   --> src/api/models/siswa.rs:52:22
[INFO] [stdout]    |
[INFO] [stdout] 52 |         let result = sqlx::query!("DELETE FROM siswa WHERE id = $1", id)
[INFO] [stdout]    |                      ^^^^^^^^^^^^^^^^^^^^^^^^^^^^^^^^^^^^^^^^^^^^^^^^^^^
[INFO] [stdout]    |
[INFO] [stdout]    = note: this error originates in the macro `$crate::sqlx_macros::expand_query` which comes from the expansion of the macro `sqlx::query` (in Nightly builds, run with -Z macro-backtrace for more info)
[INFO] [stdout] 
[INFO] [stdout] 
[INFO] [stdout] error: set `DATABASE_URL` to use query macros online, or run `cargo sqlx prepare` to update the query cache
[INFO] [stdout]   --> src/auth/handler.rs:29:15
[INFO] [stdout]    |
[INFO] [stdout] 29 |     let row = sqlx::query!( "SELECT id, nama_guru, password FROM guru WHERE nip = $1", form.nip )
[INFO] [stdout]    |               ^^^^^^^^^^^^^^^^^^^^^^^^^^^^^^^^^^^^^^^^^^^^^^^^^^^^^^^^^^^^^^^^^^^^^^^^^^^^^^^^^^^
[INFO] [stdout]    |
[INFO] [stdout]    = note: this error originates in the macro `$crate::sqlx_macros::expand_query` which comes from the expansion of the macro `sqlx::query` (in Nightly builds, run with -Z macro-backtrace for more info)
[INFO] [stdout] 
[INFO] [stdout] 
[INFO] [stdout] warning: unused import: `Response`
[INFO] [stdout]  --> src/auth/handler.rs:1:69
[INFO] [stdout]   |
[INFO] [stdout] 1 | use axum::{extract::State, response::{Html, IntoResponse, Redirect, Response}, Form};
[INFO] [stdout]   |                                                                     ^^^^^^^^
[INFO] [stdout]   |
[INFO] [stdout]   = note: `#[warn(unused_imports)]` (part of `#[warn(unused)]`) on by default
[INFO] [stdout] 
[INFO] [stdout] 
[INFO] [stdout] warning: method call on a diverging inference variable
[INFO] [stdout]   --> src/api/models/guru.rs:55:19
[INFO] [stdout]    |
[INFO] [stdout] 55 |         Ok(result.rows_affected())
[INFO] [stdout]    |                   ^^^^^^^^^^^^^
[INFO] [stdout]    |
[INFO] [stdout]    = help: consider providing a type annotation
[INFO] [stdout]    = warning: this was previously accepted by the compiler but is being phased out; it will become a hard error in a future release!
[INFO] [stdout]    = note: for more information, see issue #156047 <https://github.com/rust-lang/rust/issues/156047>
[INFO] [stdout]    = note: `#[warn(method_call_on_diverging_infer_var)]` (part of `#[warn(future_incompatible)]`) on by default
[INFO] [stdout] 
[INFO] [stdout] 
[INFO] [stdout] warning: method call on a diverging inference variable
[INFO] [stdout]   --> src/api/models/guru.rs:55:19
[INFO] [stdout]    |
[INFO] [stdout] 55 |         Ok(result.rows_affected())
[INFO] [stdout]    |                   ^^^^^^^^^^^^^
[INFO] [stdout]    |
[INFO] [stdout]    = help: consider providing a type annotation
[INFO] [stdout]    = warning: this was previously accepted by the compiler but is being phased out; it will become a hard error in a future release!
[INFO] [stdout]    = note: for more information, see issue #156047 <https://github.com/rust-lang/rust/issues/156047>
[INFO] [stdout]    = note: `#[warn(method_call_on_diverging_infer_var)]` (part of `#[warn(future_incompatible)]`) on by default
[INFO] [stdout] 
[INFO] [stdout] 
[INFO] [stdout] error[E0599]: no method named `rows_affected` found for type `!` in the current scope
[INFO] [stdout]   --> src/api/models/guru.rs:55:19
[INFO] [stdout]    |
[INFO] [stdout] 55 |         Ok(result.rows_affected())
[INFO] [stdout]    |                   ^^^^^^^^^^^^^ method not found in `!`
[INFO] [stdout] 
[INFO] [stdout] 
[INFO] [stdout] warning: method call on a diverging inference variable
[INFO] [stdout]   --> src/api/models/kelas.rs:75:19
[INFO] [stdout]    |
[INFO] [stdout] 75 |         Ok(result.rows_affected())
[INFO] [stdout]    |                   ^^^^^^^^^^^^^
[INFO] [stdout]    |
[INFO] [stdout]    = help: consider providing a type annotation
[INFO] [stdout]    = warning: this was previously accepted by the compiler but is being phased out; it will become a hard error in a future release!
[INFO] [stdout]    = note: for more information, see issue #156047 <https://github.com/rust-lang/rust/issues/156047>
[INFO] [stdout] 
[INFO] [stdout] 
[INFO] [stdout] error[E0599]: no method named `rows_affected` found for type `!` in the current scope
[INFO] [stdout]   --> src/api/models/kelas.rs:75:19
[INFO] [stdout]    |
[INFO] [stdout] 75 |         Ok(result.rows_affected())
[INFO] [stdout]    |                   ^^^^^^^^^^^^^ method not found in `!`
[INFO] [stdout] 
[INFO] [stdout] 
[INFO] [stdout] warning: method call on a diverging inference variable
[INFO] [stdout]   --> src/api/models/siswa.rs:56:19
[INFO] [stdout]    |
[INFO] [stdout] 56 |         Ok(result.rows_affected())
[INFO] [stdout]    |                   ^^^^^^^^^^^^^
[INFO] [stdout]    |
[INFO] [stdout]    = help: consider providing a type annotation
[INFO] [stdout]    = warning: this was previously accepted by the compiler but is being phased out; it will become a hard error in a future release!
[INFO] [stdout]    = note: for more information, see issue #156047 <https://github.com/rust-lang/rust/issues/156047>
[INFO] [stdout] 
[INFO] [stdout] 
[INFO] [stdout] error[E0599]: no method named `rows_affected` found for type `!` in the current scope
[INFO] [stdout]   --> src/api/models/siswa.rs:56:19
[INFO] [stdout]    |
[INFO] [stdout] 56 |         Ok(result.rows_affected())
[INFO] [stdout]    |                   ^^^^^^^^^^^^^ method not found in `!`
[INFO] [stdout] 
[INFO] [stdout] 
[INFO] [stdout] error[E0599]: no method named `rows_affected` found for type `!` in the current scope
[INFO] [stdout]   --> src/api/models/guru.rs:55:19
[INFO] [stdout]    |
[INFO] [stdout] 55 |         Ok(result.rows_affected())
[INFO] [stdout]    |                   ^^^^^^^^^^^^^ method not found in `!`
[INFO] [stdout] 
[INFO] [stdout] 
[INFO] [stdout] warning: method call on a diverging inference variable
[INFO] [stdout]   --> src/api/models/kelas.rs:75:19
[INFO] [stdout]    |
[INFO] [stdout] 75 |         Ok(result.rows_affected())
[INFO] [stdout]    |                   ^^^^^^^^^^^^^
[INFO] [stdout]    |
[INFO] [stdout]    = help: consider providing a type annotation
[INFO] [stdout]    = warning: this was previously accepted by the compiler but is being phased out; it will become a hard error in a future release!
[INFO] [stdout]    = note: for more information, see issue #156047 <https://github.com/rust-lang/rust/issues/156047>
[INFO] [stdout] 
[INFO] [stdout] 
[INFO] [stdout] error[E0599]: no method named `rows_affected` found for type `!` in the current scope
[INFO] [stdout]   --> src/api/models/kelas.rs:75:19
[INFO] [stdout]    |
[INFO] [stdout] 75 |         Ok(result.rows_affected())
[INFO] [stdout]    |                   ^^^^^^^^^^^^^ method not found in `!`
[INFO] [stdout] 
[INFO] [stdout] 
[INFO] [stdout] warning: method call on a diverging inference variable
[INFO] [stdout]   --> src/api/models/siswa.rs:56:19
[INFO] [stdout]    |
[INFO] [stdout] 56 |         Ok(result.rows_affected())
[INFO] [stdout]    |                   ^^^^^^^^^^^^^
[INFO] [stdout]    |
[INFO] [stdout]    = help: consider providing a type annotation
[INFO] [stdout]    = warning: this was previously accepted by the compiler but is being phased out; it will become a hard error in a future release!
[INFO] [stdout]    = note: for more information, see issue #156047 <https://github.com/rust-lang/rust/issues/156047>
[INFO] [stdout] 
[INFO] [stdout] 
[INFO] [stdout] error[E0599]: no method named `rows_affected` found for type `!` in the current scope
[INFO] [stdout]   --> src/api/models/siswa.rs:56:19
[INFO] [stdout]    |
[INFO] [stdout] 56 |         Ok(result.rows_affected())
[INFO] [stdout]    |                   ^^^^^^^^^^^^^ method not found in `!`
[INFO] [stdout] 
[INFO] [stdout] 
[INFO] [stdout] For more information about this error, try `rustc --explain E0599`.
[INFO] [stdout] 
[INFO] [stderr] error: could not compile `siakad` (bin "siakad") due to 16 previous errors; 7 warnings emitted
[INFO] [stderr] warning: build failed, waiting for other jobs to finish...
[INFO] [stdout] For more information about this error, try `rustc --explain E0599`.
[INFO] [stdout] 
[INFO] [stderr] error: could not compile `siakad` (bin "siakad" test) due to 16 previous errors; 7 warnings emitted
[INFO] running `Command { std: "docker" "inspect" "e116992cfe4fdeb6f88f0ced80fe43caa554f05d3a436c1d3d859b821e9a6992", kill_on_drop: false }`
[INFO] running `Command { std: "docker" "rm" "-f" "e116992cfe4fdeb6f88f0ced80fe43caa554f05d3a436c1d3d859b821e9a6992", kill_on_drop: false }`
[INFO] [stdout] e116992cfe4fdeb6f88f0ced80fe43caa554f05d3a436c1d3d859b821e9a6992
