[INFO] cloning repository https://github.com/factnest365-ops/jarvis-rs
[INFO] running `Command { std: "git" "-c" "credential.helper=" "-c" "credential.helper=/workspace/cargo-home/bin/git-credential-null" "clone" "--bare" "https://github.com/factnest365-ops/jarvis-rs" "/workspace/cache/git-repos/https%3A%2F%2Fgithub.com%2Ffactnest365-ops%2Fjarvis-rs", kill_on_drop: false }`
[INFO] [stderr] Cloning into bare repository '/workspace/cache/git-repos/https%3A%2F%2Fgithub.com%2Ffactnest365-ops%2Fjarvis-rs'...
[INFO] running `Command { std: "git" "rev-parse" "HEAD", kill_on_drop: false }`
[INFO] [stdout] 2d5c2cb563f50433f9c1ab8a2abb5a74e0b78fde
[INFO] checking factnest365-ops/jarvis-rs against 3154cc1a3e6424e44f438a95007d043ed5ceaaf6+rustflags=-Znext-solver=coherence for pr-133502-30
[INFO] running `Command { std: "git" "clone" "/workspace/cache/git-repos/https%3A%2F%2Fgithub.com%2Ffactnest365-ops%2Fjarvis-rs" "/workspace/builds/worker-5-tc1/source", kill_on_drop: false }`
[INFO] [stderr] Cloning into '/workspace/builds/worker-5-tc1/source'...
[INFO] [stderr] done.
[INFO] [stderr] Updating files:  74% (1333/1778)
Updating files:  75% (1334/1778)
Updating files:  76% (1352/1778)
Updating files:  77% (1370/1778)
Updating files:  78% (1387/1778)
Updating files:  79% (1405/1778)
Updating files:  80% (1423/1778)
Updating files:  81% (1441/1778)
Updating files:  82% (1458/1778)
Updating files:  83% (1476/1778)
Updating files:  84% (1494/1778)
Updating files:  85% (1512/1778)
Updating files:  86% (1530/1778)
Updating files:  87% (1547/1778)
Updating files:  88% (1565/1778)
Updating files:  89% (1583/1778)
Updating files:  90% (1601/1778)
Updating files:  91% (1618/1778)
Updating files:  92% (1636/1778)
Updating files:  93% (1654/1778)
Updating files:  94% (1672/1778)
Updating files:  95% (1690/1778)
Updating files:  96% (1707/1778)
Updating files:  97% (1725/1778)
Updating files:  98% (1743/1778)
Updating files:  99% (1761/1778)
Updating files: 100% (1778/1778)
Updating files: 100% (1778/1778), done.
[INFO] removed /workspace/builds/worker-5-tc1/source/.cargo/config.toml
[INFO] started tweaking git repo https://github.com/factnest365-ops/jarvis-rs
[INFO] finished tweaking git repo https://github.com/factnest365-ops/jarvis-rs
[INFO] tweaked toml for git repo https://github.com/factnest365-ops/jarvis-rs written to /workspace/builds/worker-5-tc1/source/Cargo.toml
[INFO] validating manifest of git repo https://github.com/factnest365-ops/jarvis-rs on toolchain 3154cc1a3e6424e44f438a95007d043ed5ceaaf6
[INFO] running `Command { std: CARGO_HOME="/workspace/cargo-home" RUSTUP_HOME="/workspace/rustup-home" "/workspace/cargo-home/bin/cargo" "+3154cc1a3e6424e44f438a95007d043ed5ceaaf6" "metadata" "--manifest-path" "Cargo.toml" "--no-deps", kill_on_drop: false }`
[INFO] crate git repo https://github.com/factnest365-ops/jarvis-rs already has a lockfile, it will not be regenerated
[INFO] running `Command { std: CARGO_HOME="/workspace/cargo-home" RUSTUP_HOME="/workspace/rustup-home" "/workspace/cargo-home/bin/cargo" "+3154cc1a3e6424e44f438a95007d043ed5ceaaf6" "fetch" "--manifest-path" "Cargo.toml", kill_on_drop: false }`
[INFO] [stderr]     Updating crates.io index
[INFO] [stderr]     Updating git repository `https://github.com/1jehuang/agentgrep.git`
[INFO] [stderr]     Updating git repository `https://github.com/1jehuang/mermaid-rs-renderer.git`
[INFO] [stderr]  Downloading crates ...
[INFO] [stderr]   Downloaded jsonschema-regex v0.49.5
[INFO] [stderr]   Downloaded referencing v0.49.5
[INFO] [stderr]   Downloaded proctitle v0.1.1
[INFO] [stderr]   Downloaded jsonschema-value v0.49.5
[INFO] [stderr]   Downloaded scan_fmt v0.2.6
[INFO] [stderr]   Downloaded float-ord v0.3.2
[INFO] [stderr]   Downloaded anymap3 v1.1.0
[INFO] [stderr]   Downloaded memo-map v0.3.3
[INFO] [stderr]   Downloaded dyn-hash v1.0.0
[INFO] [stderr]   Downloaded dyn-eq v0.1.3
[INFO] [stderr]   Downloaded string-interner v0.20.0
[INFO] [stderr]   Downloaded derive-new v0.7.0
[INFO] [stderr]   Downloaded typespec_macros v1.0.0
[INFO] [stderr]   Downloaded tikv-jemalloc-ctl v0.6.1
[INFO] [stderr]   Downloaded tract-onnx-opl v0.23.4
[INFO] [stderr]   Downloaded tract-extra v0.23.4
[INFO] [stderr]   Downloaded tract-pulse-opl v0.23.4
[INFO] [stderr]   Downloaded typespec v1.1.0
[INFO] [stderr]   Downloaded azure_core_macros v1.0.0
[INFO] [stderr]   Downloaded open v5.4.0
[INFO] [stderr]   Downloaded safetensors v0.8.0
[INFO] [stderr]   Downloaded tract-hir v0.23.4
[INFO] [stderr]   Downloaded tract-transformers v0.23.4
[INFO] [stderr]   Downloaded tract-data v0.23.4
[INFO] [stderr]   Downloaded tract-pulse v0.23.4
[INFO] [stderr]   Downloaded azure_identity v1.0.0
[INFO] [stderr]   Downloaded tract-nnef v0.23.4
[INFO] [stderr]   Downloaded typespec_client_core v1.1.0
[INFO] [stderr]   Downloaded tract-onnx v0.23.4
[INFO] [stderr]   Downloaded azure_core v1.1.0
[INFO] [stderr]   Downloaded pulldown-cmark v0.12.2
[INFO] [stderr]   Downloaded fancy-regex v0.19.0
[INFO] [stderr]   Downloaded aws-lc-rs v1.17.3
[INFO] [stderr]   Downloaded minijinja v2.22.0
[INFO] [stderr]   Downloaded tract-core v0.23.4
[INFO] [stderr]   Downloaded darling_macro v0.24.0
[INFO] [stderr]   Downloaded darling v0.24.0
[INFO] [stderr]   Downloaded darling_core v0.24.0
[INFO] [stderr]   Downloaded jsonschema v0.49.5
[INFO] [stderr]   Downloaded tract-linalg v0.23.4
[INFO] [stderr]   Downloaded logos-derive v0.16.1
[INFO] [stderr]   Downloaded mdwright-latex v0.1.3
[INFO] [stderr]   Downloaded logos v0.16.1
[INFO] [stderr]   Downloaded logos-codegen v0.16.1
[INFO] [stderr]   Downloaded aws-lc-sys v0.43.0
[INFO] [stderr]   Downloaded json5 v1.3.1
[INFO] [stderr]   Downloaded ratatui-image v10.0.8
[INFO] [stderr]   Downloaded postscript v0.14.1
[INFO] [stderr]   Downloaded rangemap v1.7.1
[INFO] [stderr]   Downloaded ecb v0.1.2
[INFO] [stderr]   Downloaded bufstream v0.1.4
[INFO] [stderr]   Downloaded type1-encoding-parser v0.1.1
[INFO] [stderr]   Downloaded pom v1.1.0
[INFO] [stderr]   Downloaded adobe-cmap-parser v0.4.1
[INFO] [stderr]   Downloaded cff-parser v0.2.0
[INFO] [stderr]   Downloaded imap v3.0.0-alpha.15
[INFO] [stderr]   Downloaded imap-proto v0.16.7
[INFO] [stderr]   Downloaded pdf-extract v0.12.0
[INFO] [stderr]   Downloaded euclid v0.20.14
[INFO] [stderr]   Downloaded lopdf v0.42.0
[INFO] [stderr]   Downloaded mail-parser v0.9.4
[INFO] [stderr]   Downloaded terminal-colorsaurus v1.0.3
[INFO] [stderr]   Downloaded terminal-trx v0.2.6
[INFO] [stderr]   Downloaded xterm-color v1.0.2
[INFO] [stderr]   Downloaded bstr v1.13.0
[INFO] [stderr]   Downloaded openssl-src v300.6.1+3.6.3
[INFO] running `Command { std: "docker" "create" "-v" "/var/lib/crater-agent-workspace/builds/worker-5-tc1/source:/opt/rustwide/workdir:ro,Z" "-v" "/var/lib/crater-agent-workspace/builds/worker-5-tc1/target:/opt/rustwide/target:rw,Z" "-v" "/var/lib/crater-agent-workspace/cargo-home:/opt/rustwide/cargo-home:ro,Z" "-v" "/var/lib/crater-agent-workspace/rustup-home:/opt/rustwide/rustup-home:ro,Z" "-m" "1610612736" "--network" "none" "ghcr.io/rust-lang/crates-build-env/linux@sha256:77db811e55d90add9212f6832c23229e3de5f1c1f9905e8cb07319ea15df73ac" "sleep" "infinity", kill_on_drop: false }`
[INFO] [stdout] 28ec7297aed88f26b6edfb2d3c443e9b2ff008717bbac679aac644da010364ee
[INFO] running `Command { std: "docker" "start" "28ec7297aed88f26b6edfb2d3c443e9b2ff008717bbac679aac644da010364ee", kill_on_drop: false }`
[INFO] running `Command { std: "docker" "inspect" "28ec7297aed88f26b6edfb2d3c443e9b2ff008717bbac679aac644da010364ee", kill_on_drop: false }`
[INFO] running `Command { std: "docker" "exec" "-e" "SOURCE_DIR=/opt/rustwide/workdir" "-e" "CARGO_HOME=/opt/rustwide/cargo-home" "-e" "RUSTUP_HOME=/opt/rustwide/rustup-home" "-e" "CARGO_TARGET_DIR=/opt/rustwide/target" "-w" "/opt/rustwide/workdir" "--user" "0:0" "28ec7297aed88f26b6edfb2d3c443e9b2ff008717bbac679aac644da010364ee" "/opt/rustwide/cargo-home/bin/cargo" "+3154cc1a3e6424e44f438a95007d043ed5ceaaf6" "metadata" "--no-deps" "--format-version=1", kill_on_drop: false }`
[INFO] running `Command { std: "docker" "inspect" "28ec7297aed88f26b6edfb2d3c443e9b2ff008717bbac679aac644da010364ee", kill_on_drop: false }`
[INFO] running `Command { std: "docker" "exec" "-e" "SOURCE_DIR=/opt/rustwide/workdir" "-e" "CARGO_HOME=/opt/rustwide/cargo-home" "-e" "RUSTUP_HOME=/opt/rustwide/rustup-home" "-e" "CARGO_TARGET_DIR=/opt/rustwide/target" "-e" "CARGO_INCREMENTAL=0" "-e" "RUST_BACKTRACE=full" "-e" "RUSTFLAGS=--cap-lints=forbid -Znext-solver=coherence" "-e" "RUSTDOCFLAGS=--cap-lints=forbid" "-w" "/opt/rustwide/workdir" "--user" "0:0" "28ec7297aed88f26b6edfb2d3c443e9b2ff008717bbac679aac644da010364ee" "/opt/rustwide/cargo-home/bin/cargo" "+3154cc1a3e6424e44f438a95007d043ed5ceaaf6" "check" "--frozen" "--all" "--all-targets" "--message-format=json", kill_on_drop: false }`
[INFO] [stderr] warning: profile package spec `color` in profile `selfdev` did not match any packages
[INFO] [stderr] 
[INFO] [stderr] help: a package with a similar name exists: `clap`
[INFO] [stderr] warning: profile package spec `cosmic-text` in profile `selfdev` did not match any packages
[INFO] [stderr] warning: profile package spec `font-types` in profile `selfdev` did not match any packages
[INFO] [stderr] warning: profile package spec `fontique` in profile `selfdev` did not match any packages
[INFO] [stderr] warning: profile package spec `harfrust` in profile `selfdev` did not match any packages
[INFO] [stderr] warning: profile package spec `naga` in profile `selfdev` did not match any packages
[INFO] [stderr] 
[INFO] [stderr] help: a package with a similar name exists: `aes`
[INFO] [stderr] warning: profile package spec `parley` in profile `selfdev` did not match any packages
[INFO] [stderr] 
[INFO] [stderr] help: a package with a similar name exists: `pastey`
[INFO] [stderr] warning: profile package spec `peniko` in profile `selfdev` did not match any packages
[INFO] [stderr] warning: profile package spec `read-fonts` in profile `selfdev` did not match any packages
[INFO] [stderr] warning: profile package spec `skrifa` in profile `selfdev` did not match any packages
[INFO] [stderr] warning: profile package spec `swash` in profile `selfdev` did not match any packages
[INFO] [stderr] 
[INFO] [stderr] help: a package with a similar name exists: `ahash`
[INFO] [stderr] warning: profile package spec `unicode-linebreak` in profile `selfdev` did not match any packages
[INFO] [stderr] warning: profile package spec `vello` in profile `selfdev` did not match any packages
[INFO] [stderr] warning: profile package spec `vello_encoding` in profile `selfdev` did not match any packages
[INFO] [stderr] warning: profile package spec `vello_shaders` in profile `selfdev` did not match any packages
[INFO] [stderr] warning: profile package spec `wgpu` in profile `selfdev` did not match any packages
[INFO] [stderr] 
[INFO] [stderr] help: a package with a similar name exists: `gif`
[INFO] [stderr] warning: profile package spec `wgpu-core` in profile `selfdev` did not match any packages
[INFO] [stderr] warning: profile package spec `wgpu-hal` in profile `selfdev` did not match any packages
[INFO] [stderr] warning: profile package spec `wgpu-types` in profile `selfdev` did not match any packages
[INFO] [stderr] warning: profile package spec `yazi` in profile `selfdev` did not match any packages
[INFO] [stderr] 
[INFO] [stderr] help: a package with a similar name exists: `wasi`
[INFO] [stderr] warning: profile package spec `zeno` in profile `selfdev` did not match any packages
[INFO] [stderr] 
[INFO] [stderr] help: a package with a similar name exists: `aes`
[INFO] [stderr] warning: profile package spec `color` in profile `release` did not match any packages
[INFO] [stderr] 
[INFO] [stderr] help: a package with a similar name exists: `clap`
[INFO] [stderr] warning: profile package spec `font-types` in profile `release` did not match any packages
[INFO] [stderr] warning: profile package spec `fontique` in profile `release` did not match any packages
[INFO] [stderr] warning: profile package spec `harfrust` in profile `release` did not match any packages
[INFO] [stderr] warning: profile package spec `naga` in profile `release` did not match any packages
[INFO] [stderr] 
[INFO] [stderr] help: a package with a similar name exists: `aes`
[INFO] [stderr] warning: profile package spec `parley` in profile `release` did not match any packages
[INFO] [stderr] 
[INFO] [stderr] help: a package with a similar name exists: `pastey`
[INFO] [stderr] warning: profile package spec `peniko` in profile `release` did not match any packages
[INFO] [stderr] warning: profile package spec `read-fonts` in profile `release` did not match any packages
[INFO] [stderr] warning: profile package spec `skrifa` in profile `release` did not match any packages
[INFO] [stderr] warning: profile package spec `vello` in profile `release` did not match any packages
[INFO] [stderr] warning: profile package spec `vello_encoding` in profile `release` did not match any packages
[INFO] [stderr] warning: profile package spec `vello_shaders` in profile `release` did not match any packages
[INFO] [stderr] warning: profile package spec `wgpu` in profile `release` did not match any packages
[INFO] [stderr] 
[INFO] [stderr] help: a package with a similar name exists: `gif`
[INFO] [stderr] warning: profile package spec `wgpu-core` in profile `release` did not match any packages
[INFO] [stderr] warning: profile package spec `wgpu-hal` in profile `release` did not match any packages
[INFO] [stderr] warning: profile package spec `wgpu-types` in profile `release` did not match any packages
[INFO] [stderr] warning: profile package spec `zeno` in profile `release` did not match any packages
[INFO] [stderr] 
[INFO] [stderr] help: a package with a similar name exists: `aes`
[INFO] [stderr] warning: profile package spec `color` in profile `dev` did not match any packages
[INFO] [stderr] 
[INFO] [stderr] help: a package with a similar name exists: `clap`
[INFO] [stderr] warning: profile package spec `cosmic-text` in profile `dev` did not match any packages
[INFO] [stderr] warning: profile package spec `font-types` in profile `dev` did not match any packages
[INFO] [stderr] warning: profile package spec `fontique` in profile `dev` did not match any packages
[INFO] [stderr] warning: profile package spec `harfrust` in profile `dev` did not match any packages
[INFO] [stderr] warning: profile package spec `naga` in profile `dev` did not match any packages
[INFO] [stderr] 
[INFO] [stderr] help: a package with a similar name exists: `aes`
[INFO] [stderr] warning: profile package spec `parley` in profile `dev` did not match any packages
[INFO] [stderr] 
[INFO] [stderr] help: a package with a similar name exists: `pastey`
[INFO] [stderr] warning: profile package spec `peniko` in profile `dev` did not match any packages
[INFO] [stderr] warning: profile package spec `read-fonts` in profile `dev` did not match any packages
[INFO] [stderr] warning: profile package spec `skrifa` in profile `dev` did not match any packages
[INFO] [stderr] warning: profile package spec `swash` in profile `dev` did not match any packages
[INFO] [stderr] 
[INFO] [stderr] help: a package with a similar name exists: `ahash`
[INFO] [stderr] warning: profile package spec `unicode-linebreak` in profile `dev` did not match any packages
[INFO] [stderr] warning: profile package spec `vello` in profile `dev` did not match any packages
[INFO] [stderr] warning: profile package spec `vello_encoding` in profile `dev` did not match any packages
[INFO] [stderr] warning: profile package spec `vello_shaders` in profile `dev` did not match any packages
[INFO] [stderr] warning: profile package spec `wgpu` in profile `dev` did not match any packages
[INFO] [stderr] 
[INFO] [stderr] help: a package with a similar name exists: `gif`
[INFO] [stderr] warning: profile package spec `wgpu-core` in profile `dev` did not match any packages
[INFO] [stderr] warning: profile package spec `wgpu-hal` in profile `dev` did not match any packages
[INFO] [stderr] warning: profile package spec `wgpu-types` in profile `dev` did not match any packages
[INFO] [stderr] warning: profile package spec `yazi` in profile `dev` did not match any packages
[INFO] [stderr] 
[INFO] [stderr] help: a package with a similar name exists: `wasi`
[INFO] [stderr] warning: profile package spec `zeno` in profile `dev` did not match any packages
[INFO] [stderr] 
[INFO] [stderr] help: a package with a similar name exists: `aes`
[INFO] [stderr] warning: profile package spec `color` in profile `test` did not match any packages
[INFO] [stderr] 
[INFO] [stderr] help: a package with a similar name exists: `clap`
[INFO] [stderr] warning: profile package spec `cosmic-text` in profile `test` did not match any packages
[INFO] [stderr] warning: profile package spec `font-types` in profile `test` did not match any packages
[INFO] [stderr] warning: profile package spec `fontique` in profile `test` did not match any packages
[INFO] [stderr] warning: profile package spec `harfrust` in profile `test` did not match any packages
[INFO] [stderr] warning: profile package spec `naga` in profile `test` did not match any packages
[INFO] [stderr] 
[INFO] [stderr] help: a package with a similar name exists: `aes`
[INFO] [stderr] warning: profile package spec `parley` in profile `test` did not match any packages
[INFO] [stderr] 
[INFO] [stderr] help: a package with a similar name exists: `pastey`
[INFO] [stderr] warning: profile package spec `peniko` in profile `test` did not match any packages
[INFO] [stderr] warning: profile package spec `read-fonts` in profile `test` did not match any packages
[INFO] [stderr] warning: profile package spec `skrifa` in profile `test` did not match any packages
[INFO] [stderr] warning: profile package spec `swash` in profile `test` did not match any packages
[INFO] [stderr] 
[INFO] [stderr] help: a package with a similar name exists: `ahash`
[INFO] [stderr] warning: profile package spec `unicode-linebreak` in profile `test` did not match any packages
[INFO] [stderr] warning: profile package spec `vello` in profile `test` did not match any packages
[INFO] [stderr] warning: profile package spec `vello_encoding` in profile `test` did not match any packages
[INFO] [stderr] warning: profile package spec `vello_shaders` in profile `test` did not match any packages
[INFO] [stderr] warning: profile package spec `wgpu` in profile `test` did not match any packages
[INFO] [stderr] 
[INFO] [stderr] help: a package with a similar name exists: `gif`
[INFO] [stderr] warning: profile package spec `wgpu-core` in profile `test` did not match any packages
[INFO] [stderr] warning: profile package spec `wgpu-hal` in profile `test` did not match any packages
[INFO] [stderr] warning: profile package spec `wgpu-types` in profile `test` did not match any packages
[INFO] [stderr] warning: profile package spec `yazi` in profile `test` did not match any packages
[INFO] [stderr] 
[INFO] [stderr] help: a package with a similar name exists: `wasi`
[INFO] [stderr] warning: profile package spec `zeno` in profile `test` did not match any packages
[INFO] [stderr] 
[INFO] [stderr] help: a package with a similar name exists: `aes`
[INFO] [stderr]    Compiling proc-macro2 v1.0.107
[INFO] [stderr]    Compiling unicode-ident v1.0.24
[INFO] [stderr]    Compiling quote v1.0.47
[INFO] [stderr]    Compiling libc v0.2.189
[INFO] [stderr]    Compiling serde_core v1.0.229
[INFO] [stderr]    Compiling serde v1.0.229
[INFO] [stderr]     Checking memchr v2.8.3
[INFO] [stderr]     Checking cfg-if v1.0.4
[INFO] [stderr]     Checking itoa v1.0.18
[INFO] [stderr]    Compiling libm v0.2.16
[INFO] [stderr]    Compiling autocfg v1.5.1
[INFO] [stderr]    Compiling zmij v1.0.23
[INFO] [stderr]    Compiling serde_json v1.0.151
[INFO] [stderr]     Checking log v0.4.33
[INFO] [stderr]    Compiling num-traits v0.2.19
[INFO] [stderr]     Checking bitflags v2.13.1
[INFO] [stderr]     Checking smallvec v1.15.2
[INFO] [stderr]    Compiling zerocopy v0.8.55
[INFO] [stderr]     Checking allocator-api2 v0.2.21
[INFO] [stderr]     Checking foldhash v0.2.0
[INFO] [stderr]     Checking equivalent v1.0.2
[INFO] [stderr]    Compiling anyhow v1.0.104
[INFO] [stderr]     Checking once_cell v1.21.4
[INFO] [stderr]    Compiling version_check v0.9.5
[INFO] [stderr]    Compiling syn v3.0.3
[INFO] [stderr]    Compiling syn v2.0.119
[INFO] [stderr]     Checking hashbrown v0.17.1
[INFO] [stderr]     Checking futures-core v0.3.33
[INFO] [stderr]     Checking errno v0.3.14
[INFO] [stderr]     Checking mio v1.2.2
[INFO] [stderr]    Compiling getrandom v0.3.4
[INFO] [stderr]     Checking signal-hook-registry v1.4.8
[INFO] [stderr]     Checking iana-time-zone v0.1.65
[INFO] [stderr]    Compiling rustix v1.1.4
[INFO] [stderr]     Checking linux-raw-sys v0.12.1
[INFO] [stderr]    Compiling find-msvc-tools v0.1.9
[INFO] [stderr]    Compiling shlex v2.0.1
[INFO] [stderr]     Checking unicode-segmentation v1.13.3
[INFO] [stderr]     Checking simd-adler32 v0.3.10
[INFO] [stderr]     Checking pin-project-lite v0.2.17
[INFO] [stderr]    Compiling crc32fast v1.5.0
[INFO] [stderr]     Checking adler2 v2.0.1
[INFO] [stderr]     Checking miniz_oxide v0.8.9
[INFO] [stderr]     Checking rand_core v0.9.5
[INFO] [stderr]     Checking bytes v1.12.1
[INFO] [stderr]     Checking unicode-properties v0.1.4
[INFO] [stderr]     Checking option-ext v0.2.0
[INFO] [stderr]    Compiling parking_lot_core v0.9.12
[INFO] [stderr]    Compiling jobserver v0.1.35
[INFO] [stderr]     Checking dirs-sys v0.4.1
[INFO] [stderr]     Checking flate2 v1.1.9
[INFO] [stderr]     Checking scopeguard v1.2.0
[INFO] [stderr]     Checking lock_api v0.4.14
[INFO] [stderr]    Compiling cc v1.4.0
[INFO] [stderr]     Checking dirs v5.0.1
[INFO] [stderr]     Checking socket2 v0.6.5
[INFO] [stderr]     Checking either v1.17.0
[INFO] [stderr]     Checking parking_lot v0.12.5
[INFO] [stderr]    Compiling pkg-config v0.3.33
[INFO] [stderr]     Checking ryu v1.0.23
[INFO] [stderr]     Checking itertools v0.14.0
[INFO] [stderr]     Checking hashbrown v0.16.1
[INFO] [stderr]     Checking rand_core v0.10.1
[INFO] [stderr]     Checking base64 v0.22.1
[INFO] [stderr]    Compiling getrandom v0.4.3
[INFO] [stderr]     Checking getrandom v0.2.17
[INFO] [stderr]    Compiling thiserror v2.0.19
[INFO] [stderr]     Checking regex-syntax v0.8.11
[INFO] [stderr]    Compiling ident_case v1.0.1
[INFO] [stderr]    Compiling strsim v0.11.1
[INFO] [stderr]     Checking aho-corasick v1.1.5
[INFO] [stderr]     Checking unicode-width v0.2.2
[INFO] [stderr]     Checking stable_deref_trait v1.2.1
[INFO] [stderr]     Checking static_assertions v1.1.0
[INFO] [stderr]    Compiling rustversion v1.0.23
[INFO] [stderr]     Checking litemap v0.8.2
[INFO] [stderr]     Checking percent-encoding v2.3.2
[INFO] [stderr]     Checking writeable v0.6.3
[INFO] [stderr]    Compiling time-core v0.1.9
[INFO] [stderr]    Compiling num-conv v0.2.2
[INFO] [stderr]    Compiling synstructure v0.13.2
[INFO] [stderr]    Compiling signal-hook v0.3.18
[INFO] [stderr]    Compiling icu_normalizer_data v2.2.0
[INFO] [stderr]     Checking utf8_iter v1.0.4
[INFO] [stderr]     Checking castaway v0.2.4
[INFO] [stderr]    Compiling icu_properties_data v2.2.0
[INFO] [stderr]    Compiling time-macros v0.2.32
[INFO] [stderr]     Checking deranged v0.5.8
[INFO] [stderr]    Compiling convert_case v0.10.0
[INFO] [stderr]     Checking regex-automata v0.4.18
[INFO] [stderr]     Checking num_threads v0.1.7
[INFO] [stderr]     Checking powerfmt v0.2.0
[INFO] [stderr]     Checking fastrand v2.5.0
[INFO] [stderr]    Compiling serde_derive v1.0.229
[INFO] [stderr]    Compiling tokio-macros v2.7.2
[INFO] [stderr]    Compiling thiserror-impl v2.0.19
[INFO] [stderr]    Compiling displaydoc v0.2.7
[INFO] [stderr]    Compiling zerocopy-derive v0.8.55
[INFO] [stderr]     Checking tokio v1.53.1
[INFO] [stderr]    Compiling zerofrom-derive v0.1.7
[INFO] [stderr]    Compiling yoke-derive v0.8.2
[INFO] [stderr]    Compiling zerovec-derive v0.11.3
[INFO] [stderr]     Checking time v0.3.55
[INFO] [stderr]    Compiling derive_more-impl v2.1.1
[INFO] [stderr]     Checking zerofrom v0.1.8
[INFO] [stderr]     Checking yoke v0.8.3
[INFO] [stderr]    Compiling litrs v1.0.0
[INFO] [stderr]     Checking zerovec v0.11.6
[INFO] [stderr]     Checking zerotrie v0.2.4
[INFO] [stderr]     Checking tinystr v0.8.3
[INFO] [stderr]     Checking potential_utf v0.1.5
[INFO] [stderr]     Checking icu_locale_core v2.2.0
[INFO] [stderr]    Compiling document-features v0.2.12
[INFO] [stderr]     Checking icu_collections v2.2.0
[INFO] [stderr]     Checking regex v1.13.1
[INFO] [stderr]     Checking derive_more v2.1.1
[INFO] [stderr]     Checking signal-hook-mio v0.2.5
[INFO] [stderr]    Compiling crossbeam-utils v0.8.22
[INFO] [stderr]    Compiling bytemuck_derive v1.11.0
[INFO] [stderr]     Checking crossterm v0.29.0
[INFO] [stderr]    Compiling crossbeam-epoch v0.9.20
[INFO] [stderr]     Checking icu_provider v2.2.0
[INFO] [stderr]     Checking icu_properties v2.2.0
[INFO] [stderr]     Checking icu_normalizer v2.2.0
[INFO] [stderr]     Checking tempfile v3.27.0
[INFO] [stderr]    Compiling cmake v0.1.58
[INFO] [stderr]    Compiling crossbeam-deque v0.8.7
[INFO] [stderr]    Compiling fs_extra v1.3.0
[INFO] [stderr]     Checking futures-sink v0.3.33
[INFO] [stderr]     Checking chrono v0.4.45
[INFO] [stderr]     Checking compact_str v0.9.1
[INFO] [stderr]     Checking bytemuck v1.25.2
[INFO] [stderr]    Compiling dunce v1.0.5
[INFO] [stderr]     Checking futures-channel v0.3.33
[INFO] [stderr]    Compiling aws-lc-sys v0.43.0
[INFO] [stderr]    Compiling futures-macro v0.3.33
[INFO] [stderr]     Checking futures-io v0.3.33
[INFO] [stderr]     Checking futures-task v0.3.33
[INFO] [stderr]     Checking idna_adapter v1.2.2
[INFO] [stderr]     Checking slab v0.4.12
[INFO] [stderr]     Checking idna v1.1.0
[INFO] [stderr]     Checking zeroize v1.9.0
[INFO] [stderr]    Compiling ring v0.17.14
[INFO] [stderr]     Checking indexmap v2.14.0
[INFO] [stderr]    Compiling generic-array v0.14.7
[INFO] [stderr]    Compiling rayon-core v1.13.0
[INFO] [stderr]     Checking fnv v1.0.7
[INFO] [stderr]     Checking futures-util v0.3.33
[INFO] [stderr]    Compiling aws-lc-rs v1.17.3
[INFO] [stderr]     Checking rustls-pki-types v1.15.1
[INFO] [stderr]     Checking typenum v1.20.1
[INFO] [stderr]     Checking form_urlencoded v1.2.2
[INFO] [stderr]     Checking untrusted v0.9.0
[INFO] [stderr]    Compiling rustls v0.23.43
[INFO] [stderr]     Checking url v2.5.8
[INFO] [stderr]     Checking rayon v1.12.0
[INFO] [stderr]     Checking http v1.5.0
[INFO] [stderr]     Checking fdeflate v0.3.7
[INFO] [stderr]     Checking subtle v2.6.1
[INFO] [stderr]     Checking num-integer v0.1.46
[INFO] [stderr]     Checking openssl-probe v0.2.1
[INFO] [stderr]     Checking crypto-common v0.1.7
[INFO] [stderr]    Compiling tracing-attributes v0.1.31
[INFO] [stderr]     Checking memmap2 v0.9.11
[INFO] [stderr]    Compiling httparse v1.10.1
[INFO] [stderr]    Compiling heck v0.5.0
[INFO] [stderr]     Checking ppv-lite86 v0.2.21
[INFO] [stderr]     Checking jcode-message-types v0.1.0 (/opt/rustwide/workdir/crates/jcode-message-types)
[INFO] [stderr]     Checking zune-core v0.5.1
[INFO] [stderr]     Checking rand_chacha v0.9.0
[INFO] [stderr]     Checking byteorder-lite v0.1.0
[INFO] [stderr]     Checking zune-jpeg v0.5.15
[INFO] [stderr]     Checking rand v0.9.5
[INFO] [stderr]     Checking http-body v1.1.0
[INFO] [stderr]     Checking tokio-util v0.7.19
[INFO] [stderr]     Checking tracing-core v0.1.36
[INFO] [stderr]     Checking webpki-roots v1.0.9
[INFO] [stderr]     Checking atomic-waker v1.1.2
[INFO] [stderr]     Checking try-lock v0.2.5
[INFO] [stderr]     Checking tower-service v0.3.3
[INFO] [stderr]     Checking rustls-native-certs v0.8.4
[INFO] [stderr]     Checking want v0.3.1
[INFO] [stderr]     Checking block-buffer v0.10.4
[INFO] [stderr]     Checking num-complex v0.4.6
[INFO] [stderr]     Checking lazy_static v1.5.0
[INFO] [stderr]     Checking compression-core v0.4.32
[INFO] [stderr]    Compiling thiserror v1.0.69
[INFO] [stderr]     Checking tracing v0.1.44
[INFO] [stderr]     Checking compression-codecs v0.4.38
[INFO] [stderr]     Checking jcode-core v0.1.0 (/opt/rustwide/workdir/crates/jcode-core)
[INFO] [stderr]     Checking digest v0.10.7
[INFO] [stderr]    Compiling strum_macros v0.28.0
[INFO] [stderr]     Checking h2 v0.4.15
[INFO] [stderr]     Checking png v0.18.1
[INFO] [stderr]     Checking jcode-storage v0.1.0 (/opt/rustwide/workdir/crates/jcode-storage)
[INFO] [stderr]    Compiling thiserror-impl v1.0.69
[INFO] [stderr]     Checking sync_wrapper v1.0.2
[INFO] [stderr]     Checking jcode-logging v0.1.0 (/opt/rustwide/workdir/crates/jcode-logging)
[INFO] [stderr]     Checking ipnet v2.12.1
[INFO] [stderr]     Checking cpufeatures v0.2.17
[INFO] [stderr]     Checking tower-layer v0.3.3
[INFO] [stderr]     Checking same-file v1.0.6
[INFO] [stderr]     Checking walkdir v2.5.0
[INFO] [stderr]     Checking tower v0.5.3
[INFO] [stderr]     Checking async-compression v0.4.43
[INFO] [stderr]     Checking http-body-util v0.1.4
[INFO] [stderr]     Checking encoding_rs v0.8.35
[INFO] [stderr]     Checking nom v8.0.0
[INFO] [stderr]     Checking tower-http v0.6.11
[INFO] [stderr]     Checking pxfm v0.1.30
[INFO] [stderr]     Checking rand_core v0.6.4
[INFO] [stderr]    Compiling async-trait v0.1.91
[INFO] [stderr]     Checking rand_chacha v0.3.1
[INFO] [stderr]     Checking rand v0.8.7
[INFO] [stderr]     Checking sha2 v0.10.9
[INFO] [stderr]     Checking strum v0.28.0
[INFO] [stderr]     Checking futures-executor v0.3.33
[INFO] [stderr]    Compiling darling_core v0.24.0
[INFO] [stderr]     Checking mime v0.3.17
[INFO] [stderr]     Checking dyn-clone v1.0.20
[INFO] [stderr]     Checking futures v0.3.33
[INFO] [stderr]     Checking jcode-schema-dialect v0.1.0 (/opt/rustwide/workdir/crates/jcode-schema-dialect)
[INFO] [stderr]    Compiling instability v0.3.13
[INFO] [stderr]     Checking hyper v1.11.0
[INFO] [stderr]     Checking kasuari v0.4.12
[INFO] [stderr]     Checking unicode-truncate v2.0.1
[INFO] [stderr]     Checking lru v0.18.2
[INFO] [stderr]    Compiling matrixmultiply v0.3.11
[INFO] [stderr]     Checking cpufeatures v0.3.0
[INFO] [stderr]    Compiling indoc v2.0.7
[INFO] [stderr]     Checking critical-section v1.2.0
[INFO] [stderr]     Checking ratatui-core v0.1.2
[INFO] [stderr]     Checking hyper-util v0.1.20
[INFO] [stderr]     Checking chacha20 v0.10.1
[INFO] [stderr]     Checking moxcms v0.8.1
[INFO] [stderr]     Checking serde_urlencoded v0.7.1
[INFO] [stderr]    Compiling onig_sys v69.9.3
[INFO] [stderr]    Compiling memo-map v0.3.3
[INFO] [stderr]     Checking rawpointer v0.2.1
[INFO] [stderr]    Compiling pulldown-cmark v0.12.2
[INFO] [stderr]     Checking rand v0.10.2
[INFO] [stderr]     Checking getopts v0.2.24
[INFO] [stderr]     Checking line-clipping v0.3.8
[INFO] [stderr]    Compiling typeid v1.0.3
[INFO] [stderr]    Compiling pastey v0.2.3
[INFO] [stderr]     Checking pulldown-cmark-escape v0.11.0
[INFO] [stderr]     Checking unicase v2.9.0
[INFO] [stderr]     Checking byteorder v1.5.0
[INFO] [stderr]    Compiling darling_macro v0.24.0
[INFO] [stderr]    Compiling darling v0.24.0
[INFO] [stderr]    Compiling minijinja v2.22.0
[INFO] [stderr]     Checking ndarray v0.17.2
[INFO] [stderr]     Checking ratatui-widgets v0.3.2
[INFO] [stderr]     Checking nom-language v0.1.0
[INFO] [stderr]     Checking half v2.7.1
[INFO] [stderr]     Checking image v0.25.10
[INFO] [stderr]     Checking string-interner v0.20.0
[INFO] [stderr]     Checking scan_fmt v0.2.6
[INFO] [stderr]    Compiling ahash v0.8.12
[INFO] [stderr]     Checking dyn-eq v0.1.3
[INFO] [stderr]     Checking strength_reduce v0.2.4
[INFO] [stderr]     Checking inventory v0.3.24
[INFO] [stderr]     Checking downcast-rs v2.0.2
[INFO] [stderr]     Checking maplit v1.0.2
[INFO] [stderr]     Checking dyn-hash v1.0.0
[INFO] [stderr]    Compiling erased-serde v0.4.10
[INFO] [stderr]     Checking transpose v0.2.3
[INFO] [stderr]     Checking ratatui-macros v0.7.2
[INFO] [stderr]     Checking ratatui-crossterm v0.1.2
[INFO] [stderr]     Checking primal-check v0.3.4
[INFO] [stderr]    Compiling derive-new v0.7.0
[INFO] [stderr]     Checking httpdate v1.0.3
[INFO] [stderr]     Checking bit-vec v0.9.1
[INFO] [stderr]     Checking bit-set v0.10.0
[INFO] [stderr]     Checking ratatui v0.30.2
[INFO] [stderr]     Checking rustfft v6.4.1
[INFO] [stderr]     Checking jcode-plan v0.1.0 (/opt/rustwide/workdir/crates/jcode-plan)
[INFO] [stderr]     Checking anymap3 v1.1.0
[INFO] [stderr]     Checking xattr v1.6.1
[INFO] [stderr]     Checking filetime v0.2.29
[INFO] [stderr]     Checking tar v0.4.46
[INFO] [stderr]     Checking jcode-render-core v0.1.0 (/opt/rustwide/workdir/crates/jcode-render-core)
[INFO] [stderr]     Checking safetensors v0.8.0
[INFO] [stderr]     Checking minimal-lexical v0.2.1
[INFO] [stderr]     Checking tract-data v0.23.4
[INFO] [stderr]     Checking tinyvec_macros v0.1.1
[INFO] [stderr]     Checking onig v6.5.3
[INFO] [stderr]     Checking tinyvec v1.12.0
[INFO] [stderr]     Checking nom v7.1.3
[INFO] [stderr]    Compiling darling_core v0.20.11
[INFO] [stderr]    Compiling semver v1.0.28
[INFO] [stderr]    Compiling rustc_version v0.4.1
[INFO] [stderr]     Checking core_maths v0.1.1
[INFO] [stderr]     Checking float-ord v0.3.2
[INFO] [stderr]     Checking sha1_smol v1.0.1
[INFO] [stderr]     Checking data-encoding v2.11.1
[INFO] [stderr]     Checking uuid v1.24.0
[INFO] [stderr]     Checking ttf-parser v0.25.1
[INFO] [stderr]     Checking jcode-selfdev-types v0.1.0 (/opt/rustwide/workdir/crates/jcode-selfdev-types)
[INFO] [stderr]     Checking parking v2.2.1
[INFO] [stderr]    Compiling jcode-build-meta v0.1.0 (/opt/rustwide/workdir/crates/jcode-build-meta)
[INFO] [stderr]     Checking event-listener v5.4.2
[INFO] [stderr]     Checking jcode-session-types v0.1.0 (/opt/rustwide/workdir/crates/jcode-session-types)
[INFO] [stderr]     Checking jcode-config-types v0.1.0 (/opt/rustwide/workdir/crates/jcode-config-types)
[INFO] [stderr]    Compiling tract-linalg v0.23.4
[INFO] [stderr]    Compiling pin-project-internal v1.1.13
[INFO] [stderr]    Compiling darling_macro v0.20.11
[INFO] [stderr]    Compiling esaxx-rs v0.1.10
[INFO] [stderr]    Compiling darling v0.20.11
[INFO] [stderr]    Compiling paste v1.0.15
[INFO] [stderr]    Compiling derive_builder_core v0.20.2
[INFO] [stderr]     Checking unicode-bidi v0.3.18
[INFO] [stderr]     Checking pin-project v1.1.13
[INFO] [stderr]    Compiling prost-derive v0.14.4
[INFO] [stderr]     Checking event-listener-strategy v0.5.4
[INFO] [stderr]    Compiling azure_core v1.1.0
[INFO] [stderr]    Compiling typespec_macros v1.0.0
[INFO] [stderr]     Checking rand_distr v0.6.0
[INFO] [stderr]     Checking typespec v1.1.0
[INFO] [stderr]    Compiling monostate-impl v0.1.18
[INFO] [stderr]    Compiling macro_rules_attribute-proc_macro v0.2.3
[INFO] [stderr]     Checking base64 v0.13.1
[INFO] [stderr]    Compiling derive_builder_macro v0.20.2
[INFO] [stderr]     Checking monostate v0.1.18
[INFO] [stderr]     Checking derive_builder v0.20.2
[INFO] [stderr]    Compiling azure_core_macros v1.0.0
[INFO] [stderr]     Checking spm_precompiled v0.1.4
[INFO] [stderr]     Checking async-lock v3.4.2
[INFO] [stderr]     Checking macro_rules_attribute v0.2.3
[INFO] [stderr]     Checking rayon-cond v0.4.0
[INFO] [stderr]     Checking jcode-usage-types v0.1.0 (/opt/rustwide/workdir/crates/jcode-usage-types)
[INFO] [stderr]     Checking dary_heap v0.3.9
[INFO] [stderr]     Checking serde_spanned v0.6.9
[INFO] [stderr]     Checking toml_datetime v0.6.11
[INFO] [stderr]     Checking unicode-normalization-alignments v0.1.12
[INFO] [stderr]     Checking float-cmp v0.9.0
[INFO] [stderr]     Checking winnow v0.7.15
[INFO] [stderr]     Checking unicode_categories v0.1.1
[INFO] [stderr]     Checking weezl v0.1.12
[INFO] [stderr]     Checking arrayvec v0.7.8
[INFO] [stderr]     Checking toml_write v0.1.2
[INFO] [stderr]    Compiling ref-cast v1.0.26
[INFO] [stderr]     Checking strict-num v0.1.1
[INFO] [stderr]     Checking prost v0.14.4
[INFO] [stderr]    Compiling ref-cast-impl v1.0.26
[INFO] [stderr]     Checking hex v0.4.3
[INFO] [stderr]     Checking tokenizers v0.21.4
[INFO] [stderr]     Checking arrayref v0.3.9
[INFO] [stderr]     Checking jcode-provider-gemini v0.1.0 (/opt/rustwide/workdir/crates/jcode-provider-gemini)
[INFO] [stderr]     Checking jcode-agent-runtime v0.1.0 (/opt/rustwide/workdir/crates/jcode-agent-runtime)
[INFO] [stderr]     Checking sha1 v0.10.7
[INFO] [stderr]     Checking jcode-memory-types v0.1.0 (/opt/rustwide/workdir/crates/jcode-memory-types)
[INFO] [stderr]     Checking jcode-batch-types v0.1.0 (/opt/rustwide/workdir/crates/jcode-batch-types)
[INFO] [stderr]     Checking jcode-provider-metadata v0.1.0 (/opt/rustwide/workdir/crates/jcode-provider-metadata)
[INFO] [stderr]     Checking jcode-transport v0.1.0 (/opt/rustwide/workdir/crates/jcode-transport)
[INFO] [stderr]     Checking jcode-side-panel-types v0.1.0 (/opt/rustwide/workdir/crates/jcode-side-panel-types)
[INFO] [stderr]     Checking jcode-tool-types v0.1.0 (/opt/rustwide/workdir/crates/jcode-tool-types)
[INFO] [stderr]     Checking jcode-terminal-launch v0.1.0 (/opt/rustwide/workdir/crates/jcode-terminal-launch)
[INFO] [stderr]    Compiling slotmap v1.1.1
[INFO] [stderr]     Checking is-docker v0.2.0
[INFO] [stderr]     Checking urlencoding v2.1.3
[INFO] [stderr]     Checking utf-8 v0.7.6
[INFO] [stderr]     Checking is-wsl v0.4.0
[INFO] [stderr]     Checking jcode-import-core v0.1.0 (/opt/rustwide/workdir/crates/jcode-import-core)
[INFO] [stderr]     Checking polycool v0.4.0
[INFO] [stderr]     Checking roxmltree v0.20.0
[INFO] [stderr]     Checking unsafe-libyaml v0.2.11
[INFO] [stderr]     Checking toml_edit v0.22.27
[INFO] [stderr]     Checking kurbo v0.13.1
[INFO] [stderr]     Checking fontconfig-parser v0.5.8
[INFO] [stderr]     Checking serde_yaml v0.9.34+deprecated
[INFO] [stderr]     Checking open v5.4.0
[INFO] [stderr]     Checking jcode-tool-core v0.1.0 (/opt/rustwide/workdir/crates/jcode-tool-core)
[INFO] [stderr]     Checking jcode-provider-antigravity v0.1.0 (/opt/rustwide/workdir/crates/jcode-provider-antigravity)
[INFO] [stderr]     Checking jcode-provider-env v0.1.0 (/opt/rustwide/workdir/crates/jcode-provider-env)
[INFO] [stderr]     Checking jcode-compaction-core v0.1.0 (/opt/rustwide/workdir/crates/jcode-compaction-core)
[INFO] [stderr]     Checking jcode-task-types v0.1.0 (/opt/rustwide/workdir/crates/jcode-task-types)
[INFO] [stderr]     Checking jcode-gateway-types v0.1.0 (/opt/rustwide/workdir/crates/jcode-gateway-types)
[INFO] [stderr]     Checking jcode-background-types v0.1.0 (/opt/rustwide/workdir/crates/jcode-background-types)
[INFO] [stderr]     Checking jcode-auth-types v0.1.0 (/opt/rustwide/workdir/crates/jcode-auth-types)
[INFO] [stderr]     Checking jcode-terminal-image v0.1.0 (/opt/rustwide/workdir/crates/jcode-terminal-image)
[INFO] [stderr]     Checking proctitle v0.1.1
[INFO] [stderr]     Checking siphasher v1.0.3
[INFO] [stderr]     Checking vsimd v0.8.0
[INFO] [stderr]     Checking unicode-bidi-mirroring v0.4.0
[INFO] [stderr]     Checking unicode-ccc v0.4.0
[INFO] [stderr]     Checking outref v0.5.2
[INFO] [stderr]     Checking qrcode v0.14.1
[INFO] [stderr]     Checking unicode-script v0.5.8
[INFO] [stderr]     Checking svgtypes v0.16.1
[INFO] [stderr]     Checking rustybuzz v0.20.1
[INFO] [stderr]     Checking fontdb v0.23.0
[INFO] [stderr]     Checking roxmltree v0.21.1
[INFO] [stderr]     Checking toml v0.8.23
[INFO] [stderr]     Checking simplecss v0.2.2
[INFO] [stderr]     Checking data-url v0.3.2
[INFO] [stderr]     Checking unicode-vo v0.1.0
[INFO] [stderr]     Checking xmlwriter v0.1.0
[INFO] [stderr]     Checking imagesize v0.14.0
[INFO] [stderr]     Checking pico-args v0.5.0
[INFO] [stderr]     Checking utf8parse v0.2.2
[INFO] [stderr]     Checking anstyle-parse v1.0.0
[INFO] [stderr]     Checking quick-error v2.0.1
[INFO] [stderr]     Checking is_terminal_polyfill v1.70.2
[INFO] [stderr]     Checking anstyle-query v1.1.5
[INFO] [stderr]     Checking colorchoice v1.0.5
[INFO] [stderr]     Checking color_quant v1.1.0
[INFO] [stderr]     Checking anstyle v1.0.14
[INFO] [stderr]     Checking image-webp v0.2.4
[INFO] [stderr]     Checking tiny-skia-path v0.11.4
[INFO] [stderr]     Checking gif v0.14.2
[INFO] [stderr]     Checking anstream v1.0.0
[INFO] [stderr]     Checking rgb v0.8.53
[INFO] [stderr]     Checking bitflags v1.3.2
[INFO] [stderr]     Checking clap_lex v1.1.0
[INFO] [stderr]    Compiling radium v0.7.0
[INFO] [stderr]     Checking png v0.17.16
[INFO] [stderr]     Checking clap_builder v4.6.5
[INFO] [stderr]    Compiling clap_derive v4.6.4
[INFO] [stderr]     Checking tap v1.0.1
[INFO] [stderr]    Compiling by_address v1.2.1
[INFO] [stderr]     Checking wyz v0.5.1
[INFO] [stderr]    Compiling palette_derive v0.7.7
[INFO] [stderr]     Checking tiny-skia v0.11.4
[INFO] [stderr]     Checking tiny-skia-path v0.12.0
[INFO] [stderr]     Checking usvg v0.46.0
[INFO] [stderr]     Checking tokio-stream v0.1.19
[INFO] [stderr]     Checking safe_arch v0.9.3
[INFO] [stderr]     Checking tract-core v0.23.4
[INFO] [stderr]     Checking palette_math v0.7.7
[INFO] [stderr]     Checking funty v2.0.0
[INFO] [stderr]     Checking palette v0.7.7
[INFO] [stderr]     Checking wide v0.8.3
[INFO] [stderr]     Checking clap v4.6.5
[INFO] [stderr]     Checking rand_xoshiro v0.7.0
[INFO] [stderr]     Checking ordered-float v5.3.0
[INFO] [stderr]     Checking bitvec v1.1.1
[INFO] [stderr]    Compiling rustix v0.38.44
[INFO] [stderr]     Checking usvg v0.47.0
[INFO] [stderr]     Checking tiny-skia v0.12.0
[INFO] [stderr]     Checking resvg v0.46.0
[INFO] [stderr]     Checking ucd-trie v0.1.7
[INFO] [stderr]     Checking linux-raw-sys v0.4.15
[INFO] [stderr]    Compiling ratatui-image v10.0.8
[INFO] [stderr]     Checking json5 v1.3.1
[INFO] [stderr]     Checking resvg v0.47.0
[INFO] [stderr]     Checking base64-simd v0.8.0
[INFO] [stderr]    Compiling jcode-tui-mermaid v0.1.0 (/opt/rustwide/workdir/crates/jcode-tui-mermaid)
[INFO] [stderr]     Checking mermaid-rs-renderer v0.3.1 (https://github.com/1jehuang/mermaid-rs-renderer.git?tag=v0.3.1#2f993bd7)
[INFO] [stderr]     Checking unicode-normalization v0.1.25
[INFO] [stderr]     Checking jcode-tui-workspace v0.1.0 (/opt/rustwide/workdir/crates/jcode-tui-workspace)
[INFO] [stderr]    Compiling vcpkg v0.2.15
[INFO] [stderr]    Compiling openssl-sys v0.9.117
[INFO] [stderr]     Checking block-padding v0.3.3
[INFO] [stderr]     Checking email_address v0.2.9
[INFO] [stderr]     Checking inout v0.1.4
[INFO] [stderr]     Checking cipher v0.4.4
[INFO] [stderr]     Checking bincode v1.3.3
[INFO] [stderr]    Compiling proc-macro2-diagnostics v0.10.1
[INFO] [stderr]     Checking syntect v5.3.0
[INFO] [stderr]     Checking jcode-tui-style v0.1.0 (/opt/rustwide/workdir/crates/jcode-tui-style)
[INFO] [stderr]     Checking wait-timeout v0.2.1
[INFO] [stderr]    Compiling yansi v1.0.1
[INFO] [stderr]    Compiling openssl v0.10.81
[INFO] [stderr]     Checking foreign-types-shared v0.1.1
[INFO] [stderr]     Checking foreign-types v0.3.2
[INFO] [stderr]    Compiling openssl-macros v0.1.1
[INFO] [stderr]    Compiling heck v0.4.1
[INFO] [stderr]    Compiling native-tls v0.2.18
[INFO] [stderr]     Checking pom v1.1.0
[INFO] [stderr]     Checking quantette v0.5.1
[INFO] [stderr]    Compiling ouroboros_macro v0.18.5
[INFO] [stderr]     Checking ecb v0.1.2
[INFO] [stderr]     Checking cbc v0.1.2
[INFO] [stderr]     Checking aes v0.8.4
[INFO] [stderr]     Checking stringprep v0.1.5
[INFO] [stderr]     Checking md-5 v0.10.6
[INFO] [stderr]     Checking jcode-harness-api v0.1.0 (/opt/rustwide/workdir/crates/jcode-harness-api)
[INFO] [stderr]     Checking icy_sixel v0.5.0
[INFO] [stderr]     Checking rangemap v1.7.1
[INFO] [stderr]     Checking aliasable v0.1.3
[INFO] [stderr]     Checking base64 v0.23.1
[INFO] [stderr]     Checking ouroboros v0.18.5
[INFO] [stderr]     Checking lopdf v0.42.0
[INFO] [stderr]     Checking email-encoding v0.4.2
[INFO] [stderr]    Compiling logos-codegen v0.16.1
[INFO] [stderr]     Checking adobe-cmap-parser v0.4.1
[INFO] [stderr]     Checking type1-encoding-parser v0.1.1
[INFO] [stderr]     Checking imap-proto v0.16.7
[INFO] [stderr]     Checking euclid v0.20.14
[INFO] [stderr]     Checking bstr v1.13.0
[INFO] [stderr]     Checking quoted_printable v0.5.2
[INFO] [stderr]     Checking cff-parser v0.2.0
[INFO] [stderr]    Compiling logos-derive v0.16.1
[INFO] [stderr]     Checking bufstream v0.1.4
[INFO] [stderr]     Checking logos v0.16.1
[INFO] [stderr]     Checking postscript v0.14.1
[INFO] [stderr]     Checking mdwright-latex v0.1.3
[INFO] [stderr]     Checking imap v3.0.0-alpha.15
[INFO] [stderr]     Checking globset v0.4.20
[INFO] [stderr]     Checking mail-parser v0.9.4
[INFO] [stderr]     Checking ignore v0.4.33
[INFO] [stderr]     Checking jcode-tui-render v0.1.0 (/opt/rustwide/workdir/crates/jcode-tui-render)
[INFO] [stdout] warning: use of deprecated method `ratatui::buffer::Cell::set_skip`: use `set_diff_option(CellDiffOption::Skip)` instead
[INFO] [stdout]    --> crates/jcode-tui-mermaid/src/mermaid_viewport.rs:466:26
[INFO] [stdout]     |
[INFO] [stdout] 466 |                     cell.set_skip(false);
[INFO] [stdout]     |                          ^^^^^^^^
[INFO] [stdout]     |
[INFO] [stdout]     = note: `#[warn(deprecated)]` on by default
[INFO] [stdout] 
[INFO] [stdout] 
[INFO] [stdout] warning: use of deprecated method `ratatui::buffer::Cell::set_skip`: use `set_diff_option(CellDiffOption::Skip)` instead
[INFO] [stdout]    --> crates/jcode-tui-mermaid/src/mermaid_viewport.rs:491:26
[INFO] [stdout]     |
[INFO] [stdout] 491 |                     cell.set_skip(true);
[INFO] [stdout]     |                          ^^^^^^^^
[INFO] [stdout] 
[INFO] [stdout] 
[INFO] [stdout] warning: use of deprecated method `ratatui::buffer::Cell::set_skip`: use `set_diff_option(CellDiffOption::Skip)` instead
[INFO] [stdout]    --> crates/jcode-tui-mermaid/src/mermaid_viewport.rs:494:26
[INFO] [stdout]     |
[INFO] [stdout] 494 |                     cell.set_skip(false);
[INFO] [stdout]     |                          ^^^^^^^^
[INFO] [stdout] 
[INFO] [stdout] 
[INFO] [stderr]     Checking jcode-build-support v0.1.0 (/opt/rustwide/workdir/crates/jcode-build-support)
[INFO] [stderr]     Checking agentgrep v0.1.6 (https://github.com/1jehuang/agentgrep.git?tag=v0.1.6#b01b8040)
[INFO] [stderr]     Checking jcode-setup-hints v0.1.0 (/opt/rustwide/workdir/crates/jcode-setup-hints)
[INFO] [stderr]     Checking jcode-swarm-core v0.1.0 (/opt/rustwide/workdir/crates/jcode-swarm-core)
[INFO] [stderr]     Checking jcode-update-core v0.1.0 (/opt/rustwide/workdir/crates/jcode-update-core)
[INFO] [stderr]     Checking jcode-tui-markdown v0.1.0 (/opt/rustwide/workdir/crates/jcode-tui-markdown)
[INFO] [stderr]     Checking jcode-overnight-core v0.1.0 (/opt/rustwide/workdir/crates/jcode-overnight-core)
[INFO] [stderr]     Checking jcode-ambient-types v0.1.0 (/opt/rustwide/workdir/crates/jcode-ambient-types)
[INFO] [stderr]     Checking gethostname v1.1.0
[INFO] [stderr]     Checking jcode-fuzzy v0.1.0 (/opt/rustwide/workdir/crates/jcode-fuzzy)
[INFO] [stderr]     Checking similar v2.7.0
[INFO] [stderr]     Checking pdf-extract v0.12.0
[INFO] [stderr]     Checking jcode-command-risk v0.1.0 (/opt/rustwide/workdir/crates/jcode-command-risk)
[INFO] [stderr]     Checking x11rb-protocol v0.13.2
[INFO] [stderr]     Checking glob v0.3.4
[INFO] [stderr]     Checking jcode-productivity-core v0.1.0 (/opt/rustwide/workdir/crates/jcode-productivity-core)
[INFO] [stderr]     Checking terminal-trx v0.2.6
[INFO] [stderr]     Checking xterm-color v1.0.2
[INFO] [stderr]     Checking jcode-tui-anim v0.1.0 (/opt/rustwide/workdir/crates/jcode-tui-anim)
[INFO] [stderr]     Checking terminal-colorsaurus v1.0.3
[INFO] [stderr]     Checking jcode-tui-messages v0.1.0 (/opt/rustwide/workdir/crates/jcode-tui-messages)
[INFO] [stderr]     Checking jcode-tui-usage-overlay v0.1.0 (/opt/rustwide/workdir/crates/jcode-tui-usage-overlay)
[INFO] [stderr]     Checking jcode-tui-core v0.1.0 (/opt/rustwide/workdir/crates/jcode-tui-core)
[INFO] [stderr]     Checking jcode-tui-session-picker v0.1.0 (/opt/rustwide/workdir/crates/jcode-tui-session-picker)
[INFO] [stderr]     Checking jcode-tui-visual-debug v0.1.0 (/opt/rustwide/workdir/crates/jcode-tui-visual-debug)
[INFO] [stderr]     Checking jcode-pdf v0.1.0 (/opt/rustwide/workdir/crates/jcode-pdf)
[INFO] [stderr]     Checking jcode-tui-account-picker v0.1.0 (/opt/rustwide/workdir/crates/jcode-tui-account-picker)
[INFO] [stderr]     Checking jcode-tui-tool-display v0.1.0 (/opt/rustwide/workdir/crates/jcode-tui-tool-display)
[INFO] [stderr]     Checking jcode-harness-api-server v0.1.0 (/opt/rustwide/workdir/crates/jcode-harness-api-server)
[INFO] [stderr]     Checking num-bigint v0.4.8
[INFO] [stderr]     Checking num-iter v0.1.46
[INFO] [stderr]    Compiling async-stream-impl v0.3.6
[INFO] [stderr]    Compiling unicode-general-category v1.1.0
[INFO] [stderr]     Checking bit-vec v0.8.0
[INFO] [stderr]     Checking borrow-or-share v0.2.4
[INFO] [stderr]     Checking fluent-uri v0.4.1
[INFO] [stderr]     Checking bit-set v0.8.0
[INFO] [stderr]     Checking async-stream v0.3.6
[INFO] [stderr]     Checking micromap v0.3.0
[INFO] [stderr]     Checking bytecount v0.6.9
[INFO] [stderr]     Checking num-cmp v0.1.0
[INFO] [stderr]     Checking fancy-regex v0.19.0
[INFO] [stderr]     Checking uuid-simd v0.8.0
[INFO] [stderr]     Checking referencing v0.49.5
[INFO] [stderr]     Checking jsonschema-regex v0.49.5
[INFO] [stderr]     Checking num-rational v0.4.2
[INFO] [stderr]     Checking num v0.4.3
[INFO] [stderr]     Checking fraction v0.15.4
[INFO] [stderr]     Checking jsonschema-value v0.49.5
[INFO] [stderr]     Checking jsonschema v0.49.5
[INFO] [stderr]     Checking x11rb v0.13.2
[INFO] [stdout] warning: use of deprecated method `ratatui::buffer::Cell::set_skip`: use `set_diff_option(CellDiffOption::Skip)` instead
[INFO] [stdout]    --> crates/jcode-tui-mermaid/src/mermaid_viewport.rs:466:26
[INFO] [stdout]     |
[INFO] [stdout] 466 |                     cell.set_skip(false);
[INFO] [stdout]     |                          ^^^^^^^^
[INFO] [stdout]     |
[INFO] [stdout]     = note: `#[warn(deprecated)]` on by default
[INFO] [stdout] 
[INFO] [stdout] 
[INFO] [stdout] warning: use of deprecated method `ratatui::buffer::Cell::set_skip`: use `set_diff_option(CellDiffOption::Skip)` instead
[INFO] [stdout]    --> crates/jcode-tui-mermaid/src/mermaid_viewport.rs:491:26
[INFO] [stdout]     |
[INFO] [stdout] 491 |                     cell.set_skip(true);
[INFO] [stdout]     |                          ^^^^^^^^
[INFO] [stdout] 
[INFO] [stdout] 
[INFO] [stdout] warning: use of deprecated method `ratatui::buffer::Cell::set_skip`: use `set_diff_option(CellDiffOption::Skip)` instead
[INFO] [stdout]    --> crates/jcode-tui-mermaid/src/mermaid_viewport.rs:494:26
[INFO] [stdout]     |
[INFO] [stdout] 494 |                     cell.set_skip(false);
[INFO] [stdout]     |                          ^^^^^^^^
[INFO] [stdout] 
[INFO] [stdout] 
[INFO] [stderr]     Checking tract-nnef v0.23.4
[INFO] [stderr]     Checking tract-hir v0.23.4
[INFO] [stderr]     Checking arboard v3.6.1
[INFO] [stdout] warning: variable does not need to be mutable
[INFO] [stdout]   --> crates/jcode-transport/src/unix.rs:37:13
[INFO] [stdout]    |
[INFO] [stdout] 37 |         let mut listener = Listener::bind(&path).expect("bind");
[INFO] [stdout]    |             ----^^^^^^^^
[INFO] [stdout]    |             |
[INFO] [stdout]    |             help: remove this `mut`
[INFO] [stdout]    |
[INFO] [stdout]    = note: `#[warn(unused_mut)]` (part of `#[warn(unused)]`) on by default
[INFO] [stdout] 
[INFO] [stdout] 
[INFO] [stderr]     Checking tract-transformers v0.23.4
[INFO] [stderr]     Checking tract-pulse-opl v0.23.4
[INFO] [stderr]     Checking jcode-sdk v0.1.0 (/opt/rustwide/workdir/crates/jcode-sdk)
[INFO] [stderr]     Checking tract-pulse v0.23.4
[INFO] [stdout] warning: unused variable: `ctx`
[INFO] [stdout]    --> crates/jcode-command-risk/src/assess_tests.rs:307:9
[INFO] [stdout]     |
[INFO] [stdout] 307 |     let ctx = ctx();
[INFO] [stdout]     |         ^^^ help: if this is intentional, prefix it with an underscore: `_ctx`
[INFO] [stdout]     |
[INFO] [stdout]     = note: `#[warn(unused_variables)]` (part of `#[warn(unused)]`) on by default
[INFO] [stdout] 
[INFO] [stdout] 
[INFO] [stdout] warning: unused variable: `ctx`
[INFO] [stdout]    --> crates/jcode-command-risk/src/assess_tests.rs:361:9
[INFO] [stdout]     |
[INFO] [stdout] 361 |     let ctx = ctx();
[INFO] [stdout]     |         ^^^ help: if this is intentional, prefix it with an underscore: `_ctx`
[INFO] [stdout] 
[INFO] [stdout] 
[INFO] [stdout] warning: unused variable: `ctx`
[INFO] [stdout]    --> crates/jcode-command-risk/src/assess_tests.rs:376:9
[INFO] [stdout]     |
[INFO] [stdout] 376 |     let ctx = ctx();
[INFO] [stdout]     |         ^^^ help: if this is intentional, prefix it with an underscore: `_ctx`
[INFO] [stdout] 
[INFO] [stdout] 
[INFO] [stdout] warning: variant `Gap` is never constructed
[INFO] [stdout]   --> crates/jcode-harness-api/src/harness_api_tests/capability_coverage.rs:31:5
[INFO] [stdout]    |
[INFO] [stdout] 23 | enum Disposition {
[INFO] [stdout]    |      ----------- variant in this enum
[INFO] [stdout] ...
[INFO] [stdout] 31 |     Gap(&'static str),
[INFO] [stdout]    |     ^^^
[INFO] [stdout]    |
[INFO] [stdout]    = note: `Disposition` has derived impls for the traits `Clone` and `Debug`, but these are intentionally ignored during dead code analysis
[INFO] [stdout]    = note: `#[warn(dead_code)]` (part of `#[warn(unused)]`) on by default
[INFO] [stdout] 
[INFO] [stdout] 
[INFO] [stderr]     Checking tract-extra v0.23.4
[INFO] [stderr]     Checking tract-onnx-opl v0.23.4
[INFO] [stderr]     Checking tract-onnx v0.23.4
[INFO] [stderr]     Checking rustls-webpki v0.103.13
[INFO] [stderr]     Checking tokio-rustls v0.26.4
[INFO] [stderr]     Checking rustls-platform-verifier v0.7.0
[INFO] [stderr]     Checking tungstenite v0.24.0
[INFO] [stderr]     Checking hyper-rustls v0.27.9
[INFO] [stderr]     Checking lettre v0.11.23
[INFO] [stderr]     Checking reqwest v0.12.28
[INFO] [stderr]     Checking reqwest v0.13.4
[INFO] [stderr]     Checking tokio-tungstenite v0.24.0
[INFO] [stderr]     Checking typespec_client_core v1.1.0
[INFO] [stderr]     Checking jcode-notify-email v0.1.0 (/opt/rustwide/workdir/crates/jcode-notify-email)
[INFO] [stderr]     Checking jcode-provider-core v0.1.0 (/opt/rustwide/workdir/crates/jcode-provider-core)
[INFO] [stderr]     Checking jcode-embedding v0.1.0 (/opt/rustwide/workdir/crates/jcode-embedding)
[INFO] [stderr]     Checking jcode-provider-openrouter v0.1.0 (/opt/rustwide/workdir/crates/jcode-provider-openrouter)
[INFO] [stderr]     Checking jcode-provider-openai v0.1.0 (/opt/rustwide/workdir/crates/jcode-provider-openai)
[INFO] [stderr]     Checking jcode-protocol v0.1.0 (/opt/rustwide/workdir/crates/jcode-protocol)
[INFO] [stderr]     Checking jcode-telemetry-core v0.1.0 (/opt/rustwide/workdir/crates/jcode-telemetry-core)
[INFO] [stderr]     Checking jcode-provider-anthropic v0.1.0 (/opt/rustwide/workdir/crates/jcode-provider-anthropic)
[INFO] [stderr]     Checking azure_identity v1.0.0
[INFO] [stderr]     Checking jcode-azure-auth v0.1.0 (/opt/rustwide/workdir/crates/jcode-azure-auth)
[INFO] [stderr]     Checking jcode-base v0.1.0 (/opt/rustwide/workdir/crates/jcode-base)
[INFO] [stdout] warning: unused import: `Provider`
[INFO] [stdout]  --> crates/jcode-base/src/provider/catalog_routes.rs:6:5
[INFO] [stdout]   |
[INFO] [stdout] 6 |     Provider, anthropic_api_key_route_availability, anthropic_oauth_route_availability,
[INFO] [stdout]   |     ^^^^^^^^
[INFO] [stdout]   |
[INFO] [stdout]   = note: `#[warn(unused_imports)]` (part of `#[warn(unused)]`) on by default
[INFO] [stdout] 
[INFO] [stdout] 
[INFO] [stdout] warning: unused variable: `has_bedrock_creds`
[INFO] [stdout]    --> crates/jcode-base/src/provider/startup.rs:125:13
[INFO] [stdout]     |
[INFO] [stdout] 125 |         let has_bedrock_creds = false;
[INFO] [stdout]     |             ^^^^^^^^^^^^^^^^^ help: if this is intentional, prefix it with an underscore: `_has_bedrock_creds`
[INFO] [stdout]     |
[INFO] [stdout]     = note: `#[warn(unused_variables)]` (part of `#[warn(unused)]`) on by default
[INFO] [stdout] 
[INFO] [stdout] 
[INFO] [stdout] warning: unused variable: `bedrock_provider`
[INFO] [stdout]    --> crates/jcode-base/src/provider/startup.rs:195:13
[INFO] [stdout]     |
[INFO] [stdout] 195 |         let bedrock_provider: Option<std::sync::Arc<dyn Provider>> = None;
[INFO] [stdout]     |             ^^^^^^^^^^^^^^^^ help: if this is intentional, prefix it with an underscore: `_bedrock_provider`
[INFO] [stdout] 
[INFO] [stdout] 
[INFO] [stderr]     Checking jcode-provider-openrouter-runtime v0.1.0 (/opt/rustwide/workdir/crates/jcode-provider-openrouter-runtime)
[INFO] [stderr]     Checking jcode-tui-permissions v0.1.0 (/opt/rustwide/workdir/crates/jcode-tui-permissions)
[INFO] [stderr]     Checking jcode-provider-gemini-runtime v0.1.0 (/opt/rustwide/workdir/crates/jcode-provider-gemini-runtime)
[INFO] [stderr]     Checking jcode-app-core v0.1.0 (/opt/rustwide/workdir/crates/jcode-app-core)
[INFO] [stderr]     Checking jcode-provider-anthropic-runtime v0.1.0 (/opt/rustwide/workdir/crates/jcode-provider-anthropic-runtime)
[INFO] [stderr]     Checking jcode-provider-antigravity-runtime v0.1.0 (/opt/rustwide/workdir/crates/jcode-provider-antigravity-runtime)
[INFO] [stderr]     Checking jcode-provider-openai-runtime v0.1.0 (/opt/rustwide/workdir/crates/jcode-provider-openai-runtime)
[INFO] [stderr]     Checking jcode-provider-doctor v0.1.0 (/opt/rustwide/workdir/crates/jcode-provider-doctor)
[INFO] [stdout] warning: unused imports: `Mutex` and `OnceLock`
[INFO] [stdout]    --> crates/jcode-app-core/src/server/debug_command_exec.rs:644:26
[INFO] [stdout]     |
[INFO] [stdout] 644 |     use std::sync::{Arc, Mutex, OnceLock};
[INFO] [stdout]     |                          ^^^^^  ^^^^^^^^
[INFO] [stdout]     |
[INFO] [stdout]     = note: `#[warn(unused_imports)]` (part of `#[warn(unused)]`) on by default
[INFO] [stdout] 
[INFO] [stdout] 
[INFO] [stdout] warning: unused import: `OnceLock`
[INFO] [stdout]   --> crates/jcode-app-core/src/server/provider_control_tests.rs:10:65
[INFO] [stdout]    |
[INFO] [stdout] 10 | use std::sync::{Mutex as StdMutex, MutexGuard as StdMutexGuard, OnceLock};
[INFO] [stdout]    |                                                                 ^^^^^^^^
[INFO] [stdout] 
[INFO] [stdout] 
[INFO] [stderr] error: could not compile `jcode-app-core` (lib)
[INFO] [stderr] 
[INFO] [stderr] Caused by:
[INFO] [stderr]   process didn't exit successfully: `/opt/rustwide/rustup-home/toolchains/3154cc1a3e6424e44f438a95007d043ed5ceaaf6/bin/rustc --crate-name jcode_app_core --edition=2024 crates/jcode-app-core/src/lib.rs --error-format=json --json=diagnostic-rendered-ansi,artifacts,future-incompat,unused-externs-silent --crate-type lib --emit=dep-info,metadata -C embed-bitcode=no --cfg 'feature="default"' --cfg 'feature="embeddings"' --cfg 'feature="pdf"' --cfg 'feature="test-support"' --check-cfg 'cfg(docsrs,test)' --check-cfg 'cfg(feature, values("default", "embeddings", "jemalloc", "jemalloc-prof", "linux-compat-vendored-openssl", "pdf", "test-support"))' -C metadata=bddd0b21154e01db -C extra-filename=-a62c9cd9d6da13ad --out-dir /opt/rustwide/target/debug/build/jcode-app-core/a62c9cd9d6da13ad/out -C strip=debuginfo -L dependency=/opt/rustwide/target/debug/build/adler2/baf2affde603a1e9/out -L dependency=/opt/rustwide/target/debug/build/adobe-cmap-parser/14e11e0c09b99c25/out -L dependency=/opt/rustwide/target/debug/build/aes/8fb6d6e13b287604/out -L dependency=/opt/rustwide/target/debug/build/ahash/9edad48f71793112/out -L dependency=/opt/rustwide/target/debug/build/aho-corasick/08facb28a024d030/out -L dependency=/opt/rustwide/target/debug/build/aliasable/41aab0096872ae2d/out -L dependency=/opt/rustwide/target/debug/build/allocator-api2/729e101463a88e58/out -L dependency=/opt/rustwide/target/debug/build/anstream/7dd0cc6dc425e76e/out -L dependency=/opt/rustwide/target/debug/build/anstyle-parse/80c63e78c74d9af1/out -L dependency=/opt/rustwide/target/debug/build/anstyle-query/c40894d8bbd89fe5/out -L dependency=/opt/rustwide/target/debug/build/anstyle/c6ce982b948ee1ae/out -L dependency=/opt/rustwide/target/debug/build/anyhow/d62c0fab282ef816/out -L dependency=/opt/rustwide/target/debug/build/anymap3/cac676f954ad3567/out -L dependency=/opt/rustwide/target/debug/build/async-compression/2da16bafad9ef588/out -L dependency=/opt/rustwide/target/debug/build/async-lock/1d4db1887b5aa383/out -L dependency=/opt/rustwide/target/debug/build/async-trait/7822be12d2e3fb4a/out -L dependency=/opt/rustwide/target/debug/build/atomic-waker/8753b50e09f13729/out -L dependency=/opt/rustwide/target/debug/build/aws-lc-rs/a8c6431bc541be4d/out -L dependency=/opt/rustwide/target/debug/build/aws-lc-sys/c2e3497377f8c9bb/out -L dependency=/opt/rustwide/target/debug/build/azure_core/54faa9c93179d048/out -L dependency=/opt/rustwide/target/debug/build/azure_core_macros/2468108cf6c0cb26/out -L dependency=/opt/rustwide/target/debug/build/azure_identity/419b983917476617/out -L dependency=/opt/rustwide/target/debug/build/base64/7af2ccf7e293fcf2/out -L dependency=/opt/rustwide/target/debug/build/base64/7d913c7ebcd05571/out -L dependency=/opt/rustwide/target/debug/build/base64/94f97a60ec76eda4/out -L dependency=/opt/rustwide/target/debug/build/bit-set/de3b4d040a4f6f81/out -L dependency=/opt/rustwide/target/debug/build/bit-vec/2c61852a992294c7/out -L dependency=/opt/rustwide/target/debug/build/bitflags/987f60b1f3232884/out -L dependency=/opt/rustwide/target/debug/build/block-buffer/284afa3161191861/out -L dependency=/opt/rustwide/target/debug/build/block-padding/9835c6bd4a114493/out -L dependency=/opt/rustwide/target/debug/build/bstr/75c93204b7fe2673/out -L dependency=/opt/rustwide/target/debug/build/bufstream/0c9ed1a69357d9f0/out -L dependency=/opt/rustwide/target/debug/build/bytemuck/acf8243c20387d6d/out -L dependency=/opt/rustwide/target/debug/build/bytemuck_derive/5fe84062ce5a817e/out -L dependency=/opt/rustwide/target/debug/build/byteorder-lite/359c1739327ea448/out -L dependency=/opt/rustwide/target/debug/build/byteorder/4151a1fac7a25516/out -L dependency=/opt/rustwide/target/debug/build/bytes/a33649b7c0a26d3a/out -L dependency=/opt/rustwide/target/debug/build/castaway/b6220caa40e62894/out -L dependency=/opt/rustwide/target/debug/build/cbc/8937bbf13e3bf525/out -L dependency=/opt/rustwide/target/debug/build/cff-parser/f17a4bf88cb63ab3/out -L dependency=/opt/rustwide/target/debug/build/cfg-if/6bef592bf052a9a1/out -L dependency=/opt/rustwide/target/debug/build/chacha20/30e8ba69b1da2ee9/out -L dependency=/opt/rustwide/target/debug/build/chrono/b5cb47a5664a60c7/out -L dependency=/opt/rustwide/target/debug/build/cipher/8fd0aaa7e670dc0c/out -L dependency=/opt/rustwide/target/debug/build/clap/747de6cf32aeee33/out -L dependency=/opt/rustwide/target/debug/build/clap_builder/4b615af4b86b25db/out -L dependency=/opt/rustwide/target/debug/build/clap_derive/3a59edb7de4bada4/out -L dependency=/opt/rustwide/target/debug/build/clap_lex/b80a01abe24babb4/out -L dependency=/opt/rustwide/target/debug/build/colorchoice/b677d3482a86e1e0/out -L dependency=/opt/rustwide/target/debug/build/compact_str/f36ebe7082f78d0b/out -L dependency=/opt/rustwide/target/debug/build/compression-codecs/1994b2868a29c09e/out -L dependency=/opt/rustwide/target/debug/build/compression-core/691f66705b715cf8/out -L dependency=/opt/rustwide/target/debug/build/core_maths/20fef63ae6777777/out -L dependency=/opt/rustwide/target/debug/build/cpufeatures/0ea4a92433402e71/out -L dependency=/opt/rustwide/target/debug/build/cpufeatures/a2f950ba4aa93aa3/out -L dependency=/opt/rustwide/target/debug/build/crc32fast/6a0475069d04c6ad/out -L dependency=/opt/rustwide/target/debug/build/critical-section/6f5e9d26fbd6ae33/out -L dependency=/opt/rustwide/target/debug/build/crossbeam-deque/b35da10360453c52/out -L dependency=/opt/rustwide/target/debug/build/crossbeam-epoch/49bccc4ae50a3eb9/out -L dependency=/opt/rustwide/target/debug/build/crossbeam-utils/a889e1fe6f03aa81/out -L dependency=/opt/rustwide/target/debug/build/crossterm/5b16e0493faa99b0/out -L dependency=/opt/rustwide/target/debug/build/crypto-common/4687c043fad5ed14/out -L dependency=/opt/rustwide/target/debug/build/dary_heap/e50e53a3081e0be8/out -L dependency=/opt/rustwide/target/debug/build/data-encoding/9dddb8e64655eea0/out -L dependency=/opt/rustwide/target/debug/build/deranged/60502e91154fd191/out -L dependency=/opt/rustwide/target/debug/build/derive-new/54bac84a1796511f/out -L dependency=/opt/rustwide/target/debug/build/derive_builder/9cde49a44c0bb5b7/out -L dependency=/opt/rustwide/target/debug/build/derive_builder_macro/8b0a089f6d7f1a6f/out -L dependency=/opt/rustwide/target/debug/build/derive_more-impl/3aa45b65692b5a88/out -L dependency=/opt/rustwide/target/debug/build/derive_more/ca1a13a7adb996d5/out -L dependency=/opt/rustwide/target/debug/build/digest/99f0e865bd106ea6/out -L dependency=/opt/rustwide/target/debug/build/dirs-sys/3841ffe91815675e/out -L dependency=/opt/rustwide/target/debug/build/dirs/d5bb581d00f8d7e5/out -L dependency=/opt/rustwide/target/debug/build/displaydoc/81590e49d816039b/out -L dependency=/opt/rustwide/target/debug/build/document-features/484495a42abd1032/out -L dependency=/opt/rustwide/target/debug/build/downcast-rs/f7898219f8db5046/out -L dependency=/opt/rustwide/target/debug/build/dyn-clone/c215564319e4909e/out -L dependency=/opt/rustwide/target/debug/build/dyn-eq/8fbb61ae81c17331/out -L dependency=/opt/rustwide/target/debug/build/dyn-hash/92932ce7706f48d6/out -L dependency=/opt/rustwide/target/debug/build/ecb/a21cc3376cc85b86/out -L dependency=/opt/rustwide/target/debug/build/either/96916e00ed3753e6/out -L dependency=/opt/rustwide/target/debug/build/email-encoding/62b52c95c4018394/out -L dependency=/opt/rustwide/target/debug/build/email_address/08f04c9a6a849de5/out -L dependency=/opt/rustwide/target/debug/build/encoding_rs/4da9c8501ac03503/out -L dependency=/opt/rustwide/target/debug/build/equivalent/b4bbe7ffe1d5e827/out -L dependency=/opt/rustwide/target/debug/build/erased-serde/e2fe3d8dda30f07b/out -L dependency=/opt/rustwide/target/debug/build/errno/8e35fb987cdda1f4/out -L dependency=/opt/rustwide/target/debug/build/esaxx-rs/6d2737bd21201786/out -L dependency=/opt/rustwide/target/debug/build/euclid/c8c7eccde966911e/out -L dependency=/opt/rustwide/target/debug/build/event-listener-strategy/e66c45307e50b22f/out -L dependency=/opt/rustwide/target/debug/build/event-listener/08bca41a61bf1f9f/out -L dependency=/opt/rustwide/target/debug/build/fastrand/14aaa3b51fc60991/out -L dependency=/opt/rustwide/target/debug/build/fdeflate/78a2c96bea6af1b1/out -L dependency=/opt/rustwide/target/debug/build/filetime/c24973f09fbe956d/out -L dependency=/opt/rustwide/target/debug/build/flate2/1ecf491081cd6ec1/out -L dependency=/opt/rustwide/target/debug/build/float-ord/d937c3b027082fff/out -L dependency=/opt/rustwide/target/debug/build/fnv/6763a6d81e9622d1/out -L dependency=/opt/rustwide/target/debug/build/foldhash/675e98f7996d2f71/out -L dependency=/opt/rustwide/target/debug/build/foreign-types-shared/b61168e37c023914/out -L dependency=/opt/rustwide/target/debug/build/foreign-types/dadbae573c678fc1/out -L dependency=/opt/rustwide/target/debug/build/form_urlencoded/e7b5e49b60591239/out -L dependency=/opt/rustwide/target/debug/build/futures-channel/8806de462839af9f/out -L dependency=/opt/rustwide/target/debug/build/futures-core/6f36c44ab4c42753/out -L dependency=/opt/rustwide/target/debug/build/futures-executor/2434272de3cbc61e/out -L dependency=/opt/rustwide/target/debug/build/futures-io/15320c9e618ae588/out -L dependency=/opt/rustwide/target/debug/build/futures-macro/7c3a6a424b40cf64/out -L dependency=/opt/rustwide/target/debug/build/futures-sink/b03e66058bfd5fd1/out -L dependency=/opt/rustwide/target/debug/build/futures-task/c89c6fc7de127f4c/out -L dependency=/opt/rustwide/target/debug/build/futures-util/3046972e0d6194ca/out -L dependency=/opt/rustwide/target/debug/build/futures/e09e0b4898cca9ed/out -L dependency=/opt/rustwide/target/debug/build/generic-array/393fd8cff5bc699f/out -L dependency=/opt/rustwide/target/debug/build/getopts/992286f2aa5d23b1/out -L dependency=/opt/rustwide/target/debug/build/getrandom/3739586386c48d0d/out -L dependency=/opt/rustwide/target/debug/build/getrandom/52227de92c6a9bd1/out -L dependency=/opt/rustwide/target/debug/build/getrandom/adf144f4d70aa2ae/out -L dependency=/opt/rustwide/target/debug/build/globset/c74121bf3ecf44ef/out -L dependency=/opt/rustwide/target/debug/build/h2/6dabc73d8ad44e1a/out -L dependency=/opt/rustwide/target/debug/build/half/2b176780a4c4455d/out -L dependency=/opt/rustwide/target/debug/build/hashbrown/619ef8e89c2b1d61/out -L dependency=/opt/rustwide/target/debug/build/hashbrown/89c64cdda773c77c/out -L dependency=/opt/rustwide/target/debug/build/hex/70ba1d6285222e3c/out -L dependency=/opt/rustwide/target/debug/build/http-body-util/0b8a67cec4f3fc95/out -L dependency=/opt/rustwide/target/debug/build/http-body/6ad86bb8ccd202e7/out -L dependency=/opt/rustwide/target/debug/build/http/26b3de3f6b611fa8/out -L dependency=/opt/rustwide/target/debug/build/httparse/16c8184430c03b5e/out -L dependency=/opt/rustwide/target/debug/build/httpdate/129d5197059ce5ad/out -L dependency=/opt/rustwide/target/debug/build/hyper-rustls/7a2e32df7493f031/out -L dependency=/opt/rustwide/target/debug/build/hyper-util/15a04eb75f4ca487/out -L dependency=/opt/rustwide/target/debug/build/hyper/0155d746fe1e0c87/out -L dependency=/opt/rustwide/target/debug/build/iana-time-zone/893c20f4154ed467/out -L dependency=/opt/rustwide/target/debug/build/icu_collections/82904bb963d63613/out -L dependency=/opt/rustwide/target/debug/build/icu_locale_core/e06855a6178f7eb6/out -L dependency=/opt/rustwide/target/debug/build/icu_normalizer/ac84a9ae8d29cd17/out -L dependency=/opt/rustwide/target/debug/build/icu_normalizer_data/af99e0e12e8b47ed/out -L dependency=/opt/rustwide/target/debug/build/icu_properties/0c0063d500c6545a/out -L dependency=/opt/rustwide/target/debug/build/icu_properties_data/e8407ca88927b4dd/out -L dependency=/opt/rustwide/target/debug/build/icu_provider/4584a71d29b2b788/out -L dependency=/opt/rustwide/target/debug/build/idna/32b785e4833fb0a5/out -L dependency=/opt/rustwide/target/debug/build/idna_adapter/3b284720bf410447/out -L dependency=/opt/rustwide/target/debug/build/ignore/319d078978ca1203/out -L dependency=/opt/rustwide/target/debug/build/image/c60570d07a4b7ad4/out -L dependency=/opt/rustwide/target/debug/build/imap-proto/0a3f232ae3fbb74f/out -L dependency=/opt/rustwide/target/debug/build/imap/8dc984b5bc404681/out -L dependency=/opt/rustwide/target/debug/build/indexmap/2ebe541097c562ff/out -L dependency=/opt/rustwide/target/debug/build/indoc/81f966d88b4cbb13/out -L dependency=/opt/rustwide/target/debug/build/inout/c4605f5ae4906ae5/out -L dependency=/opt/rustwide/target/debug/build/instability/bddc89be03642798/out -L dependency=/opt/rustwide/target/debug/build/inventory/e214bd2505cb0e28/out -L dependency=/opt/rustwide/target/debug/build/ipnet/348089602c80f0f2/out -L dependency=/opt/rustwide/target/debug/build/is-docker/ea19c0e9da71fcc7/out -L dependency=/opt/rustwide/target/debug/build/is-wsl/5b453053f81641f2/out -L dependency=/opt/rustwide/target/debug/build/is_terminal_polyfill/7fbb9989e20fb26c/out -L dependency=/opt/rustwide/target/debug/build/itertools/c9b175187362683e/out -L dependency=/opt/rustwide/target/debug/build/itoa/8a38105c9a160224/out -L dependency=/opt/rustwide/target/debug/build/jcode-agent-runtime/a68c4ff66458c587/out -L dependency=/opt/rustwide/target/debug/build/jcode-auth-types/fa59964ecfff258d/out -L dependency=/opt/rustwide/target/debug/build/jcode-azure-auth/934e179bf6d61400/out -L dependency=/opt/rustwide/target/debug/build/jcode-background-types/af1c541cb1fd6c88/out -L dependency=/opt/rustwide/target/debug/build/jcode-batch-types/ca26fe7465b62278/out -L dependency=/opt/rustwide/target/debug/build/jcode-build-meta/d508389b4a06a45e/out -L dependency=/opt/rustwide/target/debug/build/jcode-compaction-core/d100e20958f1785a/out -L dependency=/opt/rustwide/target/debug/build/jcode-config-types/c406636fa57de736/out -L dependency=/opt/rustwide/target/debug/build/jcode-core/568bd9c3eef346e9/out -L dependency=/opt/rustwide/target/debug/build/jcode-embedding/66b51d7a275bc1aa/out -L dependency=/opt/rustwide/target/debug/build/jcode-gateway-types/c7b5061284aae3e9/out -L dependency=/opt/rustwide/target/debug/build/jcode-import-core/8b9b9552f01a2506/out -L dependency=/opt/rustwide/target/debug/build/jcode-logging/352aef8081d2bf54/out -L dependency=/opt/rustwide/target/debug/build/jcode-memory-types/69a846eb31b2781e/out -L dependency=/opt/rustwide/target/debug/build/jcode-message-types/5e1947abcf742ee4/out -L dependency=/opt/rustwide/target/debug/build/jcode-plan/a684e031a24eee5f/out -L dependency=/opt/rustwide/target/debug/build/jcode-protocol/f71801f68adfee57/out -L dependency=/opt/rustwide/target/debug/build/jcode-provider-antigravity/42a0ff1aed3a6e8a/out -L dependency=/opt/rustwide/target/debug/build/jcode-provider-core/e2aa86c1abbc6bac/out -L dependency=/opt/rustwide/target/debug/build/jcode-provider-env/d0b1a0de78caeb36/out -L dependency=/opt/rustwide/target/debug/build/jcode-provider-gemini/c6f9d1de808dfefb/out -L dependency=/opt/rustwide/target/debug/build/jcode-provider-metadata/cd2769d4a69c850c/out -L dependency=/opt/rustwide/target/debug/build/jcode-provider-openai/c8688473fdcc9452/out -L dependency=/opt/rustwide/target/debug/build/jcode-provider-openrouter/9d44a8d5cabbb1ff/out -L dependency=/opt/rustwide/target/debug/build/jcode-render-core/c9935b7bdb97b756/out -L dependency=/opt/rustwide/target/debug/build/jcode-schema-dialect/8705896eb895d140/out -L dependency=/opt/rustwide/target/debug/build/jcode-selfdev-types/90dced3b7cb9bab9/out -L dependency=/opt/rustwide/target/debug/build/jcode-session-types/cb2aa70117be7f29/out -L dependency=/opt/rustwide/target/debug/build/jcode-side-panel-types/e0bf7ca6638edc52/out -L dependency=/opt/rustwide/target/debug/build/jcode-storage/53f0bb751512326a/out -L dependency=/opt/rustwide/target/debug/build/jcode-task-types/da9d597cfe48437f/out -L dependency=/opt/rustwide/target/debug/build/jcode-telemetry-core/76930cc7055320c7/out -L dependency=/opt/rustwide/target/debug/build/jcode-terminal-image/aadca43cacb654b5/out -L dependency=/opt/rustwide/target/debug/build/jcode-terminal-launch/98a1da0898b9e372/out -L dependency=/opt/rustwide/target/debug/build/jcode-tool-core/6882f1210cbe137f/out -L dependency=/opt/rustwide/target/debug/build/jcode-tool-types/7ff3f92a8f6dcb51/out -L dependency=/opt/rustwide/target/debug/build/jcode-transport/c8bd2fdf10fc950a/out -L dependency=/opt/rustwide/target/debug/build/jcode-usage-types/2891b3dd7e24e24a/out -L dependency=/opt/rustwide/target/debug/build/kasuari/9353b670b109431e/out -L dependency=/opt/rustwide/target/debug/build/lazy_static/dfd976102ed1f705/out -L dependency=/opt/rustwide/target/debug/build/lettre/b2d33c4e15f3e8d6/out -L dependency=/opt/rustwide/target/debug/build/libc/2844cd0faa114d4e/out -L dependency=/opt/rustwide/target/debug/build/libm/b03b913aa9019395/out -L dependency=/opt/rustwide/target/debug/build/line-clipping/faeee9ac07e6d0b8/out -L dependency=/opt/rustwide/target/debug/build/linux-raw-sys/6cf9e1d6a8cf6c7d/out -L dependency=/opt/rustwide/target/debug/build/litemap/364b46a1ab12b0ca/out -L dependency=/opt/rustwide/target/debug/build/lock_api/c1e2d9d8f347f01e/out -L dependency=/opt/rustwide/target/debug/build/log/e1fb7946fa8ea91a/out -L dependency=/opt/rustwide/target/debug/build/lopdf/a6bbb4024eecfa15/out -L dependency=/opt/rustwide/target/debug/build/lru/22636e43399ea5d5/out -L dependency=/opt/rustwide/target/debug/build/macro_rules_attribute-proc_macro/877b829fc3a60d02/out -L dependency=/opt/rustwide/target/debug/build/macro_rules_attribute/47c77f47447f875f/out -L dependency=/opt/rustwide/target/debug/build/mail-parser/f2c4193cb84d48d6/out -L dependency=/opt/rustwide/target/debug/build/maplit/427941491cfc80c0/out -L dependency=/opt/rustwide/target/debug/build/matrixmultiply/72df97dbe748b386/out -L dependency=/opt/rustwide/target/debug/build/md-5/44fc3fb22d6b1827/out -L dependency=/opt/rustwide/target/debug/build/memchr/5038a1c99620b618/out -L dependency=/opt/rustwide/target/debug/build/memmap2/cf3bc695d301946d/out -L dependency=/opt/rustwide/target/debug/build/memo-map/4f7a9bdaf5b7759c/out -L dependency=/opt/rustwide/target/debug/build/mime/9920daa1dc4b1184/out -L dependency=/opt/rustwide/target/debug/build/minijinja/90e7a5ba4af0023d/out -L dependency=/opt/rustwide/target/debug/build/minimal-lexical/e55384ee86e9c2b7/out -L dependency=/opt/rustwide/target/debug/build/miniz_oxide/3e3fb08c2fb2ea44/out -L dependency=/opt/rustwide/target/debug/build/mio/e8cda945126609c7/out -L dependency=/opt/rustwide/target/debug/build/monostate-impl/7e125aefb96010c1/out -L dependency=/opt/rustwide/target/debug/build/monostate/b37ab7a4e18f19ce/out -L dependency=/opt/rustwide/target/debug/build/moxcms/8be2396fc0535661/out -L dependency=/opt/rustwide/target/debug/build/native-tls/ca3354dd36ac152e/out -L dependency=/opt/rustwide/target/debug/build/ndarray/c5c3d6c2f3797ddb/out -L dependency=/opt/rustwide/target/debug/build/nom-language/ec1302994337b757/out -L dependency=/opt/rustwide/target/debug/build/nom/1745f65070f207ef/out -L dependency=/opt/rustwide/target/debug/build/nom/503df43cfc644b20/out -L dependency=/opt/rustwide/target/debug/build/num-complex/f723c6d042f55c8e/out -L dependency=/opt/rustwide/target/debug/build/num-conv/65767cbef5c41713/out -L dependency=/opt/rustwide/target/debug/build/num-integer/b7bea9897bc64584/out -L dependency=/opt/rustwide/target/debug/build/num-traits/5018b4d1ff3814a4/out -L dependency=/opt/rustwide/target/debug/build/num_threads/89959eaf4e74adff/out -L dependency=/opt/rustwide/target/debug/build/once_cell/7304a8652c1d719c/out -L dependency=/opt/rustwide/target/debug/build/onig/6148c6870c9203e6/out -L dependency=/opt/rustwide/target/debug/build/onig_sys/5b8dce833fd0dbcc/out -L dependency=/opt/rustwide/target/debug/build/open/97607272230f3d17/out -L dependency=/opt/rustwide/target/debug/build/openssl-macros/0b0f52433ee8862e/out -L dependency=/opt/rustwide/target/debug/build/openssl-probe/aa7a91beed7d80be/out -L dependency=/opt/rustwide/target/debug/build/openssl-sys/c91fc084f990c985/out -L dependency=/opt/rustwide/target/debug/build/openssl/c165a4e2bb70b963/out -L dependency=/opt/rustwide/target/debug/build/option-ext/9366d1dff377aea2/out -L dependency=/opt/rustwide/target/debug/build/ouroboros/a7276ab78797c1e8/out -L dependency=/opt/rustwide/target/debug/build/ouroboros_macro/6a19d9bad14f343d/out -L dependency=/opt/rustwide/target/debug/build/parking/41e340529d0a92d4/out -L dependency=/opt/rustwide/target/debug/build/parking_lot/7b5234c55410ec41/out -L dependency=/opt/rustwide/target/debug/build/parking_lot_core/74c07ee4d8540278/out -L dependency=/opt/rustwide/target/debug/build/paste/a403115ca1440fc1/out -L dependency=/opt/rustwide/target/debug/build/pastey/ae3f219e403f5d35/out -L dependency=/opt/rustwide/target/debug/build/pdf-extract/0093b1f3a7526868/out -L dependency=/opt/rustwide/target/debug/build/percent-encoding/749ad5dd9b94636b/out -L dependency=/opt/rustwide/target/debug/build/pin-project-internal/8dff541ec49cf19a/out -L dependency=/opt/rustwide/target/debug/build/pin-project-lite/b24c4a733b818317/out -L dependency=/opt/rustwide/target/debug/build/pin-project/45be6e38dfebb583/out -L dependency=/opt/rustwide/target/debug/build/png/2e9304c726423f74/out -L dependency=/opt/rustwide/target/debug/build/pom/dc991c99d281227d/out -L dependency=/opt/rustwide/target/debug/build/postscript/4bfb4ac1463bc635/out -L dependency=/opt/rustwide/target/debug/build/potential_utf/38f12d0570ad41d2/out -L dependency=/opt/rustwide/target/debug/build/powerfmt/83c7e0cd1834fe57/out -L dependency=/opt/rustwide/target/debug/build/ppv-lite86/9f3517fbcaad46ac/out -L dependency=/opt/rustwide/target/debug/build/primal-check/c2f0497876871639/out -L dependency=/opt/rustwide/target/debug/build/proctitle/20bb11dfe9c07a87/out -L dependency=/opt/rustwide/target/debug/build/prost-derive/b68f01b60e19cd24/out -L dependency=/opt/rustwide/target/debug/build/prost/1f28fd347eb155a3/out -L dependency=/opt/rustwide/target/debug/build/pulldown-cmark-escape/97b420acbf2cd0e6/out -L dependency=/opt/rustwide/target/debug/build/pulldown-cmark/db3674e97c382861/out -L dependency=/opt/rustwide/target/debug/build/pxfm/fe7c8622c71ab99d/out -L dependency=/opt/rustwide/target/debug/build/qrcode/cedc4d14a8217b13/out -L dependency=/opt/rustwide/target/debug/build/quoted_printable/7bfcbafc93db6ee9/out -L dependency=/opt/rustwide/target/debug/build/rand/40519a78e0ae9636/out -L dependency=/opt/rustwide/target/debug/build/rand/adc10929607c03c3/out -L dependency=/opt/rustwide/target/debug/build/rand/fe564e1ad68a3a00/out -L dependency=/opt/rustwide/target/debug/build/rand_chacha/8b2f5dc0c292c86b/out -L dependency=/opt/rustwide/target/debug/build/rand_chacha/e788c2ecf8582a6a/out -L dependency=/opt/rustwide/target/debug/build/rand_core/053d550c98afd9f0/out -L dependency=/opt/rustwide/target/debug/build/rand_core/5faa5d3ec248d5ce/out -L dependency=/opt/rustwide/target/debug/build/rand_core/ce8d8e6eae378990/out -L dependency=/opt/rustwide/target/debug/build/rand_distr/9c772a9b7a44861e/out -L dependency=/opt/rustwide/target/debug/build/rangemap/852270e1443eb018/out -L dependency=/opt/rustwide/target/debug/build/ratatui-core/a3fabe7e93de6a6a/out -L dependency=/opt/rustwide/target/debug/build/ratatui-crossterm/21d2306fcf69f501/out -L dependency=/opt/rustwide/target/debug/build/ratatui-macros/548bcee83a7e5f06/out -L dependency=/opt/rustwide/target/debug/build/ratatui-widgets/1861af5d990a9e08/out -L dependency=/opt/rustwide/target/debug/build/rawpointer/7c92631261eed7be/out -L dependency=/opt/rustwide/target/debug/build/rayon-cond/8b2cc63f9df7eaa7/out -L dependency=/opt/rustwide/target/debug/build/rayon-core/ae05bebd2236d8c8/out -L dependency=/opt/rustwide/target/debug/build/rayon/7847bf4b5596d71b/out -L dependency=/opt/rustwide/target/debug/build/regex-automata/275db9512a440ff7/out -L dependency=/opt/rustwide/target/debug/build/regex-syntax/fd885da0c26f532d/out -L dependency=/opt/rustwide/target/debug/build/regex/8fc61e7664373872/out -L dependency=/opt/rustwide/target/debug/build/reqwest/3e77474ec9eb05cb/out -L dependency=/opt/rustwide/target/debug/build/reqwest/e1a68d80b8c0235e/out -L dependency=/opt/rustwide/target/debug/build/ring/1d8e95206bfa7de7/out -L dependency=/opt/rustwide/target/debug/build/rustfft/283b20e503189da8/out -L dependency=/opt/rustwide/target/debug/build/rustix/211dd3ae902af607/out -L dependency=/opt/rustwide/target/debug/build/rustls-native-certs/71688a466bd311bd/out -L dependency=/opt/rustwide/target/debug/build/rustls-pki-types/505876f47df81e1d/out -L dependency=/opt/rustwide/target/debug/build/rustls-platform-verifier/e7d6f7810813c5da/out -L dependency=/opt/rustwide/target/debug/build/rustls-webpki/851394049b58818f/out -L dependency=/opt/rustwide/target/debug/build/rustls/79d0a741cdedbd13/out -L dependency=/opt/rustwide/target/debug/build/rustversion/c705696e0a2de36a/out -L dependency=/opt/rustwide/target/debug/build/ryu/cee0d08b5d2f76df/out -L dependency=/opt/rustwide/target/debug/build/safetensors/6ab4be7216d43986/out -L dependency=/opt/rustwide/target/debug/build/same-file/1609fa110a31e476/out -L dependency=/opt/rustwide/target/debug/build/scan_fmt/f344bcab5e2774d5/out -L dependency=/opt/rustwide/target/debug/build/scopeguard/376b11b1bd683ac1/out -L dependency=/opt/rustwide/target/debug/build/serde/943764e4c791d23d/out -L dependency=/opt/rustwide/target/debug/build/serde_core/012de28b2520a249/out -L dependency=/opt/rustwide/target/debug/build/serde_derive/33a2e83630c7d526/out -L dependency=/opt/rustwide/target/debug/build/serde_json/69e9b02b0af02d9a/out -L dependency=/opt/rustwide/target/debug/build/serde_spanned/e87ae94b5060a2c3/out -L dependency=/opt/rustwide/target/debug/build/serde_urlencoded/bbeda8e65a2516ec/out -L dependency=/opt/rustwide/target/debug/build/serde_yaml/dcf16f167cd6b4b3/out -L dependency=/opt/rustwide/target/debug/build/sha1/e435356b2f573f89/out -L dependency=/opt/rustwide/target/debug/build/sha1_smol/24c36e70297634b7/out -L dependency=/opt/rustwide/target/debug/build/sha2/885c400d98f13259/out -L dependency=/opt/rustwide/target/debug/build/signal-hook-mio/f3b6661510841cbf/out -L dependency=/opt/rustwide/target/debug/build/signal-hook-registry/6ec03151274ef74e/out -L dependency=/opt/rustwide/target/debug/build/signal-hook/9c71b910acbf05b6/out -L dependency=/opt/rustwide/target/debug/build/simd-adler32/f5049852d0f89b9a/out -L dependency=/opt/rustwide/target/debug/build/slab/ee620776280567ec/out -L dependency=/opt/rustwide/target/debug/build/smallvec/73330e00b42592ab/out -L dependency=/opt/rustwide/target/debug/build/socket2/08bfb32435ce010a/out -L dependency=/opt/rustwide/target/debug/build/spm_precompiled/b14acdae8b5ecf02/out -L dependency=/opt/rustwide/target/debug/build/stable_deref_trait/b737d53d88030fdd/out -L dependency=/opt/rustwide/target/debug/build/static_assertions/c066c5433f91a730/out -L dependency=/opt/rustwide/target/debug/build/strength_reduce/17e1b35cd8bc4eb9/out -L dependency=/opt/rustwide/target/debug/build/string-interner/93717a12b5a7139d/out -L dependency=/opt/rustwide/target/debug/build/stringprep/20cbc8a82db405e9/out -L dependency=/opt/rustwide/target/debug/build/strsim/2d584185bfc410c4/out -L dependency=/opt/rustwide/target/debug/build/strum/19c3b10dcc2efb0c/out -L dependency=/opt/rustwide/target/debug/build/strum_macros/e351408b87cda1b0/out -L dependency=/opt/rustwide/target/debug/build/subtle/83f7e248daed5e96/out -L dependency=/opt/rustwide/target/debug/build/sync_wrapper/43748ccdd355a71f/out -L dependency=/opt/rustwide/target/debug/build/tar/f4c8c67f1564f6ec/out -L dependency=/opt/rustwide/target/debug/build/tempfile/ca2c961f825abfe1/out -L dependency=/opt/rustwide/target/debug/build/thiserror-impl/213fa2d2a233c2f7/out -L dependency=/opt/rustwide/target/debug/build/thiserror-impl/ff53c68043061108/out -L dependency=/opt/rustwide/target/debug/build/thiserror/2e17cfc8e28fa2a1/out -L dependency=/opt/rustwide/target/debug/build/thiserror/a8b1bbb34917758b/out -L dependency=/opt/rustwide/target/debug/build/time-core/fbc94a9718784076/out -L dependency=/opt/rustwide/target/debug/build/time-macros/bb3d6c214e5193ae/out -L dependency=/opt/rustwide/target/debug/build/time/dffcfd6756c1d7ab/out -L dependency=/opt/rustwide/target/debug/build/tinystr/5e5ef7b05bd781b1/out -L dependency=/opt/rustwide/target/debug/build/tinyvec/ca48199e071fb72e/out -L dependency=/opt/rustwide/target/debug/build/tinyvec_macros/98240a95e02e0335/out -L dependency=/opt/rustwide/target/debug/build/tokenizers/0962433ed2b3c635/out -L dependency=/opt/rustwide/target/debug/build/tokio-macros/d14e8f8b4608a66f/out -L dependency=/opt/rustwide/target/debug/build/tokio-rustls/2f47590afc7cb485/out -L dependency=/opt/rustwide/target/debug/build/tokio-tungstenite/85f727b7b1e4387f/out -L dependency=/opt/rustwide/target/debug/build/tokio-util/82d059fe718df08c/out -L dependency=/opt/rustwide/target/debug/build/tokio/d679c38ef00ec3f3/out -L dependency=/opt/rustwide/target/debug/build/toml/1381a7fdbf7b4710/out -L dependency=/opt/rustwide/target/debug/build/toml_datetime/71835225fd0e78b6/out -L dependency=/opt/rustwide/target/debug/build/toml_edit/89eede9dfcd2d263/out -L dependency=/opt/rustwide/target/debug/build/toml_write/e5fda865c0c755e6/out -L dependency=/opt/rustwide/target/debug/build/tower-http/4e1f493b70fdd77c/out -L dependency=/opt/rustwide/target/debug/build/tower-layer/8cdea50370f008b8/out -L dependency=/opt/rustwide/target/debug/build/tower-service/3b3d64d063ec1e99/out -L dependency=/opt/rustwide/target/debug/build/tower/46b763e24dfe8d29/out -L dependency=/opt/rustwide/target/debug/build/tracing-attributes/9787ac4e06c6cb6d/out -L dependency=/opt/rustwide/target/debug/build/tracing-core/35570924bbf626e5/out -L dependency=/opt/rustwide/target/debug/build/tracing/d713a648bbf656f3/out -L dependency=/opt/rustwide/target/debug/build/tract-core/97b2ba5cb0617916/out -L dependency=/opt/rustwide/target/debug/build/tract-data/beb664556b599d93/out -L dependency=/opt/rustwide/target/debug/build/tract-extra/625ee40ed7aaf1f1/out -L dependency=/opt/rustwide/target/debug/build/tract-hir/aed69aece748e5f4/out -L dependency=/opt/rustwide/target/debug/build/tract-linalg/a9312a8a0ae8bbdb/out -L dependency=/opt/rustwide/target/debug/build/tract-nnef/fdb02febb752e90b/out -L dependency=/opt/rustwide/target/debug/build/tract-onnx-opl/22ed6a077ccbf746/out -L dependency=/opt/rustwide/target/debug/build/tract-onnx/d4fe0fcdb70bbdc6/out -L dependency=/opt/rustwide/target/debug/build/tract-pulse-opl/bf91f1c738be7fff/out -L dependency=/opt/rustwide/target/debug/build/tract-pulse/bddc17b92948c156/out -L dependency=/opt/rustwide/target/debug/build/tract-transformers/797b2088a3788866/out -L dependency=/opt/rustwide/target/debug/build/transpose/e130edf5857c5753/out -L dependency=/opt/rustwide/target/debug/build/try-lock/24db70143c814b74/out -L dependency=/opt/rustwide/target/debug/build/ttf-parser/f64b800c7805ff5f/out -L dependency=/opt/rustwide/target/debug/build/tungstenite/d420c6469cd15b0f/out -L dependency=/opt/rustwide/target/debug/build/type1-encoding-parser/e121d338f0df31e8/out -L dependency=/opt/rustwide/target/debug/build/typeid/6633e6e04eadeea5/out -L dependency=/opt/rustwide/target/debug/build/typenum/b204c0dbab8cb070/out -L dependency=/opt/rustwide/target/debug/build/typespec/58ef46be3127ea6e/out -L dependency=/opt/rustwide/target/debug/build/typespec_client_core/b7deebbb959fa555/out -L dependency=/opt/rustwide/target/debug/build/typespec_macros/c8385ddb330c7008/out -L dependency=/opt/rustwide/target/debug/build/unicase/666b62fb41cb9700/out -L dependency=/opt/rustwide/target/debug/build/unicode-bidi/b0e2c56d07b733d8/out -L dependency=/opt/rustwide/target/debug/build/unicode-normalization-alignments/2b879c1953d1a7f2/out -L dependency=/opt/rustwide/target/debug/build/unicode-normalization/e0a4df64e1deccb8/out -L dependency=/opt/rustwide/target/debug/build/unicode-properties/4ceba7da535e3dc5/out -L dependency=/opt/rustwide/target/debug/build/unicode-segmentation/1c9ca03ec07632b3/out -L dependency=/opt/rustwide/target/debug/build/unicode-truncate/e4d86d62b696d2bd/out -L dependency=/opt/rustwide/target/debug/build/unicode-width/d3b00d0880437b90/out -L dependency=/opt/rustwide/target/debug/build/unicode_categories/b492399d902672d8/out -L dependency=/opt/rustwide/target/debug/build/unsafe-libyaml/91e7fe9df4572411/out -L dependency=/opt/rustwide/target/debug/build/untrusted/7e02377e71a061b7/out -L dependency=/opt/rustwide/target/debug/build/url/462f311fe4fe1fc4/out -L dependency=/opt/rustwide/target/debug/build/urlencoding/88d5d51a2736c424/out -L dependency=/opt/rustwide/target/debug/build/utf-8/8eef0d94ceb6c371/out -L dependency=/opt/rustwide/target/debug/build/utf8_iter/1a14e8e26a1ae649/out -L dependency=/opt/rustwide/target/debug/build/utf8parse/c82aebe737e9237c/out -L dependency=/opt/rustwide/target/debug/build/uuid/48082d11bc557f46/out -L dependency=/opt/rustwide/target/debug/build/walkdir/a1d6b12fbe983d77/out -L dependency=/opt/rustwide/target/debug/build/want/d4f844e00426f0f3/out -L dependency=/opt/rustwide/target/debug/build/webpki-roots/e548ae5d9c52bdf0/out -L dependency=/opt/rustwide/target/debug/build/weezl/e4b3da7079ae700a/out -L dependency=/opt/rustwide/target/debug/build/winnow/8aaff295e444d687/out -L dependency=/opt/rustwide/target/debug/build/writeable/bba7a5b37aa5010d/out -L dependency=/opt/rustwide/target/debug/build/xattr/e295975428267188/out -L dependency=/opt/rustwide/target/debug/build/yoke-derive/f54d80b8a766d9df/out -L dependency=/opt/rustwide/target/debug/build/yoke/03276d2454000e54/out -L dependency=/opt/rustwide/target/debug/build/zerocopy-derive/4db29e4f85fb2554/out -L dependency=/opt/rustwide/target/debug/build/zerocopy/66f2ddf39875313e/out -L dependency=/opt/rustwide/target/debug/build/zerofrom-derive/bdb2635b2dc76fbc/out -L dependency=/opt/rustwide/target/debug/build/zerofrom/c68c646e6c0702b7/out -L dependency=/opt/rustwide/target/debug/build/zeroize/1306e6d5e223f6b6/out -L dependency=/opt/rustwide/target/debug/build/zerotrie/723561c80a4e211f/out -L dependency=/opt/rustwide/target/debug/build/zerovec-derive/845ac53fceb2909e/out -L dependency=/opt/rustwide/target/debug/build/zerovec/5685e26135906c6f/out -L dependency=/opt/rustwide/target/debug/build/zmij/491dba77b0ef0567/out -L dependency=/opt/rustwide/target/debug/build/zune-core/da10f5e11eae306d/out -L dependency=/opt/rustwide/target/debug/build/zune-jpeg/310969743b1d6f1d/out --extern agentgrep=/opt/rustwide/target/debug/build/agentgrep/58fd669dd951090d/out/libagentgrep-58fd669dd951090d.rmeta --extern anyhow=/opt/rustwide/target/debug/build/anyhow/d62c0fab282ef816/out/libanyhow-d62c0fab282ef816.rmeta --extern async_trait=/opt/rustwide/target/debug/build/async-trait/7822be12d2e3fb4a/out/libasync_trait-7822be12d2e3fb4a.so --extern base64=/opt/rustwide/target/debug/build/base64/7af2ccf7e293fcf2/out/libbase64-7af2ccf7e293fcf2.rmeta --extern chrono=/opt/rustwide/target/debug/build/chrono/b5cb47a5664a60c7/out/libchrono-b5cb47a5664a60c7.rmeta --extern crossterm=/opt/rustwide/target/debug/build/crossterm/5b16e0493faa99b0/out/libcrossterm-5b16e0493faa99b0.rmeta --extern dirs=/opt/rustwide/target/debug/build/dirs/d5bb581d00f8d7e5/out/libdirs-d5bb581d00f8d7e5.rmeta --extern flate2=/opt/rustwide/target/debug/build/flate2/1ecf491081cd6ec1/out/libflate2-1ecf491081cd6ec1.rmeta --extern futures=/opt/rustwide/target/debug/build/futures/e09e0b4898cca9ed/out/libfutures-e09e0b4898cca9ed.rmeta --extern glob=/opt/rustwide/target/debug/build/glob/a1fb26dde1d30ebe/out/libglob-a1fb26dde1d30ebe.rmeta --extern jcode_agent_runtime=/opt/rustwide/target/debug/build/jcode-agent-runtime/a68c4ff66458c587/out/libjcode_agent_runtime-a68c4ff66458c587.rmeta --extern jcode_ambient_types=/opt/rustwide/target/debug/build/jcode-ambient-types/33d2563085aeaef8/out/libjcode_ambient_types-33d2563085aeaef8.rmeta --extern jcode_base=/opt/rustwide/target/debug/build/jcode-base/b9d601adb2f1fadc/out/libjcode_base-b9d601adb2f1fadc.rmeta --extern jcode_build_meta=/opt/rustwide/target/debug/build/jcode-build-meta/d508389b4a06a45e/out/libjcode_build_meta-d508389b4a06a45e.rmeta --extern jcode_build_support=/opt/rustwide/target/debug/build/jcode-build-support/a57511b4741a7f17/out/libjcode_build_support-a57511b4741a7f17.rmeta --extern jcode_command_risk=/opt/rustwide/target/debug/build/jcode-command-risk/0404916808b7baf9/out/libjcode_command_risk-0404916808b7baf9.rmeta --extern jcode_core=/opt/rustwide/target/debug/build/jcode-core/568bd9c3eef346e9/out/libjcode_core-568bd9c3eef346e9.rmeta --extern jcode_import_core=/opt/rustwide/target/debug/build/jcode-import-core/8b9b9552f01a2506/out/libjcode_import_core-8b9b9552f01a2506.rmeta --extern jcode_message_types=/opt/rustwide/target/debug/build/jcode-message-types/5e1947abcf742ee4/out/libjcode_message_types-5e1947abcf742ee4.rmeta --extern jcode_notify_email=/opt/rustwide/target/debug/build/jcode-notify-email/1cd9f3495eb879bd/out/libjcode_notify_email-1cd9f3495eb879bd.rmeta --extern jcode_overnight_core=/opt/rustwide/target/debug/build/jcode-overnight-core/7d50945401a3ee1c/out/libjcode_overnight_core-7d50945401a3ee1c.rmeta --extern jcode_pdf=/opt/rustwide/target/debug/build/jcode-pdf/ff5fc3748c5d4186/out/libjcode_pdf-ff5fc3748c5d4186.rmeta --extern jcode_plan=/opt/rustwide/target/debug/build/jcode-plan/a684e031a24eee5f/out/libjcode_plan-a684e031a24eee5f.rmeta --extern jcode_provider_core=/opt/rustwide/target/debug/build/jcode-provider-core/e2aa86c1abbc6bac/out/libjcode_provider_core-e2aa86c1abbc6bac.rmeta --extern jcode_schema_dialect=/opt/rustwide/target/debug/build/jcode-schema-dialect/8705896eb895d140/out/libjcode_schema_dialect-8705896eb895d140.rmeta --extern jcode_selfdev_types=/opt/rustwide/target/debug/build/jcode-selfdev-types/90dced3b7cb9bab9/out/libjcode_selfdev_types-90dced3b7cb9bab9.rmeta --extern jcode_session_types=/opt/rustwide/target/debug/build/jcode-session-types/cb2aa70117be7f29/out/libjcode_session_types-cb2aa70117be7f29.rmeta --extern jcode_setup_hints=/opt/rustwide/target/debug/build/jcode-setup-hints/5b501ba1ba7eee22/out/libjcode_setup_hints-5b501ba1ba7eee22.rmeta --extern jcode_swarm_core=/opt/rustwide/target/debug/build/jcode-swarm-core/c24a62b9f26f0102/out/libjcode_swarm_core-c24a62b9f26f0102.rmeta --extern jcode_task_types=/opt/rustwide/target/debug/build/jcode-task-types/da9d597cfe48437f/out/libjcode_task_types-da9d597cfe48437f.rmeta --extern jcode_terminal_image=/opt/rustwide/target/debug/build/jcode-terminal-image/aadca43cacb654b5/out/libjcode_terminal_image-aadca43cacb654b5.rmeta --extern jcode_tool_core=/opt/rustwide/target/debug/build/jcode-tool-core/6882f1210cbe137f/out/libjcode_tool_core-6882f1210cbe137f.rmeta --extern jcode_tool_types=/opt/rustwide/target/debug/build/jcode-tool-types/7ff3f92a8f6dcb51/out/libjcode_tool_types-7ff3f92a8f6dcb51.rmeta --extern jcode_update_core=/opt/rustwide/target/debug/build/jcode-update-core/720606f86e1acfa9/out/libjcode_update_core-720606f86e1acfa9.rmeta --extern libc=/opt/rustwide/target/debug/build/libc/2844cd0faa114d4e/out/liblibc-2844cd0faa114d4e.rmeta --extern open=/opt/rustwide/target/debug/build/open/97607272230f3d17/out/libopen-97607272230f3d17.rmeta --extern rand=/opt/rustwide/target/debug/build/rand/fe564e1ad68a3a00/out/librand-fe564e1ad68a3a00.rmeta --extern ratatui=/opt/rustwide/target/debug/build/ratatui/5a2250f49e023255/out/libratatui-5a2250f49e023255.rmeta --extern regex=/opt/rustwide/target/debug/build/regex/8fc61e7664373872/out/libregex-8fc61e7664373872.rmeta --extern reqwest=/opt/rustwide/target/debug/build/reqwest/e1a68d80b8c0235e/out/libreqwest-e1a68d80b8c0235e.rmeta --extern serde=/opt/rustwide/target/debug/build/serde/943764e4c791d23d/out/libserde-943764e4c791d23d.rmeta --extern serde_json=/opt/rustwide/target/debug/build/serde_json/69e9b02b0af02d9a/out/libserde_json-69e9b02b0af02d9a.rmeta --extern sha2=/opt/rustwide/target/debug/build/sha2/885c400d98f13259/out/libsha2-885c400d98f13259.rmeta --extern similar=/opt/rustwide/target/debug/build/similar/8ef9cdfaab7ee4fb/out/libsimilar-8ef9cdfaab7ee4fb.rmeta --extern tar=/opt/rustwide/target/debug/build/tar/f4c8c67f1564f6ec/out/libtar-f4c8c67f1564f6ec.rmeta --extern tempfile=/opt/rustwide/target/debug/build/tempfile/ca2c961f825abfe1/out/libtempfile-ca2c961f825abfe1.rmeta --extern tokio=/opt/rustwide/target/debug/build/tokio/d679c38ef00ec3f3/out/libtokio-d679c38ef00ec3f3.rmeta --extern tokio_stream=/opt/rustwide/target/debug/build/tokio-stream/87c3f5ac41225d68/out/libtokio_stream-87c3f5ac41225d68.rmeta --extern tokio_util=/opt/rustwide/target/debug/build/tokio-util/82d059fe718df08c/out/libtokio_util-82d059fe718df08c.rmeta --extern unicode_width=/opt/rustwide/target/debug/build/unicode-width/d3b00d0880437b90/out/libunicode_width-d3b00d0880437b90.rmeta --extern url=/opt/rustwide/target/debug/build/url/462f311fe4fe1fc4/out/liburl-462f311fe4fe1fc4.rmeta --extern urlencoding=/opt/rustwide/target/debug/build/urlencoding/88d5d51a2736c424/out/liburlencoding-88d5d51a2736c424.rmeta --extern uuid=/opt/rustwide/target/debug/build/uuid/48082d11bc557f46/out/libuuid-48082d11bc557f46.rmeta --cap-lints=forbid -Znext-solver=coherence --force-warn=unused_crate_dependencies -L native=/opt/rustwide/target/debug/build/aws-lc-sys/eb2015df90504ac0/out -L native=/opt/rustwide/target/debug/build/ring/f6b25e7f17672dc0/out -L native=/opt/rustwide/target/debug/build/onig_sys/3c6991c66b7a8d69/out -L native=/opt/rustwide/target/debug/build/tract-linalg/9d34430aab41f26c/out -L native=/opt/rustwide/target/debug/build/tract-linalg/9d34430aab41f26c/out -L native=/opt/rustwide/target/debug/build/tract-linalg/9d34430aab41f26c/out -L native=/opt/rustwide/target/debug/build/tract-linalg/9d34430aab41f26c/out -L native=/opt/rustwide/target/debug/build/tract-linalg/9d34430aab41f26c/out` (signal: 9, SIGKILL: kill)
[INFO] [stderr] warning: build failed, waiting for other jobs to finish...
[INFO] [stdout] error[E0433]: cannot find module or crate `copilot` in this scope
[INFO] [stdout]    --> crates/jcode-base/src/provider/tests.rs:839:13
[INFO] [stdout]     |
[INFO] [stdout] 839 |             copilot::FALLBACK_MODELS,
[INFO] [stdout]     |             ^^^^^^^ use of unresolved module or unlinked crate `copilot`
[INFO] [stdout]     |
[INFO] [stdout]     = help: if you wanted to use a crate named `copilot`, use `cargo add copilot` to add it to your `Cargo.toml`
[INFO] [stdout] 
[INFO] [stdout] 
[INFO] [stdout] warning: unused import: `Provider`
[INFO] [stdout]  --> crates/jcode-base/src/provider/catalog_routes.rs:6:5
[INFO] [stdout]   |
[INFO] [stdout] 6 |     Provider, anthropic_api_key_route_availability, anthropic_oauth_route_availability,
[INFO] [stdout]   |     ^^^^^^^^
[INFO] [stdout]   |
[INFO] [stdout]   = note: `#[warn(unused_imports)]` (part of `#[warn(unused)]`) on by default
[INFO] [stdout] 
[INFO] [stdout] 
[INFO] [stdout] error[E0061]: this function takes 8 arguments but 7 arguments were supplied
[INFO] [stdout]     --> crates/jcode-app-core/src/server/client_lifecycle_tests.rs:906:9
[INFO] [stdout]      |
[INFO] [stdout]  906 |           start_processing_message(
[INFO] [stdout]      |           ^^^^^^^^^^^^^^^^^^^^^^^^
[INFO] [stdout] ...
[INFO] [stdout]  923 | /             &SwarmStatusRefs {
[INFO] [stdout]  924 | |                 members: &swarm_members,
[INFO] [stdout]  925 | |                 swarms_by_id: &swarms_by_id,
[INFO] [stdout]  926 | |                 event_history: &event_history,
[INFO] [stdout]  927 | |                 event_counter: &event_counter,
[INFO] [stdout]  928 | |                 event_tx: &swarm_event_tx,
[INFO] [stdout]  929 | |             },
[INFO] [stdout]      | |_____________- argument #7 of type `Vec<(std::string::String, std::string::String)>` is missing
[INFO] [stdout]      |
[INFO] [stdout] note: function defined here
[INFO] [stdout]     --> crates/jcode-app-core/src/server/client_lifecycle.rs:2840:10
[INFO] [stdout]      |
[INFO] [stdout] 2840 | async fn start_processing_message(
[INFO] [stdout]      |          ^^^^^^^^^^^^^^^^^^^^^^^^
[INFO] [stdout] ...
[INFO] [stdout] 2847 |     client_terminal_env: Vec<(String, String)>,
[INFO] [stdout]      |     ------------------------------------------
[INFO] [stdout] help: provide the argument
[INFO] [stdout]      |
[INFO] [stdout]  906 |         start_processing_message(
[INFO] [stdout]  ...
[INFO] [stdout]  922 |             &processing_done_tx,
[INFO] [stdout]  923 ~             /* Vec<(String, String)> */,
[INFO] [stdout]  924 ~             &SwarmStatusRefs {
[INFO] [stdout]      |
[INFO] [stdout] 
[INFO] [stdout] 
[INFO] [stdout] error[E0061]: this function takes 8 arguments but 7 arguments were supplied
[INFO] [stdout]     --> crates/jcode-app-core/src/server/client_lifecycle_tests.rs:1005:5
[INFO] [stdout]      |
[INFO] [stdout] 1005 |       start_processing_message(
[INFO] [stdout]      |       ^^^^^^^^^^^^^^^^^^^^^^^^
[INFO] [stdout] ...
[INFO] [stdout] 1022 | /         &SwarmStatusRefs {
[INFO] [stdout] 1023 | |             members: &swarm_members,
[INFO] [stdout] 1024 | |             swarms_by_id: &swarms_by_id,
[INFO] [stdout] 1025 | |             event_history: &event_history,
[INFO] [stdout] 1026 | |             event_counter: &event_counter,
[INFO] [stdout] 1027 | |             event_tx: &swarm_event_tx,
[INFO] [stdout] 1028 | |         },
[INFO] [stdout]      | |_________- argument #7 of type `Vec<(std::string::String, std::string::String)>` is missing
[INFO] [stdout]      |
[INFO] [stdout] note: function defined here
[INFO] [stdout]     --> crates/jcode-app-core/src/server/client_lifecycle.rs:2840:10
[INFO] [stdout]      |
[INFO] [stdout] 2840 | async fn start_processing_message(
[INFO] [stdout]      |          ^^^^^^^^^^^^^^^^^^^^^^^^
[INFO] [stdout] ...
[INFO] [stdout] 2847 |     client_terminal_env: Vec<(String, String)>,
[INFO] [stdout]      |     ------------------------------------------
[INFO] [stdout] help: provide the argument
[INFO] [stdout]      |
[INFO] [stdout] 1005 |     start_processing_message(
[INFO] [stdout]  ...
[INFO] [stdout] 1021 |         &processing_done_tx,
[INFO] [stdout] 1022 ~         /* Vec<(String, String)> */,
[INFO] [stdout] 1023 ~         &SwarmStatusRefs {
[INFO] [stdout]      |
[INFO] [stdout] 
[INFO] [stdout] 
[INFO] [stdout] error[E0061]: this function takes 8 arguments but 7 arguments were supplied
[INFO] [stdout]     --> crates/jcode-app-core/src/server/client_lifecycle_tests.rs:1128:9
[INFO] [stdout]      |
[INFO] [stdout] 1128 |           start_processing_message(
[INFO] [stdout]      |           ^^^^^^^^^^^^^^^^^^^^^^^^
[INFO] [stdout] ...
[INFO] [stdout] 1145 | /             &SwarmStatusRefs {
[INFO] [stdout] 1146 | |                 members: &swarm_members,
[INFO] [stdout] 1147 | |                 swarms_by_id: &swarms_by_id,
[INFO] [stdout] 1148 | |                 event_history: &event_history,
[INFO] [stdout] 1149 | |                 event_counter: &event_counter,
[INFO] [stdout] 1150 | |                 event_tx: &swarm_event_tx,
[INFO] [stdout] 1151 | |             },
[INFO] [stdout]      | |_____________- argument #7 of type `Vec<(std::string::String, std::string::String)>` is missing
[INFO] [stdout]      |
[INFO] [stdout] note: function defined here
[INFO] [stdout]     --> crates/jcode-app-core/src/server/client_lifecycle.rs:2840:10
[INFO] [stdout]      |
[INFO] [stdout] 2840 | async fn start_processing_message(
[INFO] [stdout]      |          ^^^^^^^^^^^^^^^^^^^^^^^^
[INFO] [stdout] ...
[INFO] [stdout] 2847 |     client_terminal_env: Vec<(String, String)>,
[INFO] [stdout]      |     ------------------------------------------
[INFO] [stdout] help: provide the argument
[INFO] [stdout]      |
[INFO] [stdout] 1128 |         start_processing_message(
[INFO] [stdout]  ...
[INFO] [stdout] 1144 |             &processing_done_tx,
[INFO] [stdout] 1145 ~             /* Vec<(String, String)> */,
[INFO] [stdout] 1146 ~             &SwarmStatusRefs {
[INFO] [stdout]      |
[INFO] [stdout] 
[INFO] [stdout] 
[INFO] [stdout] error[E0061]: this function takes 8 arguments but 7 arguments were supplied
[INFO] [stdout]     --> crates/jcode-app-core/src/server/client_lifecycle_tests.rs:1226:13
[INFO] [stdout]      |
[INFO] [stdout] 1226 |               start_processing_message(
[INFO] [stdout]      |               ^^^^^^^^^^^^^^^^^^^^^^^^
[INFO] [stdout] ...
[INFO] [stdout] 1243 | /                 &SwarmStatusRefs {
[INFO] [stdout] 1244 | |                     members: &swarm_members,
[INFO] [stdout] 1245 | |                     swarms_by_id: &swarms_by_id,
[INFO] [stdout] 1246 | |                     event_history: &event_history,
[INFO] [stdout] 1247 | |                     event_counter: &event_counter,
[INFO] [stdout] 1248 | |                     event_tx: &swarm_event_tx,
[INFO] [stdout] 1249 | |                 },
[INFO] [stdout]      | |_________________- argument #7 of type `Vec<(std::string::String, std::string::String)>` is missing
[INFO] [stdout]      |
[INFO] [stdout] note: function defined here
[INFO] [stdout]     --> crates/jcode-app-core/src/server/client_lifecycle.rs:2840:10
[INFO] [stdout]      |
[INFO] [stdout] 2840 | async fn start_processing_message(
[INFO] [stdout]      |          ^^^^^^^^^^^^^^^^^^^^^^^^
[INFO] [stdout] ...
[INFO] [stdout] 2847 |     client_terminal_env: Vec<(String, String)>,
[INFO] [stdout]      |     ------------------------------------------
[INFO] [stdout] help: provide the argument
[INFO] [stdout]      |
[INFO] [stdout] 1226 |             start_processing_message(
[INFO] [stdout]  ...
[INFO] [stdout] 1242 |                 &processing_done_tx,
[INFO] [stdout] 1243 ~                 /* Vec<(String, String)> */,
[INFO] [stdout] 1244 ~                 &SwarmStatusRefs {
[INFO] [stdout]      |
[INFO] [stdout] 
[INFO] [stdout] 
[INFO] [stdout] warning: unused variable: `has_bedrock_creds`
[INFO] [stdout]    --> crates/jcode-base/src/provider/startup.rs:125:13
[INFO] [stdout]     |
[INFO] [stdout] 125 |         let has_bedrock_creds = false;
[INFO] [stdout]     |             ^^^^^^^^^^^^^^^^^ help: if this is intentional, prefix it with an underscore: `_has_bedrock_creds`
[INFO] [stdout]     |
[INFO] [stdout]     = note: `#[warn(unused_variables)]` (part of `#[warn(unused)]`) on by default
[INFO] [stdout] 
[INFO] [stdout] 
[INFO] [stdout] warning: unused variable: `bedrock_provider`
[INFO] [stdout]    --> crates/jcode-base/src/provider/startup.rs:195:13
[INFO] [stdout]     |
[INFO] [stdout] 195 |         let bedrock_provider: Option<std::sync::Arc<dyn Provider>> = None;
[INFO] [stdout]     |             ^^^^^^^^^^^^^^^^ help: if this is intentional, prefix it with an underscore: `_bedrock_provider`
[INFO] [stdout] 
[INFO] [stdout] 
[INFO] [stderr] error: could not compile `jcode-base` (lib test) due to 1 previous error; 3 warnings emitted
[INFO] [stderr] 
[INFO] [stderr] Caused by:
[INFO] [stderr]   process didn't exit successfully: `/opt/rustwide/rustup-home/toolchains/3154cc1a3e6424e44f438a95007d043ed5ceaaf6/bin/rustc --crate-name jcode_base --edition=2024 crates/jcode-base/src/lib.rs --error-format=json --json=diagnostic-rendered-ansi,artifacts,future-incompat,unused-externs-silent --emit=dep-info,metadata -C embed-bitcode=no --test --cfg 'feature="default"' --cfg 'feature="embeddings"' --cfg 'feature="test-support"' --check-cfg 'cfg(docsrs,test)' --check-cfg 'cfg(feature, values("default", "embeddings", "jemalloc", "jemalloc-prof", "test-support"))' -C metadata=71929d0c999af4b4 -C extra-filename=-79cf200c33c60353 --out-dir /opt/rustwide/target/debug/build/jcode-base/79cf200c33c60353/out -C strip=debuginfo -L dependency=/opt/rustwide/target/debug/build/adler2/baf2affde603a1e9/out -L dependency=/opt/rustwide/target/debug/build/ahash/9edad48f71793112/out -L dependency=/opt/rustwide/target/debug/build/aho-corasick/08facb28a024d030/out -L dependency=/opt/rustwide/target/debug/build/allocator-api2/729e101463a88e58/out -L dependency=/opt/rustwide/target/debug/build/anyhow/d62c0fab282ef816/out -L dependency=/opt/rustwide/target/debug/build/anymap3/cac676f954ad3567/out -L dependency=/opt/rustwide/target/debug/build/async-compression/2da16bafad9ef588/out -L dependency=/opt/rustwide/target/debug/build/async-lock/1d4db1887b5aa383/out -L dependency=/opt/rustwide/target/debug/build/async-trait/7822be12d2e3fb4a/out -L dependency=/opt/rustwide/target/debug/build/atomic-waker/8753b50e09f13729/out -L dependency=/opt/rustwide/target/debug/build/aws-lc-rs/a8c6431bc541be4d/out -L dependency=/opt/rustwide/target/debug/build/aws-lc-sys/c2e3497377f8c9bb/out -L dependency=/opt/rustwide/target/debug/build/azure_core/54faa9c93179d048/out -L dependency=/opt/rustwide/target/debug/build/azure_core_macros/2468108cf6c0cb26/out -L dependency=/opt/rustwide/target/debug/build/azure_identity/419b983917476617/out -L dependency=/opt/rustwide/target/debug/build/base64/7af2ccf7e293fcf2/out -L dependency=/opt/rustwide/target/debug/build/base64/7d913c7ebcd05571/out -L dependency=/opt/rustwide/target/debug/build/bit-set/de3b4d040a4f6f81/out -L dependency=/opt/rustwide/target/debug/build/bit-vec/2c61852a992294c7/out -L dependency=/opt/rustwide/target/debug/build/bitflags/987f60b1f3232884/out -L dependency=/opt/rustwide/target/debug/build/block-buffer/284afa3161191861/out -L dependency=/opt/rustwide/target/debug/build/bytemuck/acf8243c20387d6d/out -L dependency=/opt/rustwide/target/debug/build/bytemuck_derive/5fe84062ce5a817e/out -L dependency=/opt/rustwide/target/debug/build/byteorder-lite/359c1739327ea448/out -L dependency=/opt/rustwide/target/debug/build/byteorder/4151a1fac7a25516/out -L dependency=/opt/rustwide/target/debug/build/bytes/a33649b7c0a26d3a/out -L dependency=/opt/rustwide/target/debug/build/castaway/b6220caa40e62894/out -L dependency=/opt/rustwide/target/debug/build/cfg-if/6bef592bf052a9a1/out -L dependency=/opt/rustwide/target/debug/build/chacha20/30e8ba69b1da2ee9/out -L dependency=/opt/rustwide/target/debug/build/chrono/b5cb47a5664a60c7/out -L dependency=/opt/rustwide/target/debug/build/compact_str/f36ebe7082f78d0b/out -L dependency=/opt/rustwide/target/debug/build/compression-codecs/1994b2868a29c09e/out -L dependency=/opt/rustwide/target/debug/build/compression-core/691f66705b715cf8/out -L dependency=/opt/rustwide/target/debug/build/cpufeatures/0ea4a92433402e71/out -L dependency=/opt/rustwide/target/debug/build/cpufeatures/a2f950ba4aa93aa3/out -L dependency=/opt/rustwide/target/debug/build/crc32fast/6a0475069d04c6ad/out -L dependency=/opt/rustwide/target/debug/build/crossbeam-deque/b35da10360453c52/out -L dependency=/opt/rustwide/target/debug/build/crossbeam-epoch/49bccc4ae50a3eb9/out -L dependency=/opt/rustwide/target/debug/build/crossbeam-utils/a889e1fe6f03aa81/out -L dependency=/opt/rustwide/target/debug/build/crossterm/5b16e0493faa99b0/out -L dependency=/opt/rustwide/target/debug/build/crypto-common/4687c043fad5ed14/out -L dependency=/opt/rustwide/target/debug/build/dary_heap/e50e53a3081e0be8/out -L dependency=/opt/rustwide/target/debug/build/data-encoding/9dddb8e64655eea0/out -L dependency=/opt/rustwide/target/debug/build/deranged/60502e91154fd191/out -L dependency=/opt/rustwide/target/debug/build/derive-new/54bac84a1796511f/out -L dependency=/opt/rustwide/target/debug/build/derive_builder/9cde49a44c0bb5b7/out -L dependency=/opt/rustwide/target/debug/build/derive_builder_macro/8b0a089f6d7f1a6f/out -L dependency=/opt/rustwide/target/debug/build/derive_more-impl/3aa45b65692b5a88/out -L dependency=/opt/rustwide/target/debug/build/derive_more/ca1a13a7adb996d5/out -L dependency=/opt/rustwide/target/debug/build/digest/99f0e865bd106ea6/out -L dependency=/opt/rustwide/target/debug/build/dirs-sys/3841ffe91815675e/out -L dependency=/opt/rustwide/target/debug/build/dirs/d5bb581d00f8d7e5/out -L dependency=/opt/rustwide/target/debug/build/displaydoc/81590e49d816039b/out -L dependency=/opt/rustwide/target/debug/build/document-features/484495a42abd1032/out -L dependency=/opt/rustwide/target/debug/build/downcast-rs/f7898219f8db5046/out -L dependency=/opt/rustwide/target/debug/build/dyn-clone/c215564319e4909e/out -L dependency=/opt/rustwide/target/debug/build/dyn-eq/8fbb61ae81c17331/out -L dependency=/opt/rustwide/target/debug/build/dyn-hash/92932ce7706f48d6/out -L dependency=/opt/rustwide/target/debug/build/either/96916e00ed3753e6/out -L dependency=/opt/rustwide/target/debug/build/encoding_rs/4da9c8501ac03503/out -L dependency=/opt/rustwide/target/debug/build/equivalent/b4bbe7ffe1d5e827/out -L dependency=/opt/rustwide/target/debug/build/erased-serde/e2fe3d8dda30f07b/out -L dependency=/opt/rustwide/target/debug/build/errno/8e35fb987cdda1f4/out -L dependency=/opt/rustwide/target/debug/build/esaxx-rs/6d2737bd21201786/out -L dependency=/opt/rustwide/target/debug/build/event-listener-strategy/e66c45307e50b22f/out -L dependency=/opt/rustwide/target/debug/build/event-listener/08bca41a61bf1f9f/out -L dependency=/opt/rustwide/target/debug/build/fastrand/14aaa3b51fc60991/out -L dependency=/opt/rustwide/target/debug/build/fdeflate/78a2c96bea6af1b1/out -L dependency=/opt/rustwide/target/debug/build/filetime/c24973f09fbe956d/out -L dependency=/opt/rustwide/target/debug/build/flate2/1ecf491081cd6ec1/out -L dependency=/opt/rustwide/target/debug/build/float-ord/d937c3b027082fff/out -L dependency=/opt/rustwide/target/debug/build/fnv/6763a6d81e9622d1/out -L dependency=/opt/rustwide/target/debug/build/foldhash/675e98f7996d2f71/out -L dependency=/opt/rustwide/target/debug/build/form_urlencoded/e7b5e49b60591239/out -L dependency=/opt/rustwide/target/debug/build/futures-channel/8806de462839af9f/out -L dependency=/opt/rustwide/target/debug/build/futures-core/6f36c44ab4c42753/out -L dependency=/opt/rustwide/target/debug/build/futures-executor/2434272de3cbc61e/out -L dependency=/opt/rustwide/target/debug/build/futures-io/15320c9e618ae588/out -L dependency=/opt/rustwide/target/debug/build/futures-macro/7c3a6a424b40cf64/out -L dependency=/opt/rustwide/target/debug/build/futures-sink/b03e66058bfd5fd1/out -L dependency=/opt/rustwide/target/debug/build/futures-task/c89c6fc7de127f4c/out -L dependency=/opt/rustwide/target/debug/build/futures-util/3046972e0d6194ca/out -L dependency=/opt/rustwide/target/debug/build/futures/e09e0b4898cca9ed/out -L dependency=/opt/rustwide/target/debug/build/generic-array/393fd8cff5bc699f/out -L dependency=/opt/rustwide/target/debug/build/getopts/992286f2aa5d23b1/out -L dependency=/opt/rustwide/target/debug/build/getrandom/3739586386c48d0d/out -L dependency=/opt/rustwide/target/debug/build/getrandom/52227de92c6a9bd1/out -L dependency=/opt/rustwide/target/debug/build/getrandom/adf144f4d70aa2ae/out -L dependency=/opt/rustwide/target/debug/build/h2/6dabc73d8ad44e1a/out -L dependency=/opt/rustwide/target/debug/build/half/2b176780a4c4455d/out -L dependency=/opt/rustwide/target/debug/build/hashbrown/619ef8e89c2b1d61/out -L dependency=/opt/rustwide/target/debug/build/hashbrown/89c64cdda773c77c/out -L dependency=/opt/rustwide/target/debug/build/hex/70ba1d6285222e3c/out -L dependency=/opt/rustwide/target/debug/build/http-body-util/0b8a67cec4f3fc95/out -L dependency=/opt/rustwide/target/debug/build/http-body/6ad86bb8ccd202e7/out -L dependency=/opt/rustwide/target/debug/build/http/26b3de3f6b611fa8/out -L dependency=/opt/rustwide/target/debug/build/httparse/16c8184430c03b5e/out -L dependency=/opt/rustwide/target/debug/build/httpdate/129d5197059ce5ad/out -L dependency=/opt/rustwide/target/debug/build/hyper-rustls/7a2e32df7493f031/out -L dependency=/opt/rustwide/target/debug/build/hyper-util/15a04eb75f4ca487/out -L dependency=/opt/rustwide/target/debug/build/hyper/0155d746fe1e0c87/out -L dependency=/opt/rustwide/target/debug/build/iana-time-zone/893c20f4154ed467/out -L dependency=/opt/rustwide/target/debug/build/icu_collections/82904bb963d63613/out -L dependency=/opt/rustwide/target/debug/build/icu_locale_core/e06855a6178f7eb6/out -L dependency=/opt/rustwide/target/debug/build/icu_normalizer/ac84a9ae8d29cd17/out -L dependency=/opt/rustwide/target/debug/build/icu_normalizer_data/af99e0e12e8b47ed/out -L dependency=/opt/rustwide/target/debug/build/icu_properties/0c0063d500c6545a/out -L dependency=/opt/rustwide/target/debug/build/icu_properties_data/e8407ca88927b4dd/out -L dependency=/opt/rustwide/target/debug/build/icu_provider/4584a71d29b2b788/out -L dependency=/opt/rustwide/target/debug/build/idna/32b785e4833fb0a5/out -L dependency=/opt/rustwide/target/debug/build/idna_adapter/3b284720bf410447/out -L dependency=/opt/rustwide/target/debug/build/image/c60570d07a4b7ad4/out -L dependency=/opt/rustwide/target/debug/build/indexmap/2ebe541097c562ff/out -L dependency=/opt/rustwide/target/debug/build/inventory/e214bd2505cb0e28/out -L dependency=/opt/rustwide/target/debug/build/ipnet/348089602c80f0f2/out -L dependency=/opt/rustwide/target/debug/build/is-docker/ea19c0e9da71fcc7/out -L dependency=/opt/rustwide/target/debug/build/is-wsl/5b453053f81641f2/out -L dependency=/opt/rustwide/target/debug/build/itertools/c9b175187362683e/out -L dependency=/opt/rustwide/target/debug/build/itoa/8a38105c9a160224/out -L dependency=/opt/rustwide/target/debug/build/jcode-agent-runtime/a68c4ff66458c587/out -L dependency=/opt/rustwide/target/debug/build/jcode-auth-types/fa59964ecfff258d/out -L dependency=/opt/rustwide/target/debug/build/jcode-azure-auth/934e179bf6d61400/out -L dependency=/opt/rustwide/target/debug/build/jcode-background-types/af1c541cb1fd6c88/out -L dependency=/opt/rustwide/target/debug/build/jcode-base/b9d601adb2f1fadc/out -L dependency=/opt/rustwide/target/debug/build/jcode-batch-types/ca26fe7465b62278/out -L dependency=/opt/rustwide/target/debug/build/jcode-build-meta/d508389b4a06a45e/out -L dependency=/opt/rustwide/target/debug/build/jcode-compaction-core/d100e20958f1785a/out -L dependency=/opt/rustwide/target/debug/build/jcode-config-types/c406636fa57de736/out -L dependency=/opt/rustwide/target/debug/build/jcode-core/568bd9c3eef346e9/out -L dependency=/opt/rustwide/target/debug/build/jcode-embedding/66b51d7a275bc1aa/out -L dependency=/opt/rustwide/target/debug/build/jcode-gateway-types/c7b5061284aae3e9/out -L dependency=/opt/rustwide/target/debug/build/jcode-import-core/8b9b9552f01a2506/out -L dependency=/opt/rustwide/target/debug/build/jcode-logging/352aef8081d2bf54/out -L dependency=/opt/rustwide/target/debug/build/jcode-memory-types/69a846eb31b2781e/out -L dependency=/opt/rustwide/target/debug/build/jcode-message-types/5e1947abcf742ee4/out -L dependency=/opt/rustwide/target/debug/build/jcode-plan/a684e031a24eee5f/out -L dependency=/opt/rustwide/target/debug/build/jcode-protocol/f71801f68adfee57/out -L dependency=/opt/rustwide/target/debug/build/jcode-provider-antigravity/42a0ff1aed3a6e8a/out -L dependency=/opt/rustwide/target/debug/build/jcode-provider-core/e2aa86c1abbc6bac/out -L dependency=/opt/rustwide/target/debug/build/jcode-provider-env/d0b1a0de78caeb36/out -L dependency=/opt/rustwide/target/debug/build/jcode-provider-gemini/c6f9d1de808dfefb/out -L dependency=/opt/rustwide/target/debug/build/jcode-provider-metadata/cd2769d4a69c850c/out -L dependency=/opt/rustwide/target/debug/build/jcode-provider-openai/c8688473fdcc9452/out -L dependency=/opt/rustwide/target/debug/build/jcode-provider-openrouter/9d44a8d5cabbb1ff/out -L dependency=/opt/rustwide/target/debug/build/jcode-render-core/c9935b7bdb97b756/out -L dependency=/opt/rustwide/target/debug/build/jcode-schema-dialect/8705896eb895d140/out -L dependency=/opt/rustwide/target/debug/build/jcode-selfdev-types/90dced3b7cb9bab9/out -L dependency=/opt/rustwide/target/debug/build/jcode-session-types/cb2aa70117be7f29/out -L dependency=/opt/rustwide/target/debug/build/jcode-side-panel-types/e0bf7ca6638edc52/out -L dependency=/opt/rustwide/target/debug/build/jcode-storage/53f0bb751512326a/out -L dependency=/opt/rustwide/target/debug/build/jcode-task-types/da9d597cfe48437f/out -L dependency=/opt/rustwide/target/debug/build/jcode-telemetry-core/76930cc7055320c7/out -L dependency=/opt/rustwide/target/debug/build/jcode-terminal-image/aadca43cacb654b5/out -L dependency=/opt/rustwide/target/debug/build/jcode-terminal-launch/98a1da0898b9e372/out -L dependency=/opt/rustwide/target/debug/build/jcode-tool-core/6882f1210cbe137f/out -L dependency=/opt/rustwide/target/debug/build/jcode-tool-types/7ff3f92a8f6dcb51/out -L dependency=/opt/rustwide/target/debug/build/jcode-transport/c8bd2fdf10fc950a/out -L dependency=/opt/rustwide/target/debug/build/jcode-usage-types/2891b3dd7e24e24a/out -L dependency=/opt/rustwide/target/debug/build/lazy_static/dfd976102ed1f705/out -L dependency=/opt/rustwide/target/debug/build/libc/2844cd0faa114d4e/out -L dependency=/opt/rustwide/target/debug/build/libm/b03b913aa9019395/out -L dependency=/opt/rustwide/target/debug/build/linux-raw-sys/6cf9e1d6a8cf6c7d/out -L dependency=/opt/rustwide/target/debug/build/litemap/364b46a1ab12b0ca/out -L dependency=/opt/rustwide/target/debug/build/lock_api/c1e2d9d8f347f01e/out -L dependency=/opt/rustwide/target/debug/build/log/e1fb7946fa8ea91a/out -L dependency=/opt/rustwide/target/debug/build/macro_rules_attribute-proc_macro/877b829fc3a60d02/out -L dependency=/opt/rustwide/target/debug/build/macro_rules_attribute/47c77f47447f875f/out -L dependency=/opt/rustwide/target/debug/build/maplit/427941491cfc80c0/out -L dependency=/opt/rustwide/target/debug/build/matrixmultiply/72df97dbe748b386/out -L dependency=/opt/rustwide/target/debug/build/memchr/5038a1c99620b618/out -L dependency=/opt/rustwide/target/debug/build/memmap2/cf3bc695d301946d/out -L dependency=/opt/rustwide/target/debug/build/memo-map/4f7a9bdaf5b7759c/out -L dependency=/opt/rustwide/target/debug/build/mime/9920daa1dc4b1184/out -L dependency=/opt/rustwide/target/debug/build/minijinja/90e7a5ba4af0023d/out -L dependency=/opt/rustwide/target/debug/build/minimal-lexical/e55384ee86e9c2b7/out -L dependency=/opt/rustwide/target/debug/build/miniz_oxide/3e3fb08c2fb2ea44/out -L dependency=/opt/rustwide/target/debug/build/mio/e8cda945126609c7/out -L dependency=/opt/rustwide/target/debug/build/monostate-impl/7e125aefb96010c1/out -L dependency=/opt/rustwide/target/debug/build/monostate/b37ab7a4e18f19ce/out -L dependency=/opt/rustwide/target/debug/build/moxcms/8be2396fc0535661/out -L dependency=/opt/rustwide/target/debug/build/ndarray/c5c3d6c2f3797ddb/out -L dependency=/opt/rustwide/target/debug/build/nom-language/ec1302994337b757/out -L dependency=/opt/rustwide/target/debug/build/nom/1745f65070f207ef/out -L dependency=/opt/rustwide/target/debug/build/nom/503df43cfc644b20/out -L dependency=/opt/rustwide/target/debug/build/num-complex/f723c6d042f55c8e/out -L dependency=/opt/rustwide/target/debug/build/num-conv/65767cbef5c41713/out -L dependency=/opt/rustwide/target/debug/build/num-integer/b7bea9897bc64584/out -L dependency=/opt/rustwide/target/debug/build/num-traits/5018b4d1ff3814a4/out -L dependency=/opt/rustwide/target/debug/build/num_threads/89959eaf4e74adff/out -L dependency=/opt/rustwide/target/debug/build/once_cell/7304a8652c1d719c/out -L dependency=/opt/rustwide/target/debug/build/onig/6148c6870c9203e6/out -L dependency=/opt/rustwide/target/debug/build/onig_sys/5b8dce833fd0dbcc/out -L dependency=/opt/rustwide/target/debug/build/open/97607272230f3d17/out -L dependency=/opt/rustwide/target/debug/build/openssl-probe/aa7a91beed7d80be/out -L dependency=/opt/rustwide/target/debug/build/option-ext/9366d1dff377aea2/out -L dependency=/opt/rustwide/target/debug/build/parking/41e340529d0a92d4/out -L dependency=/opt/rustwide/target/debug/build/parking_lot/7b5234c55410ec41/out -L dependency=/opt/rustwide/target/debug/build/parking_lot_core/74c07ee4d8540278/out -L dependency=/opt/rustwide/target/debug/build/paste/a403115ca1440fc1/out -L dependency=/opt/rustwide/target/debug/build/pastey/ae3f219e403f5d35/out -L dependency=/opt/rustwide/target/debug/build/percent-encoding/749ad5dd9b94636b/out -L dependency=/opt/rustwide/target/debug/build/pin-project-internal/8dff541ec49cf19a/out -L dependency=/opt/rustwide/target/debug/build/pin-project-lite/b24c4a733b818317/out -L dependency=/opt/rustwide/target/debug/build/pin-project/45be6e38dfebb583/out -L dependency=/opt/rustwide/target/debug/build/png/2e9304c726423f74/out -L dependency=/opt/rustwide/target/debug/build/potential_utf/38f12d0570ad41d2/out -L dependency=/opt/rustwide/target/debug/build/powerfmt/83c7e0cd1834fe57/out -L dependency=/opt/rustwide/target/debug/build/ppv-lite86/9f3517fbcaad46ac/out -L dependency=/opt/rustwide/target/debug/build/primal-check/c2f0497876871639/out -L dependency=/opt/rustwide/target/debug/build/proctitle/20bb11dfe9c07a87/out -L dependency=/opt/rustwide/target/debug/build/prost-derive/b68f01b60e19cd24/out -L dependency=/opt/rustwide/target/debug/build/prost/1f28fd347eb155a3/out -L dependency=/opt/rustwide/target/debug/build/pulldown-cmark-escape/97b420acbf2cd0e6/out -L dependency=/opt/rustwide/target/debug/build/pulldown-cmark/db3674e97c382861/out -L dependency=/opt/rustwide/target/debug/build/pxfm/fe7c8622c71ab99d/out -L dependency=/opt/rustwide/target/debug/build/qrcode/cedc4d14a8217b13/out -L dependency=/opt/rustwide/target/debug/build/rand/40519a78e0ae9636/out -L dependency=/opt/rustwide/target/debug/build/rand/adc10929607c03c3/out -L dependency=/opt/rustwide/target/debug/build/rand/fe564e1ad68a3a00/out -L dependency=/opt/rustwide/target/debug/build/rand_chacha/8b2f5dc0c292c86b/out -L dependency=/opt/rustwide/target/debug/build/rand_chacha/e788c2ecf8582a6a/out -L dependency=/opt/rustwide/target/debug/build/rand_core/053d550c98afd9f0/out -L dependency=/opt/rustwide/target/debug/build/rand_core/5faa5d3ec248d5ce/out -L dependency=/opt/rustwide/target/debug/build/rand_core/ce8d8e6eae378990/out -L dependency=/opt/rustwide/target/debug/build/rand_distr/9c772a9b7a44861e/out -L dependency=/opt/rustwide/target/debug/build/rawpointer/7c92631261eed7be/out -L dependency=/opt/rustwide/target/debug/build/rayon-cond/8b2cc63f9df7eaa7/out -L dependency=/opt/rustwide/target/debug/build/rayon-core/ae05bebd2236d8c8/out -L dependency=/opt/rustwide/target/debug/build/rayon/7847bf4b5596d71b/out -L dependency=/opt/rustwide/target/debug/build/regex-automata/275db9512a440ff7/out -L dependency=/opt/rustwide/target/debug/build/regex-syntax/fd885da0c26f532d/out -L dependency=/opt/rustwide/target/debug/build/regex/8fc61e7664373872/out -L dependency=/opt/rustwide/target/debug/build/reqwest/3e77474ec9eb05cb/out -L dependency=/opt/rustwide/target/debug/build/reqwest/e1a68d80b8c0235e/out -L dependency=/opt/rustwide/target/debug/build/ring/1d8e95206bfa7de7/out -L dependency=/opt/rustwide/target/debug/build/rustfft/283b20e503189da8/out -L dependency=/opt/rustwide/target/debug/build/rustix/211dd3ae902af607/out -L dependency=/opt/rustwide/target/debug/build/rustls-native-certs/71688a466bd311bd/out -L dependency=/opt/rustwide/target/debug/build/rustls-pki-types/505876f47df81e1d/out -L dependency=/opt/rustwide/target/debug/build/rustls-platform-verifier/e7d6f7810813c5da/out -L dependency=/opt/rustwide/target/debug/build/rustls-webpki/851394049b58818f/out -L dependency=/opt/rustwide/target/debug/build/rustls/79d0a741cdedbd13/out -L dependency=/opt/rustwide/target/debug/build/rustversion/c705696e0a2de36a/out -L dependency=/opt/rustwide/target/debug/build/ryu/cee0d08b5d2f76df/out -L dependency=/opt/rustwide/target/debug/build/safetensors/6ab4be7216d43986/out -L dependency=/opt/rustwide/target/debug/build/same-file/1609fa110a31e476/out -L dependency=/opt/rustwide/target/debug/build/scan_fmt/f344bcab5e2774d5/out -L dependency=/opt/rustwide/target/debug/build/scopeguard/376b11b1bd683ac1/out -L dependency=/opt/rustwide/target/debug/build/serde/943764e4c791d23d/out -L dependency=/opt/rustwide/target/debug/build/serde_core/012de28b2520a249/out -L dependency=/opt/rustwide/target/debug/build/serde_derive/33a2e83630c7d526/out -L dependency=/opt/rustwide/target/debug/build/serde_json/69e9b02b0af02d9a/out -L dependency=/opt/rustwide/target/debug/build/serde_spanned/e87ae94b5060a2c3/out -L dependency=/opt/rustwide/target/debug/build/serde_urlencoded/bbeda8e65a2516ec/out -L dependency=/opt/rustwide/target/debug/build/serde_yaml/dcf16f167cd6b4b3/out -L dependency=/opt/rustwide/target/debug/build/sha1/e435356b2f573f89/out -L dependency=/opt/rustwide/target/debug/build/sha1_smol/24c36e70297634b7/out -L dependency=/opt/rustwide/target/debug/build/sha2/885c400d98f13259/out -L dependency=/opt/rustwide/target/debug/build/signal-hook-mio/f3b6661510841cbf/out -L dependency=/opt/rustwide/target/debug/build/signal-hook-registry/6ec03151274ef74e/out -L dependency=/opt/rustwide/target/debug/build/signal-hook/9c71b910acbf05b6/out -L dependency=/opt/rustwide/target/debug/build/simd-adler32/f5049852d0f89b9a/out -L dependency=/opt/rustwide/target/debug/build/slab/ee620776280567ec/out -L dependency=/opt/rustwide/target/debug/build/smallvec/73330e00b42592ab/out -L dependency=/opt/rustwide/target/debug/build/socket2/08bfb32435ce010a/out -L dependency=/opt/rustwide/target/debug/build/spm_precompiled/b14acdae8b5ecf02/out -L dependency=/opt/rustwide/target/debug/build/stable_deref_trait/b737d53d88030fdd/out -L dependency=/opt/rustwide/target/debug/build/static_assertions/c066c5433f91a730/out -L dependency=/opt/rustwide/target/debug/build/strength_reduce/17e1b35cd8bc4eb9/out -L dependency=/opt/rustwide/target/debug/build/string-interner/93717a12b5a7139d/out -L dependency=/opt/rustwide/target/debug/build/subtle/83f7e248daed5e96/out -L dependency=/opt/rustwide/target/debug/build/sync_wrapper/43748ccdd355a71f/out -L dependency=/opt/rustwide/target/debug/build/tar/f4c8c67f1564f6ec/out -L dependency=/opt/rustwide/target/debug/build/tempfile/ca2c961f825abfe1/out -L dependency=/opt/rustwide/target/debug/build/thiserror-impl/213fa2d2a233c2f7/out -L dependency=/opt/rustwide/target/debug/build/thiserror-impl/ff53c68043061108/out -L dependency=/opt/rustwide/target/debug/build/thiserror/2e17cfc8e28fa2a1/out -L dependency=/opt/rustwide/target/debug/build/thiserror/a8b1bbb34917758b/out -L dependency=/opt/rustwide/target/debug/build/time-core/fbc94a9718784076/out -L dependency=/opt/rustwide/target/debug/build/time-macros/bb3d6c214e5193ae/out -L dependency=/opt/rustwide/target/debug/build/time/dffcfd6756c1d7ab/out -L dependency=/opt/rustwide/target/debug/build/tinystr/5e5ef7b05bd781b1/out -L dependency=/opt/rustwide/target/debug/build/tokenizers/0962433ed2b3c635/out -L dependency=/opt/rustwide/target/debug/build/tokio-macros/d14e8f8b4608a66f/out -L dependency=/opt/rustwide/target/debug/build/tokio-rustls/2f47590afc7cb485/out -L dependency=/opt/rustwide/target/debug/build/tokio-stream/87c3f5ac41225d68/out -L dependency=/opt/rustwide/target/debug/build/tokio-tungstenite/85f727b7b1e4387f/out -L dependency=/opt/rustwide/target/debug/build/tokio-util/82d059fe718df08c/out -L dependency=/opt/rustwide/target/debug/build/tokio/d679c38ef00ec3f3/out -L dependency=/opt/rustwide/target/debug/build/toml/1381a7fdbf7b4710/out -L dependency=/opt/rustwide/target/debug/build/toml_datetime/71835225fd0e78b6/out -L dependency=/opt/rustwide/target/debug/build/toml_edit/89eede9dfcd2d263/out -L dependency=/opt/rustwide/target/debug/build/toml_write/e5fda865c0c755e6/out -L dependency=/opt/rustwide/target/debug/build/tower-http/4e1f493b70fdd77c/out -L dependency=/opt/rustwide/target/debug/build/tower-layer/8cdea50370f008b8/out -L dependency=/opt/rustwide/target/debug/build/tower-service/3b3d64d063ec1e99/out -L dependency=/opt/rustwide/target/debug/build/tower/46b763e24dfe8d29/out -L dependency=/opt/rustwide/target/debug/build/tracing-attributes/9787ac4e06c6cb6d/out -L dependency=/opt/rustwide/target/debug/build/tracing-core/35570924bbf626e5/out -L dependency=/opt/rustwide/target/debug/build/tracing/d713a648bbf656f3/out -L dependency=/opt/rustwide/target/debug/build/tract-core/97b2ba5cb0617916/out -L dependency=/opt/rustwide/target/debug/build/tract-data/beb664556b599d93/out -L dependency=/opt/rustwide/target/debug/build/tract-extra/625ee40ed7aaf1f1/out -L dependency=/opt/rustwide/target/debug/build/tract-hir/aed69aece748e5f4/out -L dependency=/opt/rustwide/target/debug/build/tract-linalg/a9312a8a0ae8bbdb/out -L dependency=/opt/rustwide/target/debug/build/tract-nnef/fdb02febb752e90b/out -L dependency=/opt/rustwide/target/debug/build/tract-onnx-opl/22ed6a077ccbf746/out -L dependency=/opt/rustwide/target/debug/build/tract-onnx/d4fe0fcdb70bbdc6/out -L dependency=/opt/rustwide/target/debug/build/tract-pulse-opl/bf91f1c738be7fff/out -L dependency=/opt/rustwide/target/debug/build/tract-pulse/bddc17b92948c156/out -L dependency=/opt/rustwide/target/debug/build/tract-transformers/797b2088a3788866/out -L dependency=/opt/rustwide/target/debug/build/transpose/e130edf5857c5753/out -L dependency=/opt/rustwide/target/debug/build/try-lock/24db70143c814b74/out -L dependency=/opt/rustwide/target/debug/build/tungstenite/d420c6469cd15b0f/out -L dependency=/opt/rustwide/target/debug/build/typeid/6633e6e04eadeea5/out -L dependency=/opt/rustwide/target/debug/build/typenum/b204c0dbab8cb070/out -L dependency=/opt/rustwide/target/debug/build/typespec/58ef46be3127ea6e/out -L dependency=/opt/rustwide/target/debug/build/typespec_client_core/b7deebbb959fa555/out -L dependency=/opt/rustwide/target/debug/build/typespec_macros/c8385ddb330c7008/out -L dependency=/opt/rustwide/target/debug/build/unicase/666b62fb41cb9700/out -L dependency=/opt/rustwide/target/debug/build/unicode-normalization-alignments/2b879c1953d1a7f2/out -L dependency=/opt/rustwide/target/debug/build/unicode-properties/4ceba7da535e3dc5/out -L dependency=/opt/rustwide/target/debug/build/unicode-segmentation/1c9ca03ec07632b3/out -L dependency=/opt/rustwide/target/debug/build/unicode-width/d3b00d0880437b90/out -L dependency=/opt/rustwide/target/debug/build/unicode_categories/b492399d902672d8/out -L dependency=/opt/rustwide/target/debug/build/unsafe-libyaml/91e7fe9df4572411/out -L dependency=/opt/rustwide/target/debug/build/untrusted/7e02377e71a061b7/out -L dependency=/opt/rustwide/target/debug/build/url/462f311fe4fe1fc4/out -L dependency=/opt/rustwide/target/debug/build/urlencoding/88d5d51a2736c424/out -L dependency=/opt/rustwide/target/debug/build/utf-8/8eef0d94ceb6c371/out -L dependency=/opt/rustwide/target/debug/build/utf8_iter/1a14e8e26a1ae649/out -L dependency=/opt/rustwide/target/debug/build/uuid/48082d11bc557f46/out -L dependency=/opt/rustwide/target/debug/build/walkdir/a1d6b12fbe983d77/out -L dependency=/opt/rustwide/target/debug/build/want/d4f844e00426f0f3/out -L dependency=/opt/rustwide/target/debug/build/webpki-roots/e548ae5d9c52bdf0/out -L dependency=/opt/rustwide/target/debug/build/winnow/8aaff295e444d687/out -L dependency=/opt/rustwide/target/debug/build/writeable/bba7a5b37aa5010d/out -L dependency=/opt/rustwide/target/debug/build/xattr/e295975428267188/out -L dependency=/opt/rustwide/target/debug/build/yoke-derive/f54d80b8a766d9df/out -L dependency=/opt/rustwide/target/debug/build/yoke/03276d2454000e54/out -L dependency=/opt/rustwide/target/debug/build/zerocopy-derive/4db29e4f85fb2554/out -L dependency=/opt/rustwide/target/debug/build/zerocopy/66f2ddf39875313e/out -L dependency=/opt/rustwide/target/debug/build/zerofrom-derive/bdb2635b2dc76fbc/out -L dependency=/opt/rustwide/target/debug/build/zerofrom/c68c646e6c0702b7/out -L dependency=/opt/rustwide/target/debug/build/zeroize/1306e6d5e223f6b6/out -L dependency=/opt/rustwide/target/debug/build/zerotrie/723561c80a4e211f/out -L dependency=/opt/rustwide/target/debug/build/zerovec-derive/845ac53fceb2909e/out -L dependency=/opt/rustwide/target/debug/build/zerovec/5685e26135906c6f/out -L dependency=/opt/rustwide/target/debug/build/zmij/491dba77b0ef0567/out -L dependency=/opt/rustwide/target/debug/build/zune-core/da10f5e11eae306d/out -L dependency=/opt/rustwide/target/debug/build/zune-jpeg/310969743b1d6f1d/out --extern anyhow=/opt/rustwide/target/debug/build/anyhow/d62c0fab282ef816/out/libanyhow-d62c0fab282ef816.rmeta --extern async_trait=/opt/rustwide/target/debug/build/async-trait/7822be12d2e3fb4a/out/libasync_trait-7822be12d2e3fb4a.so --extern base64=/opt/rustwide/target/debug/build/base64/7af2ccf7e293fcf2/out/libbase64-7af2ccf7e293fcf2.rmeta --extern chrono=/opt/rustwide/target/debug/build/chrono/b5cb47a5664a60c7/out/libchrono-b5cb47a5664a60c7.rmeta --extern crossterm=/opt/rustwide/target/debug/build/crossterm/5b16e0493faa99b0/out/libcrossterm-5b16e0493faa99b0.rmeta --extern dirs=/opt/rustwide/target/debug/build/dirs/d5bb581d00f8d7e5/out/libdirs-d5bb581d00f8d7e5.rmeta --extern futures=/opt/rustwide/target/debug/build/futures/e09e0b4898cca9ed/out/libfutures-e09e0b4898cca9ed.rmeta --extern hex=/opt/rustwide/target/debug/build/hex/70ba1d6285222e3c/out/libhex-70ba1d6285222e3c.rmeta --extern image=/opt/rustwide/target/debug/build/image/c60570d07a4b7ad4/out/libimage-c60570d07a4b7ad4.rmeta --extern jcode_agent_runtime=/opt/rustwide/target/debug/build/jcode-agent-runtime/a68c4ff66458c587/out/libjcode_agent_runtime-a68c4ff66458c587.rmeta --extern jcode_auth_types=/opt/rustwide/target/debug/build/jcode-auth-types/fa59964ecfff258d/out/libjcode_auth_types-fa59964ecfff258d.rmeta --extern jcode_azure_auth=/opt/rustwide/target/debug/build/jcode-azure-auth/934e179bf6d61400/out/libjcode_azure_auth-934e179bf6d61400.rmeta --extern jcode_background_types=/opt/rustwide/target/debug/build/jcode-background-types/af1c541cb1fd6c88/out/libjcode_background_types-af1c541cb1fd6c88.rmeta --extern jcode_batch_types=/opt/rustwide/target/debug/build/jcode-batch-types/ca26fe7465b62278/out/libjcode_batch_types-ca26fe7465b62278.rmeta --extern jcode_build_meta=/opt/rustwide/target/debug/build/jcode-build-meta/d508389b4a06a45e/out/libjcode_build_meta-d508389b4a06a45e.rmeta --extern jcode_compaction_core=/opt/rustwide/target/debug/build/jcode-compaction-core/d100e20958f1785a/out/libjcode_compaction_core-d100e20958f1785a.rmeta --extern jcode_config_types=/opt/rustwide/target/debug/build/jcode-config-types/c406636fa57de736/out/libjcode_config_types-c406636fa57de736.rmeta --extern jcode_core=/opt/rustwide/target/debug/build/jcode-core/568bd9c3eef346e9/out/libjcode_core-568bd9c3eef346e9.rmeta --extern jcode_embedding=/opt/rustwide/target/debug/build/jcode-embedding/66b51d7a275bc1aa/out/libjcode_embedding-66b51d7a275bc1aa.rmeta --extern jcode_gateway_types=/opt/rustwide/target/debug/build/jcode-gateway-types/c7b5061284aae3e9/out/libjcode_gateway_types-c7b5061284aae3e9.rmeta --extern jcode_import_core=/opt/rustwide/target/debug/build/jcode-import-core/8b9b9552f01a2506/out/libjcode_import_core-8b9b9552f01a2506.rmeta --extern jcode_logging=/opt/rustwide/target/debug/build/jcode-logging/352aef8081d2bf54/out/libjcode_logging-352aef8081d2bf54.rmeta --extern jcode_memory_types=/opt/rustwide/target/debug/build/jcode-memory-types/69a846eb31b2781e/out/libjcode_memory_types-69a846eb31b2781e.rmeta --extern jcode_message_types=/opt/rustwide/target/debug/build/jcode-message-types/5e1947abcf742ee4/out/libjcode_message_types-5e1947abcf742ee4.rmeta --extern jcode_plan=/opt/rustwide/target/debug/build/jcode-plan/a684e031a24eee5f/out/libjcode_plan-a684e031a24eee5f.rmeta --extern jcode_protocol=/opt/rustwide/target/debug/build/jcode-protocol/f71801f68adfee57/out/libjcode_protocol-f71801f68adfee57.rmeta --extern jcode_provider_antigravity=/opt/rustwide/target/debug/build/jcode-provider-antigravity/42a0ff1aed3a6e8a/out/libjcode_provider_antigravity-42a0ff1aed3a6e8a.rmeta --extern jcode_provider_core=/opt/rustwide/target/debug/build/jcode-provider-core/e2aa86c1abbc6bac/out/libjcode_provider_core-e2aa86c1abbc6bac.rmeta --extern jcode_provider_env=/opt/rustwide/target/debug/build/jcode-provider-env/d0b1a0de78caeb36/out/libjcode_provider_env-d0b1a0de78caeb36.rmeta --extern jcode_provider_gemini=/opt/rustwide/target/debug/build/jcode-provider-gemini/c6f9d1de808dfefb/out/libjcode_provider_gemini-c6f9d1de808dfefb.rmeta --extern jcode_provider_metadata=/opt/rustwide/target/debug/build/jcode-provider-metadata/cd2769d4a69c850c/out/libjcode_provider_metadata-cd2769d4a69c850c.rmeta --extern jcode_provider_openai=/opt/rustwide/target/debug/build/jcode-provider-openai/c8688473fdcc9452/out/libjcode_provider_openai-c8688473fdcc9452.rmeta --extern jcode_provider_openrouter=/opt/rustwide/target/debug/build/jcode-provider-openrouter/9d44a8d5cabbb1ff/out/libjcode_provider_openrouter-9d44a8d5cabbb1ff.rmeta --extern jcode_provider_openrouter_runtime=/opt/rustwide/target/debug/build/jcode-provider-openrouter-runtime/b0f6caf9ca0bd6bb/out/libjcode_provider_openrouter_runtime-b0f6caf9ca0bd6bb.rmeta --extern jcode_render_core=/opt/rustwide/target/debug/build/jcode-render-core/c9935b7bdb97b756/out/libjcode_render_core-c9935b7bdb97b756.rmeta --extern jcode_session_types=/opt/rustwide/target/debug/build/jcode-session-types/cb2aa70117be7f29/out/libjcode_session_types-cb2aa70117be7f29.rmeta --extern jcode_side_panel_types=/opt/rustwide/target/debug/build/jcode-side-panel-types/e0bf7ca6638edc52/out/libjcode_side_panel_types-e0bf7ca6638edc52.rmeta --extern jcode_storage=/opt/rustwide/target/debug/build/jcode-storage/53f0bb751512326a/out/libjcode_storage-53f0bb751512326a.rmeta --extern jcode_task_types=/opt/rustwide/target/debug/build/jcode-task-types/da9d597cfe48437f/out/libjcode_task_types-da9d597cfe48437f.rmeta --extern jcode_telemetry_core=/opt/rustwide/target/debug/build/jcode-telemetry-core/76930cc7055320c7/out/libjcode_telemetry_core-76930cc7055320c7.rmeta --extern jcode_terminal_image=/opt/rustwide/target/debug/build/jcode-terminal-image/aadca43cacb654b5/out/libjcode_terminal_image-aadca43cacb654b5.rmeta --extern jcode_terminal_launch=/opt/rustwide/target/debug/build/jcode-terminal-launch/98a1da0898b9e372/out/libjcode_terminal_launch-98a1da0898b9e372.rmeta --extern jcode_tool_core=/opt/rustwide/target/debug/build/jcode-tool-core/6882f1210cbe137f/out/libjcode_tool_core-6882f1210cbe137f.rmeta --extern jcode_tool_types=/opt/rustwide/target/debug/build/jcode-tool-types/7ff3f92a8f6dcb51/out/libjcode_tool_types-7ff3f92a8f6dcb51.rmeta --extern jcode_transport=/opt/rustwide/target/debug/build/jcode-transport/c8bd2fdf10fc950a/out/libjcode_transport-c8bd2fdf10fc950a.rmeta --extern jcode_usage_types=/opt/rustwide/target/debug/build/jcode-usage-types/2891b3dd7e24e24a/out/libjcode_usage_types-2891b3dd7e24e24a.rmeta --extern libc=/opt/rustwide/target/debug/build/libc/2844cd0faa114d4e/out/liblibc-2844cd0faa114d4e.rmeta --extern open=/opt/rustwide/target/debug/build/open/97607272230f3d17/out/libopen-97607272230f3d17.rmeta --extern proctitle=/opt/rustwide/target/debug/build/proctitle/20bb11dfe9c07a87/out/libproctitle-20bb11dfe9c07a87.rmeta --extern qrcode=/opt/rustwide/target/debug/build/qrcode/cedc4d14a8217b13/out/libqrcode-cedc4d14a8217b13.rmeta --extern rand=/opt/rustwide/target/debug/build/rand/fe564e1ad68a3a00/out/librand-fe564e1ad68a3a00.rmeta --extern regex=/opt/rustwide/target/debug/build/regex/8fc61e7664373872/out/libregex-8fc61e7664373872.rmeta --extern reqwest=/opt/rustwide/target/debug/build/reqwest/e1a68d80b8c0235e/out/libreqwest-e1a68d80b8c0235e.rmeta --extern serde=/opt/rustwide/target/debug/build/serde/943764e4c791d23d/out/libserde-943764e4c791d23d.rmeta --extern serde_json=/opt/rustwide/target/debug/build/serde_json/69e9b02b0af02d9a/out/libserde_json-69e9b02b0af02d9a.rmeta --extern serde_yaml=/opt/rustwide/target/debug/build/serde_yaml/dcf16f167cd6b4b3/out/libserde_yaml-dcf16f167cd6b4b3.rmeta --extern sha2=/opt/rustwide/target/debug/build/sha2/885c400d98f13259/out/libsha2-885c400d98f13259.rmeta --extern tempfile=/opt/rustwide/target/debug/build/tempfile/ca2c961f825abfe1/out/libtempfile-ca2c961f825abfe1.rmeta --extern tokio=/opt/rustwide/target/debug/build/tokio/d679c38ef00ec3f3/out/libtokio-d679c38ef00ec3f3.rmeta --extern tokio_tungstenite=/opt/rustwide/target/debug/build/tokio-tungstenite/85f727b7b1e4387f/out/libtokio_tungstenite-85f727b7b1e4387f.rmeta --extern toml=/opt/rustwide/target/debug/build/toml/1381a7fdbf7b4710/out/libtoml-1381a7fdbf7b4710.rmeta --extern url=/opt/rustwide/target/debug/build/url/462f311fe4fe1fc4/out/liburl-462f311fe4fe1fc4.rmeta --extern urlencoding=/opt/rustwide/target/debug/build/urlencoding/88d5d51a2736c424/out/liburlencoding-88d5d51a2736c424.rmeta --extern uuid=/opt/rustwide/target/debug/build/uuid/48082d11bc557f46/out/libuuid-48082d11bc557f46.rmeta --cap-lints=forbid -Znext-solver=coherence --force-warn=unused_crate_dependencies -L native=/opt/rustwide/target/debug/build/aws-lc-sys/eb2015df90504ac0/out -L native=/opt/rustwide/target/debug/build/ring/f6b25e7f17672dc0/out -L native=/opt/rustwide/target/debug/build/onig_sys/3c6991c66b7a8d69/out -L native=/opt/rustwide/target/debug/build/tract-linalg/9d34430aab41f26c/out -L native=/opt/rustwide/target/debug/build/tract-linalg/9d34430aab41f26c/out -L native=/opt/rustwide/target/debug/build/tract-linalg/9d34430aab41f26c/out -L native=/opt/rustwide/target/debug/build/tract-linalg/9d34430aab41f26c/out -L native=/opt/rustwide/target/debug/build/tract-linalg/9d34430aab41f26c/out` (signal: 9, SIGKILL: kill)
[INFO] [stdout] For more information about this error, try `rustc --explain E0061`.
[INFO] [stdout] 
[INFO] [stderr] error: could not compile `jcode-app-core` (lib test) due to 4 previous errors; 2 warnings emitted
[INFO] [stderr] warning: unused dependency `dirs`
[INFO] [stderr]   --> crates/jcode-schema-dialect/Cargo.toml:12:1
[INFO] [stderr]    |
[INFO] [stderr] 12 | dirs = "5"
[INFO] [stderr]    | ^^^^^^^^^^
[INFO] [stderr]    |
[INFO] [stderr]    = note: `cargo::unused_dependencies` is set to `warn` by default
[INFO] [stderr] help: consider removing the dependency on `dirs`
[INFO] [stderr] warning: `jcode-schema-dialect` (manifest) generated 1 warning
[INFO] [stderr] warning: unused dependency `jcode-terminal-launch`
[INFO] [stderr]   --> crates/jcode-setup-hints/Cargo.toml:19:1
[INFO] [stderr]    |
[INFO] [stderr] 19 | jcode-terminal-launch = { path = "../jcode-terminal-launch" }
[INFO] [stderr]    | ^^^^^^^^^^^^^^^^^^^^^^^^^^^^^^^^^^^^^^^^^^^^^^^^^^^^^^^^^^^^^
[INFO] [stderr]    |
[INFO] [stderr]    = note: `cargo::unused_dependencies` is set to `warn` by default
[INFO] [stderr] help: consider removing the dependency on `jcode-terminal-launch`
[INFO] [stderr] warning: `jcode-setup-hints` (manifest) generated 1 warning
[INFO] running `Command { std: "docker" "inspect" "28ec7297aed88f26b6edfb2d3c443e9b2ff008717bbac679aac644da010364ee", kill_on_drop: false }`
[INFO] running `Command { std: "docker" "rm" "-f" "28ec7297aed88f26b6edfb2d3c443e9b2ff008717bbac679aac644da010364ee", kill_on_drop: false }`
[INFO] [stdout] 28ec7297aed88f26b6edfb2d3c443e9b2ff008717bbac679aac644da010364ee
