[INFO] cloning repository https://github.com/fabiogreter/lily-qwen3.8-flash-next
[INFO] running `Command { std: "git" "-c" "credential.helper=" "-c" "credential.helper=/workspace/cargo-home/bin/git-credential-null" "clone" "--bare" "https://github.com/fabiogreter/lily-qwen3.8-flash-next" "/workspace/cache/git-repos/https%3A%2F%2Fgithub.com%2Ffabiogreter%2Flily-qwen3.8-flash-next", kill_on_drop: false }`
[INFO] [stderr] Cloning into bare repository '/workspace/cache/git-repos/https%3A%2F%2Fgithub.com%2Ffabiogreter%2Flily-qwen3.8-flash-next'...
[INFO] running `Command { std: "git" "rev-parse" "HEAD", kill_on_drop: false }`
[INFO] [stdout] 13f7b540937dfafb33184aa0162a0e2d0fbfe65a
[INFO] checking fabiogreter/lily-qwen3.8-flash-next against 3154cc1a3e6424e44f438a95007d043ed5ceaaf6 for pr-133502-30
[INFO] running `Command { std: "git" "clone" "/workspace/cache/git-repos/https%3A%2F%2Fgithub.com%2Ffabiogreter%2Flily-qwen3.8-flash-next" "/workspace/builds/worker-0-tc2/source", kill_on_drop: false }`
[INFO] [stderr] Cloning into '/workspace/builds/worker-0-tc2/source'...
[INFO] [stderr] done.
[INFO] removed /workspace/builds/worker-0-tc2/source/rust-toolchain.toml
[INFO] started tweaking git repo https://github.com/fabiogreter/lily-qwen3.8-flash-next
[INFO] finished tweaking git repo https://github.com/fabiogreter/lily-qwen3.8-flash-next
[INFO] tweaked toml for git repo https://github.com/fabiogreter/lily-qwen3.8-flash-next written to /workspace/builds/worker-0-tc2/source/Cargo.toml
[INFO] validating manifest of git repo https://github.com/fabiogreter/lily-qwen3.8-flash-next on toolchain 3154cc1a3e6424e44f438a95007d043ed5ceaaf6
[INFO] running `Command { std: CARGO_HOME="/workspace/cargo-home" RUSTUP_HOME="/workspace/rustup-home" "/workspace/cargo-home/bin/cargo" "+3154cc1a3e6424e44f438a95007d043ed5ceaaf6" "metadata" "--manifest-path" "Cargo.toml" "--no-deps", kill_on_drop: false }`
[INFO] crate git repo https://github.com/fabiogreter/lily-qwen3.8-flash-next already has a lockfile, it will not be regenerated
[INFO] running `Command { std: CARGO_HOME="/workspace/cargo-home" RUSTUP_HOME="/workspace/rustup-home" "/workspace/cargo-home/bin/cargo" "+3154cc1a3e6424e44f438a95007d043ed5ceaaf6" "fetch" "--manifest-path" "Cargo.toml", kill_on_drop: false }`
[INFO] running `Command { std: "docker" "create" "-v" "/var/lib/crater-agent-workspace/builds/worker-0-tc2/source:/opt/rustwide/workdir:ro,Z" "-v" "/var/lib/crater-agent-workspace/builds/worker-0-tc2/target:/opt/rustwide/target:rw,Z" "-v" "/var/lib/crater-agent-workspace/cargo-home:/opt/rustwide/cargo-home:ro,Z" "-v" "/var/lib/crater-agent-workspace/rustup-home:/opt/rustwide/rustup-home:ro,Z" "-m" "1610612736" "--network" "none" "ghcr.io/rust-lang/crates-build-env/linux@sha256:77db811e55d90add9212f6832c23229e3de5f1c1f9905e8cb07319ea15df73ac" "sleep" "infinity", kill_on_drop: false }`
[INFO] [stdout] c93db1c2386d46f54f51daa42c8207692968215f2616ba6b30e2614ebf54ec14
[INFO] running `Command { std: "docker" "start" "c93db1c2386d46f54f51daa42c8207692968215f2616ba6b30e2614ebf54ec14", kill_on_drop: false }`
[INFO] running `Command { std: "docker" "inspect" "c93db1c2386d46f54f51daa42c8207692968215f2616ba6b30e2614ebf54ec14", kill_on_drop: false }`
[INFO] running `Command { std: "docker" "exec" "-e" "SOURCE_DIR=/opt/rustwide/workdir" "-e" "CARGO_HOME=/opt/rustwide/cargo-home" "-e" "RUSTUP_HOME=/opt/rustwide/rustup-home" "-e" "CARGO_TARGET_DIR=/opt/rustwide/target" "-w" "/opt/rustwide/workdir" "--user" "0:0" "c93db1c2386d46f54f51daa42c8207692968215f2616ba6b30e2614ebf54ec14" "/opt/rustwide/cargo-home/bin/cargo" "+3154cc1a3e6424e44f438a95007d043ed5ceaaf6" "metadata" "--no-deps" "--format-version=1", kill_on_drop: false }`
[INFO] running `Command { std: "docker" "inspect" "c93db1c2386d46f54f51daa42c8207692968215f2616ba6b30e2614ebf54ec14", kill_on_drop: false }`
[INFO] running `Command { std: "docker" "exec" "-e" "SOURCE_DIR=/opt/rustwide/workdir" "-e" "CARGO_HOME=/opt/rustwide/cargo-home" "-e" "RUSTUP_HOME=/opt/rustwide/rustup-home" "-e" "CARGO_TARGET_DIR=/opt/rustwide/target" "-e" "CARGO_INCREMENTAL=0" "-e" "RUST_BACKTRACE=full" "-e" "RUSTFLAGS=--cap-lints=forbid" "-e" "RUSTDOCFLAGS=--cap-lints=forbid" "-w" "/opt/rustwide/workdir" "--user" "0:0" "c93db1c2386d46f54f51daa42c8207692968215f2616ba6b30e2614ebf54ec14" "/opt/rustwide/cargo-home/bin/cargo" "+3154cc1a3e6424e44f438a95007d043ed5ceaaf6" "check" "--frozen" "--all" "--all-targets" "--message-format=json", kill_on_drop: false }`
[INFO] [stderr]    Compiling proc-macro2 v1.0.107
[INFO] [stderr]    Compiling libc v0.2.189
[INFO] [stderr]    Compiling serde_core v1.0.229
[INFO] [stderr]    Compiling serde v1.0.229
[INFO] [stderr]    Compiling quote v1.0.47
[INFO] [stderr]    Compiling fnv v1.0.7
[INFO] [stderr]    Compiling getrandom v0.3.4
[INFO] [stderr]    Compiling zmij v1.0.23
[INFO] [stderr]    Compiling cc v1.4.4
[INFO] [stderr]    Compiling serde_json v1.0.151
[INFO] [stderr]    Compiling rustversion v1.0.23
[INFO] [stderr]    Compiling crc32fast v1.5.2
[INFO] [stderr]     Checking either v1.18.0
[INFO] [stderr]    Compiling ahash v0.8.12
[INFO] [stderr]     Checking aho-corasick v1.1.5
[INFO] [stderr]     Checking regex-syntax v0.8.11
[INFO] [stderr]     Checking bitflags v2.13.1
[INFO] [stderr]    Compiling esaxx-rs v0.1.10
[INFO] [stderr]    Compiling syn v2.0.119
[INFO] [stderr]    Compiling syn v3.0.4
[INFO] [stderr]     Checking nom v7.1.3
[INFO] [stderr]     Checking castaway v0.2.4
[INFO] [stderr]     Checking rand_core v0.9.5
[INFO] [stderr]     Checking rayon v1.12.0
[INFO] [stderr]     Checking itertools v0.14.0
[INFO] [stderr]    Compiling onig_sys v69.9.3
[INFO] [stderr]     Checking regex-automata v0.4.18
[INFO] [stderr]     Checking miniz_oxide v0.9.1
[INFO] [stderr]    Compiling pastey v0.2.3
[INFO] [stderr]    Compiling anyhow v1.0.104
[INFO] [stderr]    Compiling macro_rules_attribute-proc_macro v0.2.3
[INFO] [stderr]     Checking memo-map v0.3.3
[INFO] [stderr]     Checking base64 v0.13.1
[INFO] [stderr]     Checking smallvec v1.15.2
[INFO] [stderr]     Checking clap_builder v4.6.6
[INFO] [stderr]     Checking macro_rules_attribute v0.2.3
[INFO] [stderr]     Checking rayon-cond v0.4.0
[INFO] [stderr]     Checking unicode-normalization-alignments v0.1.12
[INFO] [stderr]     Checking flate2 v1.1.10
[INFO] [stderr]     Checking fdeflate v0.3.7
[INFO] [stderr]     Checking zune-core v0.5.3
[INFO] [stderr]     Checking regex v1.13.1
[INFO] [stderr]     Checking unicode_categories v0.1.1
[INFO] [stderr]     Checking log v0.4.34
[INFO] [stderr]    Compiling darling_core v0.20.11
[INFO] [stderr]     Checking png v0.18.1
[INFO] [stderr]     Checking zune-jpeg v0.5.15
[INFO] [stderr]     Checking getrandom v0.2.17
[INFO] [stderr]     Checking rand_core v0.6.4
[INFO] [stderr]    Compiling serde_derive v1.0.229
[INFO] [stderr]    Compiling bytemuck_derive v1.12.0
[INFO] [stderr]    Compiling thiserror-impl v2.0.20
[INFO] [stderr]    Compiling clap_derive v4.6.4
[INFO] [stderr]    Compiling zerocopy-derive v0.8.56
[INFO] [stderr]    Compiling monostate-impl v0.1.18
[INFO] [stderr]     Checking onig v6.5.3
[INFO] [stderr]     Checking monostate v0.1.18
[INFO] [stderr]     Checking bytemuck v1.25.2
[INFO] [stderr]     Checking thiserror v2.0.20
[INFO] [stderr]    Compiling darling_macro v0.20.11
[INFO] [stderr]     Checking clap v4.6.6
[INFO] [stderr]    Compiling darling v0.20.11
[INFO] [stderr]    Compiling derive_builder_core v0.20.2
[INFO] [stderr]     Checking zerocopy v0.8.56
[INFO] [stderr]    Compiling derive_builder_macro v0.20.2
[INFO] [stderr]     Checking derive_builder v0.20.2
[INFO] [stderr]     Checking compact_str v0.9.1
[INFO] [stderr]     Checking spm_precompiled v0.1.4
[INFO] [stderr]     Checking minijinja v2.24.0
[INFO] [stderr]     Checking dary_heap v0.3.9
[INFO] [stderr]     Checking minijinja-contrib v2.24.0
[INFO] [stderr]     Checking ppv-lite86 v0.2.21
[INFO] [stderr]     Checking half v2.7.1
[INFO] [stderr]     Checking rand_chacha v0.9.0
[INFO] [stderr]     Checking rand_chacha v0.3.1
[INFO] [stderr]     Checking rand v0.9.5
[INFO] [stderr]     Checking rand v0.8.8
[INFO] [stderr]     Checking tokenizers v0.21.4
[INFO] [stderr]     Checking lily v0.1.0 (/opt/rustwide/workdir)
[INFO] [stdout] error[E0433]: cannot find module or crate `objc2` in this scope
[INFO] [stdout]   --> src/activity.rs:16:5
[INFO] [stdout]    |
[INFO] [stdout] 16 | use objc2::rc::Retained;
[INFO] [stdout]    |     ^^^^^ use of unresolved module or unlinked crate `objc2`
[INFO] [stdout]    |
[INFO] [stdout]    = help: if you wanted to use a crate named `objc2`, use `cargo add objc2` to add it to your `Cargo.toml`
[INFO] [stdout] 
[INFO] [stdout] 
[INFO] [stdout] error[E0433]: cannot find module or crate `objc2` in this scope
[INFO] [stdout]   --> src/activity.rs:17:5
[INFO] [stdout]    |
[INFO] [stdout] 17 | use objc2::runtime::{NSObjectProtocol, ProtocolObject};
[INFO] [stdout]    |     ^^^^^ use of unresolved module or unlinked crate `objc2`
[INFO] [stdout]    |
[INFO] [stdout]    = help: if you wanted to use a crate named `objc2`, use `cargo add objc2` to add it to your `Cargo.toml`
[INFO] [stdout] 
[INFO] [stdout] 
[INFO] [stdout] error[E0432]: unresolved import `objc2_foundation`
[INFO] [stdout]   --> src/activity.rs:18:5
[INFO] [stdout]    |
[INFO] [stdout] 18 | use objc2_foundation::{NSActivityOptions, NSProcessInfo, NSString};
[INFO] [stdout]    |     ^^^^^^^^^^^^^^^^ use of unresolved module or unlinked crate `objc2_foundation`
[INFO] [stdout]    |
[INFO] [stdout]    = help: if you wanted to use a crate named `objc2_foundation`, use `cargo add objc2_foundation` to add it to your `Cargo.toml`
[INFO] [stdout] 
[INFO] [stdout] 
[INFO] [stdout] warning: unused import: `anyhow::bail`
[INFO] [stdout]    --> src/lib.rs:111:5
[INFO] [stdout]     |
[INFO] [stdout] 111 | use anyhow::bail;
[INFO] [stdout]     |     ^^^^^^^^^^^^
[INFO] [stdout]     |
[INFO] [stdout]     = note: `#[warn(unused_imports)]` (part of `#[warn(unused)]`) on by default
[INFO] [stdout] 
[INFO] [stdout] 
[INFO] [stdout] error[E0433]: cannot find module or crate `objc2` in this scope
[INFO] [stdout]   --> src/activity.rs:16:5
[INFO] [stdout]    |
[INFO] [stdout] 16 | use objc2::rc::Retained;
[INFO] [stdout]    |     ^^^^^ use of unresolved module or unlinked crate `objc2`
[INFO] [stdout]    |
[INFO] [stdout]    = help: if you wanted to use a crate named `objc2`, use `cargo add objc2` to add it to your `Cargo.toml`
[INFO] [stdout] 
[INFO] [stdout] 
[INFO] [stdout] error[E0433]: cannot find module or crate `objc2` in this scope
[INFO] [stdout]   --> src/activity.rs:17:5
[INFO] [stdout]    |
[INFO] [stdout] 17 | use objc2::runtime::{NSObjectProtocol, ProtocolObject};
[INFO] [stdout]    |     ^^^^^ use of unresolved module or unlinked crate `objc2`
[INFO] [stdout]    |
[INFO] [stdout]    = help: if you wanted to use a crate named `objc2`, use `cargo add objc2` to add it to your `Cargo.toml`
[INFO] [stdout] 
[INFO] [stdout] 
[INFO] [stdout] error[E0432]: unresolved import `objc2_foundation`
[INFO] [stdout]   --> src/activity.rs:18:5
[INFO] [stdout]    |
[INFO] [stdout] 18 | use objc2_foundation::{NSActivityOptions, NSProcessInfo, NSString};
[INFO] [stdout]    |     ^^^^^^^^^^^^^^^^ use of unresolved module or unlinked crate `objc2_foundation`
[INFO] [stdout]    |
[INFO] [stdout]    = help: if you wanted to use a crate named `objc2_foundation`, use `cargo add objc2_foundation` to add it to your `Cargo.toml`
[INFO] [stdout] 
[INFO] [stdout] 
[INFO] [stdout] warning: unused import: `anyhow::bail`
[INFO] [stdout]    --> src/lib.rs:111:5
[INFO] [stdout]     |
[INFO] [stdout] 111 | use anyhow::bail;
[INFO] [stdout]     |     ^^^^^^^^^^^^
[INFO] [stdout]     |
[INFO] [stdout]     = note: `#[warn(unused_imports)]` (part of `#[warn(unused)]`) on by default
[INFO] [stdout] 
[INFO] [stdout] 
[INFO] [stdout] Some errors have detailed explanations: E0432, E0433.
[INFO] [stdout] 
[INFO] [stdout] For more information about an error, try `rustc --explain E0432`.
[INFO] [stdout] 
[INFO] [stderr] error: could not compile `lily` (lib test) due to 3 previous errors; 1 warning emitted
[INFO] [stderr] warning: build failed, waiting for other jobs to finish...
[INFO] [stdout] Some errors have detailed explanations: E0432, E0433.
[INFO] [stdout] 
[INFO] [stdout] For more information about an error, try `rustc --explain E0432`.
[INFO] [stdout] 
[INFO] [stderr] error: could not compile `lily` (lib) due to 3 previous errors; 1 warning emitted
[INFO] running `Command { std: "docker" "inspect" "c93db1c2386d46f54f51daa42c8207692968215f2616ba6b30e2614ebf54ec14", kill_on_drop: false }`
[INFO] running `Command { std: "docker" "rm" "-f" "c93db1c2386d46f54f51daa42c8207692968215f2616ba6b30e2614ebf54ec14", kill_on_drop: false }`
[INFO] [stdout] c93db1c2386d46f54f51daa42c8207692968215f2616ba6b30e2614ebf54ec14
