[INFO] cloning repository https://github.com/eye-wave/webvtables
[INFO] running `Command { std: "git" "-c" "credential.helper=" "-c" "credential.helper=/workspace/cargo-home/bin/git-credential-null" "clone" "--bare" "https://github.com/eye-wave/webvtables" "/workspace/cache/git-repos/https%3A%2F%2Fgithub.com%2Feye-wave%2Fwebvtables", kill_on_drop: false }`
[INFO] [stderr] Cloning into bare repository '/workspace/cache/git-repos/https%3A%2F%2Fgithub.com%2Feye-wave%2Fwebvtables'...
[INFO] running `Command { std: "git" "rev-parse" "HEAD", kill_on_drop: false }`
[INFO] [stdout] 04e3d04c6919ccefc1617af2d97dc30d78956c8b
[INFO] checking eye-wave/webvtables against 3154cc1a3e6424e44f438a95007d043ed5ceaaf6+rustflags=-Znext-solver=coherence for pr-133502-30
[INFO] running `Command { std: "git" "clone" "/workspace/cache/git-repos/https%3A%2F%2Fgithub.com%2Feye-wave%2Fwebvtables" "/workspace/builds/worker-3-tc1/source", kill_on_drop: false }`
[INFO] [stderr] Cloning into '/workspace/builds/worker-3-tc1/source'...
[INFO] [stderr] done.
[INFO] removed /workspace/builds/worker-3-tc1/source/.cargo/config.toml
[INFO] removed /workspace/builds/worker-3-tc1/source/rust-toolchain.toml
[INFO] started tweaking git repo https://github.com/eye-wave/webvtables
[INFO] finished tweaking git repo https://github.com/eye-wave/webvtables
[INFO] tweaked toml for git repo https://github.com/eye-wave/webvtables written to /workspace/builds/worker-3-tc1/source/Cargo.toml
[INFO] validating manifest of git repo https://github.com/eye-wave/webvtables on toolchain 3154cc1a3e6424e44f438a95007d043ed5ceaaf6
[INFO] running `Command { std: CARGO_HOME="/workspace/cargo-home" RUSTUP_HOME="/workspace/rustup-home" "/workspace/cargo-home/bin/cargo" "+3154cc1a3e6424e44f438a95007d043ed5ceaaf6" "metadata" "--manifest-path" "Cargo.toml" "--no-deps", kill_on_drop: false }`
[INFO] crate git repo https://github.com/eye-wave/webvtables already has a lockfile, it will not be regenerated
[INFO] running `Command { std: CARGO_HOME="/workspace/cargo-home" RUSTUP_HOME="/workspace/rustup-home" "/workspace/cargo-home/bin/cargo" "+3154cc1a3e6424e44f438a95007d043ed5ceaaf6" "fetch" "--manifest-path" "Cargo.toml", kill_on_drop: false }`
[INFO] [stderr]     Updating crates.io index
[INFO] [stderr]  Downloading crates ...
[INFO] [stderr]   Downloaded dlmalloc v0.2.14
[INFO] [stderr]   Downloaded microfft v0.6.0
[INFO] running `Command { std: "docker" "create" "-v" "/var/lib/crater-agent-workspace/builds/worker-3-tc1/source:/opt/rustwide/workdir:ro,Z" "-v" "/var/lib/crater-agent-workspace/builds/worker-3-tc1/target:/opt/rustwide/target:rw,Z" "-v" "/var/lib/crater-agent-workspace/cargo-home:/opt/rustwide/cargo-home:ro,Z" "-v" "/var/lib/crater-agent-workspace/rustup-home:/opt/rustwide/rustup-home:ro,Z" "-m" "1610612736" "--network" "none" "ghcr.io/rust-lang/crates-build-env/linux@sha256:77db811e55d90add9212f6832c23229e3de5f1c1f9905e8cb07319ea15df73ac" "sleep" "infinity", kill_on_drop: false }`
[INFO] [stdout] 0fbec1c957c857e801bd4e8e7b5bc44f807eee58b2fea1c844f5cce86bfd5f59
[INFO] running `Command { std: "docker" "start" "0fbec1c957c857e801bd4e8e7b5bc44f807eee58b2fea1c844f5cce86bfd5f59", kill_on_drop: false }`
[INFO] running `Command { std: "docker" "inspect" "0fbec1c957c857e801bd4e8e7b5bc44f807eee58b2fea1c844f5cce86bfd5f59", kill_on_drop: false }`
[INFO] running `Command { std: "docker" "exec" "-e" "SOURCE_DIR=/opt/rustwide/workdir" "-e" "CARGO_HOME=/opt/rustwide/cargo-home" "-e" "RUSTUP_HOME=/opt/rustwide/rustup-home" "-e" "CARGO_TARGET_DIR=/opt/rustwide/target" "-w" "/opt/rustwide/workdir" "--user" "0:0" "0fbec1c957c857e801bd4e8e7b5bc44f807eee58b2fea1c844f5cce86bfd5f59" "/opt/rustwide/cargo-home/bin/cargo" "+3154cc1a3e6424e44f438a95007d043ed5ceaaf6" "metadata" "--no-deps" "--format-version=1", kill_on_drop: false }`
[INFO] running `Command { std: "docker" "inspect" "0fbec1c957c857e801bd4e8e7b5bc44f807eee58b2fea1c844f5cce86bfd5f59", kill_on_drop: false }`
[INFO] running `Command { std: "docker" "exec" "-e" "SOURCE_DIR=/opt/rustwide/workdir" "-e" "CARGO_HOME=/opt/rustwide/cargo-home" "-e" "RUSTUP_HOME=/opt/rustwide/rustup-home" "-e" "CARGO_TARGET_DIR=/opt/rustwide/target" "-e" "CARGO_INCREMENTAL=0" "-e" "RUST_BACKTRACE=full" "-e" "RUSTFLAGS=--cap-lints=forbid -Znext-solver=coherence" "-e" "RUSTDOCFLAGS=--cap-lints=forbid" "-w" "/opt/rustwide/workdir" "--user" "0:0" "0fbec1c957c857e801bd4e8e7b5bc44f807eee58b2fea1c844f5cce86bfd5f59" "/opt/rustwide/cargo-home/bin/cargo" "+3154cc1a3e6424e44f438a95007d043ed5ceaaf6" "check" "--frozen" "--all" "--all-targets" "--message-format=json", kill_on_drop: false }`
[INFO] [stderr]    Compiling num-traits v0.2.19
[INFO] [stderr]    Compiling libc v0.2.190
[INFO] [stderr]     Checking cfg-if v1.0.5
[INFO] [stderr]     Checking bitflags v2.13.2
[INFO] [stderr]     Checking num-complex v0.4.6
[INFO] [stderr]     Checking microfft v0.6.0
[INFO] [stderr]     Checking dlmalloc v0.2.14
[INFO] [stderr]     Checking webvtlabes v0.1.0 (/opt/rustwide/workdir)
[INFO] [stdout] error[E0433]: cannot find `wasm32` in `arch`
[INFO] [stdout]   --> src/lib.rs:27:17
[INFO] [stdout]    |
[INFO] [stdout] 27 |     core::arch::wasm32::unreachable()
[INFO] [stdout]    |                 ^^^^^^ could not find `wasm32` in `arch`
[INFO] [stdout] 
[INFO] [stdout] 
[INFO] [stdout] error: unwinding panics are not supported without std
[INFO] [stdout]   |
[INFO] [stdout]   = help: using nightly cargo, use -Zbuild-std with panic="abort" to avoid unwinding
[INFO] [stdout]   = note: since the core library is usually precompiled with panic="unwind", rebuilding your crate with panic="abort" may not be enough to fix the problem
[INFO] [stdout] 
[INFO] [stdout] 
[INFO] [stdout] error[E0599]: no method named `sqrt` found for type `f32` in the current scope
[INFO] [stdout]   --> src/ffi.rs:80:11
[INFO] [stdout]    |
[INFO] [stdout] 80 |         x.sqrt()
[INFO] [stdout]    |           ^^^^ method not found in `f32`
[INFO] [stdout] 
[INFO] [stdout] 
[INFO] [stdout] error[E0599]: no method named `floor` found for type `f64` in the current scope
[INFO] [stdout]    --> src/ffi.rs:93:11
[INFO] [stdout]     |
[INFO] [stdout]  93 |         x.floor()
[INFO] [stdout]     |           ^^^^^ method not found in `f64`
[INFO] [stdout]     |
[INFO] [stdout]    ::: /opt/rustwide/cargo-home/registry/src/index.crates.io-1949cf8c6b5b557f/num-traits-0.2.19/src/float.rs:318:8
[INFO] [stdout]     |
[INFO] [stdout] 318 |     fn floor(self) -> Self {
[INFO] [stdout]     |        ----- the method is available for `f64` here
[INFO] [stdout]     |
[INFO] [stdout]     = help: items from traits can only be used if the trait is in scope
[INFO] [stdout] help: trait `FloatCore` which provides `floor` is implemented but not in scope; perhaps you want to import it
[INFO] [stdout]     |
[INFO] [stdout]   1 + use num_traits::float::FloatCore;
[INFO] [stdout]     |
[INFO] [stdout] 
[INFO] [stdout] 
[INFO] [stdout] Some errors have detailed explanations: E0433, E0599.
[INFO] [stdout] 
[INFO] [stdout] For more information about an error, try `rustc --explain E0433`.
[INFO] [stdout] 
[INFO] [stderr] error: could not compile `webvtlabes` (lib) due to 4 previous errors
[INFO] [stderr] warning: build failed, waiting for other jobs to finish...
[INFO] running `Command { std: "docker" "inspect" "0fbec1c957c857e801bd4e8e7b5bc44f807eee58b2fea1c844f5cce86bfd5f59", kill_on_drop: false }`
[INFO] running `Command { std: "docker" "rm" "-f" "0fbec1c957c857e801bd4e8e7b5bc44f807eee58b2fea1c844f5cce86bfd5f59", kill_on_drop: false }`
[INFO] [stdout] 0fbec1c957c857e801bd4e8e7b5bc44f807eee58b2fea1c844f5cce86bfd5f59
