[INFO] cloning repository https://github.com/ex5-internal/signal
[INFO] running `Command { std: "git" "-c" "credential.helper=" "-c" "credential.helper=/workspace/cargo-home/bin/git-credential-null" "clone" "--bare" "https://github.com/ex5-internal/signal" "/workspace/cache/git-repos/https%3A%2F%2Fgithub.com%2Fex5-internal%2Fsignal", kill_on_drop: false }`
[INFO] [stderr] Cloning into bare repository '/workspace/cache/git-repos/https%3A%2F%2Fgithub.com%2Fex5-internal%2Fsignal'...
[INFO] running `Command { std: "git" "rev-parse" "HEAD", kill_on_drop: false }`
[INFO] [stdout] 0104be8b632d5e4e5aa909f96fcb36bd1336b2e0
[INFO] checking ex5-internal/signal against 3154cc1a3e6424e44f438a95007d043ed5ceaaf6+rustflags=-Znext-solver=coherence for pr-133502-30
[INFO] running `Command { std: "git" "clone" "/workspace/cache/git-repos/https%3A%2F%2Fgithub.com%2Fex5-internal%2Fsignal" "/workspace/builds/worker-3-tc1/source", kill_on_drop: false }`
[INFO] [stderr] Cloning into '/workspace/builds/worker-3-tc1/source'...
[INFO] [stderr] done.
[INFO] started tweaking git repo https://github.com/ex5-internal/signal
[INFO] finished tweaking git repo https://github.com/ex5-internal/signal
[INFO] tweaked toml for git repo https://github.com/ex5-internal/signal written to /workspace/builds/worker-3-tc1/source/Cargo.toml
[INFO] validating manifest of git repo https://github.com/ex5-internal/signal on toolchain 3154cc1a3e6424e44f438a95007d043ed5ceaaf6
[INFO] running `Command { std: CARGO_HOME="/workspace/cargo-home" RUSTUP_HOME="/workspace/rustup-home" "/workspace/cargo-home/bin/cargo" "+3154cc1a3e6424e44f438a95007d043ed5ceaaf6" "metadata" "--manifest-path" "Cargo.toml" "--no-deps", kill_on_drop: false }`
[INFO] crate git repo https://github.com/ex5-internal/signal already has a lockfile, it will not be regenerated
[INFO] running `Command { std: CARGO_HOME="/workspace/cargo-home" RUSTUP_HOME="/workspace/rustup-home" "/workspace/cargo-home/bin/cargo" "+3154cc1a3e6424e44f438a95007d043ed5ceaaf6" "fetch" "--manifest-path" "Cargo.toml", kill_on_drop: false }`
[INFO] [stderr]  Downloading crates ...
[INFO] [stderr]   Downloaded tungstenite v0.24.0
[INFO] [stderr]   Downloaded tokio-tungstenite v0.24.0
[INFO] running `Command { std: "docker" "create" "-v" "/var/lib/crater-agent-workspace/builds/worker-3-tc1/source:/opt/rustwide/workdir:ro,Z" "-v" "/var/lib/crater-agent-workspace/builds/worker-3-tc1/target:/opt/rustwide/target:rw,Z" "-v" "/var/lib/crater-agent-workspace/cargo-home:/opt/rustwide/cargo-home:ro,Z" "-v" "/var/lib/crater-agent-workspace/rustup-home:/opt/rustwide/rustup-home:ro,Z" "-m" "1610612736" "--network" "none" "ghcr.io/rust-lang/crates-build-env/linux@sha256:77db811e55d90add9212f6832c23229e3de5f1c1f9905e8cb07319ea15df73ac" "sleep" "infinity", kill_on_drop: false }`
[INFO] [stdout] 047ae03b8768ff8b71cb31c739c9a74d1abf7fc37b314742f27f7ca621c044ad
[INFO] running `Command { std: "docker" "start" "047ae03b8768ff8b71cb31c739c9a74d1abf7fc37b314742f27f7ca621c044ad", kill_on_drop: false }`
[INFO] running `Command { std: "docker" "inspect" "047ae03b8768ff8b71cb31c739c9a74d1abf7fc37b314742f27f7ca621c044ad", kill_on_drop: false }`
[INFO] running `Command { std: "docker" "exec" "-e" "SOURCE_DIR=/opt/rustwide/workdir" "-e" "CARGO_HOME=/opt/rustwide/cargo-home" "-e" "RUSTUP_HOME=/opt/rustwide/rustup-home" "-e" "CARGO_TARGET_DIR=/opt/rustwide/target" "-w" "/opt/rustwide/workdir" "--user" "0:0" "047ae03b8768ff8b71cb31c739c9a74d1abf7fc37b314742f27f7ca621c044ad" "/opt/rustwide/cargo-home/bin/cargo" "+3154cc1a3e6424e44f438a95007d043ed5ceaaf6" "metadata" "--no-deps" "--format-version=1", kill_on_drop: false }`
[INFO] running `Command { std: "docker" "inspect" "047ae03b8768ff8b71cb31c739c9a74d1abf7fc37b314742f27f7ca621c044ad", kill_on_drop: false }`
[INFO] running `Command { std: "docker" "exec" "-e" "SOURCE_DIR=/opt/rustwide/workdir" "-e" "CARGO_HOME=/opt/rustwide/cargo-home" "-e" "RUSTUP_HOME=/opt/rustwide/rustup-home" "-e" "CARGO_TARGET_DIR=/opt/rustwide/target" "-e" "CARGO_INCREMENTAL=0" "-e" "RUST_BACKTRACE=full" "-e" "RUSTFLAGS=--cap-lints=forbid -Znext-solver=coherence" "-e" "RUSTDOCFLAGS=--cap-lints=forbid" "-w" "/opt/rustwide/workdir" "--user" "0:0" "047ae03b8768ff8b71cb31c739c9a74d1abf7fc37b314742f27f7ca621c044ad" "/opt/rustwide/cargo-home/bin/cargo" "+3154cc1a3e6424e44f438a95007d043ed5ceaaf6" "check" "--frozen" "--all" "--all-targets" "--message-format=json", kill_on_drop: false }`
[INFO] [stderr]    Compiling libc v0.2.189
[INFO] [stderr]    Compiling zerocopy v0.8.56
[INFO] [stderr]     Checking typenum v1.20.1
[INFO] [stderr]     Checking sinyal-proto v0.1.0 (/opt/rustwide/workdir/crates/sinyal-proto)
[INFO] [stderr]     Checking sinyal-shm v0.1.0 (/opt/rustwide/workdir/crates/sinyal-shm)
[INFO] [stderr]    Compiling serde_core v1.0.229
[INFO] [stderr]    Compiling generic-array v0.14.7
[INFO] [stderr]    Compiling zmij v1.0.23
[INFO] [stderr]     Checking http v1.5.0
[INFO] [stderr]    Compiling serde v1.0.229
[INFO] [stderr]     Checking futures-core v0.3.33
[INFO] [stderr]     Checking futures-task v0.3.33
[INFO] [stderr]     Checking slab v0.4.12
[INFO] [stderr]    Compiling syn v3.0.3
[INFO] [stderr]    Compiling syn v2.0.119
[INFO] [stderr]     Checking log v0.4.33
[INFO] [stderr]     Checking utf-8 v0.7.6
[INFO] [stderr]     Checking futures-sink v0.3.33
[INFO] [stderr]     Checking futures-util v0.3.33
[INFO] [stderr]     Checking sinyal-bridge v0.1.0 (/opt/rustwide/workdir/crates/sinyal-bridge)
[INFO] [stdout] error[E0432]: unresolved imports `sinyal_shm::current_thread_id`, `sinyal_shm::InstanceLock`, `sinyal_shm::SharedMem`
[INFO] [stdout]   --> crates/sinyal-bridge/src/hist.rs:37:18
[INFO] [stdout]    |
[INFO] [stdout] 37 | use sinyal_shm::{current_thread_id, InstanceLock, SharedMem};
[INFO] [stdout]    |                  ^^^^^^^^^^^^^^^^^  ^^^^^^^^^^^^  ^^^^^^^^^ no `SharedMem` in the root
[INFO] [stdout]    |                  |                  |
[INFO] [stdout]    |                  |                  no `InstanceLock` in the root
[INFO] [stdout]    |                  no `current_thread_id` in the root
[INFO] [stdout] 
[INFO] [stdout] 
[INFO] [stdout] error[E0432]: unresolved imports `sinyal_shm::current_thread_id`, `sinyal_shm::InstanceLock`, `sinyal_shm::SharedMem`
[INFO] [stdout]   --> crates/sinyal-bridge/src/session.rs:14:18
[INFO] [stdout]    |
[INFO] [stdout] 14 | use sinyal_shm::{current_thread_id, InstanceLock, SharedMem};
[INFO] [stdout]    |                  ^^^^^^^^^^^^^^^^^  ^^^^^^^^^^^^  ^^^^^^^^^ no `SharedMem` in the root
[INFO] [stdout]    |                  |                  |
[INFO] [stdout]    |                  |                  no `InstanceLock` in the root
[INFO] [stdout]    |                  no `current_thread_id` in the root
[INFO] [stdout] 
[INFO] [stdout] 
[INFO] [stdout] error[E0425]: cannot find function `qpc` in crate `sinyal_shm`
[INFO] [stdout]    --> crates/sinyal-bridge/src/ffi.rs:400:17
[INFO] [stdout]     |
[INFO] [stdout] 400 |     sinyal_shm::qpc()
[INFO] [stdout]     |                 ^^^ not found in `sinyal_shm`
[INFO] [stdout] 
[INFO] [stdout] 
[INFO] [stdout] error[E0425]: cannot find function `qpc_frequency` in crate `sinyal_shm`
[INFO] [stdout]    --> crates/sinyal-bridge/src/ffi.rs:406:17
[INFO] [stdout]     |
[INFO] [stdout] 406 |     sinyal_shm::qpc_frequency()
[INFO] [stdout]     |                 ^^^^^^^^^^^^^ not found in `sinyal_shm`
[INFO] [stdout] 
[INFO] [stdout] 
[INFO] [stdout] error[E0425]: cannot find function `qpc` in crate `sinyal_shm`
[INFO] [stdout]    --> crates/sinyal-bridge/src/ffi.rs:469:35
[INFO] [stdout]     |
[INFO] [stdout] 469 |             recv_qpc: sinyal_shm::qpc(),
[INFO] [stdout]     |                                   ^^^ not found in `sinyal_shm`
[INFO] [stdout] 
[INFO] [stdout] 
[INFO] [stdout] error[E0425]: cannot find function `qpc` in crate `sinyal_shm`
[INFO] [stdout]    --> crates/sinyal-bridge/src/ffi.rs:511:31
[INFO] [stdout]     |
[INFO] [stdout] 511 |         let qpc = sinyal_shm::qpc();
[INFO] [stdout]     |                               ^^^ not found in `sinyal_shm`
[INFO] [stdout] 
[INFO] [stdout] 
[INFO] [stdout] error[E0425]: cannot find type `ShmError` in crate `sinyal_shm`
[INFO] [stdout]   --> crates/sinyal-bridge/src/session.rs:48:21
[INFO] [stdout]    |
[INFO] [stdout] 48 |     Shm(sinyal_shm::ShmError),
[INFO] [stdout]    |                     ^^^^^^^^ not found in `sinyal_shm`
[INFO] [stdout] 
[INFO] [stdout] 
[INFO] [stdout] error[E0425]: cannot find type `ShmError` in crate `sinyal_shm`
[INFO] [stdout]   --> crates/sinyal-bridge/src/session.rs:82:23
[INFO] [stdout]    |
[INFO] [stdout] 82 | impl From<sinyal_shm::ShmError> for SessionError {
[INFO] [stdout]    |                       ^^^^^^^^ not found in `sinyal_shm`
[INFO] [stdout] 
[INFO] [stdout] 
[INFO] [stdout] error[E0425]: cannot find type `ShmError` in crate `sinyal_shm`
[INFO] [stdout]   --> crates/sinyal-bridge/src/session.rs:83:28
[INFO] [stdout]    |
[INFO] [stdout] 83 |     fn from(e: sinyal_shm::ShmError) -> Self {
[INFO] [stdout]    |                            ^^^^^^^^ not found in `sinyal_shm`
[INFO] [stdout] 
[INFO] [stdout] 
[INFO] [stdout] error[E0425]: cannot find function `qpc` in crate `sinyal_shm`
[INFO] [stdout]    --> crates/sinyal-bridge/src/session.rs:546:29
[INFO] [stdout]     |
[INFO] [stdout] 546 |                 sinyal_shm::qpc(),
[INFO] [stdout]     |                             ^^^ not found in `sinyal_shm`
[INFO] [stdout] 
[INFO] [stdout] 
[INFO] [stdout] error[E0432]: unresolved imports `sinyal_shm::current_thread_id`, `sinyal_shm::InstanceLock`, `sinyal_shm::SharedMem`
[INFO] [stdout]   --> crates/sinyal-bridge/src/hist.rs:37:18
[INFO] [stdout]    |
[INFO] [stdout] 37 | use sinyal_shm::{current_thread_id, InstanceLock, SharedMem};
[INFO] [stdout]    |                  ^^^^^^^^^^^^^^^^^  ^^^^^^^^^^^^  ^^^^^^^^^ no `SharedMem` in the root
[INFO] [stdout]    |                  |                  |
[INFO] [stdout]    |                  |                  no `InstanceLock` in the root
[INFO] [stdout]    |                  no `current_thread_id` in the root
[INFO] [stdout] 
[INFO] [stdout] 
[INFO] [stdout] error[E0432]: unresolved imports `sinyal_shm::current_thread_id`, `sinyal_shm::InstanceLock`, `sinyal_shm::SharedMem`
[INFO] [stdout]   --> crates/sinyal-bridge/src/session.rs:14:18
[INFO] [stdout]    |
[INFO] [stdout] 14 | use sinyal_shm::{current_thread_id, InstanceLock, SharedMem};
[INFO] [stdout]    |                  ^^^^^^^^^^^^^^^^^  ^^^^^^^^^^^^  ^^^^^^^^^ no `SharedMem` in the root
[INFO] [stdout]    |                  |                  |
[INFO] [stdout]    |                  |                  no `InstanceLock` in the root
[INFO] [stdout]    |                  no `current_thread_id` in the root
[INFO] [stdout]    |
[INFO] [stdout]    = note: unresolved item `crate::hist::tests::current_thread_id` exists but is inaccessible
[INFO] [stdout]    = note: unresolved item `crate::hist::tests::InstanceLock` exists but is inaccessible
[INFO] [stdout]    = note: unresolved item `crate::hist::tests::SharedMem` exists but is inaccessible
[INFO] [stdout] 
[INFO] [stdout] 
[INFO] [stdout] error[E0433]: cannot find `ShmError` in `sinyal_shm`
[INFO] [stdout]    --> crates/sinyal-bridge/src/hist.rs:540:57
[INFO] [stdout]     |
[INFO] [stdout] 540 |             matches!(err, SessionError::Shm(sinyal_shm::ShmError::InstanceBusy(_))),
[INFO] [stdout]     |                                                         ^^^^^^^^ could not find `ShmError` in `sinyal_shm`
[INFO] [stdout] 
[INFO] [stdout] 
[INFO] [stdout] error[E0433]: cannot find `ShmError` in `sinyal_shm`
[INFO] [stdout]    --> crates/sinyal-bridge/src/session.rs:950:57
[INFO] [stdout]     |
[INFO] [stdout] 950 |             matches!(err, SessionError::Shm(sinyal_shm::ShmError::InstanceBusy(_))),
[INFO] [stdout]     |                                                         ^^^^^^^^ could not find `ShmError` in `sinyal_shm`
[INFO] [stdout] 
[INFO] [stdout] 
[INFO] [stdout] Some errors have detailed explanations: E0425, E0432.
[INFO] [stdout] 
[INFO] [stdout] For more information about an error, try `rustc --explain E0425`.
[INFO] [stdout] 
[INFO] [stdout] error[E0425]: cannot find function `qpc` in crate `sinyal_shm`
[INFO] [stdout]    --> crates/sinyal-bridge/src/ffi.rs:400:17
[INFO] [stdout]     |
[INFO] [stdout] 400 |     sinyal_shm::qpc()
[INFO] [stdout]     |                 ^^^ not found in `sinyal_shm`
[INFO] [stdout] 
[INFO] [stdout] 
[INFO] [stdout] error[E0425]: cannot find function `qpc_frequency` in crate `sinyal_shm`
[INFO] [stdout]    --> crates/sinyal-bridge/src/ffi.rs:406:17
[INFO] [stdout]     |
[INFO] [stdout] 406 |     sinyal_shm::qpc_frequency()
[INFO] [stdout]     |                 ^^^^^^^^^^^^^ not found in `sinyal_shm`
[INFO] [stdout] 
[INFO] [stdout] 
[INFO] [stdout] error[E0425]: cannot find function `qpc` in crate `sinyal_shm`
[INFO] [stdout]    --> crates/sinyal-bridge/src/ffi.rs:469:35
[INFO] [stdout]     |
[INFO] [stdout] 469 |             recv_qpc: sinyal_shm::qpc(),
[INFO] [stdout]     |                                   ^^^ not found in `sinyal_shm`
[INFO] [stdout] 
[INFO] [stdout] 
[INFO] [stdout] error[E0425]: cannot find function `qpc` in crate `sinyal_shm`
[INFO] [stdout]    --> crates/sinyal-bridge/src/ffi.rs:511:31
[INFO] [stdout]     |
[INFO] [stdout] 511 |         let qpc = sinyal_shm::qpc();
[INFO] [stdout]     |                               ^^^ not found in `sinyal_shm`
[INFO] [stdout] 
[INFO] [stdout] 
[INFO] [stdout] error[E0425]: cannot find type `ShmError` in crate `sinyal_shm`
[INFO] [stdout]   --> crates/sinyal-bridge/src/session.rs:48:21
[INFO] [stdout]    |
[INFO] [stdout] 48 |     Shm(sinyal_shm::ShmError),
[INFO] [stdout]    |                     ^^^^^^^^ not found in `sinyal_shm`
[INFO] [stdout] 
[INFO] [stdout] 
[INFO] [stdout] error[E0425]: cannot find type `ShmError` in crate `sinyal_shm`
[INFO] [stdout]   --> crates/sinyal-bridge/src/session.rs:82:23
[INFO] [stdout]    |
[INFO] [stdout] 82 | impl From<sinyal_shm::ShmError> for SessionError {
[INFO] [stdout]    |                       ^^^^^^^^ not found in `sinyal_shm`
[INFO] [stdout] 
[INFO] [stdout] 
[INFO] [stdout] error[E0425]: cannot find type `ShmError` in crate `sinyal_shm`
[INFO] [stdout]   --> crates/sinyal-bridge/src/session.rs:83:28
[INFO] [stdout]    |
[INFO] [stdout] 83 |     fn from(e: sinyal_shm::ShmError) -> Self {
[INFO] [stdout]    |                            ^^^^^^^^ not found in `sinyal_shm`
[INFO] [stdout] 
[INFO] [stdout] 
[INFO] [stdout] error[E0425]: cannot find function `qpc` in crate `sinyal_shm`
[INFO] [stdout]    --> crates/sinyal-bridge/src/session.rs:546:29
[INFO] [stdout]     |
[INFO] [stdout] 546 |                 sinyal_shm::qpc(),
[INFO] [stdout]     |                             ^^^ not found in `sinyal_shm`
[INFO] [stdout] 
[INFO] [stdout] 
[INFO] [stdout] error[E0425]: cannot find function `qpc` in crate `sinyal_shm`
[INFO] [stdout]    --> crates/sinyal-bridge/src/session.rs:668:35
[INFO] [stdout]     |
[INFO] [stdout] 668 |             recv_qpc: sinyal_shm::qpc(),
[INFO] [stdout]     |                                   ^^^ not found in `sinyal_shm`
[INFO] [stdout] 
[INFO] [stdout] 
[INFO] [stderr] error: could not compile `sinyal-bridge` (lib) due to 10 previous errors
[INFO] [stderr] warning: build failed, waiting for other jobs to finish...
[INFO] [stdout] Some errors have detailed explanations: E0425, E0432, E0433.
[INFO] [stdout] 
[INFO] [stdout] For more information about an error, try `rustc --explain E0425`.
[INFO] [stdout] 
[INFO] [stderr] error: could not compile `sinyal-bridge` (lib test) due to 13 previous errors
[INFO] running `Command { std: "docker" "inspect" "047ae03b8768ff8b71cb31c739c9a74d1abf7fc37b314742f27f7ca621c044ad", kill_on_drop: false }`
[INFO] running `Command { std: "docker" "rm" "-f" "047ae03b8768ff8b71cb31c739c9a74d1abf7fc37b314742f27f7ca621c044ad", kill_on_drop: false }`
[INFO] [stdout] 047ae03b8768ff8b71cb31c739c9a74d1abf7fc37b314742f27f7ca621c044ad
