[INFO] cloning repository https://github.com/evecus/openlist-rs
[INFO] running `Command { std: "git" "-c" "credential.helper=" "-c" "credential.helper=/workspace/cargo-home/bin/git-credential-null" "clone" "--bare" "https://github.com/evecus/openlist-rs" "/workspace/cache/git-repos/https%3A%2F%2Fgithub.com%2Fevecus%2Fopenlist-rs", kill_on_drop: false }`
[INFO] [stderr] Cloning into bare repository '/workspace/cache/git-repos/https%3A%2F%2Fgithub.com%2Fevecus%2Fopenlist-rs'...
[INFO] running `Command { std: "git" "rev-parse" "HEAD", kill_on_drop: false }`
[INFO] [stdout] a857d6f9733d4cffcb6e2374d1e0050f22cc28c0
[INFO] checking evecus/openlist-rs against 3154cc1a3e6424e44f438a95007d043ed5ceaaf6+rustflags=-Znext-solver=coherence for pr-133502-30
[INFO] running `Command { std: "git" "clone" "/workspace/cache/git-repos/https%3A%2F%2Fgithub.com%2Fevecus%2Fopenlist-rs" "/workspace/builds/worker-1-tc1/source", kill_on_drop: false }`
[INFO] [stderr] Cloning into '/workspace/builds/worker-1-tc1/source'...
[INFO] [stderr] done.
[INFO] started tweaking git repo https://github.com/evecus/openlist-rs
[INFO] finished tweaking git repo https://github.com/evecus/openlist-rs
[INFO] tweaked toml for git repo https://github.com/evecus/openlist-rs written to /workspace/builds/worker-1-tc1/source/Cargo.toml
[INFO] validating manifest of git repo https://github.com/evecus/openlist-rs on toolchain 3154cc1a3e6424e44f438a95007d043ed5ceaaf6
[INFO] running `Command { std: CARGO_HOME="/workspace/cargo-home" RUSTUP_HOME="/workspace/rustup-home" "/workspace/cargo-home/bin/cargo" "+3154cc1a3e6424e44f438a95007d043ed5ceaaf6" "metadata" "--manifest-path" "Cargo.toml" "--no-deps", kill_on_drop: false }`
[INFO] crate git repo https://github.com/evecus/openlist-rs already has a lockfile, it will not be regenerated
[INFO] running `Command { std: CARGO_HOME="/workspace/cargo-home" RUSTUP_HOME="/workspace/rustup-home" "/workspace/cargo-home/bin/cargo" "+3154cc1a3e6424e44f438a95007d043ed5ceaaf6" "fetch" "--manifest-path" "Cargo.toml", kill_on_drop: false }`
[INFO] [stderr]  Downloading crates ...
[INFO] [stderr]   Downloaded russh-keys v0.45.0
[INFO] [stderr]   Downloaded russh-sftp v2.4.0
[INFO] [stderr]   Downloaded russh-cryptovec v0.7.3
[INFO] [stderr]   Downloaded russh v0.45.0
[INFO] running `Command { std: "docker" "create" "-v" "/var/lib/crater-agent-workspace/builds/worker-1-tc1/source:/opt/rustwide/workdir:ro,Z" "-v" "/var/lib/crater-agent-workspace/builds/worker-1-tc1/target:/opt/rustwide/target:rw,Z" "-v" "/var/lib/crater-agent-workspace/cargo-home:/opt/rustwide/cargo-home:ro,Z" "-v" "/var/lib/crater-agent-workspace/rustup-home:/opt/rustwide/rustup-home:ro,Z" "-m" "1610612736" "--network" "none" "ghcr.io/rust-lang/crates-build-env/linux@sha256:77db811e55d90add9212f6832c23229e3de5f1c1f9905e8cb07319ea15df73ac" "sleep" "infinity", kill_on_drop: false }`
[INFO] [stdout] 9f6d94b85702873c4aabaaeade669c61082a912cdf0cef78bc547f578e021fc7
[INFO] running `Command { std: "docker" "start" "9f6d94b85702873c4aabaaeade669c61082a912cdf0cef78bc547f578e021fc7", kill_on_drop: false }`
[INFO] running `Command { std: "docker" "inspect" "9f6d94b85702873c4aabaaeade669c61082a912cdf0cef78bc547f578e021fc7", kill_on_drop: false }`
[INFO] running `Command { std: "docker" "exec" "-e" "SOURCE_DIR=/opt/rustwide/workdir" "-e" "CARGO_HOME=/opt/rustwide/cargo-home" "-e" "RUSTUP_HOME=/opt/rustwide/rustup-home" "-e" "CARGO_TARGET_DIR=/opt/rustwide/target" "-w" "/opt/rustwide/workdir" "--user" "0:0" "9f6d94b85702873c4aabaaeade669c61082a912cdf0cef78bc547f578e021fc7" "/opt/rustwide/cargo-home/bin/cargo" "+3154cc1a3e6424e44f438a95007d043ed5ceaaf6" "metadata" "--no-deps" "--format-version=1", kill_on_drop: false }`
[INFO] running `Command { std: "docker" "inspect" "9f6d94b85702873c4aabaaeade669c61082a912cdf0cef78bc547f578e021fc7", kill_on_drop: false }`
[INFO] running `Command { std: "docker" "exec" "-e" "SOURCE_DIR=/opt/rustwide/workdir" "-e" "CARGO_HOME=/opt/rustwide/cargo-home" "-e" "RUSTUP_HOME=/opt/rustwide/rustup-home" "-e" "CARGO_TARGET_DIR=/opt/rustwide/target" "-e" "CARGO_INCREMENTAL=0" "-e" "RUST_BACKTRACE=full" "-e" "RUSTFLAGS=--cap-lints=forbid -Znext-solver=coherence" "-e" "RUSTDOCFLAGS=--cap-lints=forbid" "-w" "/opt/rustwide/workdir" "--user" "0:0" "9f6d94b85702873c4aabaaeade669c61082a912cdf0cef78bc547f578e021fc7" "/opt/rustwide/cargo-home/bin/cargo" "+3154cc1a3e6424e44f438a95007d043ed5ceaaf6" "check" "--frozen" "--all" "--all-targets" "--message-format=json", kill_on_drop: false }`
[INFO] [stderr]     Checking cfg-if v1.0.5
[INFO] [stderr]    Compiling unicode-ident v1.0.26
[INFO] [stderr]     Checking smallvec v1.16.1
[INFO] [stderr]     Checking base64ct v1.8.3
[INFO] [stderr]    Compiling zerocopy v0.8.57
[INFO] [stderr]     Checking getrandom v0.2.17
[INFO] [stderr]     Checking generic-array v0.14.7
[INFO] [stderr]    Compiling num-traits v0.2.19
[INFO] [stderr]    Compiling find-msvc-tools v0.1.13
[INFO] [stderr]    Compiling proc-macro2 v1.0.107
[INFO] [stderr]     Checking spin v0.9.9
[INFO] [stderr]    Compiling crc32fast v1.5.2
[INFO] [stderr]     Checking tracing v0.1.44
[INFO] [stderr]     Checking simd-adler32 v0.3.10
[INFO] [stderr]    Compiling curve25519-dalek v4.1.3
[INFO] [stderr]    Compiling num-bigint-dig v0.8.6
[INFO] [stderr]    Compiling rustls v0.23.45
[INFO] [stderr]    Compiling digest v0.11.3
[INFO] [stderr]     Checking parking_lot_core v0.9.12
[INFO] [stderr]     Checking rand_core v0.6.4
[INFO] [stderr]    Compiling cc v1.4.7
[INFO] [stderr]     Checking lazy_static v1.5.0
[INFO] [stderr]     Checking crypto-common v0.2.2
[INFO] [stderr]     Checking bitflags v2.13.2
[INFO] [stderr]     Checking compression-core v0.4.33
[INFO] [stderr]     Checking miniz_oxide v0.9.1
[INFO] [stderr]    Compiling sha2 v0.11.0
[INFO] [stderr]    Compiling mime_guess v2.0.5
[INFO] [stderr]     Checking pem-rfc7468 v0.7.0
[INFO] [stderr]    Compiling multer v3.1.0
[INFO] [stderr]     Checking parking_lot v0.12.5
[INFO] [stderr]     Checking cookie v0.18.2
[INFO] [stderr]     Checking webpki-roots v1.0.9
[INFO] [stderr]     Checking der v0.7.10
[INFO] [stderr]     Checking russh-cryptovec v0.7.3
[INFO] [stderr]     Checking ff v0.13.1
[INFO] [stderr]     Checking password-hash v0.4.2
[INFO] [stderr]     Checking http-range-header v0.4.2
[INFO] [stderr]     Checking clap_lex v1.1.1
[INFO] [stderr]    Compiling redb v2.6.3
[INFO] [stderr]     Checking data-encoding v2.11.1
[INFO] [stderr]     Checking dashmap v6.2.1
[INFO] [stderr]     Checking group v0.13.0
[INFO] [stderr]     Checking clap_builder v4.6.7
[INFO] [stderr]     Checking getrandom v0.4.3
[INFO] [stderr]     Checking flate2 v1.1.10
[INFO] [stderr]     Checking axum-core v0.5.6
[INFO] [stderr]     Checking serde_bytes v0.11.19
[INFO] [stderr]    Compiling quote v1.0.47
[INFO] [stderr]     Checking hex-literal v0.4.1
[INFO] [stderr]     Checking uuid v1.26.1
[INFO] [stderr]    Compiling rust-embed-utils v8.12.0
[INFO] [stderr]    Compiling syn v3.0.6
[INFO] [stderr]     Checking crypto-common v0.1.7
[INFO] [stderr]     Checking block-buffer v0.10.4
[INFO] [stderr]     Checking block-padding v0.3.3
[INFO] [stderr]    Compiling syn v2.0.119
[INFO] [stderr]     Checking universal-hash v0.5.1
[INFO] [stderr]     Checking crypto-bigint v0.5.5
[INFO] [stderr]     Checking spki v0.7.3
[INFO] [stderr]     Checking num-integer v0.1.47
[INFO] [stderr]     Checking digest v0.10.7
[INFO] [stderr]     Checking aead v0.5.2
[INFO] [stderr]     Checking polyval v0.6.2
[INFO] [stderr]     Checking inout v0.1.4
[INFO] [stderr]     Checking poly1305 v0.8.0
[INFO] [stderr]     Checking compression-codecs v0.4.43
[INFO] [stderr]     Checking hmac v0.12.1
[INFO] [stderr]     Checking sha2 v0.10.9
[INFO] [stderr]     Checking cipher v0.4.4
[INFO] [stderr]     Checking signature v2.2.0
[INFO] [stderr]     Checking num-iter v0.1.46
[INFO] [stderr]     Checking sha1 v0.10.7
[INFO] [stderr]     Checking ghash v0.5.1
[INFO] [stderr]     Checking chrono v0.4.45
[INFO] [stderr]     Checking pbkdf2 v0.12.2
[INFO] [stderr]     Checking hkdf v0.12.4
[INFO] [stderr]    Compiling ring v0.17.14
[INFO] [stderr]     Checking rfc6979 v0.4.0
[INFO] [stderr]     Checking aes v0.8.4
[INFO] [stderr]     Checking salsa20 v0.10.2
[INFO] [stderr]     Checking cbc v0.1.2
[INFO] [stderr]     Checking ctr v0.9.2
[INFO] [stderr]     Checking chacha20 v0.9.1
[INFO] [stderr]     Checking blowfish v0.9.1
[INFO] [stderr]     Checking des v0.8.1
[INFO] [stderr]     Checking md-5 v0.10.6
[INFO] [stderr]     Checking scrypt v0.11.0
[INFO] [stderr]     Checking ssh-encoding v0.2.0
[INFO] [stderr]     Checking bcrypt-pbkdf v0.10.0
[INFO] [stderr]     Checking pbkdf2 v0.11.0
[INFO] [stderr]     Checking pkcs5 v0.7.1
[INFO] [stderr]     Checking aes-gcm v0.10.3
[INFO] [stderr]     Checking ssh-cipher v0.2.0
[INFO] [stderr]     Checking pkcs8 v0.10.2
[INFO] [stderr]     Checking sec1 v0.7.3
[INFO] [stderr]     Checking ed25519 v2.2.3
[INFO] [stderr]     Checking pkcs1 v0.7.5
[INFO] [stderr]     Checking elliptic-curve v0.13.8
[INFO] [stderr]     Checking ecdsa v0.16.9
[INFO] [stderr]     Checking primeorder v0.13.6
[INFO] [stderr]     Checking p521 v0.13.3
[INFO] [stderr]     Checking p384 v0.13.1
[INFO] [stderr]     Checking p256 v0.13.2
[INFO] [stderr]    Compiling curve25519-dalek-derive v0.1.1
[INFO] [stderr]    Compiling thiserror-impl v1.0.69
[INFO] [stderr]    Compiling rust-embed-impl v8.12.0
[INFO] [stderr]     Checking ppv-lite86 v0.2.21
[INFO] [stderr]     Checking rust-embed v8.12.0
[INFO] [stderr]     Checking thiserror v1.0.69
[INFO] [stderr]     Checking rand_chacha v0.3.1
[INFO] [stderr]     Checking rand v0.8.8
[INFO] [stderr]    Compiling synstructure v0.14.0
[INFO] [stderr]     Checking ed25519-dalek v2.2.0
[INFO] [stderr]    Compiling tokio-macros v2.7.2
[INFO] [stderr]    Compiling zerovec-derive v0.11.6
[INFO] [stderr]    Compiling displaydoc v0.2.7
[INFO] [stderr]    Compiling futures-macro v0.3.34
[INFO] [stderr]    Compiling serde_derive v1.0.229
[INFO] [stderr]    Compiling multiversion-macros v0.9.0
[INFO] [stderr]    Compiling async-trait v0.1.92
[INFO] [stderr]    Compiling thiserror-impl v2.0.20
[INFO] [stderr]    Compiling clap_derive v4.6.7
[INFO] [stderr]    Compiling zerofrom-derive v0.1.8
[INFO] [stderr]    Compiling yoke-derive v0.8.3
[INFO] [stderr]     Checking futures-util v0.3.34
[INFO] [stderr]     Checking num-bigint v0.4.8
[INFO] [stderr]     Checking tokio v1.53.1
[INFO] [stderr]     Checking rustls-webpki v0.103.15
[INFO] [stderr]     Checking zerofrom v0.1.8
[INFO] [stderr]     Checking thiserror v2.0.20
[INFO] [stderr]     Checking yoke v0.8.3
[INFO] [stderr]     Checking multiversion v0.9.0
[INFO] [stderr]     Checking encoding_rs v0.8.41
[INFO] [stderr]     Checking zerovec v0.11.8
[INFO] [stderr]     Checking zerotrie v0.2.5
[INFO] [stderr]     Checking rsa v0.9.10
[INFO] [stderr]     Checking clap v4.6.7
[INFO] [stderr]     Checking ssh-key v0.6.7
[INFO] [stderr]     Checking tinystr v0.8.4
[INFO] [stderr]     Checking potential_utf v0.1.6
[INFO] [stderr]     Checking icu_collections v2.3.0
[INFO] [stderr]     Checking icu_locale_core v2.3.0
[INFO] [stderr]     Checking serde v1.0.229
[INFO] [stderr]     Checking icu_provider v2.3.1
[INFO] [stderr]     Checking icu_properties v2.3.0
[INFO] [stderr]     Checking icu_normalizer v2.3.0
[INFO] [stderr]     Checking serde_urlencoded v0.7.1
[INFO] [stderr]     Checking futures-executor v0.3.34
[INFO] [stderr]     Checking futures v0.3.34
[INFO] [stderr]     Checking idna_adapter v1.2.2
[INFO] [stderr]     Checking idna v1.1.0
[INFO] [stderr]     Checking url v2.5.8
[INFO] [stderr]     Checking publicsuffix v2.3.0
[INFO] [stderr]     Checking cookie_store v0.22.1
[INFO] [stderr]     Checking hyper v1.11.1
[INFO] [stderr]     Checking tower v0.5.3
[INFO] [stderr]     Checking tokio-util v0.7.19
[INFO] [stderr]     Checking tokio-rustls v0.26.5
[INFO] [stderr]     Checking tokio-stream v0.1.19
[INFO] [stderr]     Checking async-compression v0.4.48
[INFO] [stderr]     Checking russh-keys v0.45.0
[INFO] [stderr]     Checking tower-http v0.6.11
[INFO] [stderr]     Checking russh-sftp v2.4.0
[INFO] [stderr]     Checking hyper-util v0.1.20
[INFO] [stderr]     Checking russh v0.45.0
[INFO] [stderr]     Checking hyper-rustls v0.27.10
[INFO] [stderr]     Checking axum v0.8.9
[INFO] [stderr]     Checking reqwest v0.12.28
[INFO] [stderr]     Checking openlist-rs v0.1.0 (/opt/rustwide/workdir)
[INFO] [stdout] error: #[derive(RustEmbed)] folder '/opt/rustwide/workdir/web/dist' does not exist. cwd: '/opt/rustwide/workdir'
[INFO] [stdout]   --> src/assets.rs:9:1
[INFO] [stdout]    |
[INFO] [stdout]  9 | / #[folder = "web/dist"]
[INFO] [stdout] 10 | | struct Assets;
[INFO] [stdout]    | |______________^
[INFO] [stdout] 
[INFO] [stdout] 
[INFO] [stdout] error: #[derive(RustEmbed)] folder '/opt/rustwide/workdir/web/dist' does not exist. cwd: '/opt/rustwide/workdir'
[INFO] [stdout]   --> src/assets.rs:9:1
[INFO] [stdout]    |
[INFO] [stdout]  9 | / #[folder = "web/dist"]
[INFO] [stdout] 10 | | struct Assets;
[INFO] [stdout]    | |______________^
[INFO] [stdout] 
[INFO] [stdout] 
[INFO] [stdout] error[E0599]: no associated function or constant named `get` found for struct `Assets` in the current scope
[INFO] [stdout]   --> src/assets.rs:34:19
[INFO] [stdout]    |
[INFO] [stdout] 10 | struct Assets;
[INFO] [stdout]    | ------------- associated function or constant `get` not found for this struct
[INFO] [stdout] ...
[INFO] [stdout] 34 |     match Assets::get(path) {
[INFO] [stdout]    |                   ^^^ associated function or constant not found in `Assets`
[INFO] [stdout]    |
[INFO] [stdout]    = help: items from traits can only be used if the trait is implemented and in scope
[INFO] [stdout]    = note: the following traits define an item `get`, perhaps you need to implement one of them:
[INFO] [stdout]            candidate #1: `Embed`
[INFO] [stdout]            candidate #2: `ReadableMultimapTable`
[INFO] [stdout]            candidate #3: `ReadableTable`
[INFO] [stdout]            candidate #4: `SliceIndex`
[INFO] [stdout]            candidate #5: `icu_collections::codepointtrie::cptrie::TypedCodePointTrie`
[INFO] [stdout]            candidate #6: `icu_properties::names::PropertyEnumToValueNameLookup`
[INFO] [stdout]            candidate #7: `icu_provider::baked::DataStore`
[INFO] [stdout]            candidate #8: `rustls::server::server_conn::StoresServerSessions`
[INFO] [stdout] 
[INFO] [stdout] 
[INFO] [stdout] error[E0599]: no associated function or constant named `get` found for struct `Assets` in the current scope
[INFO] [stdout]   --> src/assets.rs:41:31
[INFO] [stdout]    |
[INFO] [stdout] 10 | struct Assets;
[INFO] [stdout]    | ------------- associated function or constant `get` not found for this struct
[INFO] [stdout] ...
[INFO] [stdout] 41 |         None => match Assets::get("index.html") {
[INFO] [stdout]    |                               ^^^ associated function or constant not found in `Assets`
[INFO] [stdout]    |
[INFO] [stdout]    = help: items from traits can only be used if the trait is implemented and in scope
[INFO] [stdout]    = note: the following traits define an item `get`, perhaps you need to implement one of them:
[INFO] [stdout]            candidate #1: `Embed`
[INFO] [stdout]            candidate #2: `ReadableMultimapTable`
[INFO] [stdout]            candidate #3: `ReadableTable`
[INFO] [stdout]            candidate #4: `SliceIndex`
[INFO] [stdout]            candidate #5: `icu_collections::codepointtrie::cptrie::TypedCodePointTrie`
[INFO] [stdout]            candidate #6: `icu_properties::names::PropertyEnumToValueNameLookup`
[INFO] [stdout]            candidate #7: `icu_provider::baked::DataStore`
[INFO] [stdout]            candidate #8: `rustls::server::server_conn::StoresServerSessions`
[INFO] [stdout] 
[INFO] [stdout] 
[INFO] [stdout] error[E0599]: no associated function or constant named `get` found for struct `Assets` in the current scope
[INFO] [stdout]   --> src/assets.rs:34:19
[INFO] [stdout]    |
[INFO] [stdout] 10 | struct Assets;
[INFO] [stdout]    | ------------- associated function or constant `get` not found for this struct
[INFO] [stdout] ...
[INFO] [stdout] 34 |     match Assets::get(path) {
[INFO] [stdout]    |                   ^^^ associated function or constant not found in `Assets`
[INFO] [stdout]    |
[INFO] [stdout]    = help: items from traits can only be used if the trait is implemented and in scope
[INFO] [stdout]    = note: the following traits define an item `get`, perhaps you need to implement one of them:
[INFO] [stdout]            candidate #1: `Embed`
[INFO] [stdout]            candidate #2: `ReadableMultimapTable`
[INFO] [stdout]            candidate #3: `ReadableTable`
[INFO] [stdout]            candidate #4: `SliceIndex`
[INFO] [stdout]            candidate #5: `icu_collections::codepointtrie::cptrie::TypedCodePointTrie`
[INFO] [stdout]            candidate #6: `icu_properties::names::PropertyEnumToValueNameLookup`
[INFO] [stdout]            candidate #7: `icu_provider::baked::DataStore`
[INFO] [stdout]            candidate #8: `rustls::server::server_conn::StoresServerSessions`
[INFO] [stdout] 
[INFO] [stdout] 
[INFO] [stdout] error[E0599]: no associated function or constant named `get` found for struct `Assets` in the current scope
[INFO] [stdout]   --> src/assets.rs:41:31
[INFO] [stdout]    |
[INFO] [stdout] 10 | struct Assets;
[INFO] [stdout]    | ------------- associated function or constant `get` not found for this struct
[INFO] [stdout] ...
[INFO] [stdout] 41 |         None => match Assets::get("index.html") {
[INFO] [stdout]    |                               ^^^ associated function or constant not found in `Assets`
[INFO] [stdout]    |
[INFO] [stdout]    = help: items from traits can only be used if the trait is implemented and in scope
[INFO] [stdout]    = note: the following traits define an item `get`, perhaps you need to implement one of them:
[INFO] [stdout]            candidate #1: `Embed`
[INFO] [stdout]            candidate #2: `ReadableMultimapTable`
[INFO] [stdout]            candidate #3: `ReadableTable`
[INFO] [stdout]            candidate #4: `SliceIndex`
[INFO] [stdout]            candidate #5: `icu_collections::codepointtrie::cptrie::TypedCodePointTrie`
[INFO] [stdout]            candidate #6: `icu_properties::names::PropertyEnumToValueNameLookup`
[INFO] [stdout]            candidate #7: `icu_provider::baked::DataStore`
[INFO] [stdout]            candidate #8: `rustls::server::server_conn::StoresServerSessions`
[INFO] [stdout] 
[INFO] [stdout] 
[INFO] [stdout] For more information about this error, try `rustc --explain E0599`.
[INFO] [stdout] 
[INFO] [stdout] For more information about this error, try `rustc --explain E0599`.
[INFO] [stdout] 
[INFO] [stderr] error: could not compile `openlist-rs` (bin "openlist-rs") due to 3 previous errors
[INFO] [stderr] warning: build failed, waiting for other jobs to finish...
[INFO] [stderr] error: could not compile `openlist-rs` (bin "openlist-rs" test) due to 3 previous errors
[INFO] running `Command { std: "docker" "inspect" "9f6d94b85702873c4aabaaeade669c61082a912cdf0cef78bc547f578e021fc7", kill_on_drop: false }`
[INFO] running `Command { std: "docker" "rm" "-f" "9f6d94b85702873c4aabaaeade669c61082a912cdf0cef78bc547f578e021fc7", kill_on_drop: false }`
[INFO] [stdout] 9f6d94b85702873c4aabaaeade669c61082a912cdf0cef78bc547f578e021fc7
