[INFO] cloning repository https://github.com/evairx/steam-core
[INFO] running `Command { std: "git" "-c" "credential.helper=" "-c" "credential.helper=/workspace/cargo-home/bin/git-credential-null" "clone" "--bare" "https://github.com/evairx/steam-core" "/workspace/cache/git-repos/https%3A%2F%2Fgithub.com%2Fevairx%2Fsteam-core", kill_on_drop: false }`
[INFO] [stderr] Cloning into bare repository '/workspace/cache/git-repos/https%3A%2F%2Fgithub.com%2Fevairx%2Fsteam-core'...
[INFO] running `Command { std: "git" "rev-parse" "HEAD", kill_on_drop: false }`
[INFO] [stdout] b559db09a574586459c0efbb0287b7efbb35ac6d
[INFO] checking evairx/steam-core against 3154cc1a3e6424e44f438a95007d043ed5ceaaf6+rustflags=-Znext-solver=coherence for pr-133502-30
[INFO] running `Command { std: "git" "clone" "/workspace/cache/git-repos/https%3A%2F%2Fgithub.com%2Fevairx%2Fsteam-core" "/workspace/builds/worker-3-tc1/source", kill_on_drop: false }`
[INFO] [stderr] Cloning into '/workspace/builds/worker-3-tc1/source'...
[INFO] [stderr] done.
[INFO] started tweaking git repo https://github.com/evairx/steam-core
[INFO] finished tweaking git repo https://github.com/evairx/steam-core
[INFO] tweaked toml for git repo https://github.com/evairx/steam-core written to /workspace/builds/worker-3-tc1/source/Cargo.toml
[INFO] validating manifest of git repo https://github.com/evairx/steam-core on toolchain 3154cc1a3e6424e44f438a95007d043ed5ceaaf6
[INFO] running `Command { std: CARGO_HOME="/workspace/cargo-home" RUSTUP_HOME="/workspace/rustup-home" "/workspace/cargo-home/bin/cargo" "+3154cc1a3e6424e44f438a95007d043ed5ceaaf6" "metadata" "--manifest-path" "Cargo.toml" "--no-deps", kill_on_drop: false }`
[INFO] crate git repo https://github.com/evairx/steam-core already has a lockfile, it will not be regenerated
[INFO] running `Command { std: CARGO_HOME="/workspace/cargo-home" RUSTUP_HOME="/workspace/rustup-home" "/workspace/cargo-home/bin/cargo" "+3154cc1a3e6424e44f438a95007d043ed5ceaaf6" "fetch" "--manifest-path" "Cargo.toml", kill_on_drop: false }`
[INFO] running `Command { std: "docker" "create" "-v" "/var/lib/crater-agent-workspace/builds/worker-3-tc1/source:/opt/rustwide/workdir:ro,Z" "-v" "/var/lib/crater-agent-workspace/builds/worker-3-tc1/target:/opt/rustwide/target:rw,Z" "-v" "/var/lib/crater-agent-workspace/cargo-home:/opt/rustwide/cargo-home:ro,Z" "-v" "/var/lib/crater-agent-workspace/rustup-home:/opt/rustwide/rustup-home:ro,Z" "-m" "1610612736" "--network" "none" "ghcr.io/rust-lang/crates-build-env/linux@sha256:77db811e55d90add9212f6832c23229e3de5f1c1f9905e8cb07319ea15df73ac" "sleep" "infinity", kill_on_drop: false }`
[INFO] [stdout] 6b5cc9371076e8f52ccc1232d59fecffe733d4913d3346899583df39b5375c90
[INFO] running `Command { std: "docker" "start" "6b5cc9371076e8f52ccc1232d59fecffe733d4913d3346899583df39b5375c90", kill_on_drop: false }`
[INFO] running `Command { std: "docker" "inspect" "6b5cc9371076e8f52ccc1232d59fecffe733d4913d3346899583df39b5375c90", kill_on_drop: false }`
[INFO] running `Command { std: "docker" "exec" "-e" "SOURCE_DIR=/opt/rustwide/workdir" "-e" "CARGO_HOME=/opt/rustwide/cargo-home" "-e" "RUSTUP_HOME=/opt/rustwide/rustup-home" "-e" "CARGO_TARGET_DIR=/opt/rustwide/target" "-w" "/opt/rustwide/workdir" "--user" "0:0" "6b5cc9371076e8f52ccc1232d59fecffe733d4913d3346899583df39b5375c90" "/opt/rustwide/cargo-home/bin/cargo" "+3154cc1a3e6424e44f438a95007d043ed5ceaaf6" "metadata" "--no-deps" "--format-version=1", kill_on_drop: false }`
[INFO] running `Command { std: "docker" "inspect" "6b5cc9371076e8f52ccc1232d59fecffe733d4913d3346899583df39b5375c90", kill_on_drop: false }`
[INFO] running `Command { std: "docker" "exec" "-e" "SOURCE_DIR=/opt/rustwide/workdir" "-e" "CARGO_HOME=/opt/rustwide/cargo-home" "-e" "RUSTUP_HOME=/opt/rustwide/rustup-home" "-e" "CARGO_TARGET_DIR=/opt/rustwide/target" "-e" "CARGO_INCREMENTAL=0" "-e" "RUST_BACKTRACE=full" "-e" "RUSTFLAGS=--cap-lints=forbid -Znext-solver=coherence" "-e" "RUSTDOCFLAGS=--cap-lints=forbid" "-w" "/opt/rustwide/workdir" "--user" "0:0" "6b5cc9371076e8f52ccc1232d59fecffe733d4913d3346899583df39b5375c90" "/opt/rustwide/cargo-home/bin/cargo" "+3154cc1a3e6424e44f438a95007d043ed5ceaaf6" "check" "--frozen" "--all" "--all-targets" "--message-format=json", kill_on_drop: false }`
[INFO] [stderr]    Compiling anyhow v1.0.104
[INFO] [stderr]     Checking slab v0.4.12
[INFO] [stderr]    Compiling syn v2.0.119
[INFO] [stderr]     Checking getrandom v0.2.17
[INFO] [stderr]    Compiling ring v0.17.14
[INFO] [stderr]    Compiling num-traits v0.2.19
[INFO] [stderr]     Checking futures-task v0.3.34
[INFO] [stderr]    Compiling yoke-derive v0.8.3
[INFO] [stderr]     Checking tokio v1.53.1
[INFO] [stderr]    Compiling rustix v1.1.5
[INFO] [stderr]     Checking spin v0.9.9
[INFO] [stderr]    Compiling rustls v0.23.45
[INFO] [stderr]    Compiling regex-syntax v0.8.11
[INFO] [stderr]    Compiling bytes v1.12.1
[INFO] [stderr]    Compiling getrandom v0.4.3
[INFO] [stderr]     Checking serde v1.0.229
[INFO] [stderr]     Checking lazy_static v1.5.0
[INFO] [stderr]     Checking rand_core v0.6.4
[INFO] [stderr]     Checking digest v0.10.7
[INFO] [stderr]     Checking der v0.7.10
[INFO] [stderr]    Compiling cookie v0.18.2
[INFO] [stderr]     Checking futures-util v0.3.34
[INFO] [stderr]    Compiling fixedbitset v0.5.7
[INFO] [stderr]     Checking rand_chacha v0.3.1
[INFO] [stderr]     Checking serde_json v1.0.151
[INFO] [stderr]    Compiling protoc-bin-vendored-linux-x86_32 v3.2.0
[INFO] [stderr]    Compiling petgraph v0.7.1
[INFO] [stderr]    Compiling protoc-bin-vendored-linux-ppcle_64 v3.2.0
[INFO] [stderr]     Checking psl-types v2.0.11
[INFO] [stderr]    Compiling protoc-bin-vendored-macos-x86_64 v3.2.0
[INFO] [stderr]    Compiling protoc-bin-vendored-win32 v3.2.0
[INFO] [stderr]    Compiling protoc-bin-vendored-linux-x86_64 v3.2.0
[INFO] [stderr]    Compiling protoc-bin-vendored-linux-s390_64 v3.2.0
[INFO] [stderr]    Compiling protoc-bin-vendored-linux-aarch_64 v3.2.0
[INFO] [stderr]    Compiling multimap v0.10.1
[INFO] [stderr]    Compiling protoc-bin-vendored-macos-aarch_64 v3.2.0
[INFO] [stderr]     Checking num-integer v0.1.47
[INFO] [stderr]     Checking rand v0.8.8
[INFO] [stderr]     Checking serde_urlencoded v0.7.1
[INFO] [stderr]    Compiling protoc-bin-vendored v3.2.0
[INFO] [stderr]     Checking webpki-roots v1.0.9
[INFO] [stderr]     Checking num-iter v0.1.46
[INFO] [stderr]     Checking sha1 v0.10.7
[INFO] [stderr]     Checking signature v2.2.0
[INFO] [stderr]    Compiling thiserror-impl v2.0.20
[INFO] [stderr]     Checking num-bigint v0.4.8
[INFO] [stderr]     Checking hmac v0.12.1
[INFO] [stderr]     Checking qrcode v0.14.1
[INFO] [stderr]     Checking sharded-slab v0.1.7
[INFO] [stderr]     Checking serde_path_to_error v0.1.20
[INFO] [stderr]     Checking num-bigint-dig v0.8.6
[INFO] [stderr]     Checking spki v0.7.3
[INFO] [stderr]     Checking rtoolbox v0.0.6
[INFO] [stderr]     Checking pkcs8 v0.10.2
[INFO] [stderr]     Checking rpassword v7.5.4
[INFO] [stderr]     Checking yoke v0.8.3
[INFO] [stderr]     Checking pkcs1 v0.7.5
[INFO] [stderr]    Compiling regex-automata v0.4.18
[INFO] [stderr]     Checking zerovec v0.11.8
[INFO] [stderr]     Checking zerotrie v0.2.5
[INFO] [stderr]     Checking tracing-subscriber v0.3.23
[INFO] [stderr]     Checking thiserror v2.0.20
[INFO] [stderr]     Checking tinystr v0.8.4
[INFO] [stderr]     Checking potential_utf v0.1.6
[INFO] [stderr]     Checking rsa v0.9.10
[INFO] [stderr]     Checking icu_collections v2.3.0
[INFO] [stderr]     Checking icu_locale_core v2.3.0
[INFO] [stderr]    Compiling tempfile v3.27.0
[INFO] [stderr]    Compiling regex v1.13.1
[INFO] [stderr]     Checking icu_provider v2.3.1
[INFO] [stderr]     Checking hyper v1.11.1
[INFO] [stderr]    Compiling prettyplease v0.2.37
[INFO] [stderr]     Checking icu_normalizer v2.3.0
[INFO] [stderr]     Checking icu_properties v2.3.0
[INFO] [stderr]     Checking rustls-webpki v0.103.15
[INFO] [stderr]    Compiling tracing-attributes v0.1.31
[INFO] [stderr]    Compiling prost-derive v0.13.5
[INFO] [stderr]     Checking tracing v0.1.44
[INFO] [stderr]     Checking idna_adapter v1.2.2
[INFO] [stderr]     Checking idna v1.1.0
[INFO] [stderr]     Checking url v2.5.8
[INFO] [stderr]     Checking publicsuffix v2.3.0
[INFO] [stderr]     Checking tower v0.5.3
[INFO] [stderr]     Checking hyper-util v0.1.20
[INFO] [stderr]     Checking axum-core v0.5.6
[INFO] [stderr]    Compiling prost v0.13.5
[INFO] [stderr]     Checking tower-http v0.6.11
[INFO] [stderr]     Checking cookie_store v0.22.1
[INFO] [stderr]     Checking prost-types v0.13.5
[INFO] [stderr]    Compiling prost-build v0.13.5
[INFO] [stderr]     Checking axum v0.8.9
[INFO] [stderr]    Compiling steam-core v0.1.0 (/opt/rustwide/workdir/crates/core)
[INFO] [stderr]     Checking tokio-rustls v0.26.5
[INFO] [stderr]     Checking hyper-rustls v0.27.9
[INFO] [stderr]     Checking reqwest v0.12.28
[INFO] [stdout] warning: use of deprecated method `std::sync::atomic::Atomic::<usize>::fetch_update`: renamed to `try_update` for consistency
[INFO] [stdout]    --> crates/core/src/auth.rs:556:18
[INFO] [stdout]     |
[INFO] [stdout] 556 |                 .fetch_update(Ordering::AcqRel, Ordering::Acquire, |failures| {
[INFO] [stdout]     |                  ^^^^^^^^^^^^
[INFO] [stdout]     |
[INFO] [stdout]     = note: `#[warn(deprecated)]` on by default
[INFO] [stdout] help: replace the use of the deprecated method
[INFO] [stdout]     |
[INFO] [stdout] 556 -                 .fetch_update(Ordering::AcqRel, Ordering::Acquire, |failures| {
[INFO] [stdout] 556 +                 .try_update(Ordering::AcqRel, Ordering::Acquire, |failures| {
[INFO] [stdout]     |
[INFO] [stdout] 
[INFO] [stdout] 
[INFO] [stderr]     Checking steam-login v0.1.0 (/opt/rustwide/workdir/crates/cli)
[INFO] [stderr]     Checking steam-core-demo v0.1.0 (/opt/rustwide/workdir/crates/demo)
[INFO] [stdout] error[E0004]: non-exhaustive patterns: `Ok(PollStatus::RemoteInteraction { .. })` not covered
[INFO] [stdout]    --> crates/cli/src/main.rs:120:15
[INFO] [stdout]     |
[INFO] [stdout] 120 |         match session.poll_status().await {
[INFO] [stdout]     |               ^^^^^^^^^^^^^^^^^^^^^^^^^^^ pattern `Ok(PollStatus::RemoteInteraction { .. })` not covered
[INFO] [stdout]     |
[INFO] [stdout] note: `Result<PollStatus, SteamError>` defined here
[INFO] [stdout]    --> /rustc/3154cc1a3e6424e44f438a95007d043ed5ceaaf6/library/core/src/result.rs:558:0
[INFO] [stdout]    ::: /rustc/3154cc1a3e6424e44f438a95007d043ed5ceaaf6/library/core/src/result.rs:562:4
[INFO] [stdout]     |
[INFO] [stdout]     = note: not covered
[INFO] [stdout]     = note: the matched value is of type `Result<PollStatus, SteamError>`
[INFO] [stdout] help: ensure that all possible cases are being handled by adding a match arm with a wildcard pattern or an explicit pattern as shown
[INFO] [stdout]     |
[INFO] [stdout] 131 ~             },
[INFO] [stdout] 132 +             Ok(PollStatus::RemoteInteraction { .. }) => todo!()
[INFO] [stdout]     |
[INFO] [stdout] 
[INFO] [stdout] 
[INFO] [stdout] For more information about this error, try `rustc --explain E0004`.
[INFO] [stdout] 
[INFO] [stderr] error: could not compile `steam-login` (bin "steam-login") due to 1 previous error
[INFO] [stdout] error[E0004]: non-exhaustive patterns: `Ok(PollStatus::RemoteInteraction { .. })` not covered
[INFO] [stdout]    --> crates/demo/src/main.rs:243:11
[INFO] [stdout]     |
[INFO] [stdout] 243 |     match challenge.poll_status().await {
[INFO] [stdout]     |           ^^^^^^^^^^^^^^^^^^^^^^^^^^^^^ pattern `Ok(PollStatus::RemoteInteraction { .. })` not covered
[INFO] [stdout]     |
[INFO] [stdout] note: `Result<PollStatus, SteamError>` defined here
[INFO] [stdout]    --> /rustc/3154cc1a3e6424e44f438a95007d043ed5ceaaf6/library/core/src/result.rs:558:0
[INFO] [stdout]    ::: /rustc/3154cc1a3e6424e44f438a95007d043ed5ceaaf6/library/core/src/result.rs:562:4
[INFO] [stdout]     |
[INFO] [stdout]     = note: not covered
[INFO] [stdout]     = note: the matched value is of type `Result<PollStatus, SteamError>`
[INFO] [stdout] help: ensure that all possible cases are being handled by adding a match arm with a wildcard pattern or an explicit pattern as shown
[INFO] [stdout]     |
[INFO] [stdout] 258 ~         Err(error) => Ok(Json(classify_attempt_error(error))),
[INFO] [stdout] 259 ~         Ok(PollStatus::RemoteInteraction { .. }) => todo!(),
[INFO] [stdout]     |
[INFO] [stdout] 
[INFO] [stdout] 
[INFO] [stderr] warning: build failed, waiting for other jobs to finish...
[INFO] [stdout] error[E0004]: non-exhaustive patterns: `Ok(PollStatus::RemoteInteraction { .. })` not covered
[INFO] [stdout]    --> crates/demo/src/main.rs:295:11
[INFO] [stdout]     |
[INFO] [stdout] 295 |     match challenge.poll_status().await {
[INFO] [stdout]     |           ^^^^^^^^^^^^^^^^^^^^^^^^^^^^^ pattern `Ok(PollStatus::RemoteInteraction { .. })` not covered
[INFO] [stdout]     |
[INFO] [stdout] note: `Result<PollStatus, SteamError>` defined here
[INFO] [stdout]    --> /rustc/3154cc1a3e6424e44f438a95007d043ed5ceaaf6/library/core/src/result.rs:558:0
[INFO] [stdout]    ::: /rustc/3154cc1a3e6424e44f438a95007d043ed5ceaaf6/library/core/src/result.rs:562:4
[INFO] [stdout]     |
[INFO] [stdout]     = note: not covered
[INFO] [stdout]     = note: the matched value is of type `Result<PollStatus, SteamError>`
[INFO] [stdout] help: ensure that all possible cases are being handled by adding a match arm with a wildcard pattern or an explicit pattern as shown
[INFO] [stdout]     |
[INFO] [stdout] 306 ~         Err(error) => Ok(Json(classify_attempt_error(error))),
[INFO] [stdout] 307 ~         Ok(PollStatus::RemoteInteraction { .. }) => todo!(),
[INFO] [stdout]     |
[INFO] [stdout] 
[INFO] [stdout] 
[INFO] [stdout] error[E0004]: non-exhaustive patterns: `Ok(PollStatus::RemoteInteraction { .. })` not covered
[INFO] [stdout]    --> crates/cli/src/main.rs:120:15
[INFO] [stdout]     |
[INFO] [stdout] 120 |         match session.poll_status().await {
[INFO] [stdout]     |               ^^^^^^^^^^^^^^^^^^^^^^^^^^^ pattern `Ok(PollStatus::RemoteInteraction { .. })` not covered
[INFO] [stdout]     |
[INFO] [stdout] note: `Result<PollStatus, SteamError>` defined here
[INFO] [stdout]    --> /rustc/3154cc1a3e6424e44f438a95007d043ed5ceaaf6/library/core/src/result.rs:558:0
[INFO] [stdout]    ::: /rustc/3154cc1a3e6424e44f438a95007d043ed5ceaaf6/library/core/src/result.rs:562:4
[INFO] [stdout]     |
[INFO] [stdout]     = note: not covered
[INFO] [stdout]     = note: the matched value is of type `Result<PollStatus, SteamError>`
[INFO] [stdout] help: ensure that all possible cases are being handled by adding a match arm with a wildcard pattern or an explicit pattern as shown
[INFO] [stdout]     |
[INFO] [stdout] 131 ~             },
[INFO] [stdout] 132 +             Ok(PollStatus::RemoteInteraction { .. }) => todo!()
[INFO] [stdout]     |
[INFO] [stdout] 
[INFO] [stdout] 
[INFO] [stdout] For more information about this error, try `rustc --explain E0004`.
[INFO] [stdout] 
[INFO] [stderr] error: could not compile `steam-login` (bin "steam-login" test) due to 1 previous error
[INFO] [stdout] error[E0004]: non-exhaustive patterns: `Ok(PollStatus::RemoteInteraction { .. })` not covered
[INFO] [stdout]    --> crates/demo/src/main.rs:243:11
[INFO] [stdout]     |
[INFO] [stdout] 243 |     match challenge.poll_status().await {
[INFO] [stdout]     |           ^^^^^^^^^^^^^^^^^^^^^^^^^^^^^ pattern `Ok(PollStatus::RemoteInteraction { .. })` not covered
[INFO] [stdout]     |
[INFO] [stdout] note: `Result<PollStatus, SteamError>` defined here
[INFO] [stdout]    --> /rustc/3154cc1a3e6424e44f438a95007d043ed5ceaaf6/library/core/src/result.rs:558:0
[INFO] [stdout]    ::: /rustc/3154cc1a3e6424e44f438a95007d043ed5ceaaf6/library/core/src/result.rs:562:4
[INFO] [stdout]     |
[INFO] [stdout]     = note: not covered
[INFO] [stdout]     = note: the matched value is of type `Result<PollStatus, SteamError>`
[INFO] [stdout] help: ensure that all possible cases are being handled by adding a match arm with a wildcard pattern or an explicit pattern as shown
[INFO] [stdout]     |
[INFO] [stdout] 258 ~         Err(error) => Ok(Json(classify_attempt_error(error))),
[INFO] [stdout] 259 ~         Ok(PollStatus::RemoteInteraction { .. }) => todo!(),
[INFO] [stdout]     |
[INFO] [stdout] 
[INFO] [stdout] 
[INFO] [stdout] error[E0004]: non-exhaustive patterns: `Ok(PollStatus::RemoteInteraction { .. })` not covered
[INFO] [stdout]    --> crates/demo/src/main.rs:295:11
[INFO] [stdout]     |
[INFO] [stdout] 295 |     match challenge.poll_status().await {
[INFO] [stdout]     |           ^^^^^^^^^^^^^^^^^^^^^^^^^^^^^ pattern `Ok(PollStatus::RemoteInteraction { .. })` not covered
[INFO] [stdout]     |
[INFO] [stdout] note: `Result<PollStatus, SteamError>` defined here
[INFO] [stdout]    --> /rustc/3154cc1a3e6424e44f438a95007d043ed5ceaaf6/library/core/src/result.rs:558:0
[INFO] [stdout]    ::: /rustc/3154cc1a3e6424e44f438a95007d043ed5ceaaf6/library/core/src/result.rs:562:4
[INFO] [stdout]     |
[INFO] [stdout]     = note: not covered
[INFO] [stdout]     = note: the matched value is of type `Result<PollStatus, SteamError>`
[INFO] [stdout] help: ensure that all possible cases are being handled by adding a match arm with a wildcard pattern or an explicit pattern as shown
[INFO] [stdout]     |
[INFO] [stdout] 306 ~         Err(error) => Ok(Json(classify_attempt_error(error))),
[INFO] [stdout] 307 ~         Ok(PollStatus::RemoteInteraction { .. }) => todo!(),
[INFO] [stdout]     |
[INFO] [stdout] 
[INFO] [stdout] 
[INFO] [stdout] For more information about this error, try `rustc --explain E0004`.
[INFO] [stdout] 
[INFO] [stderr] error: could not compile `steam-core-demo` (bin "steam-core-demo" test) due to 2 previous errors
[INFO] [stdout] For more information about this error, try `rustc --explain E0004`.
[INFO] [stdout] 
[INFO] [stderr] error: could not compile `steam-core-demo` (bin "steam-core-demo") due to 2 previous errors
[INFO] [stderr] warning: unused dependency `num-bigint`
[INFO] [stderr]   --> crates/core/Cargo.toml:20:1
[INFO] [stderr]    |
[INFO] [stderr] 20 | num-bigint = "0.4"
[INFO] [stderr]    | ^^^^^^^^^^^^^^^^^^
[INFO] [stderr]    |
[INFO] [stderr]    = note: `cargo::unused_dependencies` is set to `warn` by default
[INFO] [stderr] help: consider removing the dependency on `num-bigint`
[INFO] [stderr] warning: unused dependency `prost-types`
[INFO] [stderr]   --> crates/core/Cargo.toml:15:1
[INFO] [stderr]    |
[INFO] [stderr] 15 | prost-types = "0.13"
[INFO] [stderr]    | ^^^^^^^^^^^^^^^^^^^^
[INFO] [stderr]    |
[INFO] [stderr] help: consider removing the dependency on `prost-types`
[INFO] [stderr] warning: unused dependency `thiserror`
[INFO] [stderr]   --> crates/core/Cargo.toml:27:1
[INFO] [stderr]    |
[INFO] [stderr] 27 | thiserror = "2.0"
[INFO] [stderr]    | ^^^^^^^^^^^^^^^^^
[INFO] [stderr]    |
[INFO] [stderr] help: consider removing the dependency on `thiserror`
[INFO] [stderr] warning: `steam-core` (manifest) generated 3 warnings
[INFO] [stderr] warning: unused dependency `tracing-subscriber`
[INFO] [stderr]   --> crates/cli/Cargo.toml:16:1
[INFO] [stderr]    |
[INFO] [stderr] 16 | tracing-subscriber = "0.3"
[INFO] [stderr]    | ^^^^^^^^^^^^^^^^^^^^^^^^^^
[INFO] [stderr]    |
[INFO] [stderr]    = note: `cargo::unused_dependencies` is set to `warn` by default
[INFO] [stderr] help: consider removing the dependency on `tracing-subscriber`
[INFO] [stderr] warning: `steam-login` (manifest) generated 1 warning
[INFO] running `Command { std: "docker" "inspect" "6b5cc9371076e8f52ccc1232d59fecffe733d4913d3346899583df39b5375c90", kill_on_drop: false }`
[INFO] running `Command { std: "docker" "rm" "-f" "6b5cc9371076e8f52ccc1232d59fecffe733d4913d3346899583df39b5375c90", kill_on_drop: false }`
[INFO] [stdout] 6b5cc9371076e8f52ccc1232d59fecffe733d4913d3346899583df39b5375c90
