[INFO] cloning repository https://github.com/eureka-cpu/horae
[INFO] running `Command { std: "git" "-c" "credential.helper=" "-c" "credential.helper=/workspace/cargo-home/bin/git-credential-null" "clone" "--bare" "https://github.com/eureka-cpu/horae" "/workspace/cache/git-repos/https%3A%2F%2Fgithub.com%2Feureka-cpu%2Fhorae", kill_on_drop: false }`
[INFO] [stderr] Cloning into bare repository '/workspace/cache/git-repos/https%3A%2F%2Fgithub.com%2Feureka-cpu%2Fhorae'...
[INFO] running `Command { std: "git" "rev-parse" "HEAD", kill_on_drop: false }`
[INFO] [stdout] de811542466617ddf9f0e8941ff2a8f02a3f3e22
[INFO] checking eureka-cpu/horae against 3154cc1a3e6424e44f438a95007d043ed5ceaaf6+rustflags=-Znext-solver=coherence for pr-133502-30
[INFO] running `Command { std: "git" "clone" "/workspace/cache/git-repos/https%3A%2F%2Fgithub.com%2Feureka-cpu%2Fhorae" "/workspace/builds/worker-4-tc1/source", kill_on_drop: false }`
[INFO] [stderr] Cloning into '/workspace/builds/worker-4-tc1/source'...
[INFO] [stderr] done.
[INFO] started tweaking git repo https://github.com/eureka-cpu/horae
[INFO] finished tweaking git repo https://github.com/eureka-cpu/horae
[INFO] tweaked toml for git repo https://github.com/eureka-cpu/horae written to /workspace/builds/worker-4-tc1/source/Cargo.toml
[INFO] validating manifest of git repo https://github.com/eureka-cpu/horae on toolchain 3154cc1a3e6424e44f438a95007d043ed5ceaaf6
[INFO] running `Command { std: CARGO_HOME="/workspace/cargo-home" RUSTUP_HOME="/workspace/rustup-home" "/workspace/cargo-home/bin/cargo" "+3154cc1a3e6424e44f438a95007d043ed5ceaaf6" "metadata" "--manifest-path" "Cargo.toml" "--no-deps", kill_on_drop: false }`
[INFO] crate git repo https://github.com/eureka-cpu/horae already has a lockfile, it will not be regenerated
[INFO] running `Command { std: CARGO_HOME="/workspace/cargo-home" RUSTUP_HOME="/workspace/rustup-home" "/workspace/cargo-home/bin/cargo" "+3154cc1a3e6424e44f438a95007d043ed5ceaaf6" "fetch" "--manifest-path" "Cargo.toml", kill_on_drop: false }`
[INFO] [stderr]     Updating crates.io index
[INFO] [stderr]  Downloading crates ...
[INFO] [stderr]   Downloaded wat v1.253.0
[INFO] [stderr]   Downloaded cranelift-codegen-shared v0.130.2
[INFO] [stderr]   Downloaded cranelift-bitset v0.130.2
[INFO] [stderr]   Downloaded cranelift-control v0.130.2
[INFO] [stderr]   Downloaded wasmtime-internal-versioned-export-macros v43.0.2
[INFO] [stderr]   Downloaded cranelift-srcgen v0.130.2
[INFO] [stderr]   Downloaded wasmtime-internal-winch v43.0.2
[INFO] [stderr]   Downloaded wasmtime-internal-jit-icache-coherence v43.0.2
[INFO] [stderr]   Downloaded ittapi v0.4.0
[INFO] [stderr]   Downloaded wasmtime-internal-component-util v43.0.2
[INFO] [stderr]   Downloaded pulley-macros v43.0.2
[INFO] [stderr]   Downloaded cranelift-native v0.130.2
[INFO] [stderr]   Downloaded wasmtime-internal-jit-debug v43.0.2
[INFO] [stderr]   Downloaded unicode-math-class v0.1.0
[INFO] [stderr]   Downloaded typst-timing v0.15.0
[INFO] [stderr]   Downloaded unscanny v0.1.0
[INFO] [stderr]   Downloaded wasmtime-internal-unwinder v43.0.2
[INFO] [stderr]   Downloaded wasmprinter v0.245.1
[INFO] [stderr]   Downloaded cranelift-entity v0.130.2
[INFO] [stderr]   Downloaded cranelift-assembler-x64-meta v0.130.2
[INFO] [stderr]   Downloaded cranelift-assembler-x64 v0.130.2
[INFO] [stderr]   Downloaded wasmtime-internal-fiber v43.0.2
[INFO] [stderr]   Downloaded wasmtime-internal-wit-bindgen v43.0.2
[INFO] [stderr]   Downloaded wasmtime-internal-cache v43.0.2
[INFO] [stderr]   Downloaded fxprof-processed-profile v0.8.1
[INFO] [stderr]   Downloaded zerocopy-derive v0.8.53
[INFO] [stderr]   Downloaded wasmtime-internal-core v43.0.2
[INFO] [stderr]   Downloaded cranelift-bforest v0.130.2
[INFO] [stderr]   Downloaded cranelift-frontend v0.130.2
[INFO] [stderr]   Downloaded typst-utils v0.15.0
[INFO] [stderr]   Downloaded ecow v0.2.6
[INFO] [stderr]   Downloaded wasmi_collections v1.1.0
[INFO] [stderr]   Downloaded wasm-compose v0.245.1
[INFO] [stderr]   Downloaded thin-vec v0.2.18
[INFO] [stderr]   Downloaded typst-macros v0.15.0
[INFO] [stderr]   Downloaded wasm-encoder v0.253.0
[INFO] [stderr]   Downloaded cpp_demangle v0.4.5
[INFO] [stderr]   Downloaded pulley-interpreter v43.0.2
[INFO] [stderr]   Downloaded cranelift-isle v0.130.2
[INFO] [stderr]   Downloaded wasmi_ir v1.1.0
[INFO] [stderr]   Downloaded wasmi_core v1.1.0
[INFO] [stderr]   Downloaded wasm-encoder v0.245.1
[INFO] [stderr]   Downloaded cranelift-codegen-meta v0.130.2
[INFO] [stderr]   Downloaded typst-pdf v0.15.0
[INFO] [stderr]   Downloaded wast v253.0.0
[INFO] [stderr]   Downloaded ittapi-sys v0.4.0
[INFO] [stderr]   Downloaded typst-syntax v0.15.0
[INFO] [stderr]   Downloaded zerocopy v0.8.53
[INFO] [stderr]   Downloaded wit-parser v0.245.1
[INFO] [stderr]   Downloaded regalloc2 v0.15.1
[INFO] [stderr]   Downloaded im-rc v15.1.0
[INFO] [stderr]   Downloaded winch-codegen v43.0.2
[INFO] [stderr]   Downloaded wasmtime-internal-cranelift v43.0.2
[INFO] [stderr]   Downloaded wasmparser v0.245.1
[INFO] [stderr]   Downloaded wasmtime-internal-component-macro v43.0.2
[INFO] [stderr]   Downloaded wasmi v1.1.0
[INFO] [stderr]   Downloaded wasmparser v0.253.0
[INFO] [stderr]   Downloaded wasmtime-environ v43.0.2
[INFO] [stderr]   Downloaded object v0.38.1
[INFO] [stderr]   Downloaded typst-library v0.15.0
[INFO] [stderr]   Downloaded wasmtime v43.0.2
[INFO] [stderr]   Downloaded cranelift-codegen v0.130.2
[INFO] [stderr]   Downloaded typst-assets v0.15.0
[INFO] [stderr]   Downloaded palette_derive v0.7.6
[INFO] [stderr]   Downloaded fast-srgb8 v1.0.0
[INFO] [stderr]   Downloaded palette v0.7.6
[INFO] [stderr]   Downloaded hayro-syntax v0.7.2
[INFO] [stderr]   Downloaded hayro-ccitt v0.3.0
[INFO] [stderr]   Downloaded hayro-jpeg2000 v0.3.5
[INFO] [stderr]   Downloaded hayro-jbig2 v0.3.0
[INFO] [stderr]   Downloaded hayagriva v0.10.1
[INFO] [stderr]   Downloaded roman-numerals-rs v3.1.0
[INFO] [stderr]   Downloaded citationberg v0.7.0
[INFO] [stderr]   Downloaded glidesort v0.1.2
[INFO] [stderr]   Downloaded biblatex v0.12.0
[INFO] [stderr]   Downloaded icu_collator_data v2.2.0
[INFO] [stderr]   Downloaded icu_collator v2.2.1
[INFO] [stderr]   Downloaded comemo v0.5.1
[INFO] [stderr]   Downloaded comemo-macros v0.5.1
[INFO] [stderr]   Downloaded chinese-number v0.7.8
[INFO] [stderr]   Downloaded codex v0.3.0
[INFO] [stderr]   Downloaded chinese-variant v1.1.6
[INFO] [stderr]   Downloaded typst-layout v0.15.0
[INFO] [stderr]   Downloaded hypher v0.1.7
[INFO] [stderr]   Downloaded krilla-svg v0.8.1
[INFO] [stderr]   Downloaded icu_provider_blob v2.2.0
[INFO] [stderr]   Downloaded hayro-write v0.7.0
[INFO] [stderr]   Downloaded typst-as-lib v0.16.0
[INFO] [stderr]   Downloaded hayro-postscript v0.1.0
[INFO] [stderr]   Downloaded typst-kit v0.15.0
[INFO] [stderr]   Downloaded typst v0.15.0
[INFO] [stderr]   Downloaded hayro v0.7.1
[INFO] [stderr]   Downloaded vello_cpu v0.0.8
[INFO] [stderr]   Downloaded vello_common v0.0.8
[INFO] [stderr]   Downloaded typst-realize v0.15.0
[INFO] [stderr]   Downloaded typst-svg v0.15.0
[INFO] [stderr]   Downloaded pic-scale v0.7.10
[INFO] [stderr]   Downloaded typst-html v0.15.0
[INFO] [stderr]   Downloaded hayro-svg v0.7.0
[INFO] [stderr]   Downloaded hayro-cmap v0.1.0
[INFO] [stderr]   Downloaded typst-eval v0.15.0
[INFO] [stderr]   Downloaded hayro-interpret v0.7.0
[INFO] [stderr]   Downloaded tower-cookies v0.11.0
[INFO] [stderr]   Downloaded tower-sessions-sqlx-store v0.15.0
[INFO] [stderr]   Downloaded tower-sessions-memory-store v0.14.0
[INFO] [stderr]   Downloaded tower-sessions-core v0.14.0
[INFO] [stderr]   Downloaded tower-sessions v0.14.0
[INFO] [stderr]   Downloaded openidconnect v3.5.0
[INFO] [stderr]   Downloaded rust_xlsxwriter v0.80.0
[INFO] [stderr]   Downloaded extism v1.30.0
[INFO] [stderr]   Downloaded wiggle v43.0.2
[INFO] [stderr]   Downloaded wiggle-macro v43.0.2
[INFO] [stderr]   Downloaded wiggle-generate v43.0.2
[INFO] [stderr]   Downloaded wasi-common v43.0.2
[INFO] [stderr]   Downloaded cap-std v3.4.5
[INFO] [stderr]   Downloaded cap-primitives v3.4.5
[INFO] [stderr]   Downloaded cap-rand v3.4.5
[INFO] [stderr]   Downloaded cap-fs-ext v3.4.5
[INFO] [stderr]   Downloaded cap-time-ext v3.4.5
[INFO] [stderr]   Downloaded extism-manifest v1.30.0
[INFO] [stderr]   Downloaded extism-convert v1.30.0
[INFO] [stderr]   Downloaded extism-convert-macros v1.30.0
[INFO] [stderr]   Downloaded lazy-js-bundle v0.7.9
[INFO] [stderr]   Downloaded dioxus-html-internal-macro v0.7.9
[INFO] [stderr]   Downloaded cbindgen v0.29.4
[INFO] [stderr]   Downloaded dioxus-signals v0.7.9
[INFO] [stderr]   Downloaded subsecond-types v0.7.9
[INFO] [stderr]   Downloaded enumset v1.1.13
[INFO] [stderr]   Downloaded dioxus-hooks v0.7.9
[INFO] [stderr]   Downloaded subsecond v0.7.9
[INFO] [stderr]   Downloaded dioxus-core-types v0.7.9
[INFO] [stderr]   Downloaded dioxus-html v0.7.9
[INFO] [stderr]   Downloaded generational-box v0.7.9
[INFO] [stderr]   Downloaded dioxus-core v0.7.9
[INFO] [stderr]   Downloaded manganis-macro v0.7.9
[INFO] [stderr]   Downloaded dioxus-core-macro v0.7.9
[INFO] [stderr]   Downloaded manganis v0.7.9
[INFO] [stderr]   Downloaded manganis-core v0.7.9
[INFO] [stderr]   Downloaded dioxus v0.7.9
[INFO] [stderr]   Downloaded dioxus-cli-config v0.7.9
[INFO] [stderr]   Downloaded dioxus-rsx v0.7.9
[INFO] [stderr]   Downloaded const-serialize-macro v0.8.0-alpha.0
[INFO] [stderr]   Downloaded dioxus-web v0.7.9
[INFO] [stderr]   Downloaded dioxus-interpreter-js v0.7.9
[INFO] [stderr]   Downloaded dioxus-history v0.7.9
[INFO] [stderr]   Downloaded dioxus-document v0.7.9
[INFO] [stderr]   Downloaded dioxus-devtools v0.7.9
[INFO] [stderr]   Downloaded dioxus-stores-macro v0.7.9
[INFO] [stderr]   Downloaded dioxus-fullstack-core v0.7.9
[INFO] [stderr]   Downloaded askama_escape v0.13.0
[INFO] [stderr]   Downloaded dioxus-server v0.7.9
[INFO] [stderr]   Downloaded dioxus-devtools-types v0.7.9
[INFO] [stderr]   Downloaded dioxus-ssr v0.7.9
[INFO] [stderr]   Downloaded dioxus-stores v0.7.9
[INFO] [stderr]   Downloaded dioxus-fullstack-macro v0.7.9
[INFO] [stderr]   Downloaded dioxus-logger v0.7.9
[INFO] [stderr]   Downloaded dioxus-router v0.7.9
[INFO] [stderr]   Downloaded dioxus-liveview v0.7.9
[INFO] [stderr]   Downloaded dioxus-router-macro v0.7.9
[INFO] [stderr]   Downloaded xxhash-rust v0.8.16
[INFO] [stderr]   Downloaded dioxus-asset-resolver v0.7.9
[INFO] [stderr]   Downloaded dioxus-config-macros v0.7.9
[INFO] [stderr]   Downloaded dioxus-config-macro v0.7.9
[INFO] running `Command { std: "docker" "create" "-v" "/var/lib/crater-agent-workspace/builds/worker-4-tc1/source:/opt/rustwide/workdir:ro,Z" "-v" "/var/lib/crater-agent-workspace/builds/worker-4-tc1/target:/opt/rustwide/target:rw,Z" "-v" "/var/lib/crater-agent-workspace/cargo-home:/opt/rustwide/cargo-home:ro,Z" "-v" "/var/lib/crater-agent-workspace/rustup-home:/opt/rustwide/rustup-home:ro,Z" "-m" "1610612736" "--network" "none" "ghcr.io/rust-lang/crates-build-env/linux@sha256:77db811e55d90add9212f6832c23229e3de5f1c1f9905e8cb07319ea15df73ac" "sleep" "infinity", kill_on_drop: false }`
[INFO] [stdout] a82814f62f233c0635b72f8abde9212d4613c3e26cc5a304a3a384bf60654627
[INFO] running `Command { std: "docker" "start" "a82814f62f233c0635b72f8abde9212d4613c3e26cc5a304a3a384bf60654627", kill_on_drop: false }`
[INFO] running `Command { std: "docker" "inspect" "a82814f62f233c0635b72f8abde9212d4613c3e26cc5a304a3a384bf60654627", kill_on_drop: false }`
[INFO] running `Command { std: "docker" "exec" "-e" "SOURCE_DIR=/opt/rustwide/workdir" "-e" "CARGO_HOME=/opt/rustwide/cargo-home" "-e" "RUSTUP_HOME=/opt/rustwide/rustup-home" "-e" "CARGO_TARGET_DIR=/opt/rustwide/target" "-w" "/opt/rustwide/workdir" "--user" "0:0" "a82814f62f233c0635b72f8abde9212d4613c3e26cc5a304a3a384bf60654627" "/opt/rustwide/cargo-home/bin/cargo" "+3154cc1a3e6424e44f438a95007d043ed5ceaaf6" "metadata" "--no-deps" "--format-version=1", kill_on_drop: false }`
[INFO] running `Command { std: "docker" "inspect" "a82814f62f233c0635b72f8abde9212d4613c3e26cc5a304a3a384bf60654627", kill_on_drop: false }`
[INFO] running `Command { std: "docker" "exec" "-e" "SOURCE_DIR=/opt/rustwide/workdir" "-e" "CARGO_HOME=/opt/rustwide/cargo-home" "-e" "RUSTUP_HOME=/opt/rustwide/rustup-home" "-e" "CARGO_TARGET_DIR=/opt/rustwide/target" "-e" "CARGO_INCREMENTAL=0" "-e" "RUST_BACKTRACE=full" "-e" "RUSTFLAGS=--cap-lints=forbid -Znext-solver=coherence" "-e" "RUSTDOCFLAGS=--cap-lints=forbid" "-w" "/opt/rustwide/workdir" "--user" "0:0" "a82814f62f233c0635b72f8abde9212d4613c3e26cc5a304a3a384bf60654627" "/opt/rustwide/cargo-home/bin/cargo" "+3154cc1a3e6424e44f438a95007d043ed5ceaaf6" "check" "--frozen" "--all" "--all-targets" "--message-format=json", kill_on_drop: false }`
[INFO] [stderr]    Compiling proc-macro2 v1.0.106
[INFO] [stderr]    Compiling unicode-xid v0.2.6
[INFO] [stderr]    Compiling slotmap v1.1.1
[INFO] [stderr]    Compiling zerocopy v0.8.53
[INFO] [stderr]    Compiling wasm-bindgen-shared v0.2.126
[INFO] [stderr]    Compiling unicode-segmentation v1.13.3
[INFO] [stderr]     Checking dioxus-core-types v0.7.9
[INFO] [stderr]     Checking konst_macro_rules v0.2.19
[INFO] [stderr]     Checking memmap2 v0.9.11
[INFO] [stderr]    Compiling serde_json v1.0.150
[INFO] [stderr]     Checking konst v0.2.20
[INFO] [stderr]     Checking longest-increasing-subsequence v0.1.0
[INFO] [stderr]    Compiling cc v1.2.66
[INFO] [stderr]     Checking bitflags v2.13.0
[INFO] [stderr]    Compiling wasm-bindgen v0.2.126
[INFO] [stderr]    Compiling proc-macro2-diagnostics v0.10.1
[INFO] [stderr]     Checking getrandom v0.3.4
[INFO] [stderr]     Checking rustls-pki-types v1.15.0
[INFO] [stderr]     Checking dioxus-cli-config v0.7.9
[INFO] [stderr]    Compiling convert_case v0.8.0
[INFO] [stderr]     Checking sha1 v0.10.6
[INFO] [stderr]    Compiling serde_core v1.0.228
[INFO] [stderr]     Checking rand_core v0.9.5
[INFO] [stderr]     Checking uuid v1.23.4
[INFO] [stderr]    Compiling rustls v0.23.41
[INFO] [stderr]    Compiling quote v1.0.46
[INFO] [stderr]    Compiling serde v1.0.228
[INFO] [stderr]    Compiling time-macros v0.2.31
[INFO] [stderr]    Compiling lazy-js-bundle v0.7.9
[INFO] [stderr]    Compiling syn v2.0.118
[INFO] [stderr]    Compiling const_format_proc_macros v0.2.34
[INFO] [stderr]    Compiling dioxus-document v0.7.9
[INFO] [stderr]     Checking cfb v0.7.3
[INFO] [stderr]     Checking regex-automata v0.4.14
[INFO] [stderr]    Compiling ring v0.17.14
[INFO] [stderr]     Checking webpki-roots v1.0.8
[INFO] [stderr]    Compiling convert_case v0.10.0
[INFO] [stderr]     Checking spin v0.9.8
[INFO] [stderr]     Checking infer v0.19.0
[INFO] [stderr]     Checking charset v0.1.5
[INFO] [stderr]     Checking const_format v0.2.36
[INFO] [stderr]    Compiling base16 v0.2.1
[INFO] [stderr]    Compiling xxhash-rust v0.8.16
[INFO] [stderr]     Checking inventory v0.3.24
[INFO] [stderr]     Checking content_disposition v0.4.0
[INFO] [stderr]     Checking send_wrapper v0.6.0
[INFO] [stderr]     Checking const-str v0.7.1
[INFO] [stderr]     Checking clap_builder v4.6.0
[INFO] [stderr]    Compiling dioxus-config-macro v0.7.9
[INFO] [stderr]    Compiling horae v0.1.0 (/opt/rustwide/workdir/crates/horae)
[INFO] [stderr]     Checking time v0.3.53
[INFO] [stderr]     Checking dioxus-config-macros v0.7.9
[INFO] [stderr]     Checking rustix v1.1.4
[INFO] [stderr]     Checking zopfli v0.8.3
[INFO] [stderr]     Checking matchers v0.2.0
[INFO] [stderr]     Checking flate2 v1.1.9
[INFO] [stderr]     Checking cookie v0.18.1
[INFO] [stderr]     Checking tempfile v3.27.0
[INFO] [stderr]     Checking rustls-webpki v0.103.13
[INFO] [stderr]    Compiling synstructure v0.13.2
[INFO] [stderr]    Compiling darling_core v0.21.3
[INFO] [stderr]    Compiling wasm-bindgen-macro-support v0.2.126
[INFO] [stderr]    Compiling macro-string v0.1.4
[INFO] [stderr]    Compiling dioxus-rsx v0.7.9
[INFO] [stderr]    Compiling serde_derive v1.0.228
[INFO] [stderr]    Compiling futures-macro v0.3.32
[INFO] [stderr]    Compiling thiserror-impl v2.0.18
[INFO] [stderr]    Compiling tracing-attributes v0.1.31
[INFO] [stderr]     Checking futures-util v0.3.32
[INFO] [stderr]    Compiling zerofrom-derive v0.1.7
[INFO] [stderr]     Checking thiserror v2.0.18
[INFO] [stderr]     Checking tracing v0.1.44
[INFO] [stderr]    Compiling yoke-derive v0.8.2
[INFO] [stderr]    Compiling displaydoc v0.2.6
[INFO] [stderr]     Checking zerofrom v0.1.8
[INFO] [stderr]    Compiling zerovec-derive v0.11.3
[INFO] [stderr]    Compiling zerocopy-derive v0.8.53
[INFO] [stderr]     Checking yoke v0.8.3
[INFO] [stderr]     Checking zerotrie v0.2.4
[INFO] [stderr]     Checking generational-box v0.7.9
[INFO] [stderr]    Compiling pin-project-internal v1.1.13
[INFO] [stderr]    Compiling warnings-macro v0.2.0
[INFO] [stderr]    Compiling darling_macro v0.21.3
[INFO] [stderr]    Compiling const-serialize-macro v0.7.2
[INFO] [stderr]    Compiling darling v0.21.3
[INFO] [stderr]     Checking zerovec v0.11.6
[INFO] [stderr]    Compiling enumset_derive v0.15.0
[INFO] [stderr]    Compiling const-serialize-macro v0.8.0-alpha.0
[INFO] [stderr]    Compiling dioxus-core-macro v0.7.9
[INFO] [stderr]     Checking pin-project v1.1.13
[INFO] [stderr]    Compiling async-trait v0.1.89
[INFO] [stderr]     Checking warnings v0.2.1
[INFO] [stderr]     Checking tinystr v0.8.3
[INFO] [stderr]     Checking potential_utf v0.1.5
[INFO] [stderr]     Checking icu_collections v2.2.0
[INFO] [stderr]     Checking icu_locale_core v2.2.0
[INFO] [stderr]     Checking bytes v1.12.0
[INFO] [stderr]     Checking subsecond-types v0.7.9
[INFO] [stderr]     Checking subsecond v0.7.9
[INFO] [stderr]    Compiling wasm-bindgen-macro v0.2.126
[INFO] [stderr]     Checking enumset v1.1.13
[INFO] [stderr]     Checking keyboard-types v0.7.0
[INFO] [stderr]     Checking euclid v0.22.14
[INFO] [stderr]     Checking icu_provider v2.2.0
[INFO] [stderr]     Checking http v1.4.2
[INFO] [stderr]     Checking tokio v1.52.3
[INFO] [stderr]     Checking dioxus-core v0.7.9
[INFO] [stderr]     Checking icu_properties v2.2.0
[INFO] [stderr]     Checking http-body v1.0.1
[INFO] [stderr]     Checking icu_normalizer v2.2.0
[INFO] [stderr]     Checking http-body-util v0.1.3
[INFO] [stderr]     Checking js-sys v0.3.103
[INFO] [stderr]    Compiling serde_repr v0.1.20
[INFO] [stderr]    Compiling dioxus-html-internal-macro v0.7.9
[INFO] [stderr]    Compiling const-serialize v0.7.2
[INFO] [stderr]     Checking axum-core v0.5.6
[INFO] [stderr]     Checking serde_urlencoded v0.7.1
[INFO] [stderr]     Checking idna_adapter v1.2.2
[INFO] [stderr]     Checking idna v1.1.0
[INFO] [stderr]     Checking dioxus-signals v0.7.9
[INFO] [stderr]     Checking dioxus-history v0.7.9
[INFO] [stderr]    Compiling const-serialize v0.8.0-alpha.0
[INFO] [stderr]     Checking futures-executor v0.3.32
[INFO] [stderr]     Checking url v2.5.8
[INFO] [stderr]     Checking publicsuffix v2.3.0
[INFO] [stderr]    Compiling thiserror-impl v1.0.69
[INFO] [stderr]    Compiling manganis-core v0.7.9
[INFO] [stderr]     Checking dioxus-hooks v0.7.9
[INFO] [stderr]     Checking cookie_store v0.22.1
[INFO] [stderr]     Checking dioxus-html v0.7.9
[INFO] [stderr]     Checking multer v3.1.0
[INFO] [stderr]     Checking headers-core v0.3.0
[INFO] [stderr]    Compiling async-stream-impl v0.3.6
[INFO] [stderr]    Compiling derive_more-impl v2.1.1
[INFO] [stderr]     Checking thiserror v1.0.69
[INFO] [stderr]     Checking headers v0.4.1
[INFO] [stderr]    Compiling manganis-macro v0.7.9
[INFO] [stderr]     Checking async-stream v0.3.6
[INFO] [stderr]     Checking ppv-lite86 v0.2.21
[INFO] [stderr]     Checking half v2.7.1
[INFO] [stderr]     Checking tower v0.5.3
[INFO] [stderr]     Checking hyper v1.10.1
[INFO] [stderr]     Checking ciborium-ll v0.2.2
[INFO] [stderr]     Checking rand_chacha v0.9.0
[INFO] [stderr]     Checking tokio-rustls v0.26.4
[INFO] [stderr]     Checking rand v0.9.4
[INFO] [stderr]     Checking ciborium v0.2.2
[INFO] [stderr]     Checking tower-http v0.6.11
[INFO] [stderr]     Checking tokio-util v0.7.18
[INFO] [stderr]     Checking hyper-util v0.1.20
[INFO] [stderr]     Checking axum v0.8.9
[INFO] [stderr]     Checking dioxus-asset-resolver v0.7.9
[INFO] [stderr]     Checking tungstenite v0.27.0
[INFO] [stderr]     Checking tungstenite v0.28.0
[INFO] [stderr]     Checking futures v0.3.32
[INFO] [stderr]     Checking dioxus-devtools-types v0.7.9
[INFO] [stderr]     Checking serde_qs v0.15.0
[INFO] [stderr]     Checking derive_more v2.1.1
[INFO] [stderr]     Checking async-tungstenite v0.31.0
[INFO] [stderr]     Checking chrono v0.4.45
[INFO] [stderr]     Checking tracing-subscriber v0.3.23
[INFO] [stderr]    Compiling dioxus-stores-macro v0.7.9
[INFO] [stderr]    Compiling dioxus-fullstack-macro v0.7.9
[INFO] [stderr]     Checking dioxus-fullstack-core v0.7.9
[INFO] [stderr]     Checking hyper-rustls v0.27.9
[INFO] [stderr]     Checking reqwest v0.12.28
[INFO] [stderr]    Compiling dioxus-router-macro v0.7.9
[INFO] [stderr]     Checking dioxus-stores v0.7.9
[INFO] [stderr]     Checking dioxus-logger v0.7.9
[INFO] [stderr]     Checking dioxus-devtools v0.7.9
[INFO] [stderr]     Checking manganis v0.7.9
[INFO] [stderr]    Compiling clap_derive v4.6.1
[INFO] [stderr]     Checking horae-core v0.1.0 (/opt/rustwide/workdir/crates/core)
[INFO] [stderr]    Compiling serial_test_derive v3.5.0
[INFO] [stderr]     Checking zip v2.4.2
[INFO] [stderr]     Checking serial_test v3.5.0
[INFO] [stderr]     Checking dioxus-router v0.7.9
[INFO] [stderr]     Checking clap v4.6.1
[INFO] [stderr]     Checking web-sys v0.3.103
[INFO] [stderr]     Checking wasm-bindgen-futures v0.4.76
[INFO] [stderr]     Checking gloo-utils v0.2.0
[INFO] [stderr]     Checking wasm-streams v0.4.2
[INFO] [stderr]     Checking gloo-net v0.6.0
[INFO] [stderr]     Checking dioxus-fullstack v0.7.9 (/opt/rustwide/workdir/vendor/dioxus-fullstack-0.7.9)
[INFO] [stderr]     Checking dioxus v0.7.9
[INFO] [stdout] error[E0433]: cannot find module or crate `tokio` in this scope
[INFO] [stdout]    --> crates/horae/src/pages/timesheet/data.rs:170:7
[INFO] [stdout]     |
[INFO] [stdout] 170 |     #[tokio::test]
[INFO] [stdout]     |       ^^^^^ use of unresolved module or unlinked crate `tokio`
[INFO] [stdout] 
[INFO] [stdout] 
[INFO] [stdout] error[E0433]: cannot find module or crate `tokio` in this scope
[INFO] [stdout]    --> crates/horae/src/pages/timesheet/data.rs:206:7
[INFO] [stdout]     |
[INFO] [stdout] 206 |     #[tokio::test]
[INFO] [stdout]     |       ^^^^^ use of unresolved module or unlinked crate `tokio`
[INFO] [stdout] 
[INFO] [stdout] 
[INFO] [stdout] error[E0433]: cannot find module or crate `tokio` in this scope
[INFO] [stdout]    --> crates/horae/src/pages/timesheet/data.rs:224:7
[INFO] [stdout]     |
[INFO] [stdout] 224 |     #[tokio::test]
[INFO] [stdout]     |       ^^^^^ use of unresolved module or unlinked crate `tokio`
[INFO] [stdout] 
[INFO] [stdout] 
[INFO] [stdout] error[E0433]: cannot find module or crate `tokio` in this scope
[INFO] [stdout]    --> crates/horae/src/pages/timesheet/data.rs:252:7
[INFO] [stdout]     |
[INFO] [stdout] 252 |     #[tokio::test]
[INFO] [stdout]     |       ^^^^^ use of unresolved module or unlinked crate `tokio`
[INFO] [stdout] 
[INFO] [stdout] 
[INFO] [stdout] error[E0433]: cannot find module or crate `tokio` in this scope
[INFO] [stdout]    --> crates/horae/src/pages/timesheet/data.rs:268:7
[INFO] [stdout]     |
[INFO] [stdout] 268 |     #[tokio::test]
[INFO] [stdout]     |       ^^^^^ use of unresolved module or unlinked crate `tokio`
[INFO] [stdout] 
[INFO] [stdout] 
[INFO] [stdout] error[E0433]: cannot find module or crate `tokio` in this scope
[INFO] [stdout]    --> crates/horae/src/pages/timesheet/data.rs:294:7
[INFO] [stdout]     |
[INFO] [stdout] 294 |     #[tokio::test]
[INFO] [stdout]     |       ^^^^^ use of unresolved module or unlinked crate `tokio`
[INFO] [stdout] 
[INFO] [stdout] 
[INFO] [stdout] error[E0433]: cannot find module or crate `tokio` in this scope
[INFO] [stdout]    --> crates/horae/src/pages/timesheet/data.rs:313:7
[INFO] [stdout]     |
[INFO] [stdout] 313 |     #[tokio::test]
[INFO] [stdout]     |       ^^^^^ use of unresolved module or unlinked crate `tokio`
[INFO] [stdout] 
[INFO] [stdout] 
[INFO] [stdout] error[E0433]: cannot find module or crate `tokio` in this scope
[INFO] [stdout]    --> crates/horae/src/pages/timesheet/data.rs:335:7
[INFO] [stdout]     |
[INFO] [stdout] 335 |     #[tokio::test]
[INFO] [stdout]     |       ^^^^^ use of unresolved module or unlinked crate `tokio`
[INFO] [stdout] 
[INFO] [stdout] 
[INFO] [stdout] error[E0433]: cannot find module or crate `tokio` in this scope
[INFO] [stdout]    --> crates/horae/src/pages/new_project.rs:383:21
[INFO] [stdout]     |
[INFO] [stdout] 383 |                     tokio::time::sleep(std::time::Duration::from_millis(600)).await;
[INFO] [stdout]     |                     ^^^^^ use of unresolved module or unlinked crate `tokio`
[INFO] [stdout]     |
[INFO] [stdout]     = help: if you wanted to use a crate named `tokio`, use `cargo add tokio` to add it to your `Cargo.toml`
[INFO] [stdout] 
[INFO] [stdout] 
[INFO] [stdout] error[E0433]: cannot find `ssr` in `dioxus`
[INFO] [stdout]    --> crates/horae/src/pages/new_project/billing.rs:48:32
[INFO] [stdout]     |
[INFO] [stdout]  48 |             let html = dioxus::ssr::render(&dom);
[INFO] [stdout]     |                                ^^^ could not find `ssr` in `dioxus`
[INFO] [stdout]     |
[INFO] [stdout] note: found an item that was configured out
[INFO] [stdout]    --> /opt/rustwide/cargo-home/registry/src/index.crates.io-1949cf8c6b5b557f/dioxus-0.7.9/src/lib.rs:125:23
[INFO] [stdout]     |
[INFO] [stdout] 123 | #[cfg(feature = "ssr")]
[INFO] [stdout]     |       --------------- the item is gated behind the `ssr` feature
[INFO] [stdout] 124 | #[cfg_attr(docsrs, doc(cfg(feature = "ssr")))]
[INFO] [stdout] 125 | pub use dioxus_ssr as ssr;
[INFO] [stdout]     |                       ^^^
[INFO] [stdout] 
[INFO] [stdout] 
[INFO] [stdout] error[E0433]: cannot find module or crate `tokio` in this scope
[INFO] [stdout]    --> crates/horae/src/pages/new_project.rs:383:21
[INFO] [stdout]     |
[INFO] [stdout] 383 |                     tokio::time::sleep(std::time::Duration::from_millis(600)).await;
[INFO] [stdout]     |                     ^^^^^ use of unresolved module or unlinked crate `tokio`
[INFO] [stdout]     |
[INFO] [stdout]     = help: if you wanted to use a crate named `tokio`, use `cargo add tokio` to add it to your `Cargo.toml`
[INFO] [stdout] help: there is an enum variant `dioxus_html::completions::CompleteWithBraces::time`; try using the variant's enum
[INFO] [stdout]     |
[INFO] [stdout] 383 -                     tokio::time::sleep(std::time::Duration::from_millis(600)).await;
[INFO] [stdout] 383 +                     dioxus_html::completions::CompleteWithBraces::sleep(std::time::Duration::from_millis(600)).await;
[INFO] [stdout]     |
[INFO] [stdout] 
[INFO] [stdout] 
[INFO] [stdout] error[E0433]: cannot find `ssr` in `dioxus`
[INFO] [stdout]    --> crates/horae/src/pages/timesheet/refresh_tests.rs:88:22
[INFO] [stdout]     |
[INFO] [stdout]  88 |     assert!(!dioxus::ssr::render(&dom).contains("ts-cell-input"));
[INFO] [stdout]     |                      ^^^ could not find `ssr` in `dioxus`
[INFO] [stdout]     |
[INFO] [stdout] note: found an item that was configured out
[INFO] [stdout]    --> /opt/rustwide/cargo-home/registry/src/index.crates.io-1949cf8c6b5b557f/dioxus-0.7.9/src/lib.rs:125:23
[INFO] [stdout]     |
[INFO] [stdout] 123 | #[cfg(feature = "ssr")]
[INFO] [stdout]     |       --------------- the item is gated behind the `ssr` feature
[INFO] [stdout] 124 | #[cfg_attr(docsrs, doc(cfg(feature = "ssr")))]
[INFO] [stdout] 125 | pub use dioxus_ssr as ssr;
[INFO] [stdout]     |                       ^^^
[INFO] [stdout] 
[INFO] [stdout] 
[INFO] [stdout] error[E0433]: cannot find `ssr` in `dioxus`
[INFO] [stdout]    --> crates/horae/src/pages/timesheet/refresh_tests.rs:93:17
[INFO] [stdout]     |
[INFO] [stdout]  93 |         dioxus::ssr::render(&dom).contains("value=\"2:00\""),
[INFO] [stdout]     |                 ^^^ could not find `ssr` in `dioxus`
[INFO] [stdout]     |
[INFO] [stdout] note: found an item that was configured out
[INFO] [stdout]    --> /opt/rustwide/cargo-home/registry/src/index.crates.io-1949cf8c6b5b557f/dioxus-0.7.9/src/lib.rs:125:23
[INFO] [stdout]     |
[INFO] [stdout] 123 | #[cfg(feature = "ssr")]
[INFO] [stdout]     |       --------------- the item is gated behind the `ssr` feature
[INFO] [stdout] 124 | #[cfg_attr(docsrs, doc(cfg(feature = "ssr")))]
[INFO] [stdout] 125 | pub use dioxus_ssr as ssr;
[INFO] [stdout]     |                       ^^^
[INFO] [stdout] 
[INFO] [stdout] 
[INFO] [stdout] error[E0433]: cannot find `ssr` in `dioxus`
[INFO] [stdout]     --> crates/horae/src/pages/timesheet.rs:2638:28
[INFO] [stdout]      |
[INFO] [stdout] 2638 |         let html = dioxus::ssr::render(&dom);
[INFO] [stdout]      |                            ^^^ could not find `ssr` in `dioxus`
[INFO] [stdout]      |
[INFO] [stdout] note: found an item that was configured out
[INFO] [stdout]     --> /opt/rustwide/cargo-home/registry/src/index.crates.io-1949cf8c6b5b557f/dioxus-0.7.9/src/lib.rs:125:23
[INFO] [stdout]      |
[INFO] [stdout]  123 | #[cfg(feature = "ssr")]
[INFO] [stdout]      |       --------------- the item is gated behind the `ssr` feature
[INFO] [stdout]  124 | #[cfg_attr(docsrs, doc(cfg(feature = "ssr")))]
[INFO] [stdout]  125 | pub use dioxus_ssr as ssr;
[INFO] [stdout]      |                       ^^^
[INFO] [stdout] 
[INFO] [stdout] 
[INFO] [stderr] error: could not compile `horae` (bin "horae") due to 1 previous error
[INFO] [stderr] 
[INFO] [stderr] Caused by:
[INFO] [stderr]   process didn't exit successfully: `/opt/rustwide/rustup-home/toolchains/3154cc1a3e6424e44f438a95007d043ed5ceaaf6/bin/rustc --crate-name horae --edition=2024 crates/horae/src/main.rs --error-format=json --json=diagnostic-rendered-ansi,artifacts,future-incompat,unused-externs-silent --crate-type bin --emit=dep-info,metadata -C embed-bitcode=no -C debuginfo=2 --cfg 'feature="default"' --check-cfg 'cfg(docsrs,test)' --check-cfg 'cfg(feature, values("default", "server", "web"))' -C metadata=b46b83f024bb98d5 -C extra-filename=-bb2ad51a6cb01d0c --out-dir /opt/rustwide/target/debug/build/horae/bb2ad51a6cb01d0c/out -L dependency=/opt/rustwide/target/debug/build/anstream/8d07e74e57721329/out -L dependency=/opt/rustwide/target/debug/build/anstyle-parse/e1ac79ef6a069817/out -L dependency=/opt/rustwide/target/debug/build/anstyle-query/d7fe99310e29d523/out -L dependency=/opt/rustwide/target/debug/build/anstyle/c817f3fd9a811ac3/out -L dependency=/opt/rustwide/target/debug/build/anyhow/215e9e70762e0ea5/out -L dependency=/opt/rustwide/target/debug/build/async-stream-impl/510666cf3c5da763/out -L dependency=/opt/rustwide/target/debug/build/async-stream/544885f355f94193/out -L dependency=/opt/rustwide/target/debug/build/async-trait/1180da38cbfbdb0e/out -L dependency=/opt/rustwide/target/debug/build/async-tungstenite/77119ffeea3b7bc3/out -L dependency=/opt/rustwide/target/debug/build/atomic-waker/da9535de70c6dc9f/out -L dependency=/opt/rustwide/target/debug/build/axum-core/563360c948c9922a/out -L dependency=/opt/rustwide/target/debug/build/axum/42ace6a2665a5764/out -L dependency=/opt/rustwide/target/debug/build/base64/1197ac9fab90ee7e/out -L dependency=/opt/rustwide/target/debug/build/bitflags/d16ed378600dc346/out -L dependency=/opt/rustwide/target/debug/build/block-buffer/75f5706bd6e4fab3/out -L dependency=/opt/rustwide/target/debug/build/byteorder/1faabe2fe6089cfe/out -L dependency=/opt/rustwide/target/debug/build/bytes/45071db42cb19c88/out -L dependency=/opt/rustwide/target/debug/build/cfb/cbbda4288be594de/out -L dependency=/opt/rustwide/target/debug/build/cfg-if/455a21b2886a1534/out -L dependency=/opt/rustwide/target/debug/build/charset/29660518343fe581/out -L dependency=/opt/rustwide/target/debug/build/chrono/9a1ec883b962df64/out -L dependency=/opt/rustwide/target/debug/build/ciborium-io/2e9c3e4ad6801b04/out -L dependency=/opt/rustwide/target/debug/build/ciborium-ll/34d8a38b9b2c8087/out -L dependency=/opt/rustwide/target/debug/build/ciborium/0ba299bf955eda17/out -L dependency=/opt/rustwide/target/debug/build/clap_builder/f672926f9ab73c5a/out -L dependency=/opt/rustwide/target/debug/build/clap_derive/86ef3c38781f5ced/out -L dependency=/opt/rustwide/target/debug/build/clap_lex/7cfff6c96518a8f7/out -L dependency=/opt/rustwide/target/debug/build/colorchoice/57f0573723623dca/out -L dependency=/opt/rustwide/target/debug/build/const-serialize-macro/2f17b192bc2772cc/out -L dependency=/opt/rustwide/target/debug/build/const-serialize-macro/e8ee5722f901c937/out -L dependency=/opt/rustwide/target/debug/build/const-serialize/6ea9818d1991416c/out -L dependency=/opt/rustwide/target/debug/build/const-serialize/f59a63db11573241/out -L dependency=/opt/rustwide/target/debug/build/const-str/b1066ed238a0d36e/out -L dependency=/opt/rustwide/target/debug/build/const_format/c5de810c44408a03/out -L dependency=/opt/rustwide/target/debug/build/const_format_proc_macros/8449f261059ad196/out -L dependency=/opt/rustwide/target/debug/build/content_disposition/c8529f682a6aabef/out -L dependency=/opt/rustwide/target/debug/build/cookie/96c6a8ba64096915/out -L dependency=/opt/rustwide/target/debug/build/cookie_store/7b3a0506e2d63858/out -L dependency=/opt/rustwide/target/debug/build/cpufeatures/d69d304f9ccab94d/out -L dependency=/opt/rustwide/target/debug/build/crypto-common/7f706eca3337556f/out -L dependency=/opt/rustwide/target/debug/build/data-encoding/ec5af57f739215d5/out -L dependency=/opt/rustwide/target/debug/build/deranged/7f64faff23c42440/out -L dependency=/opt/rustwide/target/debug/build/derive_more-impl/351326d99ec64701/out -L dependency=/opt/rustwide/target/debug/build/derive_more/be020285172497f2/out -L dependency=/opt/rustwide/target/debug/build/digest/f67ec4eee9b30094/out -L dependency=/opt/rustwide/target/debug/build/dioxus-asset-resolver/4b6d5478e6e1e8d4/out -L dependency=/opt/rustwide/target/debug/build/dioxus-cli-config/8e72bb5ab9274e60/out -L dependency=/opt/rustwide/target/debug/build/dioxus-config-macro/1f52e196d2768a72/out -L dependency=/opt/rustwide/target/debug/build/dioxus-config-macros/a5645b3e56f524a5/out -L dependency=/opt/rustwide/target/debug/build/dioxus-core-macro/6e3e4cc31a2d773e/out -L dependency=/opt/rustwide/target/debug/build/dioxus-core-types/4d2d7ce87ea07e08/out -L dependency=/opt/rustwide/target/debug/build/dioxus-core/61db04c446dbcb5b/out -L dependency=/opt/rustwide/target/debug/build/dioxus-devtools-types/bea61b53f017361d/out -L dependency=/opt/rustwide/target/debug/build/dioxus-devtools/7e684af4cba5a84b/out -L dependency=/opt/rustwide/target/debug/build/dioxus-document/5554a490f46eb589/out -L dependency=/opt/rustwide/target/debug/build/dioxus-fullstack-core/0a377585ea352d88/out -L dependency=/opt/rustwide/target/debug/build/dioxus-fullstack-macro/9cb558a7265a86aa/out -L dependency=/opt/rustwide/target/debug/build/dioxus-fullstack/c7dba32f552afc17/out -L dependency=/opt/rustwide/target/debug/build/dioxus-history/c16a2c24299a8a05/out -L dependency=/opt/rustwide/target/debug/build/dioxus-hooks/d09ff80ed9cf0495/out -L dependency=/opt/rustwide/target/debug/build/dioxus-html-internal-macro/98896310e7e99c10/out -L dependency=/opt/rustwide/target/debug/build/dioxus-html/1ec054d515e4eaa9/out -L dependency=/opt/rustwide/target/debug/build/dioxus-logger/ea69d9aa98563fae/out -L dependency=/opt/rustwide/target/debug/build/dioxus-router-macro/e64df561aa6fc42e/out -L dependency=/opt/rustwide/target/debug/build/dioxus-router/19535c9960d8c30d/out -L dependency=/opt/rustwide/target/debug/build/dioxus-signals/a85a0c367aaff2a2/out -L dependency=/opt/rustwide/target/debug/build/dioxus-stores-macro/c6dd66eef33dce52/out -L dependency=/opt/rustwide/target/debug/build/dioxus-stores/025c42e366a9c33f/out -L dependency=/opt/rustwide/target/debug/build/displaydoc/509cf1037ff4305c/out -L dependency=/opt/rustwide/target/debug/build/document-features/b652fc2819e80e17/out -L dependency=/opt/rustwide/target/debug/build/encoding_rs/2d47d0f786b9d762/out -L dependency=/opt/rustwide/target/debug/build/enumset/0fddd5e78d2f0bc5/out -L dependency=/opt/rustwide/target/debug/build/enumset_derive/95f12b2c60886125/out -L dependency=/opt/rustwide/target/debug/build/euclid/8710693ef49e107a/out -L dependency=/opt/rustwide/target/debug/build/fnv/65440ab31d1f3d7a/out -L dependency=/opt/rustwide/target/debug/build/form_urlencoded/8558270de8c5e9db/out -L dependency=/opt/rustwide/target/debug/build/futures-channel/ba6f2494d55c8220/out -L dependency=/opt/rustwide/target/debug/build/futures-core/89fee0d3b513deab/out -L dependency=/opt/rustwide/target/debug/build/futures-executor/e69a057924a3e96f/out -L dependency=/opt/rustwide/target/debug/build/futures-io/c91693c4f374463d/out -L dependency=/opt/rustwide/target/debug/build/futures-macro/f1cc54a6591027a9/out -L dependency=/opt/rustwide/target/debug/build/futures-sink/3cdbe8959412e9c3/out -L dependency=/opt/rustwide/target/debug/build/futures-task/103084c53ef37604/out -L dependency=/opt/rustwide/target/debug/build/futures-util/1d5a599a983a4ae4/out -L dependency=/opt/rustwide/target/debug/build/futures/c84e85fb9d98ff92/out -L dependency=/opt/rustwide/target/debug/build/generational-box/4652c82661e63a52/out -L dependency=/opt/rustwide/target/debug/build/generic-array/800aea618ffd449d/out -L dependency=/opt/rustwide/target/debug/build/getrandom/6b8d988bf4d78cdf/out -L dependency=/opt/rustwide/target/debug/build/getrandom/b5424484e8dddbbe/out -L dependency=/opt/rustwide/target/debug/build/getrandom/d618f53be3a8efe4/out -L dependency=/opt/rustwide/target/debug/build/gloo-net/53be4bb0269972b2/out -L dependency=/opt/rustwide/target/debug/build/gloo-utils/16d616db5138edae/out -L dependency=/opt/rustwide/target/debug/build/half/96caa6386b9829ae/out -L dependency=/opt/rustwide/target/debug/build/headers-core/5e0593062027a7df/out -L dependency=/opt/rustwide/target/debug/build/headers/557839ccb2bc28fc/out -L dependency=/opt/rustwide/target/debug/build/http-body-util/797b4ad220bf504d/out -L dependency=/opt/rustwide/target/debug/build/http-body/c11878016741d882/out -L dependency=/opt/rustwide/target/debug/build/http/4083641a7d1ad118/out -L dependency=/opt/rustwide/target/debug/build/httparse/76e96eecfa617739/out -L dependency=/opt/rustwide/target/debug/build/httpdate/b5025f4ba65bacc8/out -L dependency=/opt/rustwide/target/debug/build/hyper-rustls/5a43822426a03f40/out -L dependency=/opt/rustwide/target/debug/build/hyper-util/da137236c9f9fc1f/out -L dependency=/opt/rustwide/target/debug/build/hyper/3f9f2dda6e43f244/out -L dependency=/opt/rustwide/target/debug/build/iana-time-zone/76e6fb2c1855833b/out -L dependency=/opt/rustwide/target/debug/build/icu_collections/66d29f76b59c45ea/out -L dependency=/opt/rustwide/target/debug/build/icu_locale_core/f9d8b0b28012800d/out -L dependency=/opt/rustwide/target/debug/build/icu_normalizer/3f71d49879064931/out -L dependency=/opt/rustwide/target/debug/build/icu_normalizer_data/2044323167a29de8/out -L dependency=/opt/rustwide/target/debug/build/icu_properties/9fc5100fbf8052ff/out -L dependency=/opt/rustwide/target/debug/build/icu_properties_data/2f014232ea9057bb/out -L dependency=/opt/rustwide/target/debug/build/icu_provider/863bc1614170ed08/out -L dependency=/opt/rustwide/target/debug/build/idna/4366a3fee9259727/out -L dependency=/opt/rustwide/target/debug/build/idna_adapter/aa433f21a5c5ac08/out -L dependency=/opt/rustwide/target/debug/build/infer/29b920d6a2cc70ff/out -L dependency=/opt/rustwide/target/debug/build/inventory/8af1617fcb5c2197/out -L dependency=/opt/rustwide/target/debug/build/ipnet/fe4152cb2bd55d29/out -L dependency=/opt/rustwide/target/debug/build/is_terminal_polyfill/ad905bc293a87b7f/out -L dependency=/opt/rustwide/target/debug/build/itoa/9757112bd9972718/out -L dependency=/opt/rustwide/target/debug/build/js-sys/84a945c5cc934d99/out -L dependency=/opt/rustwide/target/debug/build/keyboard-types/42707b09c86926c3/out -L dependency=/opt/rustwide/target/debug/build/konst/aa0b4a2fd7dfa8a6/out -L dependency=/opt/rustwide/target/debug/build/konst_macro_rules/17b9e311d2920581/out -L dependency=/opt/rustwide/target/debug/build/lazy_static/8814797a196a17b5/out -L dependency=/opt/rustwide/target/debug/build/libc/46c6b83d1bc81e80/out -L dependency=/opt/rustwide/target/debug/build/libloading/d1a134efd1f96232/out -L dependency=/opt/rustwide/target/debug/build/litemap/31f59ce7663cfafe/out -L dependency=/opt/rustwide/target/debug/build/lock_api/497c3c4b546acad3/out -L dependency=/opt/rustwide/target/debug/build/log/a82153776ac6715c/out -L dependency=/opt/rustwide/target/debug/build/longest-increasing-subsequence/26a2d5fa3fc9f936/out -L dependency=/opt/rustwide/target/debug/build/manganis-core/686a70a34d86d62e/out -L dependency=/opt/rustwide/target/debug/build/manganis-macro/0abd1fe094eba1d3/out -L dependency=/opt/rustwide/target/debug/build/manganis/09d91ecdb8b05921/out -L dependency=/opt/rustwide/target/debug/build/matchers/d9d341af904a96d3/out -L dependency=/opt/rustwide/target/debug/build/matchit/29be1edda9b2fc61/out -L dependency=/opt/rustwide/target/debug/build/memchr/1dee75255e878028/out -L dependency=/opt/rustwide/target/debug/build/memmap2/23c60b968d07a413/out -L dependency=/opt/rustwide/target/debug/build/mime/ee7da7d8bd74decc/out -L dependency=/opt/rustwide/target/debug/build/mime_guess/91bc21f39e6aed54/out -L dependency=/opt/rustwide/target/debug/build/mio/55687d33e2540563/out -L dependency=/opt/rustwide/target/debug/build/multer/85d5097da464feec/out -L dependency=/opt/rustwide/target/debug/build/num-conv/fbbc62f3df49f885/out -L dependency=/opt/rustwide/target/debug/build/num-traits/cca087b3ecbc6a29/out -L dependency=/opt/rustwide/target/debug/build/once_cell/c3517054d55a7dff/out -L dependency=/opt/rustwide/target/debug/build/parking_lot/8d5b8f5648bb5cdb/out -L dependency=/opt/rustwide/target/debug/build/parking_lot_core/4ce6478298f8712c/out -L dependency=/opt/rustwide/target/debug/build/percent-encoding/528721a9f54dc4b1/out -L dependency=/opt/rustwide/target/debug/build/pin-project-internal/18203282d2aed912/out -L dependency=/opt/rustwide/target/debug/build/pin-project-lite/bc36f7de3f04be06/out -L dependency=/opt/rustwide/target/debug/build/pin-project/af1f3fa02ee4e6cc/out -L dependency=/opt/rustwide/target/debug/build/potential_utf/3f06a3b4fa3721c8/out -L dependency=/opt/rustwide/target/debug/build/powerfmt/56923de0405665be/out -L dependency=/opt/rustwide/target/debug/build/ppv-lite86/e8c69a9d887cc02c/out -L dependency=/opt/rustwide/target/debug/build/psl-types/f64bda8f6a4fa754/out -L dependency=/opt/rustwide/target/debug/build/publicsuffix/c01abc11ec14ffa1/out -L dependency=/opt/rustwide/target/debug/build/rand/3bb203da01093a01/out -L dependency=/opt/rustwide/target/debug/build/rand_chacha/630b9104318787e2/out -L dependency=/opt/rustwide/target/debug/build/rand_core/d176a7d31eb53722/out -L dependency=/opt/rustwide/target/debug/build/regex-automata/b98311f3d86d0c47/out -L dependency=/opt/rustwide/target/debug/build/regex-syntax/57e7b922a5fa9240/out -L dependency=/opt/rustwide/target/debug/build/reqwest/ab2b17928d614ebb/out -L dependency=/opt/rustwide/target/debug/build/ring/63dbd1b83f91f872/out -L dependency=/opt/rustwide/target/debug/build/rustc-hash/5059890c48f909f1/out -L dependency=/opt/rustwide/target/debug/build/rustls-pki-types/d8242481614d9559/out -L dependency=/opt/rustwide/target/debug/build/rustls-webpki/ea73c5e80e7d54ae/out -L dependency=/opt/rustwide/target/debug/build/rustls/5a3a8f4f217bdf8d/out -L dependency=/opt/rustwide/target/debug/build/rustversion/6a05414b448f1068/out -L dependency=/opt/rustwide/target/debug/build/ryu/659b25542bb7dde0/out -L dependency=/opt/rustwide/target/debug/build/scopeguard/2eedc5e742d791e6/out -L dependency=/opt/rustwide/target/debug/build/send_wrapper/747cf08022bef213/out -L dependency=/opt/rustwide/target/debug/build/serde/37c52e6d7384ddbe/out -L dependency=/opt/rustwide/target/debug/build/serde_core/b88ca56ac27c3fe3/out -L dependency=/opt/rustwide/target/debug/build/serde_derive/f234edb5863b1bcb/out -L dependency=/opt/rustwide/target/debug/build/serde_json/ec427b3909c42b64/out -L dependency=/opt/rustwide/target/debug/build/serde_path_to_error/660df5f856880d84/out -L dependency=/opt/rustwide/target/debug/build/serde_qs/83965bdb1b543d28/out -L dependency=/opt/rustwide/target/debug/build/serde_repr/f23fe4a4ffa6ab36/out -L dependency=/opt/rustwide/target/debug/build/serde_urlencoded/88fcc10f4fef93c7/out -L dependency=/opt/rustwide/target/debug/build/sha1/8fb607ef8e8d1911/out -L dependency=/opt/rustwide/target/debug/build/sharded-slab/10ced3d8fd7e5e0c/out -L dependency=/opt/rustwide/target/debug/build/slab/99d98220a54c26d9/out -L dependency=/opt/rustwide/target/debug/build/slotmap/5924c3864f7b170d/out -L dependency=/opt/rustwide/target/debug/build/smallvec/6a297f3c50a8ac22/out -L dependency=/opt/rustwide/target/debug/build/socket2/3642a53f55773b5e/out -L dependency=/opt/rustwide/target/debug/build/spin/80502d06bd8f5875/out -L dependency=/opt/rustwide/target/debug/build/stable_deref_trait/5d0e5045ac141f4e/out -L dependency=/opt/rustwide/target/debug/build/strsim/8ef4eec82bb5cc1e/out -L dependency=/opt/rustwide/target/debug/build/subsecond-types/781713f2366f277a/out -L dependency=/opt/rustwide/target/debug/build/subsecond/fff27f31bb8e14d7/out -L dependency=/opt/rustwide/target/debug/build/subtle/8f505b5194b43595/out -L dependency=/opt/rustwide/target/debug/build/sync_wrapper/43c831aa380be6d2/out -L dependency=/opt/rustwide/target/debug/build/thiserror-impl/567d170d97ac4d09/out -L dependency=/opt/rustwide/target/debug/build/thiserror-impl/b144952b09d47cb6/out -L dependency=/opt/rustwide/target/debug/build/thiserror/8747e221065051ff/out -L dependency=/opt/rustwide/target/debug/build/thiserror/a80c45ae5c2438bf/out -L dependency=/opt/rustwide/target/debug/build/thread_local/95def79636ca211a/out -L dependency=/opt/rustwide/target/debug/build/time-core/b9412b16edd0c3f5/out -L dependency=/opt/rustwide/target/debug/build/time-macros/08a5baa38e4fa780/out -L dependency=/opt/rustwide/target/debug/build/time/07c5ea1edb0aecb1/out -L dependency=/opt/rustwide/target/debug/build/tinystr/abe823c6bcbfa8c6/out -L dependency=/opt/rustwide/target/debug/build/tokio-rustls/eb971e62c805e26c/out -L dependency=/opt/rustwide/target/debug/build/tokio-util/0b155ea0c48dba6c/out -L dependency=/opt/rustwide/target/debug/build/tokio/d540c3941386a0fa/out -L dependency=/opt/rustwide/target/debug/build/tower-http/4c4d797791247989/out -L dependency=/opt/rustwide/target/debug/build/tower-layer/18253f72d6097d72/out -L dependency=/opt/rustwide/target/debug/build/tower-service/f067f85429613f02/out -L dependency=/opt/rustwide/target/debug/build/tower/f9ad28b1c842c70f/out -L dependency=/opt/rustwide/target/debug/build/tracing-attributes/1edfb6553b72a3a3/out -L dependency=/opt/rustwide/target/debug/build/tracing-core/0e2cacd9b61aa4fe/out -L dependency=/opt/rustwide/target/debug/build/tracing-subscriber/226f9984b165a2e9/out -L dependency=/opt/rustwide/target/debug/build/tracing/253d9f366f13f8bb/out -L dependency=/opt/rustwide/target/debug/build/try-lock/2456ef037cb93cd8/out -L dependency=/opt/rustwide/target/debug/build/tungstenite/794dee2ee3f0be8f/out -L dependency=/opt/rustwide/target/debug/build/tungstenite/99cab2624d7da9de/out -L dependency=/opt/rustwide/target/debug/build/typenum/9cf2777d6d699e5b/out -L dependency=/opt/rustwide/target/debug/build/unicase/a72f21564edb58b5/out -L dependency=/opt/rustwide/target/debug/build/unicode-ident/34a5014e0dd756af/out -L dependency=/opt/rustwide/target/debug/build/untrusted/6fab01473f7c0eb0/out -L dependency=/opt/rustwide/target/debug/build/url/0abb24ffdff0637c/out -L dependency=/opt/rustwide/target/debug/build/utf-8/917323ef17ac9634/out -L dependency=/opt/rustwide/target/debug/build/utf8_iter/2a9a14295c98e961/out -L dependency=/opt/rustwide/target/debug/build/utf8parse/22c8bfc04b871790/out -L dependency=/opt/rustwide/target/debug/build/uuid/ba6143a1164cba16/out -L dependency=/opt/rustwide/target/debug/build/want/02f6f2e86f12f8db/out -L dependency=/opt/rustwide/target/debug/build/warnings-macro/f1260800a0e8b009/out -L dependency=/opt/rustwide/target/debug/build/warnings/f687afec67e88bf0/out -L dependency=/opt/rustwide/target/debug/build/wasm-bindgen-futures/b1beed48564566d4/out -L dependency=/opt/rustwide/target/debug/build/wasm-bindgen-macro/8f5861181beb9571/out -L dependency=/opt/rustwide/target/debug/build/wasm-bindgen-shared/f9509a55d6601210/out -L dependency=/opt/rustwide/target/debug/build/wasm-bindgen/ad73d6ee319b63d2/out -L dependency=/opt/rustwide/target/debug/build/wasm-streams/26b09b494cba38a8/out -L dependency=/opt/rustwide/target/debug/build/web-sys/0e6f40f7bdcf0574/out -L dependency=/opt/rustwide/target/debug/build/webpki-roots/4d89aa9dac77eaf9/out -L dependency=/opt/rustwide/target/debug/build/winnow/561195ecb1ddd825/out -L dependency=/opt/rustwide/target/debug/build/writeable/5ebacb8f45d0e991/out -L dependency=/opt/rustwide/target/debug/build/xxhash-rust/77b126afb7874a1e/out -L dependency=/opt/rustwide/target/debug/build/yoke-derive/29379348a36f94e1/out -L dependency=/opt/rustwide/target/debug/build/yoke/94fb505c4f681198/out -L dependency=/opt/rustwide/target/debug/build/zerocopy-derive/9f3c798e8000ea30/out -L dependency=/opt/rustwide/target/debug/build/zerocopy/e87d0c08f1f02cf6/out -L dependency=/opt/rustwide/target/debug/build/zerofrom-derive/60a8de84d395e8bf/out -L dependency=/opt/rustwide/target/debug/build/zerofrom/08682cdb0e0da25f/out -L dependency=/opt/rustwide/target/debug/build/zeroize/3eac6d5ae8ba8e2f/out -L dependency=/opt/rustwide/target/debug/build/zerotrie/9cae083ac936dede/out -L dependency=/opt/rustwide/target/debug/build/zerovec-derive/99fa6f510c34aba1/out -L dependency=/opt/rustwide/target/debug/build/zerovec/bc65269e969ff0b2/out -L dependency=/opt/rustwide/target/debug/build/zmij/afe435487bf78507/out --extern anyhow=/opt/rustwide/target/debug/build/anyhow/215e9e70762e0ea5/out/libanyhow-215e9e70762e0ea5.rmeta --extern chrono=/opt/rustwide/target/debug/build/chrono/9a1ec883b962df64/out/libchrono-9a1ec883b962df64.rmeta --extern clap=/opt/rustwide/target/debug/build/clap/beaa52cbeb6b523a/out/libclap-beaa52cbeb6b523a.rmeta --extern dioxus=/opt/rustwide/target/debug/build/dioxus/b5188870a3e13538/out/libdioxus-b5188870a3e13538.rmeta --extern horae_core=/opt/rustwide/target/debug/build/horae-core/9ede4e755604f503/out/libhorae_core-9ede4e755604f503.rmeta --extern serde=/opt/rustwide/target/debug/build/serde/37c52e6d7384ddbe/out/libserde-37c52e6d7384ddbe.rmeta --extern serde_json=/opt/rustwide/target/debug/build/serde_json/ec427b3909c42b64/out/libserde_json-ec427b3909c42b64.rmeta --extern thiserror=/opt/rustwide/target/debug/build/thiserror/a80c45ae5c2438bf/out/libthiserror-a80c45ae5c2438bf.rmeta --extern tracing=/opt/rustwide/target/debug/build/tracing/253d9f366f13f8bb/out/libtracing-253d9f366f13f8bb.rmeta --extern uuid=/opt/rustwide/target/debug/build/uuid/ba6143a1164cba16/out/libuuid-ba6143a1164cba16.rmeta --extern wasm_bindgen=/opt/rustwide/target/debug/build/wasm-bindgen/ad73d6ee319b63d2/out/libwasm_bindgen-ad73d6ee319b63d2.rmeta --cap-lints=forbid -Znext-solver=coherence --force-warn=unused_crate_dependencies -L native=/opt/rustwide/target/debug/build/ring/bbab79f1699a1ad3/out` (signal: 9, SIGKILL: kill)
[INFO] [stderr] warning: build failed, waiting for other jobs to finish...
[INFO] [stderr] error: could not compile `horae` (bin "horae" test) due to 13 previous errors
[INFO] [stderr] 
[INFO] [stderr] Caused by:
[INFO] [stderr]   process didn't exit successfully: `/opt/rustwide/rustup-home/toolchains/3154cc1a3e6424e44f438a95007d043ed5ceaaf6/bin/rustc --crate-name horae --edition=2024 crates/horae/src/main.rs --error-format=json --json=diagnostic-rendered-ansi,artifacts,future-incompat,unused-externs-silent --emit=dep-info,metadata -C embed-bitcode=no -C debuginfo=2 --test --cfg 'feature="default"' --check-cfg 'cfg(docsrs,test)' --check-cfg 'cfg(feature, values("default", "server", "web"))' -C metadata=5ee5f94f58f18555 -C extra-filename=-40b55d46f99da34c --out-dir /opt/rustwide/target/debug/build/horae/40b55d46f99da34c/out -L dependency=/opt/rustwide/target/debug/build/adler2/146a96abf593f074/out -L dependency=/opt/rustwide/target/debug/build/anstream/8d07e74e57721329/out -L dependency=/opt/rustwide/target/debug/build/anstyle-parse/e1ac79ef6a069817/out -L dependency=/opt/rustwide/target/debug/build/anstyle-query/d7fe99310e29d523/out -L dependency=/opt/rustwide/target/debug/build/anstyle/c817f3fd9a811ac3/out -L dependency=/opt/rustwide/target/debug/build/anyhow/215e9e70762e0ea5/out -L dependency=/opt/rustwide/target/debug/build/async-stream-impl/510666cf3c5da763/out -L dependency=/opt/rustwide/target/debug/build/async-stream/544885f355f94193/out -L dependency=/opt/rustwide/target/debug/build/async-trait/1180da38cbfbdb0e/out -L dependency=/opt/rustwide/target/debug/build/async-tungstenite/77119ffeea3b7bc3/out -L dependency=/opt/rustwide/target/debug/build/atomic-waker/da9535de70c6dc9f/out -L dependency=/opt/rustwide/target/debug/build/axum-core/563360c948c9922a/out -L dependency=/opt/rustwide/target/debug/build/axum/42ace6a2665a5764/out -L dependency=/opt/rustwide/target/debug/build/base64/1197ac9fab90ee7e/out -L dependency=/opt/rustwide/target/debug/build/bitflags/d16ed378600dc346/out -L dependency=/opt/rustwide/target/debug/build/block-buffer/75f5706bd6e4fab3/out -L dependency=/opt/rustwide/target/debug/build/bumpalo/58959ea546fe3b00/out -L dependency=/opt/rustwide/target/debug/build/byteorder/1faabe2fe6089cfe/out -L dependency=/opt/rustwide/target/debug/build/bytes/45071db42cb19c88/out -L dependency=/opt/rustwide/target/debug/build/cfb/cbbda4288be594de/out -L dependency=/opt/rustwide/target/debug/build/cfg-if/455a21b2886a1534/out -L dependency=/opt/rustwide/target/debug/build/charset/29660518343fe581/out -L dependency=/opt/rustwide/target/debug/build/chrono/9a1ec883b962df64/out -L dependency=/opt/rustwide/target/debug/build/ciborium-io/2e9c3e4ad6801b04/out -L dependency=/opt/rustwide/target/debug/build/ciborium-ll/34d8a38b9b2c8087/out -L dependency=/opt/rustwide/target/debug/build/ciborium/0ba299bf955eda17/out -L dependency=/opt/rustwide/target/debug/build/clap_builder/f672926f9ab73c5a/out -L dependency=/opt/rustwide/target/debug/build/clap_derive/86ef3c38781f5ced/out -L dependency=/opt/rustwide/target/debug/build/clap_lex/7cfff6c96518a8f7/out -L dependency=/opt/rustwide/target/debug/build/colorchoice/57f0573723623dca/out -L dependency=/opt/rustwide/target/debug/build/const-serialize-macro/2f17b192bc2772cc/out -L dependency=/opt/rustwide/target/debug/build/const-serialize-macro/e8ee5722f901c937/out -L dependency=/opt/rustwide/target/debug/build/const-serialize/6ea9818d1991416c/out -L dependency=/opt/rustwide/target/debug/build/const-serialize/f59a63db11573241/out -L dependency=/opt/rustwide/target/debug/build/const-str/b1066ed238a0d36e/out -L dependency=/opt/rustwide/target/debug/build/const_format/c5de810c44408a03/out -L dependency=/opt/rustwide/target/debug/build/const_format_proc_macros/8449f261059ad196/out -L dependency=/opt/rustwide/target/debug/build/content_disposition/c8529f682a6aabef/out -L dependency=/opt/rustwide/target/debug/build/cookie/96c6a8ba64096915/out -L dependency=/opt/rustwide/target/debug/build/cookie_store/7b3a0506e2d63858/out -L dependency=/opt/rustwide/target/debug/build/cpufeatures/d69d304f9ccab94d/out -L dependency=/opt/rustwide/target/debug/build/crc32fast/59b7cdb19678a957/out -L dependency=/opt/rustwide/target/debug/build/crypto-common/7f706eca3337556f/out -L dependency=/opt/rustwide/target/debug/build/data-encoding/ec5af57f739215d5/out -L dependency=/opt/rustwide/target/debug/build/deranged/7f64faff23c42440/out -L dependency=/opt/rustwide/target/debug/build/derive_more-impl/351326d99ec64701/out -L dependency=/opt/rustwide/target/debug/build/derive_more/be020285172497f2/out -L dependency=/opt/rustwide/target/debug/build/digest/f67ec4eee9b30094/out -L dependency=/opt/rustwide/target/debug/build/dioxus-asset-resolver/4b6d5478e6e1e8d4/out -L dependency=/opt/rustwide/target/debug/build/dioxus-cli-config/8e72bb5ab9274e60/out -L dependency=/opt/rustwide/target/debug/build/dioxus-config-macro/1f52e196d2768a72/out -L dependency=/opt/rustwide/target/debug/build/dioxus-config-macros/a5645b3e56f524a5/out -L dependency=/opt/rustwide/target/debug/build/dioxus-core-macro/6e3e4cc31a2d773e/out -L dependency=/opt/rustwide/target/debug/build/dioxus-core-types/4d2d7ce87ea07e08/out -L dependency=/opt/rustwide/target/debug/build/dioxus-core/61db04c446dbcb5b/out -L dependency=/opt/rustwide/target/debug/build/dioxus-devtools-types/bea61b53f017361d/out -L dependency=/opt/rustwide/target/debug/build/dioxus-devtools/7e684af4cba5a84b/out -L dependency=/opt/rustwide/target/debug/build/dioxus-document/5554a490f46eb589/out -L dependency=/opt/rustwide/target/debug/build/dioxus-fullstack-core/0a377585ea352d88/out -L dependency=/opt/rustwide/target/debug/build/dioxus-fullstack-macro/9cb558a7265a86aa/out -L dependency=/opt/rustwide/target/debug/build/dioxus-fullstack/c7dba32f552afc17/out -L dependency=/opt/rustwide/target/debug/build/dioxus-history/c16a2c24299a8a05/out -L dependency=/opt/rustwide/target/debug/build/dioxus-hooks/d09ff80ed9cf0495/out -L dependency=/opt/rustwide/target/debug/build/dioxus-html-internal-macro/98896310e7e99c10/out -L dependency=/opt/rustwide/target/debug/build/dioxus-html/1ec054d515e4eaa9/out -L dependency=/opt/rustwide/target/debug/build/dioxus-logger/ea69d9aa98563fae/out -L dependency=/opt/rustwide/target/debug/build/dioxus-router-macro/e64df561aa6fc42e/out -L dependency=/opt/rustwide/target/debug/build/dioxus-router/19535c9960d8c30d/out -L dependency=/opt/rustwide/target/debug/build/dioxus-signals/a85a0c367aaff2a2/out -L dependency=/opt/rustwide/target/debug/build/dioxus-stores-macro/c6dd66eef33dce52/out -L dependency=/opt/rustwide/target/debug/build/dioxus-stores/025c42e366a9c33f/out -L dependency=/opt/rustwide/target/debug/build/displaydoc/509cf1037ff4305c/out -L dependency=/opt/rustwide/target/debug/build/document-features/b652fc2819e80e17/out -L dependency=/opt/rustwide/target/debug/build/encoding_rs/2d47d0f786b9d762/out -L dependency=/opt/rustwide/target/debug/build/enumset/0fddd5e78d2f0bc5/out -L dependency=/opt/rustwide/target/debug/build/enumset_derive/95f12b2c60886125/out -L dependency=/opt/rustwide/target/debug/build/equivalent/53277b141c879f87/out -L dependency=/opt/rustwide/target/debug/build/euclid/8710693ef49e107a/out -L dependency=/opt/rustwide/target/debug/build/fastrand/0dd93494e695d3f1/out -L dependency=/opt/rustwide/target/debug/build/flate2/8d50312f19171d57/out -L dependency=/opt/rustwide/target/debug/build/fnv/65440ab31d1f3d7a/out -L dependency=/opt/rustwide/target/debug/build/form_urlencoded/8558270de8c5e9db/out -L dependency=/opt/rustwide/target/debug/build/futures-channel/ba6f2494d55c8220/out -L dependency=/opt/rustwide/target/debug/build/futures-core/89fee0d3b513deab/out -L dependency=/opt/rustwide/target/debug/build/futures-executor/e69a057924a3e96f/out -L dependency=/opt/rustwide/target/debug/build/futures-io/c91693c4f374463d/out -L dependency=/opt/rustwide/target/debug/build/futures-macro/f1cc54a6591027a9/out -L dependency=/opt/rustwide/target/debug/build/futures-sink/3cdbe8959412e9c3/out -L dependency=/opt/rustwide/target/debug/build/futures-task/103084c53ef37604/out -L dependency=/opt/rustwide/target/debug/build/futures-util/1d5a599a983a4ae4/out -L dependency=/opt/rustwide/target/debug/build/futures/c84e85fb9d98ff92/out -L dependency=/opt/rustwide/target/debug/build/generational-box/4652c82661e63a52/out -L dependency=/opt/rustwide/target/debug/build/generic-array/800aea618ffd449d/out -L dependency=/opt/rustwide/target/debug/build/getrandom/6b8d988bf4d78cdf/out -L dependency=/opt/rustwide/target/debug/build/getrandom/b5424484e8dddbbe/out -L dependency=/opt/rustwide/target/debug/build/getrandom/d618f53be3a8efe4/out -L dependency=/opt/rustwide/target/debug/build/gloo-net/53be4bb0269972b2/out -L dependency=/opt/rustwide/target/debug/build/gloo-utils/16d616db5138edae/out -L dependency=/opt/rustwide/target/debug/build/half/96caa6386b9829ae/out -L dependency=/opt/rustwide/target/debug/build/hashbrown/88ed4e4aff25222b/out -L dependency=/opt/rustwide/target/debug/build/headers-core/5e0593062027a7df/out -L dependency=/opt/rustwide/target/debug/build/headers/557839ccb2bc28fc/out -L dependency=/opt/rustwide/target/debug/build/http-body-util/797b4ad220bf504d/out -L dependency=/opt/rustwide/target/debug/build/http-body/c11878016741d882/out -L dependency=/opt/rustwide/target/debug/build/http/4083641a7d1ad118/out -L dependency=/opt/rustwide/target/debug/build/httparse/76e96eecfa617739/out -L dependency=/opt/rustwide/target/debug/build/httpdate/b5025f4ba65bacc8/out -L dependency=/opt/rustwide/target/debug/build/hyper-rustls/5a43822426a03f40/out -L dependency=/opt/rustwide/target/debug/build/hyper-util/da137236c9f9fc1f/out -L dependency=/opt/rustwide/target/debug/build/hyper/3f9f2dda6e43f244/out -L dependency=/opt/rustwide/target/debug/build/iana-time-zone/76e6fb2c1855833b/out -L dependency=/opt/rustwide/target/debug/build/icu_collections/66d29f76b59c45ea/out -L dependency=/opt/rustwide/target/debug/build/icu_locale_core/f9d8b0b28012800d/out -L dependency=/opt/rustwide/target/debug/build/icu_normalizer/3f71d49879064931/out -L dependency=/opt/rustwide/target/debug/build/icu_normalizer_data/2044323167a29de8/out -L dependency=/opt/rustwide/target/debug/build/icu_properties/9fc5100fbf8052ff/out -L dependency=/opt/rustwide/target/debug/build/icu_properties_data/2f014232ea9057bb/out -L dependency=/opt/rustwide/target/debug/build/icu_provider/863bc1614170ed08/out -L dependency=/opt/rustwide/target/debug/build/idna/4366a3fee9259727/out -L dependency=/opt/rustwide/target/debug/build/idna_adapter/aa433f21a5c5ac08/out -L dependency=/opt/rustwide/target/debug/build/indexmap/8d538040b6b677a4/out -L dependency=/opt/rustwide/target/debug/build/infer/29b920d6a2cc70ff/out -L dependency=/opt/rustwide/target/debug/build/inventory/8af1617fcb5c2197/out -L dependency=/opt/rustwide/target/debug/build/ipnet/fe4152cb2bd55d29/out -L dependency=/opt/rustwide/target/debug/build/is_terminal_polyfill/ad905bc293a87b7f/out -L dependency=/opt/rustwide/target/debug/build/itoa/9757112bd9972718/out -L dependency=/opt/rustwide/target/debug/build/js-sys/84a945c5cc934d99/out -L dependency=/opt/rustwide/target/debug/build/keyboard-types/42707b09c86926c3/out -L dependency=/opt/rustwide/target/debug/build/konst/aa0b4a2fd7dfa8a6/out -L dependency=/opt/rustwide/target/debug/build/konst_macro_rules/17b9e311d2920581/out -L dependency=/opt/rustwide/target/debug/build/lazy_static/8814797a196a17b5/out -L dependency=/opt/rustwide/target/debug/build/libc/46c6b83d1bc81e80/out -L dependency=/opt/rustwide/target/debug/build/libloading/d1a134efd1f96232/out -L dependency=/opt/rustwide/target/debug/build/linux-raw-sys/d7c2b8f3e85e9f02/out -L dependency=/opt/rustwide/target/debug/build/litemap/31f59ce7663cfafe/out -L dependency=/opt/rustwide/target/debug/build/lock_api/497c3c4b546acad3/out -L dependency=/opt/rustwide/target/debug/build/log/a82153776ac6715c/out -L dependency=/opt/rustwide/target/debug/build/longest-increasing-subsequence/26a2d5fa3fc9f936/out -L dependency=/opt/rustwide/target/debug/build/manganis-core/686a70a34d86d62e/out -L dependency=/opt/rustwide/target/debug/build/manganis-macro/0abd1fe094eba1d3/out -L dependency=/opt/rustwide/target/debug/build/manganis/09d91ecdb8b05921/out -L dependency=/opt/rustwide/target/debug/build/matchers/d9d341af904a96d3/out -L dependency=/opt/rustwide/target/debug/build/matchit/29be1edda9b2fc61/out -L dependency=/opt/rustwide/target/debug/build/memchr/1dee75255e878028/out -L dependency=/opt/rustwide/target/debug/build/memmap2/23c60b968d07a413/out -L dependency=/opt/rustwide/target/debug/build/mime/ee7da7d8bd74decc/out -L dependency=/opt/rustwide/target/debug/build/mime_guess/91bc21f39e6aed54/out -L dependency=/opt/rustwide/target/debug/build/miniz_oxide/501c498df3b5481d/out -L dependency=/opt/rustwide/target/debug/build/mio/55687d33e2540563/out -L dependency=/opt/rustwide/target/debug/build/multer/85d5097da464feec/out -L dependency=/opt/rustwide/target/debug/build/num-conv/fbbc62f3df49f885/out -L dependency=/opt/rustwide/target/debug/build/num-traits/cca087b3ecbc6a29/out -L dependency=/opt/rustwide/target/debug/build/once_cell/c3517054d55a7dff/out -L dependency=/opt/rustwide/target/debug/build/parking_lot/8d5b8f5648bb5cdb/out -L dependency=/opt/rustwide/target/debug/build/parking_lot_core/4ce6478298f8712c/out -L dependency=/opt/rustwide/target/debug/build/percent-encoding/528721a9f54dc4b1/out -L dependency=/opt/rustwide/target/debug/build/pin-project-internal/18203282d2aed912/out -L dependency=/opt/rustwide/target/debug/build/pin-project-lite/bc36f7de3f04be06/out -L dependency=/opt/rustwide/target/debug/build/pin-project/af1f3fa02ee4e6cc/out -L dependency=/opt/rustwide/target/debug/build/potential_utf/3f06a3b4fa3721c8/out -L dependency=/opt/rustwide/target/debug/build/powerfmt/56923de0405665be/out -L dependency=/opt/rustwide/target/debug/build/ppv-lite86/e8c69a9d887cc02c/out -L dependency=/opt/rustwide/target/debug/build/psl-types/f64bda8f6a4fa754/out -L dependency=/opt/rustwide/target/debug/build/publicsuffix/c01abc11ec14ffa1/out -L dependency=/opt/rustwide/target/debug/build/rand/3bb203da01093a01/out -L dependency=/opt/rustwide/target/debug/build/rand_chacha/630b9104318787e2/out -L dependency=/opt/rustwide/target/debug/build/rand_core/d176a7d31eb53722/out -L dependency=/opt/rustwide/target/debug/build/regex-automata/b98311f3d86d0c47/out -L dependency=/opt/rustwide/target/debug/build/regex-syntax/57e7b922a5fa9240/out -L dependency=/opt/rustwide/target/debug/build/reqwest/ab2b17928d614ebb/out -L dependency=/opt/rustwide/target/debug/build/ring/63dbd1b83f91f872/out -L dependency=/opt/rustwide/target/debug/build/rustc-hash/5059890c48f909f1/out -L dependency=/opt/rustwide/target/debug/build/rustix/b3e956fcc4f76e04/out -L dependency=/opt/rustwide/target/debug/build/rustls-pki-types/d8242481614d9559/out -L dependency=/opt/rustwide/target/debug/build/rustls-webpki/ea73c5e80e7d54ae/out -L dependency=/opt/rustwide/target/debug/build/rustls/5a3a8f4f217bdf8d/out -L dependency=/opt/rustwide/target/debug/build/rustversion/6a05414b448f1068/out -L dependency=/opt/rustwide/target/debug/build/ryu/659b25542bb7dde0/out -L dependency=/opt/rustwide/target/debug/build/scopeguard/2eedc5e742d791e6/out -L dependency=/opt/rustwide/target/debug/build/send_wrapper/747cf08022bef213/out -L dependency=/opt/rustwide/target/debug/build/serde/37c52e6d7384ddbe/out -L dependency=/opt/rustwide/target/debug/build/serde_core/b88ca56ac27c3fe3/out -L dependency=/opt/rustwide/target/debug/build/serde_derive/f234edb5863b1bcb/out -L dependency=/opt/rustwide/target/debug/build/serde_json/ec427b3909c42b64/out -L dependency=/opt/rustwide/target/debug/build/serde_path_to_error/660df5f856880d84/out -L dependency=/opt/rustwide/target/debug/build/serde_qs/83965bdb1b543d28/out -L dependency=/opt/rustwide/target/debug/build/serde_repr/f23fe4a4ffa6ab36/out -L dependency=/opt/rustwide/target/debug/build/serde_urlencoded/88fcc10f4fef93c7/out -L dependency=/opt/rustwide/target/debug/build/serial_test_derive/93f308cb498fa542/out -L dependency=/opt/rustwide/target/debug/build/sha1/8fb607ef8e8d1911/out -L dependency=/opt/rustwide/target/debug/build/sharded-slab/10ced3d8fd7e5e0c/out -L dependency=/opt/rustwide/target/debug/build/simd-adler32/597ac07526a75890/out -L dependency=/opt/rustwide/target/debug/build/slab/99d98220a54c26d9/out -L dependency=/opt/rustwide/target/debug/build/slotmap/5924c3864f7b170d/out -L dependency=/opt/rustwide/target/debug/build/smallvec/6a297f3c50a8ac22/out -L dependency=/opt/rustwide/target/debug/build/socket2/3642a53f55773b5e/out -L dependency=/opt/rustwide/target/debug/build/spin/80502d06bd8f5875/out -L dependency=/opt/rustwide/target/debug/build/stable_deref_trait/5d0e5045ac141f4e/out -L dependency=/opt/rustwide/target/debug/build/strsim/8ef4eec82bb5cc1e/out -L dependency=/opt/rustwide/target/debug/build/subsecond-types/781713f2366f277a/out -L dependency=/opt/rustwide/target/debug/build/subsecond/fff27f31bb8e14d7/out -L dependency=/opt/rustwide/target/debug/build/subtle/8f505b5194b43595/out -L dependency=/opt/rustwide/target/debug/build/sync_wrapper/43c831aa380be6d2/out -L dependency=/opt/rustwide/target/debug/build/thiserror-impl/567d170d97ac4d09/out -L dependency=/opt/rustwide/target/debug/build/thiserror-impl/b144952b09d47cb6/out -L dependency=/opt/rustwide/target/debug/build/thiserror/8747e221065051ff/out -L dependency=/opt/rustwide/target/debug/build/thiserror/a80c45ae5c2438bf/out -L dependency=/opt/rustwide/target/debug/build/thread_local/95def79636ca211a/out -L dependency=/opt/rustwide/target/debug/build/time-core/b9412b16edd0c3f5/out -L dependency=/opt/rustwide/target/debug/build/time-macros/08a5baa38e4fa780/out -L dependency=/opt/rustwide/target/debug/build/time/07c5ea1edb0aecb1/out -L dependency=/opt/rustwide/target/debug/build/tinystr/abe823c6bcbfa8c6/out -L dependency=/opt/rustwide/target/debug/build/tokio-rustls/eb971e62c805e26c/out -L dependency=/opt/rustwide/target/debug/build/tokio-util/0b155ea0c48dba6c/out -L dependency=/opt/rustwide/target/debug/build/tokio/d540c3941386a0fa/out -L dependency=/opt/rustwide/target/debug/build/tower-http/4c4d797791247989/out -L dependency=/opt/rustwide/target/debug/build/tower-layer/18253f72d6097d72/out -L dependency=/opt/rustwide/target/debug/build/tower-service/f067f85429613f02/out -L dependency=/opt/rustwide/target/debug/build/tower/f9ad28b1c842c70f/out -L dependency=/opt/rustwide/target/debug/build/tracing-attributes/1edfb6553b72a3a3/out -L dependency=/opt/rustwide/target/debug/build/tracing-core/0e2cacd9b61aa4fe/out -L dependency=/opt/rustwide/target/debug/build/tracing-subscriber/226f9984b165a2e9/out -L dependency=/opt/rustwide/target/debug/build/tracing/253d9f366f13f8bb/out -L dependency=/opt/rustwide/target/debug/build/try-lock/2456ef037cb93cd8/out -L dependency=/opt/rustwide/target/debug/build/tungstenite/794dee2ee3f0be8f/out -L dependency=/opt/rustwide/target/debug/build/tungstenite/99cab2624d7da9de/out -L dependency=/opt/rustwide/target/debug/build/typenum/9cf2777d6d699e5b/out -L dependency=/opt/rustwide/target/debug/build/unicase/a72f21564edb58b5/out -L dependency=/opt/rustwide/target/debug/build/unicode-ident/34a5014e0dd756af/out -L dependency=/opt/rustwide/target/debug/build/untrusted/6fab01473f7c0eb0/out -L dependency=/opt/rustwide/target/debug/build/url/0abb24ffdff0637c/out -L dependency=/opt/rustwide/target/debug/build/utf-8/917323ef17ac9634/out -L dependency=/opt/rustwide/target/debug/build/utf8_iter/2a9a14295c98e961/out -L dependency=/opt/rustwide/target/debug/build/utf8parse/22c8bfc04b871790/out -L dependency=/opt/rustwide/target/debug/build/uuid/ba6143a1164cba16/out -L dependency=/opt/rustwide/target/debug/build/want/02f6f2e86f12f8db/out -L dependency=/opt/rustwide/target/debug/build/warnings-macro/f1260800a0e8b009/out -L dependency=/opt/rustwide/target/debug/build/warnings/f687afec67e88bf0/out -L dependency=/opt/rustwide/target/debug/build/wasm-bindgen-futures/b1beed48564566d4/out -L dependency=/opt/rustwide/target/debug/build/wasm-bindgen-macro/8f5861181beb9571/out -L dependency=/opt/rustwide/target/debug/build/wasm-bindgen-shared/f9509a55d6601210/out -L dependency=/opt/rustwide/target/debug/build/wasm-bindgen/ad73d6ee319b63d2/out -L dependency=/opt/rustwide/target/debug/build/wasm-streams/26b09b494cba38a8/out -L dependency=/opt/rustwide/target/debug/build/web-sys/0e6f40f7bdcf0574/out -L dependency=/opt/rustwide/target/debug/build/webpki-roots/4d89aa9dac77eaf9/out -L dependency=/opt/rustwide/target/debug/build/winnow/561195ecb1ddd825/out -L dependency=/opt/rustwide/target/debug/build/writeable/5ebacb8f45d0e991/out -L dependency=/opt/rustwide/target/debug/build/xxhash-rust/77b126afb7874a1e/out -L dependency=/opt/rustwide/target/debug/build/yoke-derive/29379348a36f94e1/out -L dependency=/opt/rustwide/target/debug/build/yoke/94fb505c4f681198/out -L dependency=/opt/rustwide/target/debug/build/zerocopy-derive/9f3c798e8000ea30/out -L dependency=/opt/rustwide/target/debug/build/zerocopy/e87d0c08f1f02cf6/out -L dependency=/opt/rustwide/target/debug/build/zerofrom-derive/60a8de84d395e8bf/out -L dependency=/opt/rustwide/target/debug/build/zerofrom/08682cdb0e0da25f/out -L dependency=/opt/rustwide/target/debug/build/zeroize/3eac6d5ae8ba8e2f/out -L dependency=/opt/rustwide/target/debug/build/zerotrie/9cae083ac936dede/out -L dependency=/opt/rustwide/target/debug/build/zerovec-derive/99fa6f510c34aba1/out -L dependency=/opt/rustwide/target/debug/build/zerovec/bc65269e969ff0b2/out -L dependency=/opt/rustwide/target/debug/build/zmij/afe435487bf78507/out -L dependency=/opt/rustwide/target/debug/build/zopfli/3a2ab84d1ddffe9a/out --extern anyhow=/opt/rustwide/target/debug/build/anyhow/215e9e70762e0ea5/out/libanyhow-215e9e70762e0ea5.rmeta --extern chrono=/opt/rustwide/target/debug/build/chrono/9a1ec883b962df64/out/libchrono-9a1ec883b962df64.rmeta --extern clap=/opt/rustwide/target/debug/build/clap/beaa52cbeb6b523a/out/libclap-beaa52cbeb6b523a.rmeta --extern dioxus=/opt/rustwide/target/debug/build/dioxus/b5188870a3e13538/out/libdioxus-b5188870a3e13538.rmeta --extern dioxus_html=/opt/rustwide/target/debug/build/dioxus-html/1ec054d515e4eaa9/out/libdioxus_html-1ec054d515e4eaa9.rmeta --extern futures_util=/opt/rustwide/target/debug/build/futures-util/1d5a599a983a4ae4/out/libfutures_util-1d5a599a983a4ae4.rmeta --extern horae_core=/opt/rustwide/target/debug/build/horae-core/9ede4e755604f503/out/libhorae_core-9ede4e755604f503.rmeta --extern serde=/opt/rustwide/target/debug/build/serde/37c52e6d7384ddbe/out/libserde-37c52e6d7384ddbe.rmeta --extern serde_json=/opt/rustwide/target/debug/build/serde_json/ec427b3909c42b64/out/libserde_json-ec427b3909c42b64.rmeta --extern serial_test=/opt/rustwide/target/debug/build/serial_test/da88a2b72dae2bca/out/libserial_test-da88a2b72dae2bca.rmeta --extern tempfile=/opt/rustwide/target/debug/build/tempfile/94760ed456d52bb0/out/libtempfile-94760ed456d52bb0.rmeta --extern thiserror=/opt/rustwide/target/debug/build/thiserror/a80c45ae5c2438bf/out/libthiserror-a80c45ae5c2438bf.rmeta --extern tower=/opt/rustwide/target/debug/build/tower/f9ad28b1c842c70f/out/libtower-f9ad28b1c842c70f.rmeta --extern tracing=/opt/rustwide/target/debug/build/tracing/253d9f366f13f8bb/out/libtracing-253d9f366f13f8bb.rmeta --extern uuid=/opt/rustwide/target/debug/build/uuid/ba6143a1164cba16/out/libuuid-ba6143a1164cba16.rmeta --extern wasm_bindgen=/opt/rustwide/target/debug/build/wasm-bindgen/ad73d6ee319b63d2/out/libwasm_bindgen-ad73d6ee319b63d2.rmeta --extern zip=/opt/rustwide/target/debug/build/zip/f8eb5cd871a8271d/out/libzip-f8eb5cd871a8271d.rmeta --cap-lints=forbid -Znext-solver=coherence --force-warn=unused_crate_dependencies -L native=/opt/rustwide/target/debug/build/ring/bbab79f1699a1ad3/out` (signal: 9, SIGKILL: kill)
[INFO] [stderr] warning: unused dependency `clap`
[INFO] [stderr]   --> crates/horae/Cargo.toml:43:1
[INFO] [stderr]    |
[INFO] [stderr] 43 | clap = { version = "4", features = ["derive", "env"] }
[INFO] [stderr]    | ^^^^^^^^^^^^^^^^^^^^^^^^^^^^^^^^^^^^^^^^^^^^^^^^^^^^^^
[INFO] [stderr]    |
[INFO] [stderr]    = note: `cargo::unused_dependencies` is set to `warn` by default
[INFO] [stderr] help: consider removing the dependency on `clap`
[INFO] [stderr] warning: `horae` (manifest) generated 1 warning
[INFO] running `Command { std: "docker" "inspect" "a82814f62f233c0635b72f8abde9212d4613c3e26cc5a304a3a384bf60654627", kill_on_drop: false }`
[INFO] running `Command { std: "docker" "rm" "-f" "a82814f62f233c0635b72f8abde9212d4613c3e26cc5a304a3a384bf60654627", kill_on_drop: false }`
[INFO] [stdout] a82814f62f233c0635b72f8abde9212d4613c3e26cc5a304a3a384bf60654627
