[INFO] cloning repository https://github.com/eugenehp/threers
[INFO] running `Command { std: "git" "-c" "credential.helper=" "-c" "credential.helper=/workspace/cargo-home/bin/git-credential-null" "clone" "--bare" "https://github.com/eugenehp/threers" "/workspace/cache/git-repos/https%3A%2F%2Fgithub.com%2Feugenehp%2Fthreers", kill_on_drop: false }`
[INFO] [stderr] Cloning into bare repository '/workspace/cache/git-repos/https%3A%2F%2Fgithub.com%2Feugenehp%2Fthreers'...
[INFO] running `Command { std: "git" "rev-parse" "HEAD", kill_on_drop: false }`
[INFO] [stdout] dac5cd8266c542ea6783f274b4c74df063e74161
[INFO] checking eugenehp/threers against 3154cc1a3e6424e44f438a95007d043ed5ceaaf6 for pr-133502-30
[INFO] running `Command { std: "git" "clone" "/workspace/cache/git-repos/https%3A%2F%2Fgithub.com%2Feugenehp%2Fthreers" "/workspace/builds/worker-5-tc2/source", kill_on_drop: false }`
[INFO] [stderr] Cloning into '/workspace/builds/worker-5-tc2/source'...
[INFO] [stderr] done.
[INFO] started tweaking git repo https://github.com/eugenehp/threers
[INFO] removed 0 missing examples
[INFO] removed 0 missing tests
[INFO] finished tweaking git repo https://github.com/eugenehp/threers
[INFO] tweaked toml for git repo https://github.com/eugenehp/threers written to /workspace/builds/worker-5-tc2/source/Cargo.toml
[INFO] validating manifest of git repo https://github.com/eugenehp/threers on toolchain 3154cc1a3e6424e44f438a95007d043ed5ceaaf6
[INFO] running `Command { std: CARGO_HOME="/workspace/cargo-home" RUSTUP_HOME="/workspace/rustup-home" "/workspace/cargo-home/bin/cargo" "+3154cc1a3e6424e44f438a95007d043ed5ceaaf6" "metadata" "--manifest-path" "Cargo.toml" "--no-deps", kill_on_drop: false }`
[INFO] crate git repo https://github.com/eugenehp/threers already has a lockfile, it will not be regenerated
[INFO] running `Command { std: CARGO_HOME="/workspace/cargo-home" RUSTUP_HOME="/workspace/rustup-home" "/workspace/cargo-home/bin/cargo" "+3154cc1a3e6424e44f438a95007d043ed5ceaaf6" "fetch" "--manifest-path" "Cargo.toml", kill_on_drop: false }`
[INFO] [stderr] warning: `package.homepage` is redundant with `package.repository`
[INFO] [stderr]  --> crates/threers-node/Cargo.toml:9:12
[INFO] [stderr]   |
[INFO] [stderr] 8 | repository = "https://github.com/eugenehp/threers"
[INFO] [stderr]   |              -------------------------------------
[INFO] [stderr] 9 | homepage = "https://github.com/eugenehp/threers"
[INFO] [stderr]   |            ^^^^^^^^^^^^^^^^^^^^^^^^^^^^^^^^^^^^^
[INFO] [stderr]   |
[INFO] [stderr]   = note: `cargo::redundant_homepage` is set to `warn` by default
[INFO] [stderr] help: consider removing `package.homepage`
[INFO] [stderr] warning: `threers-node` (manifest) generated 1 warning
[INFO] [stderr] warning: `package.homepage` is redundant with `package.repository`
[INFO] [stderr]   --> crates/threers-probe/Cargo.toml:12:12
[INFO] [stderr]    |
[INFO] [stderr] 11 | repository = "https://github.com/eugenehp/threers"
[INFO] [stderr]    |              -------------------------------------
[INFO] [stderr] 12 | homepage = "https://github.com/eugenehp/threers"
[INFO] [stderr]    |            ^^^^^^^^^^^^^^^^^^^^^^^^^^^^^^^^^^^^^
[INFO] [stderr]    |
[INFO] [stderr]    = note: `cargo::redundant_homepage` is set to `warn` by default
[INFO] [stderr] help: consider removing `package.homepage`
[INFO] [stderr] warning: `threers-probe` (manifest) generated 1 warning
[INFO] [stderr] warning: `package.homepage` is redundant with `package.repository`
[INFO] [stderr]  --> crates/threers-animation/Cargo.toml:9:12
[INFO] [stderr]   |
[INFO] [stderr] 8 | repository = "https://github.com/eugenehp/threers"
[INFO] [stderr]   |              -------------------------------------
[INFO] [stderr] 9 | homepage = "https://github.com/eugenehp/threers"
[INFO] [stderr]   |            ^^^^^^^^^^^^^^^^^^^^^^^^^^^^^^^^^^^^^
[INFO] [stderr]   |
[INFO] [stderr]   = note: `cargo::redundant_homepage` is set to `warn` by default
[INFO] [stderr] help: consider removing `package.homepage`
[INFO] [stderr] warning: `threers-animation` (manifest) generated 1 warning
[INFO] [stderr] warning: `package.homepage` is redundant with `package.repository`
[INFO] [stderr]  --> crates/threers-js/Cargo.toml:9:12
[INFO] [stderr]   |
[INFO] [stderr] 8 | repository = "https://github.com/eugenehp/threers"
[INFO] [stderr]   |              -------------------------------------
[INFO] [stderr] 9 | homepage = "https://github.com/eugenehp/threers"
[INFO] [stderr]   |            ^^^^^^^^^^^^^^^^^^^^^^^^^^^^^^^^^^^^^
[INFO] [stderr]   |
[INFO] [stderr]   = note: `cargo::redundant_homepage` is set to `warn` by default
[INFO] [stderr] help: consider removing `package.homepage`
[INFO] [stderr] warning: `threers-js` (manifest) generated 1 warning
[INFO] [stderr] warning: `package.homepage` is redundant with `package.repository`
[INFO] [stderr]   --> crates/threers-physics/Cargo.toml:12:12
[INFO] [stderr]    |
[INFO] [stderr] 11 | repository = "https://github.com/eugenehp/threers"
[INFO] [stderr]    |              -------------------------------------
[INFO] [stderr] 12 | homepage = "https://github.com/eugenehp/threers"
[INFO] [stderr]    |            ^^^^^^^^^^^^^^^^^^^^^^^^^^^^^^^^^^^^^
[INFO] [stderr]    |
[INFO] [stderr]    = note: `cargo::redundant_homepage` is set to `warn` by default
[INFO] [stderr] help: consider removing `package.homepage`
[INFO] [stderr] warning: `threers-physics` (manifest) generated 1 warning
[INFO] [stderr] warning: `package.homepage` is redundant with `package.repository`
[INFO] [stderr]  --> crates/threers-py/Cargo.toml:9:12
[INFO] [stderr]   |
[INFO] [stderr] 8 | repository = "https://github.com/eugenehp/threers"
[INFO] [stderr]   |              -------------------------------------
[INFO] [stderr] 9 | homepage = "https://github.com/eugenehp/threers"
[INFO] [stderr]   |            ^^^^^^^^^^^^^^^^^^^^^^^^^^^^^^^^^^^^^
[INFO] [stderr]   |
[INFO] [stderr]   = note: `cargo::redundant_homepage` is set to `warn` by default
[INFO] [stderr] help: consider removing `package.homepage`
[INFO] [stderr] warning: `threers-py` (manifest) generated 1 warning
[INFO] [stderr] warning: `package.homepage` is redundant with `package.repository`
[INFO] [stderr]    --> Cargo.toml:400:12
[INFO] [stderr]     |
[INFO] [stderr] 400 | homepage = "https://github.com/eugenehp/threers"
[INFO] [stderr]     |            ^^^^^^^^^^^^^^^^^^^^^^^^^^^^^^^^^^^^^
[INFO] [stderr] ...
[INFO] [stderr] 405 | repository = "https://github.com/eugenehp/threers"
[INFO] [stderr]     |              -------------------------------------
[INFO] [stderr]     |
[INFO] [stderr]     = note: `cargo::redundant_homepage` is set to `warn` by default
[INFO] [stderr] help: consider removing `package.homepage`
[INFO] [stderr] warning: `threers` (manifest) generated 1 warning
[INFO] running `Command { std: "docker" "create" "-v" "/var/lib/crater-agent-workspace/builds/worker-5-tc2/source:/opt/rustwide/workdir:ro,Z" "-v" "/var/lib/crater-agent-workspace/builds/worker-5-tc2/target:/opt/rustwide/target:rw,Z" "-v" "/var/lib/crater-agent-workspace/cargo-home:/opt/rustwide/cargo-home:ro,Z" "-v" "/var/lib/crater-agent-workspace/rustup-home:/opt/rustwide/rustup-home:ro,Z" "-m" "1610612736" "--network" "none" "ghcr.io/rust-lang/crates-build-env/linux@sha256:77db811e55d90add9212f6832c23229e3de5f1c1f9905e8cb07319ea15df73ac" "sleep" "infinity", kill_on_drop: false }`
[INFO] [stdout] 191c85a5ee5e47ace0ed54dc124b3f17e54fb8b917666f636d48eea4be8cc7f0
[INFO] running `Command { std: "docker" "start" "191c85a5ee5e47ace0ed54dc124b3f17e54fb8b917666f636d48eea4be8cc7f0", kill_on_drop: false }`
[INFO] running `Command { std: "docker" "inspect" "191c85a5ee5e47ace0ed54dc124b3f17e54fb8b917666f636d48eea4be8cc7f0", kill_on_drop: false }`
[INFO] running `Command { std: "docker" "exec" "-e" "SOURCE_DIR=/opt/rustwide/workdir" "-e" "CARGO_HOME=/opt/rustwide/cargo-home" "-e" "RUSTUP_HOME=/opt/rustwide/rustup-home" "-e" "CARGO_TARGET_DIR=/opt/rustwide/target" "-w" "/opt/rustwide/workdir" "--user" "0:0" "191c85a5ee5e47ace0ed54dc124b3f17e54fb8b917666f636d48eea4be8cc7f0" "/opt/rustwide/cargo-home/bin/cargo" "+3154cc1a3e6424e44f438a95007d043ed5ceaaf6" "metadata" "--no-deps" "--format-version=1", kill_on_drop: false }`
[INFO] running `Command { std: "docker" "inspect" "191c85a5ee5e47ace0ed54dc124b3f17e54fb8b917666f636d48eea4be8cc7f0", kill_on_drop: false }`
[INFO] running `Command { std: "docker" "exec" "-e" "SOURCE_DIR=/opt/rustwide/workdir" "-e" "CARGO_HOME=/opt/rustwide/cargo-home" "-e" "RUSTUP_HOME=/opt/rustwide/rustup-home" "-e" "CARGO_TARGET_DIR=/opt/rustwide/target" "-e" "CARGO_INCREMENTAL=0" "-e" "RUST_BACKTRACE=full" "-e" "RUSTFLAGS=--cap-lints=forbid" "-e" "RUSTDOCFLAGS=--cap-lints=forbid" "-w" "/opt/rustwide/workdir" "--user" "0:0" "191c85a5ee5e47ace0ed54dc124b3f17e54fb8b917666f636d48eea4be8cc7f0" "/opt/rustwide/cargo-home/bin/cargo" "+3154cc1a3e6424e44f438a95007d043ed5ceaaf6" "check" "--frozen" "--all" "--all-targets" "--message-format=json", kill_on_drop: false }`
[INFO] [stderr] warning: `package.homepage` is redundant with `package.repository`
[INFO] [stderr]   --> crates/threers-physics/Cargo.toml:12:12
[INFO] [stderr]    |
[INFO] [stderr] 11 | repository = "https://github.com/eugenehp/threers"
[INFO] [stderr]    |              -------------------------------------
[INFO] [stderr] 12 | homepage = "https://github.com/eugenehp/threers"
[INFO] [stderr]    |            ^^^^^^^^^^^^^^^^^^^^^^^^^^^^^^^^^^^^^
[INFO] [stderr]    |
[INFO] [stderr]    = note: `cargo::redundant_homepage` is set to `warn` by default
[INFO] [stderr] help: consider removing `package.homepage`
[INFO] [stderr] warning: `threers-physics` (manifest) generated 1 warning
[INFO] [stderr] warning: `package.homepage` is redundant with `package.repository`
[INFO] [stderr]  --> crates/threers-py/Cargo.toml:9:12
[INFO] [stderr]   |
[INFO] [stderr] 8 | repository = "https://github.com/eugenehp/threers"
[INFO] [stderr]   |              -------------------------------------
[INFO] [stderr] 9 | homepage = "https://github.com/eugenehp/threers"
[INFO] [stderr]   |            ^^^^^^^^^^^^^^^^^^^^^^^^^^^^^^^^^^^^^
[INFO] [stderr]   |
[INFO] [stderr]   = note: `cargo::redundant_homepage` is set to `warn` by default
[INFO] [stderr] help: consider removing `package.homepage`
[INFO] [stderr] warning: `threers-py` (manifest) generated 1 warning
[INFO] [stderr] warning: `package.homepage` is redundant with `package.repository`
[INFO] [stderr]  --> crates/threers-node/Cargo.toml:9:12
[INFO] [stderr]   |
[INFO] [stderr] 8 | repository = "https://github.com/eugenehp/threers"
[INFO] [stderr]   |              -------------------------------------
[INFO] [stderr] 9 | homepage = "https://github.com/eugenehp/threers"
[INFO] [stderr]   |            ^^^^^^^^^^^^^^^^^^^^^^^^^^^^^^^^^^^^^
[INFO] [stderr]   |
[INFO] [stderr]   = note: `cargo::redundant_homepage` is set to `warn` by default
[INFO] [stderr] help: consider removing `package.homepage`
[INFO] [stderr] warning: `threers-node` (manifest) generated 1 warning
[INFO] [stderr] warning: `package.homepage` is redundant with `package.repository`
[INFO] [stderr]  --> crates/threers-animation/Cargo.toml:9:12
[INFO] [stderr]   |
[INFO] [stderr] 8 | repository = "https://github.com/eugenehp/threers"
[INFO] [stderr]   |              -------------------------------------
[INFO] [stderr] 9 | homepage = "https://github.com/eugenehp/threers"
[INFO] [stderr]   |            ^^^^^^^^^^^^^^^^^^^^^^^^^^^^^^^^^^^^^
[INFO] [stderr]   |
[INFO] [stderr]   = note: `cargo::redundant_homepage` is set to `warn` by default
[INFO] [stderr] help: consider removing `package.homepage`
[INFO] [stderr] warning: `threers-animation` (manifest) generated 1 warning
[INFO] [stderr] warning: `package.homepage` is redundant with `package.repository`
[INFO] [stderr]   --> crates/threers-probe/Cargo.toml:12:12
[INFO] [stderr]    |
[INFO] [stderr] 11 | repository = "https://github.com/eugenehp/threers"
[INFO] [stderr]    |              -------------------------------------
[INFO] [stderr] 12 | homepage = "https://github.com/eugenehp/threers"
[INFO] [stderr]    |            ^^^^^^^^^^^^^^^^^^^^^^^^^^^^^^^^^^^^^
[INFO] [stderr]    |
[INFO] [stderr]    = note: `cargo::redundant_homepage` is set to `warn` by default
[INFO] [stderr] help: consider removing `package.homepage`
[INFO] [stderr] warning: `threers-probe` (manifest) generated 1 warning
[INFO] [stderr] warning: `package.homepage` is redundant with `package.repository`
[INFO] [stderr]  --> crates/threers-js/Cargo.toml:9:12
[INFO] [stderr]   |
[INFO] [stderr] 8 | repository = "https://github.com/eugenehp/threers"
[INFO] [stderr]   |              -------------------------------------
[INFO] [stderr] 9 | homepage = "https://github.com/eugenehp/threers"
[INFO] [stderr]   |            ^^^^^^^^^^^^^^^^^^^^^^^^^^^^^^^^^^^^^
[INFO] [stderr]   |
[INFO] [stderr]   = note: `cargo::redundant_homepage` is set to `warn` by default
[INFO] [stderr] help: consider removing `package.homepage`
[INFO] [stderr] warning: `threers-js` (manifest) generated 1 warning
[INFO] [stderr] warning: `package.homepage` is redundant with `package.repository`
[INFO] [stderr]    --> Cargo.toml:400:12
[INFO] [stderr]     |
[INFO] [stderr] 400 | homepage = "https://github.com/eugenehp/threers"
[INFO] [stderr]     |            ^^^^^^^^^^^^^^^^^^^^^^^^^^^^^^^^^^^^^
[INFO] [stderr] ...
[INFO] [stderr] 405 | repository = "https://github.com/eugenehp/threers"
[INFO] [stderr]     |              -------------------------------------
[INFO] [stderr]     |
[INFO] [stderr]     = note: `cargo::redundant_homepage` is set to `warn` by default
[INFO] [stderr] help: consider removing `package.homepage`
[INFO] [stderr] warning: `threers` (manifest) generated 1 warning
[INFO] [stderr]    Compiling num-traits v0.2.19
[INFO] [stderr]    Compiling syn v2.0.117
[INFO] [stderr]    Compiling zerocopy v0.8.50
[INFO] [stderr]    Compiling cc v1.2.63
[INFO] [stderr]    Compiling syn v3.0.3
[INFO] [stderr]     Checking indexmap v2.14.0
[INFO] [stderr]     Checking hashbrown v0.16.1
[INFO] [stderr]     Checking rustc-hash v1.1.0
[INFO] [stderr]    Compiling naga v30.0.0
[INFO] [stderr]     Checking codespan-reporting v0.13.1
[INFO] [stderr]     Checking spirv v0.4.0+sdk-1.4.341.0
[INFO] [stderr]     Checking ash v0.38.0+1.3.281
[INFO] [stderr]    Compiling wgpu-hal v30.0.0
[INFO] [stderr]     Checking aho-corasick v1.1.4
[INFO] [stderr]     Checking ordered-float v5.3.0
[INFO] [stderr]     Checking khronos-egl v6.0.0
[INFO] [stderr]    Compiling smithay-client-toolkit v0.18.1
[INFO] [stderr]    Compiling wgpu-core v30.0.0
[INFO] [stderr]    Compiling winit v0.29.15
[INFO] [stderr]     Checking getrandom v0.3.4
[INFO] [stderr]    Compiling wgpu v30.0.0
[INFO] [stderr]    Compiling slotmap v1.1.1
[INFO] [stderr]     Checking regex-automata v0.4.14
[INFO] [stderr]     Checking anstream v1.0.0
[INFO] [stderr]     Checking x11rb v0.13.2
[INFO] [stderr]    Compiling wayland-backend v0.3.15
[INFO] [stderr]     Checking jiff v0.2.28
[INFO] [stderr]     Checking web-time v0.2.4
[INFO] [stderr]    Compiling serde_json v1.0.151
[INFO] [stderr]    Compiling crossbeam-epoch v0.9.20
[INFO] [stderr]    Compiling crossbeam-deque v0.8.7
[INFO] [stderr]    Compiling thiserror-impl v2.0.20
[INFO] [stderr]     Checking plotters-backend v0.3.7
[INFO] [stderr]     Checking rayon-core v1.13.0
[INFO] [stderr]     Checking plotters-svg v0.3.7
[INFO] [stderr]     Checking clap_builder v4.6.6
[INFO] [stderr]     Checking rayon v1.12.0
[INFO] [stderr]     Checking itertools v0.10.5
[INFO] [stderr]     Checking regex v1.12.3
[INFO] [stderr]     Checking env_filter v1.0.1
[INFO] [stderr]     Checking plotters v0.3.7
[INFO] [stderr]     Checking thiserror v2.0.20
[INFO] [stderr]     Checking naga-types v30.0.0
[INFO] [stderr]    Compiling zstd-sys v2.0.16+zstd.1.5.7
[INFO] [stderr]     Checking env_logger v0.11.10
[INFO] [stderr]     Checking criterion-plot v0.5.0
[INFO] [stderr]     Checking inout v0.2.2
[INFO] [stderr]     Checking crypto-common v0.2.2
[INFO] [stderr]     Checking simd-adler32 v0.3.10
[INFO] [stderr]     Checking cpubits v0.1.1
[INFO] [stderr]     Checking digest v0.10.7
[INFO] [stderr]     Checking clap v4.6.6
[INFO] [stderr]    Compiling pyo3-build-config v0.23.5
[INFO] [stderr]     Checking miniz_oxide v0.8.9
[INFO] [stderr]    Compiling ucd-trie v0.1.7
[INFO] [stderr]    Compiling pest v2.9.0
[INFO] [stderr]     Checking flate2 v1.1.9
[INFO] [stderr]     Checking cipher v0.5.2
[INFO] [stderr]    Compiling serde_derive v1.0.228
[INFO] [stderr]    Compiling bytemuck_derive v1.10.2
[INFO] [stderr]    Compiling zerocopy-derive v0.8.50
[INFO] [stderr]    Compiling thiserror-impl v1.0.69
[INFO] [stderr]     Checking aes v0.9.2
[INFO] [stderr]    Compiling bzip2-sys v0.1.13+1.0.8
[INFO] [stderr]    Compiling pest_meta v2.9.0
[INFO] [stderr]     Checking bytemuck v1.25.0
[INFO] [stderr]     Checking thiserror v1.0.69
[INFO] [stderr]     Checking calloop v0.12.4
[INFO] [stderr]     Checking wgpu-types v30.0.0
[INFO] [stderr]     Checking tiny-skia-path v0.11.4
[INFO] [stderr]     Checking inout v0.1.4
[INFO] [stderr]     Checking base64ct v1.8.3
[INFO] [stderr]     Checking rand_core v0.6.4
[INFO] [stderr]     Checking password-hash v0.4.2
[INFO] [stderr]     Checking tiny-skia v0.11.4
[INFO] [stderr]     Checking cipher v0.4.4
[INFO] [stderr]    Compiling pest_generator v2.9.0
[INFO] [stderr]     Checking sha2 v0.10.9
[INFO] [stderr]     Checking hmac v0.12.1
[INFO] [stderr]     Checking num-integer v0.1.47
[INFO] [stderr]     Checking time v0.3.55
[INFO] [stderr]     Checking num-bigint v0.4.8
[INFO] [stderr]     Checking serde v1.0.228
[INFO] [stderr]    Compiling pest_derive v2.9.0
[INFO] [stderr]     Checking smallvec v1.15.1
[INFO] [stderr]     Checking tinytemplate v1.2.1
[INFO] [stderr]     Checking parking_lot_core v0.9.12
[INFO] [stderr]     Checking bincode v1.3.3
[INFO] [stderr]     Checking parking_lot v0.12.5
[INFO] [stderr]     Checking pbkdf2 v0.11.0
[INFO] [stderr]     Checking bzip2 v0.4.4
[INFO] [stderr]     Checking rlx-ir v0.2.14
[INFO] [stderr]     Checking aes v0.8.4
[INFO] [stderr]     Checking sha1 v0.10.7
[INFO] [stderr]     Checking num-complex v0.4.6
[INFO] [stderr]     Checking wayland-client v0.31.14
[INFO] [stderr]     Checking wayland-csd-frame v0.3.0
[INFO] [stderr]     Checking constant_time_eq v0.1.5
[INFO] [stderr]    Compiling serde_core v1.0.228
[INFO] [stderr]     Checking safetensors v0.7.0
[INFO] [stderr]    Compiling zip v2.4.2
[INFO] [stderr]     Checking py_literal v0.4.0
[INFO] [stderr]     Checking bumpalo v3.20.3
[INFO] [stderr]     Checking zopfli v0.8.3
[INFO] [stderr]    Compiling displaydoc v0.2.7
[INFO] [stderr]     Checking serde_yaml v0.9.34+deprecated
[INFO] [stderr]     Checking wayland-protocols v0.31.2
[INFO] [stderr]     Checking wayland-cursor v0.31.14
[INFO] [stderr]     Checking calloop-wayland-source v0.2.0
[INFO] [stderr]     Checking half v2.7.1
[INFO] [stderr]     Checking ahash v0.8.12
[INFO] [stderr]    Compiling rlx-cpu v0.2.14
[INFO] [stderr]     Checking ciborium-ll v0.2.2
[INFO] [stderr]     Checking rlx-gguf v0.2.14
[INFO] [stderr]     Checking ciborium v0.2.2
[INFO] [stderr]     Checking gpu-allocator v0.28.0
[INFO] [stderr]     Checking rlx-dduf v0.2.14
[INFO] [stderr]    Compiling strum_macros v0.28.0
[INFO] [stderr]     Checking criterion v0.5.1
[INFO] [stderr]    Compiling pyo3-macros-backend v0.23.5
[INFO] [stderr]    Compiling pyo3-ffi v0.23.5
[INFO] [stderr]    Compiling rlx-runtime v0.2.14
[INFO] [stderr]    Compiling regex-syntax v0.8.10
[INFO] [stderr]     Checking xxhash-rust v0.8.18
[INFO] [stderr]    Compiling rlx-macros v0.2.14
[INFO] [stderr]     Checking wayland-protocols-wlr v0.2.0
[INFO] [stderr]     Checking wayland-protocols-plasma v0.2.0
[INFO] [stderr]    Compiling unicode-segmentation v1.13.3
[INFO] [stderr]    Compiling convert_case v0.6.0
[INFO] [stderr]    Compiling pyo3 v0.23.5
[INFO] [stderr]    Compiling napi-build v2.4.1
[INFO] [stderr]     Checking rlx-fusion v0.2.14
[INFO] [stderr]     Checking sctk-adwaita v0.8.3
[INFO] [stderr]     Checking rlx-nemo v0.2.14
[INFO] [stderr]     Checking rlx-driver v0.2.14
[INFO] [stderr]     Checking threers-connectome v0.0.1 (/opt/rustwide/workdir/crates/threers-connectome)
[INFO] [stderr]    Compiling threers-node v0.0.6 (/opt/rustwide/workdir/crates/threers-node)
[INFO] [stderr]    Compiling ctor v0.2.9
[INFO] [stderr]     Checking unindent v0.2.4
[INFO] [stderr]     Checking napi-sys v2.4.0
[INFO] [stderr]     Checking napi v2.16.17
[INFO] [stderr]     Checking threers-js v0.0.6 (/opt/rustwide/workdir/crates/threers-js)
[INFO] [stderr]     Checking rlx-autodiff v0.2.14
[INFO] [stderr]    Compiling zstd-safe v5.0.2+zstd.1.5.2
[INFO] [stderr]    Compiling zstd-safe v7.2.4
[INFO] [stderr]     Checking zstd v0.13.3
[INFO] [stderr]     Checking zstd v0.11.2+zstd.1.5.2
[INFO] [stderr]     Checking zip v0.6.6
[INFO] [stderr]     Checking npyz v0.8.4
[INFO] [stderr]    Compiling napi-derive-backend v1.0.75
[INFO] [stderr]     Checking rlx-mlx-io v0.2.14
[INFO] [stderr]     Checking rlx-compile v0.2.14
[INFO] [stderr]    Compiling pyo3-macros v0.23.5
[INFO] [stderr]     Checking rlx-pkg v0.2.14
[INFO] [stderr]     Checking rlx-opt v0.2.14
[INFO] [stderr]    Compiling napi-derive v2.16.13
[INFO] [stderr]     Checking wgpu-naga-bridge v30.0.0
[INFO] [stderr]     Checking wgpu-core-deps-windows-linux-android v30.0.0
[INFO] [stderr]     Checking rlx-tensor v0.2.14
[INFO] [stderr]     Checking rlx v0.2.14
[INFO] [stderr]     Checking threers-probe v0.0.1 (/opt/rustwide/workdir/crates/threers-probe)
[INFO] [stderr]     Checking threers v0.0.6 (/opt/rustwide/workdir)
[INFO] [stdout] warning: overflow evaluating the requirement `OnceLock<Option<GpuSolver>>: Sync`
[INFO] [stdout]    --> src/geometries/lattice/homogenize.rs:127:17
[INFO] [stdout]     |
[INFO] [stdout] 127 |     static GPU: std::sync::OnceLock<Option<GpuSolver>> = std::sync::OnceLock::new();
[INFO] [stdout]     |                 ^^^^^^^^^^^^^^^^^^^^^^^^^^^^^^^^^^^^^^
[INFO] [stdout]     |
[INFO] [stdout]     = note: which requires `Option<GpuSolver>: Send`
[INFO] [stdout]     = note: which requires `GpuSolver: Send`
[INFO] [stdout]     = note: which requires `wgpu::ComputePipeline: Send`
[INFO] [stdout]     = note: which requires `wgpu::dispatch::DispatchComputePipeline: Send`
[INFO] [stdout]     = note: which requires `Arc<wgpu::backend::wgpu_core::CoreComputePipeline>: Send`
[INFO] [stdout]     = note: which requires `wgpu::backend::wgpu_core::CoreComputePipeline: Send`
[INFO] [stdout]     = note: which requires `wgpu::backend::wgpu_core::ContextWgpuCore: Send`
[INFO] [stdout]     = note: which requires `Arc<wgpu::wgpu_core::global::Global>: Send`
[INFO] [stdout]     = note: which requires `wgpu::wgpu_core::global::Global: Send`
[INFO] [stdout]     = note: which requires `Hub: Send`
[INFO] [stdout]     = note: which requires `registry::Registry<Arc<lock_api::mutex::Mutex<parking_lot::raw_mutex::RawMutex, wgpu::wgpu_core::command::ComputePass>>>: Send`
[INFO] [stdout]     = note: which requires `wgc::lock::vanilla::RwLock<storage::Storage<Arc<lock_api::mutex::Mutex<parking_lot::raw_mutex::RawMutex, wgpu::wgpu_core::command::ComputePass>>>>: Send`
[INFO] [stdout]     = note: which requires `lock_api::rwlock::RwLock<parking_lot::raw_rwlock::RawRwLock, storage::Storage<Arc<lock_api::mutex::Mutex<parking_lot::raw_mutex::RawMutex, wgpu::wgpu_core::command::ComputePass>>>>: Send`
[INFO] [stdout]     = note: which requires `storage::Storage<Arc<lock_api::mutex::Mutex<parking_lot::raw_mutex::RawMutex, wgpu::wgpu_core::command::ComputePass>>>: Send`
[INFO] [stdout]     = note: which requires `Vec<storage::Element<Arc<lock_api::mutex::Mutex<parking_lot::raw_mutex::RawMutex, wgpu::wgpu_core::command::ComputePass>>>>: Send`
[INFO] [stdout]     = note: and so on...
[INFO] [stdout]     = help: consider adding a manual `impl` of auto traits like `Send` for intermediate types, if auto traits are involved
[INFO] [stdout]     = help: or consider increasing the recursion limit by adding a `#![recursion_limit = "256"]` attribute to your crate (`threers`)
[INFO] [stdout]     = note: this lint is attached to the whole crate and can't be disabled on a per-function basis
[INFO] [stdout]     = warning: this was previously accepted by the compiler but is being phased out; it will become a hard error in a future release!
[INFO] [stdout]     = note: for more information, see issue #159228 <https://github.com/rust-lang/rust/issues/159228>
[INFO] [stdout]     = note: `#[warn(recursion_depth_exceeding_limit)]` (part of `#[warn(future_incompatible)]`) on by default
[INFO] [stdout] 
[INFO] [stdout] 
[INFO] [stdout] warning: overflow evaluating the requirement `OnceLock<Option<GpuSolver>>: Sync`
[INFO] [stdout]    --> src/geometries/lattice/homogenize.rs:127:17
[INFO] [stdout]     |
[INFO] [stdout] 127 |     static GPU: std::sync::OnceLock<Option<GpuSolver>> = std::sync::OnceLock::new();
[INFO] [stdout]     |                 ^^^^^^^^^^^^^^^^^^^^^^^^^^^^^^^^^^^^^^
[INFO] [stdout]     |
[INFO] [stdout]     = note: which requires `Option<GpuSolver>: Send`
[INFO] [stdout]     = note: which requires `GpuSolver: Send`
[INFO] [stdout]     = note: which requires `wgpu::ComputePipeline: Send`
[INFO] [stdout]     = note: which requires `wgpu::dispatch::DispatchComputePipeline: Send`
[INFO] [stdout]     = note: which requires `Arc<wgpu::backend::wgpu_core::CoreComputePipeline>: Send`
[INFO] [stdout]     = note: which requires `wgpu::backend::wgpu_core::CoreComputePipeline: Send`
[INFO] [stdout]     = note: which requires `wgpu::backend::wgpu_core::ContextWgpuCore: Send`
[INFO] [stdout]     = note: which requires `Arc<wgpu::wgpu_core::global::Global>: Send`
[INFO] [stdout]     = note: which requires `wgpu::wgpu_core::global::Global: Send`
[INFO] [stdout]     = note: which requires `Hub: Send`
[INFO] [stdout]     = note: which requires `registry::Registry<Arc<lock_api::mutex::Mutex<parking_lot::raw_mutex::RawMutex, wgpu::wgpu_core::command::ComputePass>>>: Send`
[INFO] [stdout]     = note: which requires `wgc::lock::vanilla::RwLock<storage::Storage<Arc<lock_api::mutex::Mutex<parking_lot::raw_mutex::RawMutex, wgpu::wgpu_core::command::ComputePass>>>>: Send`
[INFO] [stdout]     = note: which requires `lock_api::rwlock::RwLock<parking_lot::raw_rwlock::RawRwLock, storage::Storage<Arc<lock_api::mutex::Mutex<parking_lot::raw_mutex::RawMutex, wgpu::wgpu_core::command::ComputePass>>>>: Send`
[INFO] [stdout]     = note: which requires `storage::Storage<Arc<lock_api::mutex::Mutex<parking_lot::raw_mutex::RawMutex, wgpu::wgpu_core::command::ComputePass>>>: Send`
[INFO] [stdout]     = note: which requires `Vec<storage::Element<Arc<lock_api::mutex::Mutex<parking_lot::raw_mutex::RawMutex, wgpu::wgpu_core::command::ComputePass>>>>: Send`
[INFO] [stdout]     = note: and so on...
[INFO] [stdout]     = help: consider adding a manual `impl` of auto traits like `Send` for intermediate types, if auto traits are involved
[INFO] [stdout]     = help: or consider increasing the recursion limit by adding a `#![recursion_limit = "256"]` attribute to your crate (`threers`)
[INFO] [stdout]     = note: this lint is attached to the whole crate and can't be disabled on a per-function basis
[INFO] [stdout]     = warning: this was previously accepted by the compiler but is being phased out; it will become a hard error in a future release!
[INFO] [stdout]     = note: for more information, see issue #159228 <https://github.com/rust-lang/rust/issues/159228>
[INFO] [stdout]     = note: `#[warn(recursion_depth_exceeding_limit)]` (part of `#[warn(future_incompatible)]`) on by default
[INFO] [stdout] 
[INFO] [stdout] 
[INFO] [stderr]     Checking threers-physics v0.0.1 (/opt/rustwide/workdir/crates/threers-physics)
[INFO] [stderr]     Checking threers-animation v0.0.1 (/opt/rustwide/workdir/crates/threers-animation)
[INFO] [stderr]     Checking threers-py v0.0.6 (/opt/rustwide/workdir/crates/threers-py)
[INFO] [stderr]     Checking threers-ocean v0.0.1 (/opt/rustwide/workdir/crates/threers-ocean)
[INFO] [stdout] error[E0433]: cannot find module or crate `threers_physics` in this scope
[INFO] [stdout]   --> crates/threers-animation/examples/anim_physics_blend.rs:20:5
[INFO] [stdout]    |
[INFO] [stdout] 20 | use threers_physics::prelude::*;
[INFO] [stdout]    |     ^^^^^^^^^^^^^^^ use of unresolved module or unlinked crate `threers_physics`
[INFO] [stdout]    |
[INFO] [stdout]    = help: if you wanted to use a crate named `threers_physics`, use `cargo add threers_physics` to add it to your `Cargo.toml`
[INFO] [stdout] 
[INFO] [stdout] 
[INFO] [stdout] warning: overflow evaluating the requirement `{closure@crates/threers-ocean/src/../../../examples/ocean_water/probe.rs:262:45: 262:55}: WasmNotSend`
[INFO] [stdout]    --> crates/threers-ocean/src/../../../examples/ocean_water/probe.rs:262:14
[INFO] [stdout]     |
[INFO] [stdout] 262 |             .map_async(wgpu::MapMode::Read, move |res| {
[INFO] [stdout]     |              ^^^^^^^^^
[INFO] [stdout]     |
[INFO] [stdout]     = note: which requires `{closure@crates/threers-ocean/src/../../../examples/ocean_water/probe.rs:262:45: 262:55}: Send`
[INFO] [stdout]     = note: which requires `(std::sync::Arc<wgpu::Buffer>, std::sync::Arc<std::sync::Mutex<(Vec<[f32; 4]>, usize)>>, usize, _): Send`
[INFO] [stdout]     = note: which requires `std::sync::Arc<wgpu::Buffer>: Send`
[INFO] [stdout]     = note: which requires `wgpu::Buffer: Send`
[INFO] [stdout]     = note: which requires `wgpu::dispatch::DispatchBuffer: Send`
[INFO] [stdout]     = note: which requires `std::sync::Arc<wgpu::backend::wgpu_core::CoreBuffer>: Send`
[INFO] [stdout]     = note: which requires `wgpu::backend::wgpu_core::CoreBuffer: Send`
[INFO] [stdout]     = note: which requires `wgpu::backend::wgpu_core::ContextWgpuCore: Send`
[INFO] [stdout]     = note: which requires `std::sync::Arc<wgpu::wgpu_core::global::Global>: Send`
[INFO] [stdout]     = note: which requires `wgpu::wgpu_core::global::Global: Send`
[INFO] [stdout]     = note: which requires `Hub: Send`
[INFO] [stdout]     = note: which requires `registry::Registry<std::sync::Arc<lock_api::mutex::Mutex<parking_lot::raw_mutex::RawMutex, wgpu::wgpu_core::command::ComputePass>>>: Send`
[INFO] [stdout]     = note: which requires `wgc::lock::vanilla::RwLock<storage::Storage<std::sync::Arc<lock_api::mutex::Mutex<parking_lot::raw_mutex::RawMutex, wgpu::wgpu_core::command::ComputePass>>>>: Send`
[INFO] [stdout]     = note: which requires `lock_api::rwlock::RwLock<parking_lot::raw_rwlock::RawRwLock, storage::Storage<std::sync::Arc<lock_api::mutex::Mutex<parking_lot::raw_mutex::RawMutex, wgpu::wgpu_core::command::ComputePass>>>>: Send`
[INFO] [stdout]     = note: which requires `storage::Storage<std::sync::Arc<lock_api::mutex::Mutex<parking_lot::raw_mutex::RawMutex, wgpu::wgpu_core::command::ComputePass>>>: Send`
[INFO] [stdout]     = note: and so on...
[INFO] [stdout]     = help: consider adding a manual `impl` of auto traits like `Send` for intermediate types, if auto traits are involved
[INFO] [stdout]     = help: or consider increasing the recursion limit by adding a `#![recursion_limit = "256"]` attribute to your crate (`threers_ocean`)
[INFO] [stdout]     = note: this lint is attached to the whole crate and can't be disabled on a per-function basis
[INFO] [stdout]     = warning: this was previously accepted by the compiler but is being phased out; it will become a hard error in a future release!
[INFO] [stdout]     = note: for more information, see issue #159228 <https://github.com/rust-lang/rust/issues/159228>
[INFO] [stdout]     = note: `#[warn(recursion_depth_exceeding_limit)]` (part of `#[warn(future_incompatible)]`) on by default
[INFO] [stdout] 
[INFO] [stdout] 
[INFO] [stdout] error[E0433]: cannot find type `Shape` in this scope
[INFO] [stdout]   --> crates/threers-animation/examples/anim_physics_blend.rs:30:45
[INFO] [stdout]    |
[INFO] [stdout] 30 |     world.add_body(RigidBody::fixed().shape(Shape::ground()));
[INFO] [stdout]    |                                             ^^^^^ use of undeclared type `Shape`
[INFO] [stdout]    |
[INFO] [stdout] help: consider importing this struct
[INFO] [stdout]    |
[INFO] [stdout] 17 + use threers::Shape;
[INFO] [stdout]    |
[INFO] [stdout] 
[INFO] [stdout] 
[INFO] [stdout] error[E0433]: cannot find type `Shape` in this scope
[INFO] [stdout]   --> crates/threers-animation/examples/anim_physics_blend.rs:33:20
[INFO] [stdout]    |
[INFO] [stdout] 33 |             .shape(Shape::capsule(0.5, 0.3))
[INFO] [stdout]    |                    ^^^^^ use of undeclared type `Shape`
[INFO] [stdout]    |
[INFO] [stdout] help: consider importing this struct
[INFO] [stdout]    |
[INFO] [stdout] 17 + use threers::Shape;
[INFO] [stdout]    |
[INFO] [stdout] 
[INFO] [stdout] 
[INFO] [stdout] warning: unused import: `threers_animation::prelude::*`
[INFO] [stdout]   --> crates/threers-animation/examples/anim_physics_blend.rs:19:5
[INFO] [stdout]    |
[INFO] [stdout] 19 | use threers_animation::prelude::*;
[INFO] [stdout]    |     ^^^^^^^^^^^^^^^^^^^^^^^^^^^^^
[INFO] [stdout]    |
[INFO] [stdout]    = note: `#[warn(unused_imports)]` (part of `#[warn(unused)]`) on by default
[INFO] [stdout] 
[INFO] [stdout] 
[INFO] [stdout] error[E0433]: cannot find type `World` in this scope
[INFO] [stdout]   --> crates/threers-animation/examples/anim_physics_blend.rs:29:21
[INFO] [stdout]    |
[INFO] [stdout] 29 |     let mut world = World::new();
[INFO] [stdout]    |                     ^^^^^ use of undeclared type `World`
[INFO] [stdout] 
[INFO] [stdout] 
[INFO] [stdout] error[E0433]: cannot find type `RigidBody` in this scope
[INFO] [stdout]   --> crates/threers-animation/examples/anim_physics_blend.rs:30:20
[INFO] [stdout]    |
[INFO] [stdout] 30 |     world.add_body(RigidBody::fixed().shape(Shape::ground()));
[INFO] [stdout]    |                    ^^^^^^^^^ use of undeclared type `RigidBody`
[INFO] [stdout] 
[INFO] [stdout] 
[INFO] [stdout] error[E0433]: cannot find type `RigidBody` in this scope
[INFO] [stdout]   --> crates/threers-animation/examples/anim_physics_blend.rs:32:9
[INFO] [stdout]    |
[INFO] [stdout] 32 |         RigidBody::kinematic()
[INFO] [stdout]    |         ^^^^^^^^^ use of undeclared type `RigidBody`
[INFO] [stdout] 
[INFO] [stdout] 
[INFO] [stdout] error[E0433]: cannot find type `PhysicsBlend` in this scope
[INFO] [stdout]   --> crates/threers-animation/examples/anim_physics_blend.rs:38:21
[INFO] [stdout]    |
[INFO] [stdout] 38 |     let mut blend = PhysicsBlend::new(body, 0.3);
[INFO] [stdout]    |                     ^^^^^^^^^^^^ use of undeclared type `PhysicsBlend`
[INFO] [stdout] 
[INFO] [stdout] 
[INFO] [stdout] error[E0433]: cannot find type `Isometry` in this scope
[INFO] [stdout]   --> crates/threers-animation/examples/anim_physics_blend.rs:48:24
[INFO] [stdout]    |
[INFO] [stdout] 48 |         let animated = Isometry::from_translation(arena.get(character).unwrap().position);
[INFO] [stdout]    |                        ^^^^^^^^ use of undeclared type `Isometry`
[INFO] [stdout] 
[INFO] [stdout] 
[INFO] [stdout] error[E0433]: cannot find type `Isometry` in this scope
[INFO] [stdout]   --> crates/threers-animation/examples/anim_physics_blend.rs:74:24
[INFO] [stdout]    |
[INFO] [stdout] 74 |         let animated = Isometry::from_translation(Vector3::new(50.0, 1.0, 0.0));
[INFO] [stdout]    |                        ^^^^^^^^ use of undeclared type `Isometry`
[INFO] [stdout] 
[INFO] [stdout] 
[INFO] [stdout] error[E0433]: cannot find type `BlendState` in this scope
[INFO] [stdout]   --> crates/threers-animation/examples/anim_physics_blend.rs:91:31
[INFO] [stdout]    |
[INFO] [stdout] 91 |     assert_eq!(blend.state(), BlendState::Simulated);
[INFO] [stdout]    |                               ^^^^^^^^^^ use of undeclared type `BlendState`
[INFO] [stdout] 
[INFO] [stdout] 
[INFO] [stdout] error[E0433]: cannot find type `Isometry` in this scope
[INFO] [stdout]   --> crates/threers-animation/examples/anim_physics_blend.rs:95:17
[INFO] [stdout]    |
[INFO] [stdout] 95 |     let stand = Isometry::from_translation(Vector3::new(2.0, 1.0, 0.0));
[INFO] [stdout]    |                 ^^^^^^^^ use of undeclared type `Isometry`
[INFO] [stdout] 
[INFO] [stdout] 
[INFO] [stdout] error[E0433]: cannot find type `BlendState` in this scope
[INFO] [stdout]    --> crates/threers-animation/examples/anim_physics_blend.rs:111:31
[INFO] [stdout]     |
[INFO] [stdout] 111 |     assert_eq!(blend.state(), BlendState::Animated);
[INFO] [stdout]     |                               ^^^^^^^^^^ use of undeclared type `BlendState`
[INFO] [stdout] 
[INFO] [stdout] 
[INFO] [stdout] For more information about this error, try `rustc --explain E0433`.
[INFO] [stdout] 
[INFO] [stderr] error: could not compile `threers-animation` (example "anim_physics_blend") due to 12 previous errors; 1 warning emitted
[INFO] [stderr] warning: build failed, waiting for other jobs to finish...
[INFO] [stderr] warning: unused dependency `env_logger`
[INFO] [stderr]    --> Cargo.toml:413:1
[INFO] [stderr]     |
[INFO] [stderr] 413 | env_logger = "0.11"
[INFO] [stderr]     | ^^^^^^^^^^^^^^^^^^^
[INFO] [stderr]     |
[INFO] [stderr]     = note: `cargo::unused_dependencies` is set to `warn` by default
[INFO] [stderr] help: consider removing the dependency on `env_logger`
[INFO] [stderr] help: to still use for development builds, move to `dev-dependencies`
[INFO] [stderr] warning: unused dependency `winit`
[INFO] [stderr]    --> Cargo.toml:415:1
[INFO] [stderr]     |
[INFO] [stderr] 415 | winit = "0.29"
[INFO] [stderr]     | ^^^^^^^^^^^^^^
[INFO] [stderr]     |
[INFO] [stderr] help: consider removing the dependency on `winit`
[INFO] [stderr] help: to still use for development builds, move to `dev-dependencies`
[INFO] [stderr] warning: `threers` (manifest) generated 2 warnings
[INFO] running `Command { std: "docker" "inspect" "191c85a5ee5e47ace0ed54dc124b3f17e54fb8b917666f636d48eea4be8cc7f0", kill_on_drop: false }`
[INFO] running `Command { std: "docker" "rm" "-f" "191c85a5ee5e47ace0ed54dc124b3f17e54fb8b917666f636d48eea4be8cc7f0", kill_on_drop: false }`
[INFO] [stdout] 191c85a5ee5e47ace0ed54dc124b3f17e54fb8b917666f636d48eea4be8cc7f0
