[INFO] cloning repository https://github.com/ethereumdegen/metalcraft-agent-r2
[INFO] running `Command { std: "git" "-c" "credential.helper=" "-c" "credential.helper=/workspace/cargo-home/bin/git-credential-null" "clone" "--bare" "https://github.com/ethereumdegen/metalcraft-agent-r2" "/workspace/cache/git-repos/https%3A%2F%2Fgithub.com%2Fethereumdegen%2Fmetalcraft-agent-r2", kill_on_drop: false }`
[INFO] [stderr] Cloning into bare repository '/workspace/cache/git-repos/https%3A%2F%2Fgithub.com%2Fethereumdegen%2Fmetalcraft-agent-r2'...
[INFO] running `Command { std: "git" "rev-parse" "HEAD", kill_on_drop: false }`
[INFO] [stdout] be11d34fa9a1be09399322d9bfbdd6b5af3e2baf
[INFO] checking ethereumdegen/metalcraft-agent-r2 against 3154cc1a3e6424e44f438a95007d043ed5ceaaf6+rustflags=-Znext-solver=coherence for pr-133502-30
[INFO] running `Command { std: "git" "clone" "/workspace/cache/git-repos/https%3A%2F%2Fgithub.com%2Fethereumdegen%2Fmetalcraft-agent-r2" "/workspace/builds/worker-3-tc1/source", kill_on_drop: false }`
[INFO] [stderr] Cloning into '/workspace/builds/worker-3-tc1/source'...
[INFO] [stderr] done.
[INFO] started tweaking git repo https://github.com/ethereumdegen/metalcraft-agent-r2
[INFO] finished tweaking git repo https://github.com/ethereumdegen/metalcraft-agent-r2
[INFO] tweaked toml for git repo https://github.com/ethereumdegen/metalcraft-agent-r2 written to /workspace/builds/worker-3-tc1/source/Cargo.toml
[INFO] validating manifest of git repo https://github.com/ethereumdegen/metalcraft-agent-r2 on toolchain 3154cc1a3e6424e44f438a95007d043ed5ceaaf6
[INFO] running `Command { std: CARGO_HOME="/workspace/cargo-home" RUSTUP_HOME="/workspace/rustup-home" "/workspace/cargo-home/bin/cargo" "+3154cc1a3e6424e44f438a95007d043ed5ceaaf6" "metadata" "--manifest-path" "Cargo.toml" "--no-deps", kill_on_drop: false }`
[INFO] crate git repo https://github.com/ethereumdegen/metalcraft-agent-r2 already has a lockfile, it will not be regenerated
[INFO] running `Command { std: CARGO_HOME="/workspace/cargo-home" RUSTUP_HOME="/workspace/rustup-home" "/workspace/cargo-home/bin/cargo" "+3154cc1a3e6424e44f438a95007d043ed5ceaaf6" "fetch" "--manifest-path" "Cargo.toml", kill_on_drop: false }`
[INFO] [stderr]     Updating crates.io index
[INFO] [stderr]  Downloading crates ...
[INFO] [stderr]   Downloaded utoipa-scalar v0.3.0
[INFO] [stderr]   Downloaded rustyline v15.0.0
[INFO] [stderr]   Downloaded rig-milvus v0.2.7
[INFO] [stderr]   Downloaded rig-derive v0.38.2
[INFO] [stderr]   Downloaded if_chain v1.0.3
[INFO] [stderr]   Downloaded schemars_derive v1.2.1
[INFO] [stderr]   Downloaded deluxe v0.5.0
[INFO] [stderr]   Downloaded deluxe-macros v0.5.0
[INFO] [stderr]   Downloaded deluxe-core v0.5.0
[INFO] [stderr]   Downloaded as-any v0.3.2
[INFO] [stderr]   Downloaded lance-testing v7.0.0
[INFO] [stderr]   Downloaded rig-lancedb v0.4.7
[INFO] [stderr]   Downloaded std_prelude v0.2.12
[INFO] [stderr]   Downloaded deepsize_derive v0.1.2
[INFO] [stderr]   Downloaded deepsize v0.2.0
[INFO] [stderr]   Downloaded datafusion-macros v53.1.0
[INFO] [stderr]   Downloaded utf8-ranges v1.0.5
[INFO] [stderr]   Downloaded prost-derive v0.14.3
[INFO] [stderr]   Downloaded datafusion-catalog-listing v53.1.0
[INFO] [stderr]   Downloaded datafusion-functions-window v53.1.0
[INFO] [stderr]   Downloaded datafusion-functions-window-common v53.1.0
[INFO] [stderr]   Downloaded bitpacking v0.9.3
[INFO] [stderr]   Downloaded datafusion-datasource-arrow v53.1.0
[INFO] [stderr]   Downloaded lance-bitpacking v7.0.0
[INFO] [stderr]   Downloaded aws-smithy-runtime-api-macros v1.0.0
[INFO] [stderr]   Downloaded macro_rules_attribute v0.2.2
[INFO] [stderr]   Downloaded aws-types v1.3.15
[INFO] [stderr]   Downloaded avif-serialize v0.8.8
[INFO] [stderr]   Downloaded permutation v0.4.1
[INFO] [stderr]   Downloaded macro_rules_attribute-proc_macro v0.2.2
[INFO] [stderr]   Downloaded async_cell v0.2.3
[INFO] [stderr]   Downloaded rig-derive v0.1.15
[INFO] [stderr]   Downloaded ptr_meta v0.3.1
[INFO] [stderr]   Downloaded bytecheck_derive v0.8.2
[INFO] [stderr]   Downloaded munge v0.4.7
[INFO] [stderr]   Downloaded imap-proto v0.10.2
[INFO] [stderr]   Downloaded bufstream v0.1.4
[INFO] [stderr]   Downloaded aws-smithy-observability v0.2.6
[INFO] [stderr]   Downloaded rig-helixdb v0.2.7
[INFO] [stderr]   Downloaded rig-fastembed v0.4.2
[INFO] [stderr]   Downloaded aws-credential-types v1.2.14
[INFO] [stderr]   Downloaded chalk-plus v0.1.0
[INFO] [stderr]   Downloaded thread-tree v0.3.3
[INFO] [stderr]   Downloaded bytecheck v0.8.2
[INFO] [stderr]   Downloaded munge_macro v0.4.7
[INFO] [stderr]   Downloaded ort-sys v2.0.0-rc.9
[INFO] [stderr]   Downloaded imgref v1.12.1
[INFO] [stderr]   Downloaded datafusion-datasource-json v53.1.0
[INFO] [stderr]   Downloaded datafusion-datasource-csv v53.1.0
[INFO] [stderr]   Downloaded crossbeam-skiplist v0.1.3
[INFO] [stderr]   Downloaded no_std_io2 v0.9.3
[INFO] [stderr]   Downloaded hf-hub v0.4.3
[INFO] [stderr]   Downloaded aws-smithy-http v0.63.6
[INFO] [stderr]   Downloaded imap v2.4.1
[INFO] [stderr]   Downloaded datafusion-catalog v53.1.0
[INFO] [stderr]   Downloaded rig-bedrock v0.4.7
[INFO] [stderr]   Downloaded ort v2.0.0-rc.9
[INFO] [stderr]   Downloaded aws-smithy-runtime-api v1.12.0
[INFO] [stderr]   Downloaded aws-runtime v1.7.3
[INFO] [stderr]   Downloaded hashify v0.2.9
[INFO] [stderr]   Downloaded rend v0.5.3
[INFO] [stderr]   Downloaded rancor v0.1.1
[INFO] [stderr]   Downloaded aws-smithy-http-client v1.1.12
[INFO] [stderr]   Downloaded nom v5.1.3
[INFO] [stderr]   Downloaded aws-smithy-runtime v1.11.1
[INFO] [stderr]   Downloaded aws-config v1.8.16
[INFO] [stderr]   Downloaded winnow v0.6.26
[INFO] [stderr]   Downloaded aws-sdk-sts v1.103.0
[INFO] [stderr]   Downloaded unicode-blocks v0.1.9
[INFO] [stderr]   Downloaded datafusion-common-runtime v53.1.0
[INFO] [stderr]   Downloaded htmd v0.1.6
[INFO] [stderr]   Downloaded aws-sdk-bedrockruntime v1.130.0
[INFO] [stderr]   Downloaded fastembed v4.9.1
[INFO] [stderr]   Downloaded mail-parser v0.11.5
[INFO] [stderr]   Downloaded snafu-derive v0.9.1
[INFO] [stderr]   Downloaded path_abs v0.5.1
[INFO] [stderr]   Downloaded cedarwood v0.4.6
[INFO] [stderr]   Downloaded lance v7.0.0
[INFO] [stderr]   Downloaded lz4_flex v0.13.1
[INFO] [stderr]   Downloaded prost v0.14.3
[INFO] [stderr]   Downloaded async-compression v0.4.19
[INFO] [stderr]   Downloaded datafusion-doc v53.1.0
[INFO] [stderr]   Downloaded ptr_meta_derive v0.3.1
[INFO] [stderr]   Downloaded fsst v7.0.0
[INFO] [stderr]   Downloaded lance-tokenizer v7.0.0
[INFO] [stderr]   Downloaded datafusion-session v53.1.0
[INFO] [stderr]   Downloaded lance-namespace v7.0.0
[INFO] [stderr]   Downloaded lance-arrow v7.0.0
[INFO] [stderr]   Downloaded datafusion-physical-expr-adapter v53.1.0
[INFO] [stderr]   Downloaded prost-build v0.14.3
[INFO] [stderr]   Downloaded cron v0.15.0
[INFO] [stderr]   Downloaded stfu8 v0.2.7
[INFO] [stderr]   Downloaded arrow-csv v58.3.0
[INFO] [stderr]   Downloaded rkyv_derive v0.8.16
[INFO] [stderr]   Downloaded lance-datagen v7.0.0
[INFO] [stderr]   Downloaded prost-types v0.14.3
[INFO] [stderr]   Downloaded arrow-data v58.3.0
[INFO] [stderr]   Downloaded arrow-ord v58.3.0
[INFO] [stderr]   Downloaded hybrid-array v0.4.11
[INFO] [stderr]   Downloaded metalcraft-flows v0.2.2
[INFO] [stderr]   Downloaded arrow-string v58.3.0
[INFO] [stderr]   Downloaded datafusion-functions-table v53.1.0
[INFO] [stderr]   Downloaded arrow-row v58.3.0
[INFO] [stderr]   Downloaded datafusion-functions-aggregate-common v53.1.0
[INFO] [stderr]   Downloaded arrow-arith v58.3.0
[INFO] [stderr]   Downloaded hyperloglogplus v0.4.1
[INFO] [stderr]   Downloaded snafu v0.9.1
[INFO] [stderr]   Downloaded kanaria v0.2.0
[INFO] [stderr]   Downloaded datafusion-physical-expr-common v53.1.0
[INFO] [stderr]   Downloaded comfy-table v7.1.2
[INFO] [stderr]   Downloaded datafusion-pruning v53.1.0
[INFO] [stderr]   Downloaded lance-linalg v7.0.0
[INFO] [stderr]   Downloaded arrow-json v58.3.0
[INFO] [stderr]   Downloaded iri-string v0.7.12
[INFO] [stderr]   Downloaded datafusion-execution v53.1.0
[INFO] [stderr]   Downloaded lindera v3.0.7
[INFO] [stderr]   Downloaded datafusion-physical-optimizer v53.1.0
[INFO] [stderr]   Downloaded lindera-dictionary v3.0.7
[INFO] [stderr]   Downloaded arrow-schema v58.3.0
[INFO] [stderr]   Downloaded arrow-select v58.3.0
[INFO] [stderr]   Downloaded arrow-buffer v58.3.0
[INFO] [stderr]   Downloaded arrow v58.3.0
[INFO] [stderr]   Downloaded datafusion-functions-nested v53.1.0
[INFO] [stderr]   Downloaded daachorse v2.1.1
[INFO] [stderr]   Downloaded aws-lc-rs v1.16.3
[INFO] [stderr]   Downloaded aws-sigv4 v1.4.3
[INFO] [stderr]   Downloaded metalcraft v0.9.0
[INFO] [stderr]   Downloaded datafusion-expr-common v53.1.0
[INFO] [stderr]   Downloaded io-uring v0.7.12
[INFO] [stderr]   Downloaded lance-namespace-reqwest-client v0.7.7
[INFO] [stderr]   Downloaded roaring v0.11.4
[INFO] [stderr]   Downloaded lance-core v7.0.0
[INFO] [stderr]   Downloaded arrow-cast v58.3.0
[INFO] [stderr]   Downloaded datafusion-functions-aggregate v53.1.0
[INFO] [stderr]   Downloaded arrow-ipc v58.3.0
[INFO] [stderr]   Downloaded lance-file v7.0.0
[INFO] [stderr]   Downloaded lance-table v7.0.0
[INFO] [stderr]   Downloaded lance-datafusion v7.0.0
[INFO] [stderr]   Downloaded datafusion-datasource v53.1.0
[INFO] [stderr]   Downloaded lance-io v7.0.0
[INFO] [stderr]   Downloaded rkyv v0.8.16
[INFO] [stderr]   Downloaded lance-namespace-impls v7.0.0
[INFO] [stderr]   Downloaded jieba-macros v0.9.0
[INFO] [stderr]   Downloaded datafusion-sql v53.1.0
[INFO] [stderr]   Downloaded datafusion-expr v53.1.0
[INFO] [stderr]   Downloaded datafusion-optimizer v53.1.0
[INFO] [stderr]   Downloaded datafusion-common v53.1.0
[INFO] [stderr]   Downloaded datafusion v53.1.0
[INFO] [stderr]   Downloaded datafusion-physical-expr v53.1.0
[INFO] [stderr]   Downloaded datafusion-functions v53.1.0
[INFO] [stderr]   Downloaded arrow-array v58.3.0
[INFO] [stderr]   Downloaded lancedb v0.30.0
[INFO] [stderr]   Downloaded lance-encoding v7.0.0
[INFO] [stderr]   Downloaded spice-framework v0.1.0
[INFO] [stderr]   Downloaded sqlparser v0.61.0
[INFO] [stderr]   Downloaded rig-core v0.38.2
[INFO] [stderr]   Downloaded lance-index v7.0.0
[INFO] [stderr]   Downloaded datafusion-physical-plan v53.1.0
[INFO] [stderr]   Downloaded jsonb v0.5.6
[INFO] [stderr]   Downloaded jieba-rs v0.9.0
[INFO] [stderr]   Downloaded rig v0.37.1
[INFO] [stderr]   Downloaded random_word v0.5.2
[INFO] [stderr]   Downloaded aws-lc-sys v0.40.0
[INFO] running `Command { std: "docker" "create" "-v" "/var/lib/crater-agent-workspace/builds/worker-3-tc1/source:/opt/rustwide/workdir:ro,Z" "-v" "/var/lib/crater-agent-workspace/builds/worker-3-tc1/target:/opt/rustwide/target:rw,Z" "-v" "/var/lib/crater-agent-workspace/cargo-home:/opt/rustwide/cargo-home:ro,Z" "-v" "/var/lib/crater-agent-workspace/rustup-home:/opt/rustwide/rustup-home:ro,Z" "-m" "1610612736" "--network" "none" "ghcr.io/rust-lang/crates-build-env/linux@sha256:77db811e55d90add9212f6832c23229e3de5f1c1f9905e8cb07319ea15df73ac" "sleep" "infinity", kill_on_drop: false }`
[INFO] [stdout] 914cd24aa0c9a7081173900670765721f93f42ed55c8ec6602e035ac098e2544
[INFO] running `Command { std: "docker" "start" "914cd24aa0c9a7081173900670765721f93f42ed55c8ec6602e035ac098e2544", kill_on_drop: false }`
[INFO] running `Command { std: "docker" "inspect" "914cd24aa0c9a7081173900670765721f93f42ed55c8ec6602e035ac098e2544", kill_on_drop: false }`
[INFO] running `Command { std: "docker" "exec" "-e" "SOURCE_DIR=/opt/rustwide/workdir" "-e" "CARGO_HOME=/opt/rustwide/cargo-home" "-e" "RUSTUP_HOME=/opt/rustwide/rustup-home" "-e" "CARGO_TARGET_DIR=/opt/rustwide/target" "-w" "/opt/rustwide/workdir" "--user" "0:0" "914cd24aa0c9a7081173900670765721f93f42ed55c8ec6602e035ac098e2544" "/opt/rustwide/cargo-home/bin/cargo" "+3154cc1a3e6424e44f438a95007d043ed5ceaaf6" "metadata" "--no-deps" "--format-version=1", kill_on_drop: false }`
[INFO] running `Command { std: "docker" "inspect" "914cd24aa0c9a7081173900670765721f93f42ed55c8ec6602e035ac098e2544", kill_on_drop: false }`
[INFO] running `Command { std: "docker" "exec" "-e" "SOURCE_DIR=/opt/rustwide/workdir" "-e" "CARGO_HOME=/opt/rustwide/cargo-home" "-e" "RUSTUP_HOME=/opt/rustwide/rustup-home" "-e" "CARGO_TARGET_DIR=/opt/rustwide/target" "-e" "CARGO_INCREMENTAL=0" "-e" "RUST_BACKTRACE=full" "-e" "RUSTFLAGS=--cap-lints=forbid -Znext-solver=coherence" "-e" "RUSTDOCFLAGS=--cap-lints=forbid" "-w" "/opt/rustwide/workdir" "--user" "0:0" "914cd24aa0c9a7081173900670765721f93f42ed55c8ec6602e035ac098e2544" "/opt/rustwide/cargo-home/bin/cargo" "+3154cc1a3e6424e44f438a95007d043ed5ceaaf6" "check" "--frozen" "--all" "--all-targets" "--message-format=json", kill_on_drop: false }`
[INFO] [stderr]    Compiling libc v0.2.186
[INFO] [stderr]    Compiling syn v2.0.117
[INFO] [stderr]    Compiling serde v1.0.228
[INFO] [stderr]     Checking bitflags v2.11.1
[INFO] [stderr]     Checking futures-channel v0.3.32
[INFO] [stderr]     Checking typenum v1.20.0
[INFO] [stderr]     Checking http v1.4.0
[INFO] [stderr]     Checking hashbrown v0.17.0
[INFO] [stderr]     Checking futures-task v0.3.32
[INFO] [stderr]    Compiling serde_json v1.0.150
[INFO] [stderr]    Compiling zerocopy v0.8.48
[INFO] [stderr]    Compiling aws-lc-rs v1.16.3
[INFO] [stderr]     Checking indexmap v2.14.0
[INFO] [stderr]     Checking http-body v1.0.1
[INFO] [stderr]     Checking generic-array v0.14.7
[INFO] [stderr]     Checking rustls-pki-types v1.14.1
[INFO] [stderr]    Compiling jobserver v0.1.34
[INFO] [stderr]    Compiling siphasher v1.0.2
[INFO] [stderr]    Compiling rand_core v0.6.4
[INFO] [stderr]    Compiling rustls v0.23.40
[INFO] [stderr]    Compiling cc v1.2.61
[INFO] [stderr]    Compiling rand v0.8.6
[INFO] [stderr]    Compiling phf_shared v0.11.3
[INFO] [stderr]     Checking ipnet v2.12.0
[INFO] [stderr]    Compiling unicode-segmentation v1.13.2
[INFO] [stderr]     Checking http-body-util v0.1.3
[INFO] [stderr]     Checking getrandom v0.2.17
[INFO] [stderr]     Checking parking_lot_core v0.9.12
[INFO] [stderr]     Checking errno v0.3.14
[INFO] [stderr]     Checking mio v1.2.0
[INFO] [stderr]     Checking parking_lot v0.12.5
[INFO] [stderr]     Checking signal-hook-registry v1.4.8
[INFO] [stderr]     Checking socket2 v0.6.3
[INFO] [stderr]     Checking crypto-common v0.1.7
[INFO] [stderr]    Compiling phf_generator v0.11.3
[INFO] [stderr]     Checking new_debug_unreachable v1.0.6
[INFO] [stderr]    Compiling toml_edit v0.19.15
[INFO] [stderr]    Compiling phf_codegen v0.11.3
[INFO] [stderr]    Compiling string_cache_codegen v0.5.4
[INFO] [stderr]    Compiling strsim v0.10.0
[INFO] [stderr]    Compiling serde_core v1.0.228
[INFO] [stderr]    Compiling winnow v1.0.2
[INFO] [stderr]    Compiling cmake v0.1.58
[INFO] [stderr]    Compiling arrayvec v0.7.6
[INFO] [stderr]     Checking mac v0.1.1
[INFO] [stderr]    Compiling thiserror v2.0.18
[INFO] [stderr]     Checking futf v0.1.5
[INFO] [stderr]    Compiling markup5ever v0.12.1
[INFO] [stderr]     Checking webpki-roots v1.0.7
[INFO] [stderr]     Checking iri-string v0.7.12
[INFO] [stderr]    Compiling ref-cast v1.0.25
[INFO] [stderr]    Compiling aws-lc-sys v0.40.0
[INFO] [stderr]    Compiling ring v0.17.14
[INFO] [stderr]    Compiling openssl-sys v0.9.117
[INFO] [stderr]    Compiling if_chain v1.0.3
[INFO] [stderr]    Compiling toml_parser v1.1.2+spec-1.1.0
[INFO] [stderr]     Checking precomputed-hash v0.1.1
[INFO] [stderr]    Compiling toml_datetime v1.1.1+spec-1.1.0
[INFO] [stderr]    Compiling proc-macro-crate v1.3.1
[INFO] [stderr]    Compiling synstructure v0.13.2
[INFO] [stderr]    Compiling deluxe-core v0.5.0
[INFO] [stderr]    Compiling rustix v1.1.4
[INFO] [stderr]    Compiling serde_derive_internals v0.29.1
[INFO] [stderr]    Compiling toml_edit v0.25.11+spec-1.1.0
[INFO] [stderr]     Checking ppv-lite86 v0.2.21
[INFO] [stderr]     Checking tendril v0.4.3
[INFO] [stderr]     Checking rand_chacha v0.3.1
[INFO] [stderr]     Checking phf v0.11.3
[INFO] [stderr]     Checking rustls-native-certs v0.8.3
[INFO] [stderr]    Compiling aho-corasick v1.1.4
[INFO] [stderr]    Compiling lexical-core v0.7.6
[INFO] [stderr]     Checking nom v7.1.3
[INFO] [stderr]    Compiling serde_derive v1.0.228
[INFO] [stderr]    Compiling zerofrom-derive v0.1.7
[INFO] [stderr]    Compiling tokio-macros v2.7.0
[INFO] [stderr]    Compiling yoke-derive v0.8.2
[INFO] [stderr]     Checking zerofrom v0.1.7
[INFO] [stderr]     Checking tokio v1.52.3
[INFO] [stderr]    Compiling tracing-attributes v0.1.31
[INFO] [stderr]    Compiling zerovec-derive v0.11.3
[INFO] [stderr]    Compiling displaydoc v0.2.5
[INFO] [stderr]     Checking yoke v0.8.2
[INFO] [stderr]    Compiling futures-macro v0.3.32
[INFO] [stderr]     Checking zerotrie v0.2.4
[INFO] [stderr]    Compiling thiserror-impl v2.0.18
[INFO] [stderr]     Checking tracing v0.1.44
[INFO] [stderr]     Checking futures-util v0.3.32
[INFO] [stderr]     Checking zerovec v0.11.6
[INFO] [stderr]    Compiling pin-project-internal v1.1.11
[INFO] [stderr]     Checking tinystr v0.8.3
[INFO] [stderr]     Checking icu_locale_core v2.2.0
[INFO] [stderr]     Checking potential_utf v0.1.5
[INFO] [stderr]     Checking string_cache v0.8.9
[INFO] [stderr]     Checking icu_collections v2.2.0
[INFO] [stderr]    Compiling ref-cast-impl v1.0.25
[INFO] [stderr]    Compiling deluxe-macros v0.5.0
[INFO] [stderr]     Checking pin-project v1.1.11
[INFO] [stderr]     Checking icu_provider v2.2.0
[INFO] [stderr]    Compiling regex-automata v0.4.14
[INFO] [stderr]     Checking icu_normalizer v2.2.0
[INFO] [stderr]     Checking icu_properties v2.2.0
[INFO] [stderr]    Compiling html5ever v0.27.0
[INFO] [stderr]     Checking tokio-util v0.7.18
[INFO] [stderr]     Checking h2 v0.4.13
[INFO] [stderr]     Checking tower v0.5.3
[INFO] [stderr]     Checking futures-executor v0.3.32
[INFO] [stderr]     Checking futures v0.3.32
[INFO] [stderr]    Compiling async-stream-impl v0.3.6
[INFO] [stderr]    Compiling schemars_derive v1.2.1
[INFO] [stderr]     Checking tower-http v0.6.8
[INFO] [stderr]     Checking idna_adapter v1.2.2
[INFO] [stderr]     Checking idna v1.1.0
[INFO] [stderr]     Checking url v2.5.8
[INFO] [stderr]    Compiling proc-macro-crate v3.5.0
[INFO] [stderr]    Compiling onig_sys v69.9.3
[INFO] [stderr]    Compiling convert_case v0.11.0
[INFO] [stderr]     Checking block-buffer v0.10.4
[INFO] [stderr]     Checking inout v0.1.4
[INFO] [stderr]    Compiling nom v5.1.3
[INFO] [stderr]    Compiling getrandom v0.4.2
[INFO] [stderr]     Checking arrayvec v0.5.2
[INFO] [stderr]     Checking fastrand v2.4.1
[INFO] [stderr]    Compiling openssl v0.10.81
[INFO] [stderr]    Compiling nix v0.29.0
[INFO] [stderr]    Compiling deluxe v0.5.0
[INFO] [stderr]     Checking chrono v0.4.44
[INFO] [stderr]    Compiling rig-derive v0.38.2
[INFO] [stderr]    Compiling regex v1.12.3
[INFO] [stderr]     Checking schemars v1.2.1
[INFO] [stderr]     Checking deranged v0.5.8
[INFO] [stderr]     Checking cipher v0.4.4
[INFO] [stderr]     Checking digest v0.10.7
[INFO] [stderr]     Checking nanoid v0.4.0
[INFO] [stderr]     Checking ahash v0.8.12
[INFO] [stderr]     Checking async-stream v0.3.6
[INFO] [stderr]     Checking tracing-futures v0.2.5
[INFO] [stderr]     Checking serde_urlencoded v0.7.1
[INFO] [stderr]     Checking eventsource-stream v0.2.3
[INFO] [stderr]    Compiling openssl-macros v0.1.1
[INFO] [stderr]    Compiling libsqlite3-sys v0.30.1
[INFO] [stderr]     Checking universal-hash v0.5.1
[INFO] [stderr]    Compiling convert_case v0.10.0
[INFO] [stderr]     Checking ordered-float v5.3.0
[INFO] [stderr]     Checking glob v0.3.3
[INFO] [stderr]     Checking as-any v0.3.2
[INFO] [stderr]     Checking simd-adler32 v0.3.9
[INFO] [stderr]     Checking num-conv v0.2.1
[INFO] [stderr]     Checking time-core v0.1.8
[INFO] [stderr]     Checking polyval v0.6.2
[INFO] [stderr]     Checking miniz_oxide v0.8.9
[INFO] [stderr]    Compiling native-tls v0.2.18
[INFO] [stderr]    Compiling derive_more-impl v2.1.1
[INFO] [stderr]     Checking time v0.3.47
[INFO] [stderr]     Checking hyper v1.9.0
[INFO] [stderr]     Checking hashbrown v0.14.5
[INFO] [stderr]    Compiling utoipa-gen v5.5.0
[INFO] [stderr]     Checking signal-hook v0.3.18
[INFO] [stderr]     Checking hyper-util v0.1.20
[INFO] [stderr]     Checking xml5ever v0.18.1
[INFO] [stderr]     Checking axum-core v0.5.6
[INFO] [stderr]    Compiling axum-macros v0.5.1
[INFO] [stderr]    Compiling async-trait v0.1.89
[INFO] [stderr]     Checking serde_path_to_error v0.1.20
[INFO] [stderr]     Checking nibble_vec v0.1.0
[INFO] [stderr]     Checking quick-xml v0.39.4
[INFO] [stderr]     Checking linked-hash-map v0.5.6
[INFO] [stderr]     Checking endian-type v0.1.2
[INFO] [stderr]     Checking dirs-sys v0.5.0
[INFO] [stderr]     Checking yaml-rust v0.4.5
[INFO] [stderr]     Checking anstream v1.0.0
[INFO] [stderr]     Checking radix_trie v0.2.1
[INFO] [stderr]     Checking plist v1.9.0
[INFO] [stderr]     Checking imap-proto v0.10.2
[INFO] [stderr]     Checking markup5ever_rcdom v0.3.0
[INFO] [stderr]     Checking axum v0.8.9
[INFO] [stderr]     Checking flate2 v1.1.9
[INFO] [stderr]     Checking onig v6.5.3
[INFO] [stderr]     Checking signal-hook-mio v0.2.5
[INFO] [stderr]     Checking hashlink v0.9.1
[INFO] [stderr]     Checking derive_more v2.1.1
[INFO] [stderr]     Checking ghash v0.5.1
[INFO] [stderr]     Checking aes v0.8.4
[INFO] [stderr]     Checking ctr v0.9.2
[INFO] [stderr]     Checking env_filter v1.0.1
[INFO] [stderr]     Checking tokio-stream v0.1.18
[INFO] [stderr]     Checking bincode v1.3.3
[INFO] [stderr]     Checking fd-lock v4.0.4
[INFO] [stderr]    Compiling hashify v0.2.9
[INFO] [stderr]     Checking aead v0.5.2
[INFO] [stderr]    Compiling include_dir_macros v0.7.4
[INFO] [stderr]     Checking fallible-iterator v0.3.0
[INFO] [stderr]     Checking fallible-streaming-iterator v0.1.9
[INFO] [stderr]     Checking jiff v0.2.24
[INFO] [stderr]     Checking winnow v0.6.26
[INFO] [stderr]     Checking bufstream v0.1.4
[INFO] [stderr]     Checking imap v2.4.1
[INFO] [stderr]     Checking mail-parser v0.11.5
[INFO] [stderr]     Checking rustyline v15.0.0
[INFO] [stderr]     Checking cron v0.15.0
[INFO] [stderr]     Checking include_dir v0.7.4
[INFO] [stderr]     Checking aes-gcm v0.10.3
[INFO] [stderr]     Checking syntect v5.3.0
[INFO] [stderr]     Checking crossterm v0.29.0
[INFO] [stderr]     Checking htmd v0.1.6
[INFO] [stderr]     Checking utoipa v5.5.0
[INFO] [stderr]     Checking dirs v6.0.0
[INFO] [stderr]     Checking uuid v1.23.1
[INFO] [stderr]     Checking hmac v0.12.1
[INFO] [stderr]     Checking sha1 v0.10.6
[INFO] [stderr]     Checking sha2 v0.10.9
[INFO] [stderr]     Checking metalcraft-flows v0.2.2
[INFO] [stderr]     Checking atty v0.2.14
[INFO] [stderr]     Checking chalk-plus v0.1.0
[INFO] [stderr]     Checking spice-framework v0.1.0
[INFO] [stderr]     Checking tempfile v3.27.0
[INFO] [stderr]     Checking env_logger v0.11.10
[INFO] [stderr]     Checking utoipa-scalar v0.3.0
[INFO] [stderr]     Checking rusqlite v0.32.1
[INFO] [stderr]     Checking rustls-webpki v0.103.13
[INFO] [stderr]     Checking tokio-rustls v0.26.4
[INFO] [stderr]     Checking rustls-platform-verifier v0.7.0
[INFO] [stderr]     Checking hyper-rustls v0.27.9
[INFO] [stderr]     Checking reqwest v0.13.3
[INFO] [stderr]     Checking reqwest v0.12.28
[INFO] [stderr]     Checking rig-core v0.38.2
[INFO] [stderr]     Checking rig v0.37.1
[INFO] [stderr]     Checking metalcraft v0.9.0
[INFO] [stderr]     Checking metalcraft-agent-r2 v0.16.0 (/opt/rustwide/workdir)
[INFO] [stdout] error[E0533]: expected value, found struct variant `AgentUpdate::ToolCalls`
[INFO] [stdout]   --> tests/phase5_6_7_test.rs:12:17
[INFO] [stdout]    |
[INFO] [stdout] 12 |     state.apply(AgentUpdate::ToolCalls(vec![PendingToolCall {
[INFO] [stdout]    |                 ^^^^^^^^^^^^^^^^^^^^^^ not a value
[INFO] [stdout]    |
[INFO] [stdout] help: you might have meant to create a new value of the struct
[INFO] [stdout]    |
[INFO] [stdout] 12 -     state.apply(AgentUpdate::ToolCalls(vec![PendingToolCall {
[INFO] [stdout] 13 -         call_id: None, id: "1".into(),
[INFO] [stdout] 14 -         name: "read_file".into(),
[INFO] [stdout] 15 -         args: serde_json::json!({"path": "foo.txt"}),
[INFO] [stdout] 16 -     }]));
[INFO] [stdout] 12 +     state.apply(AgentUpdate::ToolCalls { reasoning: /* value */, calls: /* value */ });
[INFO] [stdout]    |
[INFO] [stdout] 
[INFO] [stdout] 
[INFO] [stdout] error[E0533]: expected value, found struct variant `AgentUpdate::ToolCalls`
[INFO] [stdout]   --> tests/phase5_6_7_test.rs:37:17
[INFO] [stdout]    |
[INFO] [stdout] 37 |     state.apply(AgentUpdate::ToolCalls(vec![
[INFO] [stdout]    |                 ^^^^^^^^^^^^^^^^^^^^^^ not a value
[INFO] [stdout]    |
[INFO] [stdout] help: you might have meant to create a new value of the struct
[INFO] [stdout]    |
[INFO] [stdout] 37 -     state.apply(AgentUpdate::ToolCalls(vec![
[INFO] [stdout] 38 -         PendingToolCall { call_id: None, id: "1".into(), name: "read_file".into(), args: serde_json::json!({}) },
[INFO] [stdout] 39 -         PendingToolCall { call_id: None, id: "2".into(), name: "grep".into(), args: serde_json::json!({}) },
[INFO] [stdout] 40 -     ]));
[INFO] [stdout] 37 +     state.apply(AgentUpdate::ToolCalls { reasoning: /* value */, calls: /* value */ });
[INFO] [stdout]    |
[INFO] [stdout] 
[INFO] [stdout] 
[INFO] [stdout] error[E0533]: expected value, found struct variant `AgentUpdate::ToolCalls`
[INFO] [stdout]    --> tests/phase5_6_7_test.rs:139:17
[INFO] [stdout]     |
[INFO] [stdout] 139 |     state.apply(AgentUpdate::ToolCalls(vec![PendingToolCall {
[INFO] [stdout]     |                 ^^^^^^^^^^^^^^^^^^^^^^ not a value
[INFO] [stdout]     |
[INFO] [stdout] help: you might have meant to create a new value of the struct
[INFO] [stdout]     |
[INFO] [stdout] 139 -     state.apply(AgentUpdate::ToolCalls(vec![PendingToolCall {
[INFO] [stdout] 140 -         call_id: None, id: "1".into(), name: "bash".into(),
[INFO] [stdout] 141 -         args: serde_json::json!({"command": "bad"}),
[INFO] [stdout] 142 -     }]));
[INFO] [stdout] 139 +     state.apply(AgentUpdate::ToolCalls { reasoning: /* value */, calls: /* value */ });
[INFO] [stdout]     |
[INFO] [stdout] 
[INFO] [stdout] 
[INFO] [stdout] error[E0533]: expected value, found struct variant `AgentUpdate::ToolCalls`
[INFO] [stdout]    --> tests/phase5_6_7_test.rs:150:17
[INFO] [stdout]     |
[INFO] [stdout] 150 |     state.apply(AgentUpdate::ToolCalls(vec![PendingToolCall {
[INFO] [stdout]     |                 ^^^^^^^^^^^^^^^^^^^^^^ not a value
[INFO] [stdout]     |
[INFO] [stdout] help: you might have meant to create a new value of the struct
[INFO] [stdout]     |
[INFO] [stdout] 150 -     state.apply(AgentUpdate::ToolCalls(vec![PendingToolCall {
[INFO] [stdout] 151 -         call_id: None, id: "2".into(), name: "bash".into(),
[INFO] [stdout] 152 -         args: serde_json::json!({"command": "also bad"}),
[INFO] [stdout] 153 -     }]));
[INFO] [stdout] 150 +     state.apply(AgentUpdate::ToolCalls { reasoning: /* value */, calls: /* value */ });
[INFO] [stdout]     |
[INFO] [stdout] 
[INFO] [stdout] 
[INFO] [stdout] error[E0533]: expected value, found struct variant `AgentUpdate::ToolCalls`
[INFO] [stdout]    --> tests/phase5_6_7_test.rs:172:17
[INFO] [stdout]     |
[INFO] [stdout] 172 |     state.apply(AgentUpdate::ToolCalls(vec![PendingToolCall {
[INFO] [stdout]     |                 ^^^^^^^^^^^^^^^^^^^^^^ not a value
[INFO] [stdout]     |
[INFO] [stdout] help: you might have meant to create a new value of the struct
[INFO] [stdout]     |
[INFO] [stdout] 172 -     state.apply(AgentUpdate::ToolCalls(vec![PendingToolCall {
[INFO] [stdout] 173 -         call_id: None, id: "1".into(), name: "bash".into(),
[INFO] [stdout] 174 -         args: serde_json::json!({"command": "bad"}),
[INFO] [stdout] 175 -     }]));
[INFO] [stdout] 172 +     state.apply(AgentUpdate::ToolCalls { reasoning: /* value */, calls: /* value */ });
[INFO] [stdout]     |
[INFO] [stdout] 
[INFO] [stdout] 
[INFO] [stdout] error[E0533]: expected value, found struct variant `AgentUpdate::ToolCalls`
[INFO] [stdout]    --> tests/phase5_6_7_test.rs:183:17
[INFO] [stdout]     |
[INFO] [stdout] 183 |     state.apply(AgentUpdate::ToolCalls(vec![PendingToolCall {
[INFO] [stdout]     |                 ^^^^^^^^^^^^^^^^^^^^^^ not a value
[INFO] [stdout]     |
[INFO] [stdout] help: you might have meant to create a new value of the struct
[INFO] [stdout]     |
[INFO] [stdout] 183 -     state.apply(AgentUpdate::ToolCalls(vec![PendingToolCall {
[INFO] [stdout] 184 -         call_id: None, id: "2".into(), name: "bash".into(),
[INFO] [stdout] 185 -         args: serde_json::json!({"command": "good"}),
[INFO] [stdout] 186 -     }]));
[INFO] [stdout] 183 +     state.apply(AgentUpdate::ToolCalls { reasoning: /* value */, calls: /* value */ });
[INFO] [stdout]     |
[INFO] [stdout] 
[INFO] [stdout] 
[INFO] [stdout] error[E0533]: expected value, found struct variant `AgentUpdate::ToolCalls`
[INFO] [stdout]    --> tests/phase5_6_7_test.rs:194:17
[INFO] [stdout]     |
[INFO] [stdout] 194 |     state.apply(AgentUpdate::ToolCalls(vec![PendingToolCall {
[INFO] [stdout]     |                 ^^^^^^^^^^^^^^^^^^^^^^ not a value
[INFO] [stdout]     |
[INFO] [stdout] help: you might have meant to create a new value of the struct
[INFO] [stdout]     |
[INFO] [stdout] 194 -     state.apply(AgentUpdate::ToolCalls(vec![PendingToolCall {
[INFO] [stdout] 195 -         call_id: None, id: "3".into(), name: "bash".into(),
[INFO] [stdout] 196 -         args: serde_json::json!({"command": "bad again"}),
[INFO] [stdout] 197 -     }]));
[INFO] [stdout] 194 +     state.apply(AgentUpdate::ToolCalls { reasoning: /* value */, calls: /* value */ });
[INFO] [stdout]     |
[INFO] [stdout] 
[INFO] [stdout] 
[INFO] [stdout] error[E0533]: expected value, found struct variant `AgentUpdate::ToolCalls`
[INFO] [stdout]    --> tests/phase5_6_7_test.rs:220:17
[INFO] [stdout]     |
[INFO] [stdout] 220 |     state.apply(AgentUpdate::ToolCalls(vec![PendingToolCall {
[INFO] [stdout]     |                 ^^^^^^^^^^^^^^^^^^^^^^ not a value
[INFO] [stdout]     |
[INFO] [stdout] help: you might have meant to create a new value of the struct
[INFO] [stdout]     |
[INFO] [stdout] 220 -     state.apply(AgentUpdate::ToolCalls(vec![PendingToolCall {
[INFO] [stdout] 221 -         call_id: None, id: "1".into(), name: "read_file".into(),
[INFO] [stdout] 222 -         args: serde_json::json!({"path": "foo.txt"}),
[INFO] [stdout] 223 -     }]));
[INFO] [stdout] 220 +     state.apply(AgentUpdate::ToolCalls { reasoning: /* value */, calls: /* value */ });
[INFO] [stdout]     |
[INFO] [stdout] 
[INFO] [stdout] 
[INFO] [stdout] error[E0533]: expected value, found struct variant `AgentUpdate::ToolCalls`
[INFO] [stdout]    --> tests/phase5_6_7_test.rs:233:17
[INFO] [stdout]     |
[INFO] [stdout] 233 |     state.apply(AgentUpdate::ToolCalls(vec![PendingToolCall {
[INFO] [stdout]     |                 ^^^^^^^^^^^^^^^^^^^^^^ not a value
[INFO] [stdout]     |
[INFO] [stdout] help: you might have meant to create a new value of the struct
[INFO] [stdout]     |
[INFO] [stdout] 233 -     state.apply(AgentUpdate::ToolCalls(vec![PendingToolCall {
[INFO] [stdout] 234 -         call_id: None, id: "2".into(), name: "read_file".into(),
[INFO] [stdout] 235 -         args: serde_json::json!({"path": "foo.txt"}),
[INFO] [stdout] 236 -     }]));
[INFO] [stdout] 233 +     state.apply(AgentUpdate::ToolCalls { reasoning: /* value */, calls: /* value */ });
[INFO] [stdout]     |
[INFO] [stdout] 
[INFO] [stdout] 
[INFO] [stdout] error[E0533]: expected value, found struct variant `AgentUpdate::ToolCalls`
[INFO] [stdout]    --> tests/phase5_6_7_test.rs:250:17
[INFO] [stdout]     |
[INFO] [stdout] 250 |     state.apply(AgentUpdate::ToolCalls(vec![PendingToolCall {
[INFO] [stdout]     |                 ^^^^^^^^^^^^^^^^^^^^^^ not a value
[INFO] [stdout]     |
[INFO] [stdout] help: you might have meant to create a new value of the struct
[INFO] [stdout]     |
[INFO] [stdout] 250 -     state.apply(AgentUpdate::ToolCalls(vec![PendingToolCall {
[INFO] [stdout] 251 -         call_id: None, id: "1".into(), name: "read_file".into(),
[INFO] [stdout] 252 -         args: serde_json::json!({"path": "foo.txt"}),
[INFO] [stdout] 253 -     }]));
[INFO] [stdout] 250 +     state.apply(AgentUpdate::ToolCalls { reasoning: /* value */, calls: /* value */ });
[INFO] [stdout]     |
[INFO] [stdout] 
[INFO] [stdout] 
[INFO] [stdout] error[E0533]: expected value, found struct variant `AgentUpdate::ToolCalls`
[INFO] [stdout]    --> tests/phase5_6_7_test.rs:263:17
[INFO] [stdout]     |
[INFO] [stdout] 263 |     state.apply(AgentUpdate::ToolCalls(vec![PendingToolCall {
[INFO] [stdout]     |                 ^^^^^^^^^^^^^^^^^^^^^^ not a value
[INFO] [stdout]     |
[INFO] [stdout] help: you might have meant to create a new value of the struct
[INFO] [stdout]     |
[INFO] [stdout] 263 -     state.apply(AgentUpdate::ToolCalls(vec![PendingToolCall {
[INFO] [stdout] 264 -         call_id: None, id: "2".into(), name: "read_file".into(),
[INFO] [stdout] 265 -         args: serde_json::json!({"path": "bar.txt"}),
[INFO] [stdout] 266 -     }]));
[INFO] [stdout] 263 +     state.apply(AgentUpdate::ToolCalls { reasoning: /* value */, calls: /* value */ });
[INFO] [stdout]     |
[INFO] [stdout] 
[INFO] [stdout] 
[INFO] [stdout] For more information about this error, try `rustc --explain E0533`.
[INFO] [stdout] 
[INFO] [stderr] error: could not compile `metalcraft-agent-r2` (test "phase5_6_7_test") due to 11 previous errors
[INFO] [stderr] warning: build failed, waiting for other jobs to finish...
[INFO] running `Command { std: "docker" "inspect" "914cd24aa0c9a7081173900670765721f93f42ed55c8ec6602e035ac098e2544", kill_on_drop: false }`
[INFO] running `Command { std: "docker" "rm" "-f" "914cd24aa0c9a7081173900670765721f93f42ed55c8ec6602e035ac098e2544", kill_on_drop: false }`
[INFO] [stdout] 914cd24aa0c9a7081173900670765721f93f42ed55c8ec6602e035ac098e2544
