[INFO] cloning repository https://github.com/equivocum/openbutler
[INFO] running `Command { std: "git" "-c" "credential.helper=" "-c" "credential.helper=/workspace/cargo-home/bin/git-credential-null" "clone" "--bare" "https://github.com/equivocum/openbutler" "/workspace/cache/git-repos/https%3A%2F%2Fgithub.com%2Fequivocum%2Fopenbutler", kill_on_drop: false }`
[INFO] [stderr] Cloning into bare repository '/workspace/cache/git-repos/https%3A%2F%2Fgithub.com%2Fequivocum%2Fopenbutler'...
[INFO] running `Command { std: "git" "rev-parse" "HEAD", kill_on_drop: false }`
[INFO] [stdout] 226b59b8cea719ada9bd7990d86d61bf3990c9d7
[INFO] checking equivocum/openbutler against 3154cc1a3e6424e44f438a95007d043ed5ceaaf6 for pr-133502-30
[INFO] running `Command { std: "git" "clone" "/workspace/cache/git-repos/https%3A%2F%2Fgithub.com%2Fequivocum%2Fopenbutler" "/workspace/builds/worker-2-tc2/source", kill_on_drop: false }`
[INFO] [stderr] Cloning into '/workspace/builds/worker-2-tc2/source'...
[INFO] [stderr] done.
[INFO] started tweaking git repo https://github.com/equivocum/openbutler
[INFO] finished tweaking git repo https://github.com/equivocum/openbutler
[INFO] tweaked toml for git repo https://github.com/equivocum/openbutler written to /workspace/builds/worker-2-tc2/source/Cargo.toml
[INFO] validating manifest of git repo https://github.com/equivocum/openbutler on toolchain 3154cc1a3e6424e44f438a95007d043ed5ceaaf6
[INFO] running `Command { std: CARGO_HOME="/workspace/cargo-home" RUSTUP_HOME="/workspace/rustup-home" "/workspace/cargo-home/bin/cargo" "+3154cc1a3e6424e44f438a95007d043ed5ceaaf6" "metadata" "--manifest-path" "Cargo.toml" "--no-deps", kill_on_drop: false }`
[INFO] crate git repo https://github.com/equivocum/openbutler already has a lockfile, it will not be regenerated
[INFO] running `Command { std: CARGO_HOME="/workspace/cargo-home" RUSTUP_HOME="/workspace/rustup-home" "/workspace/cargo-home/bin/cargo" "+3154cc1a3e6424e44f438a95007d043ed5ceaaf6" "fetch" "--manifest-path" "Cargo.toml", kill_on_drop: false }`
[INFO] running `Command { std: "docker" "create" "-v" "/var/lib/crater-agent-workspace/builds/worker-2-tc2/source:/opt/rustwide/workdir:ro,Z" "-v" "/var/lib/crater-agent-workspace/builds/worker-2-tc2/target:/opt/rustwide/target:rw,Z" "-v" "/var/lib/crater-agent-workspace/cargo-home:/opt/rustwide/cargo-home:ro,Z" "-v" "/var/lib/crater-agent-workspace/rustup-home:/opt/rustwide/rustup-home:ro,Z" "-m" "1610612736" "--network" "none" "ghcr.io/rust-lang/crates-build-env/linux@sha256:77db811e55d90add9212f6832c23229e3de5f1c1f9905e8cb07319ea15df73ac" "sleep" "infinity", kill_on_drop: false }`
[INFO] [stdout] 7aecfe11a3729344e082b602c429642a7c3725fa235d7f44993326db5813f918
[INFO] running `Command { std: "docker" "start" "7aecfe11a3729344e082b602c429642a7c3725fa235d7f44993326db5813f918", kill_on_drop: false }`
[INFO] running `Command { std: "docker" "inspect" "7aecfe11a3729344e082b602c429642a7c3725fa235d7f44993326db5813f918", kill_on_drop: false }`
[INFO] running `Command { std: "docker" "exec" "-e" "SOURCE_DIR=/opt/rustwide/workdir" "-e" "CARGO_HOME=/opt/rustwide/cargo-home" "-e" "RUSTUP_HOME=/opt/rustwide/rustup-home" "-e" "CARGO_TARGET_DIR=/opt/rustwide/target" "-w" "/opt/rustwide/workdir" "--user" "0:0" "7aecfe11a3729344e082b602c429642a7c3725fa235d7f44993326db5813f918" "/opt/rustwide/cargo-home/bin/cargo" "+3154cc1a3e6424e44f438a95007d043ed5ceaaf6" "metadata" "--no-deps" "--format-version=1", kill_on_drop: false }`
[INFO] running `Command { std: "docker" "inspect" "7aecfe11a3729344e082b602c429642a7c3725fa235d7f44993326db5813f918", kill_on_drop: false }`
[INFO] running `Command { std: "docker" "exec" "-e" "SOURCE_DIR=/opt/rustwide/workdir" "-e" "CARGO_HOME=/opt/rustwide/cargo-home" "-e" "RUSTUP_HOME=/opt/rustwide/rustup-home" "-e" "CARGO_TARGET_DIR=/opt/rustwide/target" "-e" "CARGO_INCREMENTAL=0" "-e" "RUST_BACKTRACE=full" "-e" "RUSTFLAGS=--cap-lints=forbid" "-e" "RUSTDOCFLAGS=--cap-lints=forbid" "-w" "/opt/rustwide/workdir" "--user" "0:0" "7aecfe11a3729344e082b602c429642a7c3725fa235d7f44993326db5813f918" "/opt/rustwide/cargo-home/bin/cargo" "+3154cc1a3e6424e44f438a95007d043ed5ceaaf6" "check" "--frozen" "--all" "--all-targets" "--message-format=json", kill_on_drop: false }`
[INFO] [stderr]    Compiling proc-macro2 v1.0.107
[INFO] [stderr]    Compiling find-msvc-tools v0.1.12
[INFO] [stderr]    Compiling serde_core v1.0.229
[INFO] [stderr]     Checking memchr v2.8.3
[INFO] [stderr]     Checking hashbrown v0.17.1
[INFO] [stderr]    Compiling libc v0.2.189
[INFO] [stderr]    Compiling num-traits v0.2.19
[INFO] [stderr]     Checking bytemuck v1.25.2
[INFO] [stderr]    Compiling cfg-if v1.0.4
[INFO] [stderr]     Checking log v0.4.34
[INFO] [stderr]    Compiling serde_json v1.0.151
[INFO] [stderr]    Compiling vcpkg v0.2.15
[INFO] [stderr]    Compiling zeroize v1.8.2
[INFO] [stderr]     Checking smallvec v1.16.1
[INFO] [stderr]    Compiling crc32fast v1.5.1
[INFO] [stderr]    Compiling openssl v0.10.81
[INFO] [stderr]    Compiling untrusted v0.9.0
[INFO] [stderr]    Compiling foreign-types-shared v0.1.1
[INFO] [stderr]    Compiling httparse v1.10.1
[INFO] [stderr]    Compiling foreign-types v0.3.2
[INFO] [stderr]    Compiling rustls v0.23.40
[INFO] [stderr]    Compiling cc v1.4.5
[INFO] [stderr]    Compiling native-tls v0.2.18
[INFO] [stderr]    Compiling simd-adler32 v0.3.10
[INFO] [stderr]     Checking bytes v1.12.1
[INFO] [stderr]    Compiling rustls-pki-types v1.14.1
[INFO] [stderr]    Compiling itoa v1.0.18
[INFO] [stderr]    Compiling bitflags v2.13.2
[INFO] [stderr]    Compiling base64ct v1.8.3
[INFO] [stderr]    Compiling adler2 v2.0.1
[INFO] [stderr]    Compiling miniz_oxide v0.9.1
[INFO] [stderr]    Compiling pem-rfc7468 v0.7.0
[INFO] [stderr]    Compiling subtle v2.6.1
[INFO] [stderr]    Compiling openssl-probe v0.2.1
[INFO] [stderr]    Compiling once_cell v1.21.4
[INFO] [stderr]    Compiling byteorder v1.5.0
[INFO] [stderr]    Compiling base64 v0.22.1
[INFO] [stderr]    Compiling der v0.7.10
[INFO] [stderr]    Compiling utf-8 v0.7.6
[INFO] [stderr]    Compiling webpki-roots v1.0.7
[INFO] [stderr]    Compiling webpki-root-certs v1.0.9
[INFO] [stderr]    Compiling percent-encoding v2.3.2
[INFO] [stderr]    Compiling crossbeam-utils v0.8.23
[INFO] [stderr]    Compiling crossbeam-epoch v0.9.21
[INFO] [stderr]    Compiling matrixmultiply v0.3.11
[INFO] [stderr]    Compiling zerocopy v0.8.57
[INFO] [stderr]     Checking indexmap v2.14.0
[INFO] [stderr]    Compiling flate2 v1.1.10
[INFO] [stderr]    Compiling crossbeam-deque v0.8.8
[INFO] [stderr]    Compiling quote v1.0.47
[INFO] [stderr]    Compiling http v1.5.0
[INFO] [stderr]    Compiling rayon-core v1.13.0
[INFO] [stderr]    Compiling anyhow v1.0.104
[INFO] [stderr]     Checking bitflags v1.3.2
[INFO] [stderr]    Compiling syn v2.0.119
[INFO] [stderr]    Compiling syn v3.0.5
[INFO] [stderr]     Checking num-integer v0.1.47
[INFO] [stderr]     Checking num-complex v0.4.6
[INFO] [stderr]     Checking ryu v1.0.23
[INFO] [stderr]    Compiling getrandom v0.2.17
[INFO] [stderr]    Compiling socks v0.3.4
[INFO] [stderr]     Checking bumpalo v3.20.3
[INFO] [stderr]     Checking strength_reduce v0.2.4
[INFO] [stderr]    Compiling zip v2.4.2
[INFO] [stderr]     Checking either v1.18.0
[INFO] [stderr]     Checking primal-check v0.3.4
[INFO] [stderr]     Checking transpose v0.2.3
[INFO] [stderr]    Compiling fnv v1.0.7
[INFO] [stderr]    Compiling getrandom v0.3.4
[INFO] [stderr]    Compiling ucd-trie v0.1.7
[INFO] [stderr]    Compiling strsim v0.11.1
[INFO] [stderr]    Compiling ident_case v1.0.1
[INFO] [stderr]    Compiling cmake v0.1.58
[INFO] [stderr]     Checking rustfft v6.4.1
[INFO] [stderr]     Checking tracing-core v0.1.36
[INFO] [stderr]     Checking zopfli v0.8.3
[INFO] [stderr]    Compiling pest v2.9.1
[INFO] [stderr]     Checking errno v0.3.14
[INFO] [stderr]    Compiling libm v0.2.16
[INFO] [stderr]    Compiling openssl-sys v0.9.117
[INFO] [stderr]    Compiling ring v0.17.14
[INFO] [stderr]    Compiling equivalent v1.0.2
[INFO] [stderr]    Compiling link-cplusplus v1.0.12
[INFO] [stderr]     Checking signal-hook-registry v1.4.8
[INFO] [stderr]    Compiling ureq-proto v0.5.3
[INFO] [stderr]     Checking num-bigint v0.4.8
[INFO] [stderr]    Compiling pulp v0.22.3
[INFO] [stderr]    Compiling scratch v1.0.9
[INFO] [stderr]    Compiling rustversion v1.0.23
[INFO] [stderr]     Checking futures-core v0.3.34
[INFO] [stderr]     Checking tracing v0.1.44
[INFO] [stderr]    Compiling onig_sys v69.9.3
[INFO] [stderr]     Checking raw-cpuid v11.6.0
[INFO] [stderr]    Compiling portable-atomic v1.15.0
[INFO] [stderr]    Compiling unicode-width v0.2.2
[INFO] [stderr]     Checking pulp-wasm-simd-flag v0.1.1
[INFO] [stderr]    Compiling cxxbridge-flags v1.0.202
[INFO] [stderr]    Compiling termcolor v1.4.1
[INFO] [stderr]     Checking weezl v0.1.12
[INFO] [stderr]     Checking reborrow v0.5.5
[INFO] [stderr]    Compiling cxx v1.0.202
[INFO] [stderr]     Checking rayon v1.12.0
[INFO] [stderr]    Compiling pest_meta v2.9.1
[INFO] [stderr]    Compiling itertools v0.14.0
[INFO] [stderr]    Compiling codespan-reporting v0.13.1
[INFO] [stderr]     Checking rand_core v0.9.5
[INFO] [stderr]    Compiling sentencepiece-sys v0.13.2
[INFO] [stderr]    Compiling esaxx-rs v0.1.10
[INFO] [stderr]    Compiling ahash v0.8.12
[INFO] [stderr]     Checking aho-corasick v1.1.5
[INFO] [stderr]     Checking zune-inflate v0.2.54
[INFO] [stderr]     Checking regex-syntax v0.8.11
[INFO] [stderr]     Checking hound v3.5.1
[INFO] [stderr]    Compiling same-file v1.0.6
[INFO] [stderr]     Checking minimal-lexical v0.2.1
[INFO] [stderr]     Checking color_quant v1.1.0
[INFO] [stderr]     Checking bit_field v0.10.3
[INFO] [stderr]     Checking lebe v0.5.3
[INFO] [stderr]     Checking gif v0.13.3
[INFO] [stderr]     Checking nom v7.1.3
[INFO] [stderr]     Checking console v0.16.6
[INFO] [stderr]     Checking http-body v1.1.0
[INFO] [stderr]    Compiling walkdir v2.5.0
[INFO] [stderr]     Checking png v0.17.16
[INFO] [stderr]     Checking castaway v0.2.4
[INFO] [stderr]     Checking num-rational v0.4.2
[INFO] [stderr]     Checking jpeg-decoder v0.3.2
[INFO] [stderr]    Compiling cxx-build v1.0.202
[INFO] [stderr]     Checking ndarray v0.16.1
[INFO] [stderr]     Checking tiff v0.9.1
[INFO] [stderr]     Checking num-iter v0.1.46
[INFO] [stderr]     Checking qoi v0.4.1
[INFO] [stderr]     Checking mio v1.2.3
[INFO] [stderr]    Compiling darling_core v0.20.11
[INFO] [stderr]    Compiling pest_generator v2.9.1
[INFO] [stderr] error: could not compile `syn` (lib)
[INFO] [stderr] 
[INFO] [stderr] Caused by:
[INFO] [stderr]   process didn't exit successfully: `/opt/rustwide/rustup-home/toolchains/3154cc1a3e6424e44f438a95007d043ed5ceaaf6/bin/rustc --crate-name syn --edition=2021 /opt/rustwide/cargo-home/registry/src/index.crates.io-1949cf8c6b5b557f/syn-2.0.119/src/lib.rs --error-format=json --json=diagnostic-rendered-ansi,artifacts,future-incompat,unused-externs-silent --crate-type lib --emit=dep-info,metadata,link -Z embed-metadata=no -C embed-bitcode=no --cfg 'feature="clone-impls"' --cfg 'feature="default"' --cfg 'feature="derive"' --cfg 'feature="extra-traits"' --cfg 'feature="full"' --cfg 'feature="parsing"' --cfg 'feature="printing"' --cfg 'feature="proc-macro"' --check-cfg 'cfg(docsrs,test)' --check-cfg 'cfg(feature, values("clone-impls", "default", "derive", "extra-traits", "fold", "full", "parsing", "printing", "proc-macro", "test", "visit", "visit-mut"))' -C metadata=7680576544ab9891 -C extra-filename=-9a42707d652d3ba0 --out-dir /opt/rustwide/target/debug/build/syn/9a42707d652d3ba0/out -L dependency=/opt/rustwide/target/debug/build/proc-macro2/66baf18af1fdf36f/out -L dependency=/opt/rustwide/target/debug/build/unicode-ident/8c98a1a0e58216a9/out --extern proc_macro2=/opt/rustwide/target/debug/build/proc-macro2/66baf18af1fdf36f/out/libproc_macro2-66baf18af1fdf36f.rmeta --extern quote=/opt/rustwide/target/debug/build/quote/31698eed8d28fe2c/out/libquote-31698eed8d28fe2c.rmeta --extern unicode_ident=/opt/rustwide/target/debug/build/unicode-ident/8c98a1a0e58216a9/out/libunicode_ident-8c98a1a0e58216a9.rmeta --cap-lints allow --cap-lints=forbid --force-warn=unused_crate_dependencies` (signal: 9, SIGKILL: kill)
[INFO] [stderr] warning: build failed, waiting for other jobs to finish...
[INFO] [stderr] error: could not compile `rustfft` (lib)
[INFO] [stderr] 
[INFO] [stderr] Caused by:
[INFO] [stderr]   process didn't exit successfully: `/opt/rustwide/rustup-home/toolchains/3154cc1a3e6424e44f438a95007d043ed5ceaaf6/bin/rustc --crate-name rustfft --edition=2021 /opt/rustwide/cargo-home/registry/src/index.crates.io-1949cf8c6b5b557f/rustfft-6.4.1/src/lib.rs --error-format=json --json=diagnostic-rendered-ansi,artifacts,future-incompat,unused-externs-silent --crate-type lib --emit=dep-info,metadata -C embed-bitcode=no -C debuginfo=2 --cfg 'feature="avx"' --cfg 'feature="default"' --cfg 'feature="neon"' --cfg 'feature="sse"' --check-cfg 'cfg(docsrs,test)' --check-cfg 'cfg(feature, values("avx", "default", "neon", "sse", "wasm_simd"))' -C metadata=a7a6ed4eb2dc051a -C extra-filename=-1f44d0c4cc2dbcbf --out-dir /opt/rustwide/target/debug/build/rustfft/1f44d0c4cc2dbcbf/out -L dependency=/opt/rustwide/target/debug/build/bytemuck/a8e8022f299eee0a/out -L dependency=/opt/rustwide/target/debug/build/num-integer/d02628de7ed4472a/out -L dependency=/opt/rustwide/target/debug/build/num-traits/89b73ffee7dd0236/out -L dependency=/opt/rustwide/target/debug/build/strength_reduce/07d80d3e81412670/out --extern num_complex=/opt/rustwide/target/debug/build/num-complex/d4a71d3ef27d768a/out/libnum_complex-d4a71d3ef27d768a.rmeta --extern num_integer=/opt/rustwide/target/debug/build/num-integer/d02628de7ed4472a/out/libnum_integer-d02628de7ed4472a.rmeta --extern num_traits=/opt/rustwide/target/debug/build/num-traits/89b73ffee7dd0236/out/libnum_traits-89b73ffee7dd0236.rmeta --extern primal_check=/opt/rustwide/target/debug/build/primal-check/85223d8aaf8d3fc8/out/libprimal_check-85223d8aaf8d3fc8.rmeta --extern strength_reduce=/opt/rustwide/target/debug/build/strength_reduce/07d80d3e81412670/out/libstrength_reduce-07d80d3e81412670.rmeta --extern transpose=/opt/rustwide/target/debug/build/transpose/a9fe5b18f54fa8bd/out/libtranspose-a9fe5b18f54fa8bd.rmeta --cap-lints allow --cap-lints=forbid --force-warn=unused_crate_dependencies` (signal: 9, SIGKILL: kill)
[INFO] [stderr] error: could not compile `cxx-build` (lib)
[INFO] [stderr] 
[INFO] [stderr] Caused by:
[INFO] [stderr]   process didn't exit successfully: `/opt/rustwide/rustup-home/toolchains/3154cc1a3e6424e44f438a95007d043ed5ceaaf6/bin/rustc --crate-name cxx_build --edition=2024 /opt/rustwide/cargo-home/registry/src/index.crates.io-1949cf8c6b5b557f/cxx-build-1.0.202/src/lib.rs --error-format=json --json=diagnostic-rendered-ansi,artifacts,future-incompat,unused-externs-silent --crate-type lib --emit=dep-info,metadata,link -Z embed-metadata=no -C embed-bitcode=no --check-cfg 'cfg(docsrs,test)' --check-cfg 'cfg(feature, values("parallel"))' -C metadata=ad441d6fb841f3b2 -C extra-filename=-9ede31a73cbc3c50 --out-dir /opt/rustwide/target/debug/build/cxx-build/9ede31a73cbc3c50/out -L dependency=/opt/rustwide/target/debug/build/equivalent/1cd2a250f2449a60/out -L dependency=/opt/rustwide/target/debug/build/find-msvc-tools/7d0d2f287e79450b/out -L dependency=/opt/rustwide/target/debug/build/hashbrown/e6a297648138f250/out -L dependency=/opt/rustwide/target/debug/build/proc-macro2/66baf18af1fdf36f/out -L dependency=/opt/rustwide/target/debug/build/quote/31698eed8d28fe2c/out -L dependency=/opt/rustwide/target/debug/build/shlex/71227785c690a4a1/out -L dependency=/opt/rustwide/target/debug/build/termcolor/8f8ee1fc93a0397e/out -L dependency=/opt/rustwide/target/debug/build/unicode-ident/8c98a1a0e58216a9/out -L dependency=/opt/rustwide/target/debug/build/unicode-width/a34389d66ff79b3f/out --extern cc=/opt/rustwide/target/debug/build/cc/2aa7027d9371871e/out/libcc-2aa7027d9371871e.rmeta --extern codespan_reporting=/opt/rustwide/target/debug/build/codespan-reporting/f4306160e8ac2bd7/out/libcodespan_reporting-f4306160e8ac2bd7.rmeta --extern indexmap=/opt/rustwide/target/debug/build/indexmap/4fb158964f0af1f0/out/libindexmap-4fb158964f0af1f0.rmeta --extern proc_macro2=/opt/rustwide/target/debug/build/proc-macro2/66baf18af1fdf36f/out/libproc_macro2-66baf18af1fdf36f.rmeta --extern quote=/opt/rustwide/target/debug/build/quote/31698eed8d28fe2c/out/libquote-31698eed8d28fe2c.rmeta --extern scratch=/opt/rustwide/target/debug/build/scratch/342084754f8cb81c/out/libscratch-342084754f8cb81c.rmeta --extern syn=/opt/rustwide/target/debug/build/syn/03e798015dcced21/out/libsyn-03e798015dcced21.rmeta --cap-lints allow --cap-lints=forbid --force-warn=unused_crate_dependencies` (signal: 9, SIGKILL: kill)
[INFO] [stderr] error: could not compile `ring` (lib)
[INFO] [stderr] 
[INFO] [stderr] Caused by:
[INFO] [stderr]   process didn't exit successfully: `/opt/rustwide/rustup-home/toolchains/3154cc1a3e6424e44f438a95007d043ed5ceaaf6/bin/rustc --crate-name ring --edition=2021 /opt/rustwide/cargo-home/registry/src/index.crates.io-1949cf8c6b5b557f/ring-0.17.14/src/lib.rs --error-format=json --json=diagnostic-rendered-ansi,artifacts,future-incompat,unused-externs-silent --crate-type lib --emit=dep-info,metadata,link -Z embed-metadata=no -C embed-bitcode=no --cfg 'feature="alloc"' --cfg 'feature="default"' --cfg 'feature="dev_urandom_fallback"' --check-cfg 'cfg(docsrs,test)' --check-cfg 'cfg(feature, values("alloc", "default", "dev_urandom_fallback", "less-safe-getrandom-custom-or-rdrand", "less-safe-getrandom-espidf", "slow_tests", "std", "test_logging", "unstable-testing-arm-no-hw", "unstable-testing-arm-no-neon", "wasm32_unknown_unknown_js"))' -C metadata=0cd5dc54a7eb18a1 -C extra-filename=-f2cb90c93169862e --out-dir /opt/rustwide/target/debug/build/ring/f2cb90c93169862e/out -L dependency=/opt/rustwide/target/debug/build/cfg-if/9c7f9eb9639deea5/out -L dependency=/opt/rustwide/target/debug/build/libc/aaf142a3f07df6bd/out --extern cfg_if=/opt/rustwide/target/debug/build/cfg-if/9c7f9eb9639deea5/out/libcfg_if-9c7f9eb9639deea5.rmeta --extern getrandom=/opt/rustwide/target/debug/build/getrandom/149dc64e7703327f/out/libgetrandom-149dc64e7703327f.rmeta --extern untrusted=/opt/rustwide/target/debug/build/untrusted/5f38b2c4125c2298/out/libuntrusted-5f38b2c4125c2298.rmeta --cap-lints allow --cap-lints=forbid --force-warn=unused_crate_dependencies -L native=/opt/rustwide/target/debug/build/ring/4211f64cf9434cc3/out -l static=ring_core_0_17_14_ -l static=ring_core_0_17_14__test` (signal: 9, SIGKILL: kill)
[INFO] [stderr] error: could not compile `darling_core` (lib)
[INFO] [stderr] 
[INFO] [stderr] Caused by:
[INFO] [stderr]   process didn't exit successfully: `/opt/rustwide/rustup-home/toolchains/3154cc1a3e6424e44f438a95007d043ed5ceaaf6/bin/rustc --crate-name darling_core --edition=2021 /opt/rustwide/cargo-home/registry/src/index.crates.io-1949cf8c6b5b557f/darling_core-0.20.11/src/lib.rs --error-format=json --json=diagnostic-rendered-ansi,artifacts,future-incompat,unused-externs-silent --crate-type lib --emit=dep-info,metadata,link -Z embed-metadata=no -C embed-bitcode=no --cfg 'feature="strsim"' --cfg 'feature="suggestions"' --check-cfg 'cfg(docsrs,test)' --check-cfg 'cfg(feature, values("diagnostics", "strsim", "suggestions"))' -C metadata=a648f74f4e4583e0 -C extra-filename=-86b74116098657c6 --out-dir /opt/rustwide/target/debug/build/darling_core/86b74116098657c6/out -L dependency=/opt/rustwide/target/debug/build/proc-macro2/66baf18af1fdf36f/out -L dependency=/opt/rustwide/target/debug/build/quote/31698eed8d28fe2c/out -L dependency=/opt/rustwide/target/debug/build/unicode-ident/8c98a1a0e58216a9/out --extern fnv=/opt/rustwide/target/debug/build/fnv/bd60753855300b18/out/libfnv-bd60753855300b18.rmeta --extern ident_case=/opt/rustwide/target/debug/build/ident_case/ecc112105bc5215b/out/libident_case-ecc112105bc5215b.rmeta --extern proc_macro2=/opt/rustwide/target/debug/build/proc-macro2/66baf18af1fdf36f/out/libproc_macro2-66baf18af1fdf36f.rmeta --extern quote=/opt/rustwide/target/debug/build/quote/31698eed8d28fe2c/out/libquote-31698eed8d28fe2c.rmeta --extern strsim=/opt/rustwide/target/debug/build/strsim/9754e702f19a9357/out/libstrsim-9754e702f19a9357.rmeta --extern syn=/opt/rustwide/target/debug/build/syn/9a42707d652d3ba0/out/libsyn-9a42707d652d3ba0.rmeta --cap-lints allow --cap-lints=forbid --force-warn=unused_crate_dependencies` (signal: 9, SIGKILL: kill)
[INFO] [stderr] error: could not compile `pulp` (lib)
[INFO] [stderr] 
[INFO] [stderr] Caused by:
[INFO] [stderr]   process didn't exit successfully: `/opt/rustwide/rustup-home/toolchains/3154cc1a3e6424e44f438a95007d043ed5ceaaf6/bin/rustc --crate-name pulp --edition=2021 /opt/rustwide/cargo-home/registry/src/index.crates.io-1949cf8c6b5b557f/pulp-0.22.3/src/lib.rs --error-format=json --json=diagnostic-rendered-ansi,artifacts,future-incompat,unused-externs-silent --crate-type lib --emit=dep-info,metadata -C embed-bitcode=no -C debuginfo=2 --cfg 'feature="default"' --cfg 'feature="relaxed-simd"' --cfg 'feature="std"' --cfg 'feature="x86-v3"' --check-cfg 'cfg(docsrs,test)' --check-cfg 'cfg(feature, values("default", "macro", "nightly", "relaxed-simd", "std", "x86-v3", "x86-v4"))' -C metadata=19b7ec4258b94633 -C extra-filename=-bac2b0fa24d5a257 --out-dir /opt/rustwide/target/debug/build/pulp/bac2b0fa24d5a257/out -L dependency=/opt/rustwide/target/debug/build/bitflags/6825fd6ea30d439b/out -L dependency=/opt/rustwide/target/debug/build/bytemuck/a8e8022f299eee0a/out -L dependency=/opt/rustwide/target/debug/build/num-traits/89b73ffee7dd0236/out --extern bytemuck=/opt/rustwide/target/debug/build/bytemuck/a8e8022f299eee0a/out/libbytemuck-a8e8022f299eee0a.rmeta --extern cfg_if=/opt/rustwide/target/debug/build/cfg-if/190c9021fd162845/out/libcfg_if-190c9021fd162845.rmeta --extern libm=/opt/rustwide/target/debug/build/libm/4c1ab48c3cb9cde3/out/liblibm-4c1ab48c3cb9cde3.rmeta --extern num_complex=/opt/rustwide/target/debug/build/num-complex/d4a71d3ef27d768a/out/libnum_complex-d4a71d3ef27d768a.rmeta --extern paste=/opt/rustwide/target/debug/build/paste/c5e5e8a2bd161c29/out/libpaste-c5e5e8a2bd161c29.so --extern pulp_wasm_simd_flag=/opt/rustwide/target/debug/build/pulp-wasm-simd-flag/d2fabdf84a42c9e3/out/libpulp_wasm_simd_flag-d2fabdf84a42c9e3.rmeta --extern raw_cpuid=/opt/rustwide/target/debug/build/raw-cpuid/1635c79bdf8534a8/out/libraw_cpuid-1635c79bdf8534a8.rmeta --extern reborrow=/opt/rustwide/target/debug/build/reborrow/0885672173645a2f/out/libreborrow-0885672173645a2f.rmeta --cap-lints allow --cap-lints=forbid --force-warn=unused_crate_dependencies --cfg libpulp_const --check-cfg 'cfg(libpulp_const)'` (signal: 9, SIGKILL: kill)
[INFO] [stderr] error: could not compile `ndarray` (lib)
[INFO] [stderr] 
[INFO] [stderr] Caused by:
[INFO] [stderr]   process didn't exit successfully: `/opt/rustwide/rustup-home/toolchains/3154cc1a3e6424e44f438a95007d043ed5ceaaf6/bin/rustc --crate-name ndarray --edition=2018 /opt/rustwide/cargo-home/registry/src/index.crates.io-1949cf8c6b5b557f/ndarray-0.16.1/src/lib.rs --error-format=json --json=diagnostic-rendered-ansi,artifacts,future-incompat,unused-externs-silent --crate-type lib --emit=dep-info,metadata -C embed-bitcode=no -C debuginfo=2 --cfg 'feature="default"' --cfg 'feature="std"' --check-cfg 'cfg(docsrs,test)' --check-cfg 'cfg(feature, values("approx", "blas", "default", "docs", "matrixmultiply-threading", "portable-atomic-critical-section", "rayon", "serde", "serde-1", "std", "test"))' -C metadata=b1285d7cd4a57c00 -C extra-filename=-2a422cf2c48264f9 --out-dir /opt/rustwide/target/debug/build/ndarray/2a422cf2c48264f9/out -L dependency=/opt/rustwide/target/debug/build/bytemuck/a8e8022f299eee0a/out -L dependency=/opt/rustwide/target/debug/build/num-traits/89b73ffee7dd0236/out -L dependency=/opt/rustwide/target/debug/build/rawpointer/1161d966db9d7afd/out --extern matrixmultiply=/opt/rustwide/target/debug/build/matrixmultiply/883d269cb00a9da7/out/libmatrixmultiply-883d269cb00a9da7.rmeta --extern num_complex=/opt/rustwide/target/debug/build/num-complex/d4a71d3ef27d768a/out/libnum_complex-d4a71d3ef27d768a.rmeta --extern num_integer=/opt/rustwide/target/debug/build/num-integer/d02628de7ed4472a/out/libnum_integer-d02628de7ed4472a.rmeta --extern num_traits=/opt/rustwide/target/debug/build/num-traits/89b73ffee7dd0236/out/libnum_traits-89b73ffee7dd0236.rmeta --extern rawpointer=/opt/rustwide/target/debug/build/rawpointer/1161d966db9d7afd/out/librawpointer-1161d966db9d7afd.rmeta --cap-lints allow --cap-lints=forbid --force-warn=unused_crate_dependencies` (signal: 9, SIGKILL: kill)
[INFO] [stderr] error: failed to run custom build command for `sentencepiece-sys v0.13.2`
[INFO] [stderr] note: To improve backtraces for build dependencies, set the CARGO_PROFILE_DEV_BUILD_OVERRIDE_DEBUG=true environment variable to enable debug information generation.
[INFO] [stderr] 
[INFO] [stderr] Caused by:
[INFO] [stderr]   process didn't exit successfully: `/opt/rustwide/target/debug/build/sentencepiece-sys/51164064fe5ab8f6/out/build_script_build` (exit status: 101)
[INFO] [stderr]   --- stdout
[INFO] [stderr]   cargo:rerun-if-env-changed=SENTENCEPIECE_NO_PKG_CONFIG
[INFO] [stderr]   cargo:rerun-if-env-changed=PKG_CONFIG_x86_64-unknown-linux-gnu
[INFO] [stderr]   cargo:rerun-if-env-changed=PKG_CONFIG_x86_64_unknown_linux_gnu
[INFO] [stderr]   cargo:rerun-if-env-changed=HOST_PKG_CONFIG
[INFO] [stderr]   cargo:rerun-if-env-changed=PKG_CONFIG
[INFO] [stderr]   cargo:rerun-if-env-changed=SENTENCEPIECE_STATIC
[INFO] [stderr]   cargo:rerun-if-env-changed=SENTENCEPIECE_DYNAMIC
[INFO] [stderr]   cargo:rerun-if-env-changed=PKG_CONFIG_ALL_STATIC
[INFO] [stderr]   cargo:rerun-if-env-changed=PKG_CONFIG_ALL_DYNAMIC
[INFO] [stderr]   cargo:rerun-if-env-changed=PKG_CONFIG_PATH_x86_64-unknown-linux-gnu
[INFO] [stderr]   cargo:rerun-if-env-changed=PKG_CONFIG_PATH_x86_64_unknown_linux_gnu
[INFO] [stderr]   cargo:rerun-if-env-changed=HOST_PKG_CONFIG_PATH
[INFO] [stderr]   cargo:rerun-if-env-changed=PKG_CONFIG_PATH
[INFO] [stderr]   cargo:rerun-if-env-changed=PKG_CONFIG_LIBDIR_x86_64-unknown-linux-gnu
[INFO] [stderr]   cargo:rerun-if-env-changed=PKG_CONFIG_LIBDIR_x86_64_unknown_linux_gnu
[INFO] [stderr]   cargo:rerun-if-env-changed=HOST_PKG_CONFIG_LIBDIR
[INFO] [stderr]   cargo:rerun-if-env-changed=PKG_CONFIG_LIBDIR
[INFO] [stderr]   cargo:rerun-if-env-changed=PKG_CONFIG_SYSROOT_DIR_x86_64-unknown-linux-gnu
[INFO] [stderr]   cargo:rerun-if-env-changed=PKG_CONFIG_SYSROOT_DIR_x86_64_unknown_linux_gnu
[INFO] [stderr]   cargo:rerun-if-env-changed=HOST_PKG_CONFIG_SYSROOT_DIR
[INFO] [stderr]   cargo:rerun-if-env-changed=PKG_CONFIG_SYSROOT_DIR
[INFO] [stderr]   cargo:rerun-if-env-changed=CC_x86_64-unknown-linux-gnu
[INFO] [stderr]   CC_x86_64-unknown-linux-gnu = None
[INFO] [stderr]   cargo:rerun-if-env-changed=CC_x86_64_unknown_linux_gnu
[INFO] [stderr]   CC_x86_64_unknown_linux_gnu = None
[INFO] [stderr]   cargo:rerun-if-env-changed=HOST_CC
[INFO] [stderr]   HOST_CC = None
[INFO] [stderr]   cargo:rerun-if-env-changed=CC
[INFO] [stderr]   CC = None
[INFO] [stderr]   cargo:rerun-if-env-changed=CC_ENABLE_DEBUG_OUTPUT
[INFO] [stderr]   cargo:rerun-if-env-changed=CRATE_CC_NO_DEFAULTS
[INFO] [stderr]   CRATE_CC_NO_DEFAULTS = None
[INFO] [stderr]   cargo:rerun-if-env-changed=CRATE_CC_NO_DEFAULTS
[INFO] [stderr]   CRATE_CC_NO_DEFAULTS = None
[INFO] [stderr]   cargo:rerun-if-env-changed=CFLAGS
[INFO] [stderr]   CFLAGS = None
[INFO] [stderr]   cargo:rerun-if-env-changed=HOST_CFLAGS
[INFO] [stderr]   HOST_CFLAGS = None
[INFO] [stderr]   cargo:rerun-if-env-changed=CFLAGS_x86_64_unknown_linux_gnu
[INFO] [stderr]   CFLAGS_x86_64_unknown_linux_gnu = None
[INFO] [stderr]   cargo:rerun-if-env-changed=CFLAGS_x86_64-unknown-linux-gnu
[INFO] [stderr]   CFLAGS_x86_64-unknown-linux-gnu = None
[INFO] [stderr]   cargo:rerun-if-env-changed=CFLAGS
[INFO] [stderr]   CFLAGS = None
[INFO] [stderr]   cargo:rerun-if-env-changed=HOST_CFLAGS
[INFO] [stderr]   HOST_CFLAGS = None
[INFO] [stderr]   cargo:rerun-if-env-changed=CFLAGS_x86_64_unknown_linux_gnu
[INFO] [stderr]   CFLAGS_x86_64_unknown_linux_gnu = None
[INFO] [stderr]   cargo:rerun-if-env-changed=CFLAGS_x86_64-unknown-linux-gnu
[INFO] [stderr]   CFLAGS_x86_64-unknown-linux-gnu = None
[INFO] [stderr]   CMAKE_TOOLCHAIN_FILE_x86_64-unknown-linux-gnu = None
[INFO] [stderr]   CMAKE_TOOLCHAIN_FILE_x86_64_unknown_linux_gnu = None
[INFO] [stderr]   HOST_CMAKE_TOOLCHAIN_FILE = None
[INFO] [stderr]   CMAKE_TOOLCHAIN_FILE = None
[INFO] [stderr]   CMAKE_GENERATOR_x86_64-unknown-linux-gnu = None
[INFO] [stderr]   CMAKE_GENERATOR_x86_64_unknown_linux_gnu = None
[INFO] [stderr]   HOST_CMAKE_GENERATOR = None
[INFO] [stderr]   CMAKE_GENERATOR = None
[INFO] [stderr]   CMAKE_PREFIX_PATH_x86_64-unknown-linux-gnu = None
[INFO] [stderr]   CMAKE_PREFIX_PATH_x86_64_unknown_linux_gnu = None
[INFO] [stderr]   HOST_CMAKE_PREFIX_PATH = None
[INFO] [stderr]   CMAKE_PREFIX_PATH = None
[INFO] [stderr]   CMAKE_x86_64-unknown-linux-gnu = None
[INFO] [stderr]   CMAKE_x86_64_unknown_linux_gnu = None
[INFO] [stderr]   HOST_CMAKE = None
[INFO] [stderr]   CMAKE = None
[INFO] [stderr]   -- VERSION: 0.2.1
[INFO] [stderr]   -- The C compiler identification is GNU 15.2.0
[INFO] [stderr]   -- The CXX compiler identification is GNU 15.2.0
[INFO] [stderr]   -- Detecting C compiler ABI info
[INFO] [stderr]   -- Detecting C compiler ABI info - done
[INFO] [stderr]   -- Check for working C compiler: /usr/bin/cc - skipped
[INFO] [stderr]   -- Detecting C compile features
[INFO] [stderr]   -- Detecting C compile features - done
[INFO] [stderr]   -- Detecting CXX compiler ABI info
[INFO] [stderr]   -- Detecting CXX compiler ABI info - done
[INFO] [stderr]   -- Check for working CXX compiler: /usr/bin/c++ - skipped
[INFO] [stderr]   -- Detecting CXX compile features
[INFO] [stderr]   -- Detecting CXX compile features - done
[INFO] [stderr]   -- Performing Test CMAKE_HAVE_LIBC_PTHREAD
[INFO] [stderr]   -- Performing Test CMAKE_HAVE_LIBC_PTHREAD - Success
[INFO] [stderr]   -- Found Threads: TRUE
[INFO] [stderr]   -- Not Found TCMalloc: TCMALLOC_LIB-NOTFOUND
[INFO] [stderr]   -- Configuring done (4.5s)
[INFO] [stderr]   -- Generating done (0.1s)
[INFO] [stderr]   -- Build files have been written to: /opt/rustwide/target/debug/build/sentencepiece-sys/281b0a7950f486e7/out/build
[INFO] [stderr]   [  0%] Building CXX object src/CMakeFiles/sentencepiece.dir/__/third_party/protobuf-lite/arena.cc.o
[INFO] [stderr]   [  1%] Building CXX object src/CMakeFiles/sentencepiece-static.dir/__/third_party/protobuf-lite/arena.cc.o
[INFO] [stderr]   [  2%] Building CXX object src/CMakeFiles/sentencepiece_train-static.dir/builder.cc.o
[INFO] [stderr]   [  3%] Building CXX object src/CMakeFiles/sentencepiece_train-static.dir/unicode_script.cc.o
[INFO] [stderr]   [  4%] Building CXX object src/CMakeFiles/sentencepiece-static.dir/__/third_party/protobuf-lite/arenastring.cc.o
[INFO] [stderr]   [  5%] Building CXX object src/CMakeFiles/sentencepiece.dir/__/third_party/protobuf-lite/arenastring.cc.o
[INFO] [stderr]   [  6%] Building CXX object src/CMakeFiles/sentencepiece-static.dir/__/third_party/protobuf-lite/bytestream.cc.o
[INFO] [stderr]   [  7%] Building CXX object src/CMakeFiles/sentencepiece_train-static.dir/trainer_factory.cc.o
[INFO] [stderr]   [  8%] Building CXX object src/CMakeFiles/sentencepiece.dir/__/third_party/protobuf-lite/bytestream.cc.o
[INFO] [stderr]   [ 10%] Building CXX object src/CMakeFiles/sentencepiece.dir/__/third_party/protobuf-lite/coded_stream.cc.o
[INFO] [stderr]   [ 10%] Building CXX object src/CMakeFiles/sentencepiece_train-static.dir/trainer_interface.cc.o
[INFO] [stderr]   [ 11%] Building CXX object src/CMakeFiles/sentencepiece.dir/__/third_party/protobuf-lite/common.cc.o
[INFO] [stderr]   [ 12%] Building CXX object src/CMakeFiles/sentencepiece.dir/__/third_party/protobuf-lite/extension_set.cc.o
[INFO] [stderr]   [ 13%] Building CXX object src/CMakeFiles/sentencepiece-static.dir/__/third_party/protobuf-lite/coded_stream.cc.o
[INFO] [stderr]   [ 13%] Building CXX object src/CMakeFiles/sentencepiece_train-static.dir/unigram_model_trainer.cc.o
[INFO] [stderr]   [ 15%] Building CXX object src/CMakeFiles/sentencepiece_train-static.dir/word_model_trainer.cc.o
[INFO] [stderr]   [ 15%] Building CXX object src/CMakeFiles/sentencepiece-static.dir/__/third_party/protobuf-lite/common.cc.o
[INFO] [stderr]   [ 16%] Building CXX object src/CMakeFiles/sentencepiece.dir/__/third_party/protobuf-lite/generated_enum_util.cc.o
[INFO] [stderr]   [ 17%] Building CXX object src/CMakeFiles/sentencepiece-static.dir/__/third_party/protobuf-lite/extension_set.cc.o
[INFO] [stderr]   [ 18%] Building CXX object src/CMakeFiles/sentencepiece-static.dir/__/third_party/protobuf-lite/generated_enum_util.cc.o
[INFO] [stderr]   [ 19%] Building CXX object src/CMakeFiles/sentencepiece.dir/__/third_party/protobuf-lite/generated_message_table_driven_lite.cc.o
[INFO] [stderr]   [ 19%] Building CXX object src/CMakeFiles/sentencepiece.dir/__/third_party/protobuf-lite/generated_message_util.cc.o
[INFO] [stderr]   [ 20%] Building CXX object src/CMakeFiles/sentencepiece.dir/__/third_party/protobuf-lite/implicit_weak_message.cc.o
[INFO] [stderr]   [ 20%] Building CXX object src/CMakeFiles/sentencepiece-static.dir/__/third_party/protobuf-lite/generated_message_table_driven_lite.cc.o
[INFO] [stderr]   [ 21%] Building CXX object src/CMakeFiles/sentencepiece.dir/__/third_party/protobuf-lite/int128.cc.o
[INFO] [stderr]   [ 22%] Building CXX object src/CMakeFiles/sentencepiece-static.dir/__/third_party/protobuf-lite/generated_message_util.cc.o
[INFO] [stderr]   [ 23%] Building CXX object src/CMakeFiles/sentencepiece-static.dir/__/third_party/protobuf-lite/int128.cc.o
[INFO] [stderr]   [ 24%] Building CXX object src/CMakeFiles/sentencepiece-static.dir/__/third_party/protobuf-lite/implicit_weak_message.cc.o
[INFO] [stderr]   [ 25%] Building CXX object src/CMakeFiles/sentencepiece-static.dir/__/third_party/protobuf-lite/io_win32.cc.o
[INFO] [stderr]   [ 26%] Building CXX object src/CMakeFiles/sentencepiece-static.dir/__/third_party/protobuf-lite/message_lite.cc.o
[INFO] [stderr]   [ 27%] Building CXX object src/CMakeFiles/sentencepiece-static.dir/__/third_party/protobuf-lite/parse_context.cc.o
[INFO] [stderr] 
[INFO] [stderr]   --- stderr
[INFO] [stderr]   running: cd "/opt/rustwide/target/debug/build/sentencepiece-sys/281b0a7950f486e7/out/build" && CMAKE_PREFIX_PATH="" LC_ALL="C" "cmake" "/opt/rustwide/cargo-home/registry/src/index.crates.io-1949cf8c6b5b557f/sentencepiece-sys-0.13.2/source" "-B" "/opt/rustwide/target/debug/build/sentencepiece-sys/281b0a7950f486e7/out/build" "-DCMAKE_POLICY_VERSION_MINIMUM=3.10" "-DCMAKE_INSTALL_PREFIX=/opt/rustwide/target/debug/build/sentencepiece-sys/281b0a7950f486e7/out" "-DCMAKE_C_FLAGS= -ffunction-sections -fdata-sections -fPIC -m64 -w" "-DCMAKE_C_COMPILER=/usr/bin/cc" "-DCMAKE_CXX_FLAGS= -ffunction-sections -fdata-sections -fPIC -m64 -w" "-DCMAKE_CXX_COMPILER=/usr/bin/c++" "-DCMAKE_ASM_FLAGS= -ffunction-sections -fdata-sections -fPIC -m64 -w" "-DCMAKE_ASM_COMPILER=/usr/bin/cc" "-DCMAKE_BUILD_TYPE=Debug"
[INFO] [stderr]   CMake Warning:
[INFO] [stderr]     Manually-specified variables were not used by the project:
[INFO] [stderr] 
[INFO] [stderr]       CMAKE_ASM_COMPILER
[INFO] [stderr]       CMAKE_ASM_FLAGS
[INFO] [stderr] 
[INFO] [stderr] 
[INFO] [stderr]   running: cd "/opt/rustwide/target/debug/build/sentencepiece-sys/281b0a7950f486e7/out/build" && LC_ALL="C" MAKEFLAGS="-j --jobserver-fds=4,5 --jobserver-auth=4,5" "cmake" "--build" "/opt/rustwide/target/debug/build/sentencepiece-sys/281b0a7950f486e7/out/build" "--target" "install" "--config" "Debug"
[INFO] [stderr]   c++: fatal error: Killed signal terminated program cc1plus
[INFO] [stderr]   compilation terminated.
[INFO] [stderr]   gmake[2]: *** [src/CMakeFiles/sentencepiece_train-static.dir/build.make:79: src/CMakeFiles/sentencepiece_train-static.dir/builder.cc.o] Error 1
[INFO] [stderr]   gmake[2]: *** Waiting for unfinished jobs....
[INFO] [stderr]   c++: fatal error: Killed signal terminated program cc1plus
[INFO] [stderr]   compilation terminated.
[INFO] [stderr]   gmake[2]: *** [src/CMakeFiles/sentencepiece_train-static.dir/build.make:93: src/CMakeFiles/sentencepiece_train-static.dir/unicode_script.cc.o] Error 1
[INFO] [stderr]   c++: fatal error: Killed signal terminated program cc1plus
[INFO] [stderr]   compilation terminated.
[INFO] [stderr]   gmake[2]: *** [src/CMakeFiles/sentencepiece_train-static.dir/build.make:135: src/CMakeFiles/sentencepiece_train-static.dir/unigram_model_trainer.cc.o] Error 1
[INFO] [stderr]   c++: fatal error: Killed signal terminated program cc1plus
[INFO] [stderr]   compilation terminated.
[INFO] [stderr]   gmake[2]: *** [src/CMakeFiles/sentencepiece_train-static.dir/build.make:107: src/CMakeFiles/sentencepiece_train-static.dir/trainer_factory.cc.o] Error 1
[INFO] [stderr]   c++: fatal error: Killed signal terminated program cc1plus
[INFO] [stderr]   compilation terminated.
[INFO] [stderr]   gmake[2]: *** [src/CMakeFiles/sentencepiece.dir/build.make:149: src/CMakeFiles/sentencepiece.dir/__/third_party/protobuf-lite/extension_set.cc.o] Error 1
[INFO] [stderr]   gmake[2]: *** Waiting for unfinished jobs....
[INFO] [stderr]   c++: fatal error: Killed signal terminated program cc1plus
[INFO] [stderr]   compilation terminated.
[INFO] [stderr]   gmake[2]: *** [src/CMakeFiles/sentencepiece_train-static.dir/build.make:121: src/CMakeFiles/sentencepiece_train-static.dir/trainer_interface.cc.o] Error 1
[INFO] [stderr]   c++: fatal error: Killed signal terminated program cc1plus
[INFO] [stderr]   compilation terminated.
[INFO] [stderr]   gmake[2]: *** [src/CMakeFiles/sentencepiece.dir/build.make:121: src/CMakeFiles/sentencepiece.dir/__/third_party/protobuf-lite/coded_stream.cc.o] Error 1
[INFO] [stderr]   c++: fatal error: Killed signal terminated program cc1plus
[INFO] [stderr]   compilation terminated.
[INFO] [stderr]   gmake[2]: *** [src/CMakeFiles/sentencepiece-static.dir/build.make:121: src/CMakeFiles/sentencepiece-static.dir/__/third_party/protobuf-lite/coded_stream.cc.o] Error 1
[INFO] [stderr]   gmake[2]: *** Waiting for unfinished jobs....
[INFO] [stderr]   c++: fatal error: Killed signal terminated program cc1plus
[INFO] [stderr]   compilation terminated.
[INFO] [stderr]   gmake[2]: *** [src/CMakeFiles/sentencepiece_train-static.dir/build.make:149: src/CMakeFiles/sentencepiece_train-static.dir/word_model_trainer.cc.o] Error 1
[INFO] [stderr]   gmake[1]: *** [CMakeFiles/Makefile2:249: src/CMakeFiles/sentencepiece_train-static.dir/all] Error 2
[INFO] [stderr]   gmake[1]: *** Waiting for unfinished jobs....
[INFO] [stderr]   gmake[1]: *** [CMakeFiles/Makefile2:153: src/CMakeFiles/sentencepiece.dir/all] Error 2
[INFO] [stderr]   gmake[1]: *** [CMakeFiles/Makefile2:217: src/CMakeFiles/sentencepiece-static.dir/all] Error 2
[INFO] [stderr]   gmake: *** [Makefile:156: all] Error 2
[INFO] [stderr] 
[INFO] [stderr]   thread 'main' (1893) panicked at /opt/rustwide/cargo-home/registry/src/index.crates.io-1949cf8c6b5b557f/cmake-0.1.58/src/lib.rs:1132:5:
[INFO] [stderr] 
[INFO] [stderr]   command did not execute successfully, got: exit status: 2
[INFO] [stderr] 
[INFO] [stderr]   build script failed, must exit now
[INFO] [stderr]   stack backtrace:
[INFO] [stderr]      0:     0x60e0ad84c761 - std[3164a59e47d3bde]::backtrace_rs::backtrace::libunwind::trace
[INFO] [stderr]                                  at /rustc/3154cc1a3e6424e44f438a95007d043ed5ceaaf6/library/std/src/../../backtrace/src/backtrace/libunwind.rs:117:9
[INFO] [stderr]      1:     0x60e0ad84c761 - std[3164a59e47d3bde]::backtrace_rs::backtrace::trace_unsynchronized::<std[3164a59e47d3bde]::sys::backtrace::_print_fmt::{closure#1}>
[INFO] [stderr]                                  at /rustc/3154cc1a3e6424e44f438a95007d043ed5ceaaf6/library/std/src/../../backtrace/src/backtrace/mod.rs:66:14
[INFO] [stderr]      2:     0x60e0ad84c761 - std[3164a59e47d3bde]::sys::backtrace::_print_fmt
[INFO] [stderr]                                  at /rustc/3154cc1a3e6424e44f438a95007d043ed5ceaaf6/library/std/src/sys/backtrace.rs:74:9
[INFO] [stderr]      3:     0x60e0ad84c761 - <<std[3164a59e47d3bde]::sys::backtrace::BacktraceLock>::print::DisplayBacktrace as core[934024a1e6126fb4]::fmt::Display>::fmt
[INFO] [stderr]                                  at /rustc/3154cc1a3e6424e44f438a95007d043ed5ceaaf6/library/std/src/sys/backtrace.rs:44:26
[INFO] [stderr]      4:     0x60e0ad8614aa - <core[934024a1e6126fb4]::fmt::rt::Argument>::fmt
[INFO] [stderr]                                  at /rustc/3154cc1a3e6424e44f438a95007d043ed5ceaaf6/library/core/src/fmt/rt.rs:152:76
[INFO] [stderr]      5:     0x60e0ad8614aa - core[934024a1e6126fb4]::fmt::write
[INFO] [stderr]      6:     0x60e0ad85210c - core[934024a1e6126fb4]::io::write::default_write_fmt::<std[3164a59e47d3bde]::sys::stdio::unix::Stderr>
[INFO] [stderr]                                  at /rustc/3154cc1a3e6424e44f438a95007d043ed5ceaaf6/library/core/src/io/write.rs:402:11
[INFO] [stderr]      7:     0x60e0ad85210c - <std[3164a59e47d3bde]::sys::stdio::unix::Stderr as core[934024a1e6126fb4]::io::write::Write>::write_fmt
[INFO] [stderr]                                  at /rustc/3154cc1a3e6424e44f438a95007d043ed5ceaaf6/library/core/src/io/write.rs:335:13
[INFO] [stderr]      8:     0x60e0ad829e36 - <std[3164a59e47d3bde]::sys::backtrace::BacktraceLock>::print
[INFO] [stderr]                                  at /rustc/3154cc1a3e6424e44f438a95007d043ed5ceaaf6/library/std/src/sys/backtrace.rs:47:9
[INFO] [stderr]      9:     0x60e0ad829e36 - std[3164a59e47d3bde]::panicking::default_hook::{closure#0}
[INFO] [stderr]                                  at /rustc/3154cc1a3e6424e44f438a95007d043ed5ceaaf6/library/std/src/panicking.rs:289:27
[INFO] [stderr]     10:     0x60e0ad846641 - std[3164a59e47d3bde]::panicking::default_hook
[INFO] [stderr]                                  at /rustc/3154cc1a3e6424e44f438a95007d043ed5ceaaf6/library/std/src/panicking.rs:316:9
[INFO] [stderr]     11:     0x60e0ad8467fb - std[3164a59e47d3bde]::panicking::panic_with_hook
[INFO] [stderr]                                  at /rustc/3154cc1a3e6424e44f438a95007d043ed5ceaaf6/library/std/src/panicking.rs:811:13
[INFO] [stderr]     12:     0x60e0ad829ee2 - std[3164a59e47d3bde]::panicking::panic_handler::{closure#0}
[INFO] [stderr]                                  at /rustc/3154cc1a3e6424e44f438a95007d043ed5ceaaf6/library/std/src/panicking.rs:685:13
[INFO] [stderr]     13:     0x60e0ad822b49 - std[3164a59e47d3bde]::sys::backtrace::__rust_end_short_backtrace::<std[3164a59e47d3bde]::panicking::panic_handler::{closure#0}, !>
[INFO] [stderr]                                  at /rustc/3154cc1a3e6424e44f438a95007d043ed5ceaaf6/library/std/src/sys/backtrace.rs:182:18
[INFO] [stderr]     14:     0x60e0ad82a7bd - __rustc[2e7b49d4226056d3]::rust_begin_unwind
[INFO] [stderr]                                  at /rustc/3154cc1a3e6424e44f438a95007d043ed5ceaaf6/library/std/src/panicking.rs:676:5
[INFO] [stderr]     15:     0x60e0ad861c9c - core[934024a1e6126fb4]::panicking::panic_fmt
[INFO] [stderr]                                  at /rustc/3154cc1a3e6424e44f438a95007d043ed5ceaaf6/library/core/src/panicking.rs:80:14
[INFO] [stderr]     16:     0x60e0ad79d6a7 - cmake[618ebbf3e92a2c07]::fail
[INFO] [stderr]     17:     0x60e0ad79d333 - cmake[618ebbf3e92a2c07]::run
[INFO] [stderr]     18:     0x60e0ad7a3315 - <cmake[618ebbf3e92a2c07]::Config>::build
[INFO] [stderr]     19:     0x60e0ad77036e - build_script_build[c9e11723ffaa88cd]::build_sentencepiece
[INFO] [stderr]     20:     0x60e0ad770a4e - build_script_build[c9e11723ffaa88cd]::main
[INFO] [stderr]     21:     0x60e0ad7712b3 - <fn() as core[934024a1e6126fb4]::ops::function::FnOnce<()>>::call_once
[INFO] [stderr]     22:     0x60e0ad76ffae - std[3164a59e47d3bde]::sys::backtrace::__rust_begin_short_backtrace::<fn(), ()>
[INFO] [stderr]     23:     0x60e0ad76ffb9 - std[3164a59e47d3bde]::rt::lang_start::<()>::{closure#0}
[INFO] [stderr]     24:     0x60e0ad845948 - <&dyn core[934024a1e6126fb4]::ops::function::Fn<(), Output = i32> + core[934024a1e6126fb4]::marker::Sync + core[934024a1e6126fb4]::panic::unwind_safe::RefUnwindSafe as core[934024a1e6126fb4]::ops::function::FnOnce<()>>::call_once
[INFO] [stderr]                                  at /rustc/3154cc1a3e6424e44f438a95007d043ed5ceaaf6/library/core/src/ops/function.rs:287:21
[INFO] [stderr]     25:     0x60e0ad845948 - std[3164a59e47d3bde]::panicking::catch_unwind::do_call::<&dyn core[934024a1e6126fb4]::ops::function::Fn<(), Output = i32> + core[934024a1e6126fb4]::marker::Sync + core[934024a1e6126fb4]::panic::unwind_safe::RefUnwindSafe, i32>
[INFO] [stderr]                                  at /rustc/3154cc1a3e6424e44f438a95007d043ed5ceaaf6/library/std/src/panicking.rs:573:43
[INFO] [stderr]     26:     0x60e0ad845948 - std[3164a59e47d3bde]::panicking::catch_unwind::<i32, &dyn core[934024a1e6126fb4]::ops::function::Fn<(), Output = i32> + core[934024a1e6126fb4]::marker::Sync + core[934024a1e6126fb4]::panic::unwind_safe::RefUnwindSafe>
[INFO] [stderr]                                  at /rustc/3154cc1a3e6424e44f438a95007d043ed5ceaaf6/library/std/src/panicking.rs:541:19
[INFO] [stderr]     27:     0x60e0ad845948 - std[3164a59e47d3bde]::panic::catch_unwind::<&dyn core[934024a1e6126fb4]::ops::function::Fn<(), Output = i32> + core[934024a1e6126fb4]::marker::Sync + core[934024a1e6126fb4]::panic::unwind_safe::RefUnwindSafe, i32>
[INFO] [stderr]                                  at /rustc/3154cc1a3e6424e44f438a95007d043ed5ceaaf6/library/std/src/panic.rs:359:14
[INFO] [stderr]     28:     0x60e0ad845948 - std[3164a59e47d3bde]::rt::lang_start_internal::{closure#0}
[INFO] [stderr]                                  at /rustc/3154cc1a3e6424e44f438a95007d043ed5ceaaf6/library/std/src/rt.rs:175:24
[INFO] [stderr]     29:     0x60e0ad845948 - std[3164a59e47d3bde]::panicking::catch_unwind::do_call::<std[3164a59e47d3bde]::rt::lang_start_internal::{closure#0}, isize>
[INFO] [stderr]                                  at /rustc/3154cc1a3e6424e44f438a95007d043ed5ceaaf6/library/std/src/panicking.rs:573:43
[INFO] [stderr]     30:     0x60e0ad845948 - std[3164a59e47d3bde]::panicking::catch_unwind::<isize, std[3164a59e47d3bde]::rt::lang_start_internal::{closure#0}>
[INFO] [stderr]                                  at /rustc/3154cc1a3e6424e44f438a95007d043ed5ceaaf6/library/std/src/panicking.rs:541:19
[INFO] [stderr]     31:     0x60e0ad845948 - std[3164a59e47d3bde]::panic::catch_unwind::<std[3164a59e47d3bde]::rt::lang_start_internal::{closure#0}, isize>
[INFO] [stderr]                                  at /rustc/3154cc1a3e6424e44f438a95007d043ed5ceaaf6/library/std/src/panic.rs:359:14
[INFO] [stderr]     32:     0x60e0ad845948 - std[3164a59e47d3bde]::rt::lang_start_internal
[INFO] [stderr]                                  at /rustc/3154cc1a3e6424e44f438a95007d043ed5ceaaf6/library/std/src/rt.rs:171:5
[INFO] [stderr]     33:     0x60e0ad76ffa1 - std[3164a59e47d3bde]::rt::lang_start::<()>
[INFO] [stderr]     34:     0x60e0ad771325 - main
[INFO] [stderr]     35:     0x79d7bf46b601 - <unknown>
[INFO] [stderr]     36:     0x79d7bf46b718 - __libc_start_main
[INFO] [stderr]     37:     0x60e0ad76ed15 - _start
[INFO] [stderr]     38:                0x0 - <unknown>
[INFO] running `Command { std: "docker" "inspect" "7aecfe11a3729344e082b602c429642a7c3725fa235d7f44993326db5813f918", kill_on_drop: false }`
[INFO] running `Command { std: "docker" "rm" "-f" "7aecfe11a3729344e082b602c429642a7c3725fa235d7f44993326db5813f918", kill_on_drop: false }`
[INFO] [stdout] 7aecfe11a3729344e082b602c429642a7c3725fa235d7f44993326db5813f918
