[INFO] cloning repository https://github.com/epfl-dcsl/flashpoint
[INFO] running `Command { std: "git" "-c" "credential.helper=" "-c" "credential.helper=/workspace/cargo-home/bin/git-credential-null" "clone" "--bare" "https://github.com/epfl-dcsl/flashpoint" "/workspace/cache/git-repos/https%3A%2F%2Fgithub.com%2Fepfl-dcsl%2Fflashpoint", kill_on_drop: false }`
[INFO] [stderr] Cloning into bare repository '/workspace/cache/git-repos/https%3A%2F%2Fgithub.com%2Fepfl-dcsl%2Fflashpoint'...
[INFO] running `Command { std: "git" "rev-parse" "HEAD", kill_on_drop: false }`
[INFO] [stdout] 1920393478260076c3e766706b055d24593e867c
[INFO] checking epfl-dcsl/flashpoint against 3154cc1a3e6424e44f438a95007d043ed5ceaaf6+rustflags=-Znext-solver=coherence for pr-133502-30
[INFO] running `Command { std: "git" "clone" "/workspace/cache/git-repos/https%3A%2F%2Fgithub.com%2Fepfl-dcsl%2Fflashpoint" "/workspace/builds/worker-0-tc1/source", kill_on_drop: false }`
[INFO] [stderr] Cloning into '/workspace/builds/worker-0-tc1/source'...
[INFO] [stderr] done.
[INFO] removed /workspace/builds/worker-0-tc1/source/rust-toolchain
[INFO] started tweaking git repo https://github.com/epfl-dcsl/flashpoint
[INFO] finished tweaking git repo https://github.com/epfl-dcsl/flashpoint
[INFO] tweaked toml for git repo https://github.com/epfl-dcsl/flashpoint written to /workspace/builds/worker-0-tc1/source/Cargo.toml
[INFO] validating manifest of git repo https://github.com/epfl-dcsl/flashpoint on toolchain 3154cc1a3e6424e44f438a95007d043ed5ceaaf6
[INFO] running `Command { std: CARGO_HOME="/workspace/cargo-home" RUSTUP_HOME="/workspace/rustup-home" "/workspace/cargo-home/bin/cargo" "+3154cc1a3e6424e44f438a95007d043ed5ceaaf6" "metadata" "--manifest-path" "Cargo.toml" "--no-deps", kill_on_drop: false }`
[INFO] crate git repo https://github.com/epfl-dcsl/flashpoint already has a lockfile, it will not be regenerated
[INFO] running `Command { std: CARGO_HOME="/workspace/cargo-home" RUSTUP_HOME="/workspace/rustup-home" "/workspace/cargo-home/bin/cargo" "+3154cc1a3e6424e44f438a95007d043ed5ceaaf6" "fetch" "--manifest-path" "Cargo.toml", kill_on_drop: false }`
[INFO] [stderr] warning: profiles for the non root package will be ignored, specify profiles at the workspace root:
[INFO] [stderr] package:   /workspace/builds/worker-0-tc1/source/anchor/Cargo.toml
[INFO] [stderr] workspace: /workspace/builds/worker-0-tc1/source/Cargo.toml
[INFO] [stderr] warning: missing `[lints]` to inherit `[workspace.lints]`
[INFO] [stderr]   --> tpm-driver/Cargo.toml
[INFO] [stderr]    = note: `cargo::missing_lints_inheritance` is set to `warn` by default
[INFO] [stderr] help: to inherit `workspace.lints, add:
[INFO] [stderr]    |
[INFO] [stderr] 22 ~ bindgen = "0.69.4"
[INFO] [stderr] 23 + [lints]
[INFO] [stderr] 24 + workspace = true
[INFO] [stderr]    |
[INFO] [stderr] help: to clarify your intent to not inherit, add:
[INFO] [stderr]    |
[INFO] [stderr] 22 ~ bindgen = "0.69.4"
[INFO] [stderr] 23 + [lints]
[INFO] [stderr]    |
[INFO] [stderr] warning: `tpm-driver` (manifest) generated 1 warning
[INFO] [stderr]     Updating git repository `https://github.com/CharlyCst/softcore-rs.git`
[INFO] [stderr]     Updating git repository `https://github.com/CharlyCst/softcore-asm.git`
[INFO] [stderr]     Updating crates.io index
[INFO] [stderr]  Downloading crates ...
[INFO] [stderr]   Downloaded uart_16550 v0.3.2
[INFO] [stderr]   Downloaded pretty-hex v0.4.2
[INFO] [stderr]   Downloaded bolero v0.13.4
[INFO] [stderr]   Downloaded bolero-engine v0.13.4
[INFO] [stderr]   Downloaded bolero-generator-derive v0.13.4
[INFO] [stderr]   Downloaded bolero-kani v0.13.0
[INFO] [stderr]   Downloaded raw-cpuid v10.7.0
[INFO] [stderr]   Downloaded pest_derive v2.8.8
[INFO] [stderr]   Downloaded pest_generator v2.8.8
[INFO] [stderr]   Downloaded pest_meta v2.8.8
[INFO] [stderr]   Downloaded bolero-generator v0.13.5
[INFO] [stderr]   Downloaded bolero-afl v0.13.0
[INFO] [stderr]   Downloaded bindgen v0.69.5
[INFO] [stderr]   Downloaded pest v2.8.8
[INFO] [stderr]   Downloaded bolero-libfuzzer v0.13.0
[INFO] [stderr]   Downloaded bolero-honggfuzz v0.13.0
[INFO] [stderr]   Downloaded x86 v0.52.0
[INFO] running `Command { std: "docker" "create" "-v" "/var/lib/crater-agent-workspace/builds/worker-0-tc1/source:/opt/rustwide/workdir:ro,Z" "-v" "/var/lib/crater-agent-workspace/builds/worker-0-tc1/target:/opt/rustwide/target:rw,Z" "-v" "/var/lib/crater-agent-workspace/cargo-home:/opt/rustwide/cargo-home:ro,Z" "-v" "/var/lib/crater-agent-workspace/rustup-home:/opt/rustwide/rustup-home:ro,Z" "-m" "1610612736" "--network" "none" "ghcr.io/rust-lang/crates-build-env/linux@sha256:77db811e55d90add9212f6832c23229e3de5f1c1f9905e8cb07319ea15df73ac" "sleep" "infinity", kill_on_drop: false }`
[INFO] [stdout] e465a3c5e073bb0074c96984f6811376e7d8ffdca80bdd16a7e3fcffbff536b7
[INFO] running `Command { std: "docker" "start" "e465a3c5e073bb0074c96984f6811376e7d8ffdca80bdd16a7e3fcffbff536b7", kill_on_drop: false }`
[INFO] running `Command { std: "docker" "inspect" "e465a3c5e073bb0074c96984f6811376e7d8ffdca80bdd16a7e3fcffbff536b7", kill_on_drop: false }`
[INFO] running `Command { std: "docker" "exec" "-e" "SOURCE_DIR=/opt/rustwide/workdir" "-e" "CARGO_HOME=/opt/rustwide/cargo-home" "-e" "RUSTUP_HOME=/opt/rustwide/rustup-home" "-e" "CARGO_TARGET_DIR=/opt/rustwide/target" "-w" "/opt/rustwide/workdir" "--user" "0:0" "e465a3c5e073bb0074c96984f6811376e7d8ffdca80bdd16a7e3fcffbff536b7" "/opt/rustwide/cargo-home/bin/cargo" "+3154cc1a3e6424e44f438a95007d043ed5ceaaf6" "metadata" "--no-deps" "--format-version=1", kill_on_drop: false }`
[INFO] running `Command { std: "docker" "inspect" "e465a3c5e073bb0074c96984f6811376e7d8ffdca80bdd16a7e3fcffbff536b7", kill_on_drop: false }`
[INFO] running `Command { std: "docker" "exec" "-e" "SOURCE_DIR=/opt/rustwide/workdir" "-e" "CARGO_HOME=/opt/rustwide/cargo-home" "-e" "RUSTUP_HOME=/opt/rustwide/rustup-home" "-e" "CARGO_TARGET_DIR=/opt/rustwide/target" "-e" "CARGO_INCREMENTAL=0" "-e" "RUST_BACKTRACE=full" "-e" "RUSTFLAGS=--cap-lints=forbid -Znext-solver=coherence" "-e" "RUSTDOCFLAGS=--cap-lints=forbid" "-w" "/opt/rustwide/workdir" "--user" "0:0" "e465a3c5e073bb0074c96984f6811376e7d8ffdca80bdd16a7e3fcffbff536b7" "/opt/rustwide/cargo-home/bin/cargo" "+3154cc1a3e6424e44f438a95007d043ed5ceaaf6" "check" "--frozen" "--all" "--all-targets" "--message-format=json", kill_on_drop: false }`
[INFO] [stderr] warning: profiles for the non root package will be ignored, specify profiles at the workspace root:
[INFO] [stderr] package:   /opt/rustwide/workdir/anchor/Cargo.toml
[INFO] [stderr] workspace: /opt/rustwide/workdir/Cargo.toml
[INFO] [stderr] warning: missing `[lints]` to inherit `[workspace.lints]`
[INFO] [stderr]   --> tpm-driver/Cargo.toml
[INFO] [stderr]    = note: `cargo::missing_lints_inheritance` is set to `warn` by default
[INFO] [stderr] help: to inherit `workspace.lints, add:
[INFO] [stderr]    |
[INFO] [stderr] 22 ~ bindgen = "0.69.4"
[INFO] [stderr] 23 + [lints]
[INFO] [stderr] 24 + workspace = true
[INFO] [stderr]    |
[INFO] [stderr] help: to clarify your intent to not inherit, add:
[INFO] [stderr]    |
[INFO] [stderr] 22 ~ bindgen = "0.69.4"
[INFO] [stderr] 23 + [lints]
[INFO] [stderr]    |
[INFO] [stderr] warning: `tpm-driver` (manifest) generated 1 warning
[INFO] [stderr]    Compiling libc v0.2.189
[INFO] [stderr]    Compiling x86 v0.52.0
[INFO] [stderr]     Checking cfg-if v1.0.4
[INFO] [stderr]    Compiling getrandom v0.3.4
[INFO] [stderr]    Compiling clang-sys v1.9.1
[INFO] [stderr]    Compiling rustix v0.38.44
[INFO] [stderr]    Compiling prettyplease v0.2.37
[INFO] [stderr]    Compiling syn v2.0.119
[INFO] [stderr]    Compiling zerocopy v0.8.56
[INFO] [stderr]    Compiling toml_datetime v0.6.3
[INFO] [stderr]    Compiling linux-raw-sys v0.4.15
[INFO] [stderr]    Compiling regex-syntax v0.8.11
[INFO] [stderr]    Compiling bitflags v2.13.1
[INFO] [stderr]    Compiling either v1.17.0
[INFO] [stderr]    Compiling memchr v2.8.3
[INFO] [stderr]    Compiling toml_edit v0.20.2
[INFO] [stderr]    Compiling libloading v0.8.9
[INFO] [stderr]    Compiling bindgen v0.69.5
[INFO] [stderr]    Compiling nom v7.1.3
[INFO] [stderr]     Checking rand_core v0.9.5
[INFO] [stderr]    Compiling itertools v0.12.1
[INFO] [stderr]    Compiling regex-automata v0.4.18
[INFO] [stderr]    Compiling proc-macro-crate v2.0.2
[INFO] [stderr]    Compiling cexpr v0.6.0
[INFO] [stderr]    Compiling which v4.4.2
[INFO] [stderr]    Compiling lazycell v1.3.0
[INFO] [stderr]    Compiling anyhow v1.0.99
[INFO] [stderr]     Checking bitflags v1.3.2
[INFO] [stderr]    Compiling rustc-hash v1.1.0
[INFO] [stderr]     Checking raw-cpuid v10.7.0
[INFO] [stderr]     Checking rand_xoshiro v0.7.0
[INFO] [stderr]     Checking bit_field v0.10.3
[INFO] [stderr]     Checking pretty-hex v0.4.2
[INFO] [stderr]     Checking lazy_static v1.5.0
[INFO] [stderr]    Compiling regex v1.13.1
[INFO] [stderr]     Checking ppv-lite86 v0.2.21
[INFO] [stderr]     Checking spin v0.5.2
[INFO] [stderr]     Checking rand_chacha v0.9.0
[INFO] [stderr]     Checking log v0.4.33
[INFO] [stderr]     Checking rand v0.9.5
[INFO] [stderr]    Compiling bolero-generator-derive v0.13.4
[INFO] [stderr]     Checking uart_16550 v0.3.2
[INFO] [stderr]     Checking bolero-generator v0.13.5
[INFO] [stderr]     Checking anchor v0.1.0 (/opt/rustwide/workdir/anchor)
[INFO] [stderr]     Checking bolero-engine v0.13.4
[INFO] [stderr]     Checking bolero v0.13.4
[INFO] [stdout] error[E0433]: cannot find `softcore_asm_rv64` in the list of imported crates
[INFO] [stdout]    --> anchor/src/verif.rs:271:11
[INFO] [stdout]     |
[INFO] [stdout] 271 |     use ::softcore_asm_rv64::softcore_rv64::{ast, registers as reg};
[INFO] [stdout]     |           ^^^^^^^^^^^^^^^^^ could not find `softcore_asm_rv64` in the list of imported crates
[INFO] [stdout] 
[INFO] [stdout] 
[INFO] [stdout] error[E0433]: cannot find module or crate `softcore_asm_rv64` in this scope
[INFO] [stdout]   --> anchor/src/arch.rs:11:5
[INFO] [stdout]    |
[INFO] [stdout] 11 | use softcore_asm_rv64::softcore_rv64::{config, new_core, Core};
[INFO] [stdout]    |     ^^^^^^^^^^^^^^^^^ use of unresolved module or unlinked crate `softcore_asm_rv64`
[INFO] [stdout]    |
[INFO] [stdout]    = help: if you wanted to use a crate named `softcore_asm_rv64`, use `cargo add softcore_asm_rv64` to add it to your `Cargo.toml`
[INFO] [stdout] 
[INFO] [stdout] 
[INFO] [stdout] error[E0433]: cannot find module or crate `softcore_asm_rv64` in this scope
[INFO] [stdout]   --> anchor/src/verif.rs:18:5
[INFO] [stdout]    |
[INFO] [stdout] 18 | use softcore_asm_rv64::softcore_rv64::prelude::*;
[INFO] [stdout]    |     ^^^^^^^^^^^^^^^^^ use of unresolved module or unlinked crate `softcore_asm_rv64`
[INFO] [stdout]    |
[INFO] [stdout]    = help: if you wanted to use a crate named `softcore_asm_rv64`, use `cargo add softcore_asm_rv64` to add it to your `Cargo.toml`
[INFO] [stdout] 
[INFO] [stdout] 
[INFO] [stdout] error[E0433]: cannot find module or crate `softcore_asm_rv64` in this scope
[INFO] [stdout]   --> anchor/src/verif.rs:19:5
[INFO] [stdout]    |
[INFO] [stdout] 19 | use softcore_asm_rv64::softcore_rv64::registers::X0;
[INFO] [stdout]    |     ^^^^^^^^^^^^^^^^^ use of unresolved module or unlinked crate `softcore_asm_rv64`
[INFO] [stdout]    |
[INFO] [stdout]    = help: if you wanted to use a crate named `softcore_asm_rv64`, use `cargo add softcore_asm_rv64` to add it to your `Cargo.toml`
[INFO] [stdout] 
[INFO] [stdout] 
[INFO] [stdout] error[E0433]: cannot find module or crate `softcore_asm_rv64` in this scope
[INFO] [stdout]   --> anchor/src/verif.rs:20:5
[INFO] [stdout]    |
[INFO] [stdout] 20 | use softcore_asm_rv64::softcore_rv64::{config, new_core, raw};
[INFO] [stdout]    |     ^^^^^^^^^^^^^^^^^ use of unresolved module or unlinked crate `softcore_asm_rv64`
[INFO] [stdout]    |
[INFO] [stdout]    = help: if you wanted to use a crate named `softcore_asm_rv64`, use `cargo add softcore_asm_rv64` to add it to your `Cargo.toml`
[INFO] [stdout] 
[INFO] [stdout] 
[INFO] [stdout] error[E0432]: unresolved imports `softcore_asm_rv64::softcore_rv64::registers::X0`, `softcore_asm_rv64::softcore_rv64::config`, `softcore_asm_rv64::softcore_rv64::new_core`, `softcore_asm_rv64::softcore_rv64::raw`
[INFO] [stdout]   --> anchor/src/verif.rs:19:5
[INFO] [stdout]    |
[INFO] [stdout] 19 | use softcore_asm_rv64::softcore_rv64::registers::X0;
[INFO] [stdout]    |     ^^^^^^^^^^^^^^^^^^^^^^^^^^^^^^^^^^^^^^^^^^^^^^^
[INFO] [stdout] 20 | use softcore_asm_rv64::softcore_rv64::{config, new_core, raw};
[INFO] [stdout]    |                                        ^^^^^^  ^^^^^^^^  ^^^
[INFO] [stdout] 
[INFO] [stdout] 
[INFO] [stdout] error[E0433]: cannot find module or crate `softcore_asm_rv64` in this scope
[INFO] [stdout]    --> anchor/src/arch.rs:58:9
[INFO] [stdout]     |
[INFO] [stdout]  50 |   macro_rules! soft_asm {
[INFO] [stdout] ...
[INFO] [stdout]  58 |           softcore_asm_rv64::asm!(
[INFO] [stdout]     |           ^^^^^^^^^^^^^^^^^ use of unresolved module or unlinked crate `softcore_asm_rv64`
[INFO] [stdout] ...
[INFO] [stdout] 113 | /         soft_asm!(
[INFO] [stdout] 114 | |             "csrr {x}, mhartid",
[INFO] [stdout] 115 | |             x = out(reg) mhartid);
[INFO] [stdout]     | |_________________________________- in this macro invocation
[INFO] [stdout] 
[INFO] [stdout] 
[INFO] [stdout] error[E0433]: cannot find module or crate `softcore_asm_rv64` in this scope
[INFO] [stdout]    --> anchor/src/arch.rs:58:9
[INFO] [stdout]     |
[INFO] [stdout]  50 |   macro_rules! soft_asm {
[INFO] [stdout] ...
[INFO] [stdout]  58 |           softcore_asm_rv64::asm!(
[INFO] [stdout]     |           ^^^^^^^^^^^^^^^^^ use of unresolved module or unlinked crate `softcore_asm_rv64`
[INFO] [stdout] ...
[INFO] [stdout] 123 | /         soft_asm!(
[INFO] [stdout] 124 | |             "csrr {x}, mstatus",
[INFO] [stdout] 125 | |             x = out(reg) mstatus);
[INFO] [stdout]     | |_________________________________- in this macro invocation
[INFO] [stdout] 
[INFO] [stdout] 
[INFO] [stdout] error[E0433]: cannot find module or crate `softcore_asm_rv64` in this scope
[INFO] [stdout]    --> anchor/src/arch.rs:58:9
[INFO] [stdout]     |
[INFO] [stdout]  50 |   macro_rules! soft_asm {
[INFO] [stdout] ...
[INFO] [stdout]  58 |           softcore_asm_rv64::asm!(
[INFO] [stdout]     |           ^^^^^^^^^^^^^^^^^ use of unresolved module or unlinked crate `softcore_asm_rv64`
[INFO] [stdout] ...
[INFO] [stdout] 155 | /         soft_asm!(
[INFO] [stdout] 156 | |             "csrr {x}, mcause",
[INFO] [stdout] 157 | |             x = out(reg) mcause);
[INFO] [stdout]     | |________________________________- in this macro invocation
[INFO] [stdout] 
[INFO] [stdout] 
[INFO] [stdout] error[E0433]: cannot find module or crate `softcore_asm_rv64` in this scope
[INFO] [stdout]    --> anchor/src/arch.rs:58:9
[INFO] [stdout]     |
[INFO] [stdout]  50 |   macro_rules! soft_asm {
[INFO] [stdout] ...
[INFO] [stdout]  58 |           softcore_asm_rv64::asm!(
[INFO] [stdout]     |           ^^^^^^^^^^^^^^^^^ use of unresolved module or unlinked crate `softcore_asm_rv64`
[INFO] [stdout] ...
[INFO] [stdout] 165 | /         soft_asm!(
[INFO] [stdout] 166 | |             "csrr {x}, mepc",
[INFO] [stdout] 167 | |             x = out(reg) mepc);
[INFO] [stdout]     | |______________________________- in this macro invocation
[INFO] [stdout] 
[INFO] [stdout] 
[INFO] [stdout] error[E0433]: cannot find module or crate `softcore_asm_rv64` in this scope
[INFO] [stdout]    --> anchor/src/arch.rs:58:9
[INFO] [stdout]     |
[INFO] [stdout]  50 |   macro_rules! soft_asm {
[INFO] [stdout] ...
[INFO] [stdout]  58 |           softcore_asm_rv64::asm!(
[INFO] [stdout]     |           ^^^^^^^^^^^^^^^^^ use of unresolved module or unlinked crate `softcore_asm_rv64`
[INFO] [stdout] ...
[INFO] [stdout] 175 | /         soft_asm!(
[INFO] [stdout] 176 | |             "csrr {x}, mtval",
[INFO] [stdout] 177 | |             x = out(reg) mtval);
[INFO] [stdout]     | |_______________________________- in this macro invocation
[INFO] [stdout] 
[INFO] [stdout] 
[INFO] [stdout] error[E0433]: cannot find module or crate `softcore_asm_rv64` in this scope
[INFO] [stdout]    --> anchor/src/arch.rs:58:9
[INFO] [stdout]     |
[INFO] [stdout]  50 |   macro_rules! soft_asm {
[INFO] [stdout] ...
[INFO] [stdout]  58 |           softcore_asm_rv64::asm!(
[INFO] [stdout]     |           ^^^^^^^^^^^^^^^^^ use of unresolved module or unlinked crate `softcore_asm_rv64`
[INFO] [stdout] ...
[INFO] [stdout] 183 | /     soft_asm!(
[INFO] [stdout] 184 | |         "csrw mepc, {x}",
[INFO] [stdout] 185 | |         x = in(reg) mepc
[INFO] [stdout] 186 | |     )
[INFO] [stdout]     | |_____- in this macro invocation
[INFO] [stdout] 
[INFO] [stdout] 
[INFO] [stdout] error[E0433]: cannot find module or crate `softcore_asm_rv64` in this scope
[INFO] [stdout]    --> anchor/src/arch.rs:58:9
[INFO] [stdout]     |
[INFO] [stdout]  50 |   macro_rules! soft_asm {
[INFO] [stdout] ...
[INFO] [stdout]  58 |           softcore_asm_rv64::asm!(
[INFO] [stdout]     |           ^^^^^^^^^^^^^^^^^ use of unresolved module or unlinked crate `softcore_asm_rv64`
[INFO] [stdout] ...
[INFO] [stdout] 191 | /         soft_asm!(
[INFO] [stdout] 192 | |             "sfence.vma"
[INFO] [stdout] 193 | |         ) 
[INFO] [stdout]     | |_________- in this macro invocation
[INFO] [stdout] 
[INFO] [stdout] 
[INFO] [stdout] error[E0433]: cannot find module or crate `softcore_asm_rv64` in this scope
[INFO] [stdout]    --> anchor/src/arch.rs:58:9
[INFO] [stdout]     |
[INFO] [stdout]  50 |   macro_rules! soft_asm {
[INFO] [stdout] ...
[INFO] [stdout]  58 |           softcore_asm_rv64::asm!(
[INFO] [stdout]     |           ^^^^^^^^^^^^^^^^^ use of unresolved module or unlinked crate `softcore_asm_rv64`
[INFO] [stdout] ...
[INFO] [stdout] 198 | /     soft_asm!(
[INFO] [stdout] 199 | |         "csrw mtvec, {x}",
[INFO] [stdout] 200 | |         x = in(reg) value
[INFO] [stdout] 201 | |     )
[INFO] [stdout]     | |_____- in this macro invocation
[INFO] [stdout] 
[INFO] [stdout] 
[INFO] [stdout] error[E0433]: cannot find module or crate `softcore_asm_rv64` in this scope
[INFO] [stdout]    --> anchor/src/arch.rs:58:9
[INFO] [stdout]     |
[INFO] [stdout]  50 |   macro_rules! soft_asm {
[INFO] [stdout] ...
[INFO] [stdout]  58 |           softcore_asm_rv64::asm!(
[INFO] [stdout]     |           ^^^^^^^^^^^^^^^^^ use of unresolved module or unlinked crate `softcore_asm_rv64`
[INFO] [stdout] ...
[INFO] [stdout] 207 | /         soft_asm!(
[INFO] [stdout] 208 | |             "csrr {x}, mtvec",
[INFO] [stdout] 209 | |             x = out(reg) mtvec
[INFO] [stdout] 210 | |         )
[INFO] [stdout]     | |_________- in this macro invocation
[INFO] [stdout] 
[INFO] [stdout] 
[INFO] [stdout] error[E0433]: cannot find module or crate `softcore_asm_rv64` in this scope
[INFO] [stdout]    --> anchor/src/arch.rs:58:9
[INFO] [stdout]     |
[INFO] [stdout]  50 |   macro_rules! soft_asm {
[INFO] [stdout] ...
[INFO] [stdout]  58 |           softcore_asm_rv64::asm!(
[INFO] [stdout]     |           ^^^^^^^^^^^^^^^^^ use of unresolved module or unlinked crate `softcore_asm_rv64`
[INFO] [stdout] ...
[INFO] [stdout] 219 | /         soft_asm!(
[INFO] [stdout] 220 | |             "csrw mstatus, {x}",
[INFO] [stdout] 221 | |             x = in(reg) mstatus,
[INFO] [stdout] 222 | |         );
[INFO] [stdout]     | |_________- in this macro invocation
[INFO] [stdout] 
[INFO] [stdout] 
[INFO] [stdout] error[E0433]: cannot find module or crate `softcore_asm_rv64` in this scope
[INFO] [stdout]    --> anchor/src/arch.rs:58:9
[INFO] [stdout]     |
[INFO] [stdout]  50 |   macro_rules! soft_asm {
[INFO] [stdout] ...
[INFO] [stdout]  58 |           softcore_asm_rv64::asm!(
[INFO] [stdout]     |           ^^^^^^^^^^^^^^^^^ use of unresolved module or unlinked crate `softcore_asm_rv64`
[INFO] [stdout] ...
[INFO] [stdout] 223 | /         soft_asm!(
[INFO] [stdout] 224 | |             "csrw mideleg, x0",
[INFO] [stdout] 225 | |             "csrw medeleg, x0",
[INFO] [stdout] 226 | |             "csrw mie, x0",
[INFO] [stdout] ...   |
[INFO] [stdout] 232 | |             "csrw mscratch, x0",
[INFO] [stdout] 233 | |         );
[INFO] [stdout]     | |_________- in this macro invocation
[INFO] [stdout] 
[INFO] [stdout] 
[INFO] [stdout] error[E0433]: cannot find module or crate `softcore_asm_rv64` in this scope
[INFO] [stdout]    --> anchor/src/arch.rs:58:9
[INFO] [stdout]     |
[INFO] [stdout]  50 |   macro_rules! soft_asm {
[INFO] [stdout] ...
[INFO] [stdout]  58 |           softcore_asm_rv64::asm!(
[INFO] [stdout]     |           ^^^^^^^^^^^^^^^^^ use of unresolved module or unlinked crate `softcore_asm_rv64`
[INFO] [stdout] ...
[INFO] [stdout] 235 | /         soft_asm!(
[INFO] [stdout] 236 | |             "csrw menvcfg, x0",
[INFO] [stdout] 237 | |         )
[INFO] [stdout]     | |_________- in this macro invocation
[INFO] [stdout] 
[INFO] [stdout] 
[INFO] [stdout] error[E0433]: cannot find module or crate `softcore_asm_rv64` in this scope
[INFO] [stdout]    --> anchor/src/arch.rs:58:9
[INFO] [stdout]     |
[INFO] [stdout]  50 | macro_rules! soft_asm {
[INFO] [stdout] ...
[INFO] [stdout]  58 |         softcore_asm_rv64::asm!(
[INFO] [stdout]     |         ^^^^^^^^^^^^^^^^^ use of unresolved module or unlinked crate `softcore_asm_rv64`
[INFO] [stdout] ...
[INFO] [stdout] 245 |             0 => soft_asm!("csrr {x}, pmpaddr0", x = out(reg) pmpaddr),
[INFO] [stdout]     |                  ----------------------------------------------------- in this macro invocation
[INFO] [stdout] 
[INFO] [stdout] 
[INFO] [stdout] error[E0433]: cannot find module or crate `softcore_asm_rv64` in this scope
[INFO] [stdout]    --> anchor/src/arch.rs:58:9
[INFO] [stdout]     |
[INFO] [stdout]  50 | macro_rules! soft_asm {
[INFO] [stdout] ...
[INFO] [stdout]  58 |         softcore_asm_rv64::asm!(
[INFO] [stdout]     |         ^^^^^^^^^^^^^^^^^ use of unresolved module or unlinked crate `softcore_asm_rv64`
[INFO] [stdout] ...
[INFO] [stdout] 246 |             1 => soft_asm!("csrr {x}, pmpaddr1", x = out(reg) pmpaddr),
[INFO] [stdout]     |                  ----------------------------------------------------- in this macro invocation
[INFO] [stdout] 
[INFO] [stdout] 
[INFO] [stdout] error[E0433]: cannot find module or crate `softcore_asm_rv64` in this scope
[INFO] [stdout]    --> anchor/src/arch.rs:58:9
[INFO] [stdout]     |
[INFO] [stdout]  50 | macro_rules! soft_asm {
[INFO] [stdout] ...
[INFO] [stdout]  58 |         softcore_asm_rv64::asm!(
[INFO] [stdout]     |         ^^^^^^^^^^^^^^^^^ use of unresolved module or unlinked crate `softcore_asm_rv64`
[INFO] [stdout] ...
[INFO] [stdout] 247 |             2 => soft_asm!("csrr {x}, pmpaddr2", x = out(reg) pmpaddr),
[INFO] [stdout]     |                  ----------------------------------------------------- in this macro invocation
[INFO] [stdout] 
[INFO] [stdout] 
[INFO] [stdout] error[E0433]: cannot find module or crate `softcore_asm_rv64` in this scope
[INFO] [stdout]    --> anchor/src/arch.rs:58:9
[INFO] [stdout]     |
[INFO] [stdout]  50 | macro_rules! soft_asm {
[INFO] [stdout] ...
[INFO] [stdout]  58 |         softcore_asm_rv64::asm!(
[INFO] [stdout]     |         ^^^^^^^^^^^^^^^^^ use of unresolved module or unlinked crate `softcore_asm_rv64`
[INFO] [stdout] ...
[INFO] [stdout] 248 |             3 => soft_asm!("csrr {x}, pmpaddr3", x = out(reg) pmpaddr),
[INFO] [stdout]     |                  ----------------------------------------------------- in this macro invocation
[INFO] [stdout] 
[INFO] [stdout] 
[INFO] [stdout] error[E0433]: cannot find module or crate `softcore_asm_rv64` in this scope
[INFO] [stdout]    --> anchor/src/arch.rs:58:9
[INFO] [stdout]     |
[INFO] [stdout]  50 | macro_rules! soft_asm {
[INFO] [stdout] ...
[INFO] [stdout]  58 |         softcore_asm_rv64::asm!(
[INFO] [stdout]     |         ^^^^^^^^^^^^^^^^^ use of unresolved module or unlinked crate `softcore_asm_rv64`
[INFO] [stdout] ...
[INFO] [stdout] 249 |             4 => soft_asm!("csrr {x}, pmpaddr4", x = out(reg) pmpaddr),
[INFO] [stdout]     |                  ----------------------------------------------------- in this macro invocation
[INFO] [stdout] 
[INFO] [stdout] 
[INFO] [stdout] error[E0433]: cannot find module or crate `softcore_asm_rv64` in this scope
[INFO] [stdout]    --> anchor/src/arch.rs:58:9
[INFO] [stdout]     |
[INFO] [stdout]  50 | macro_rules! soft_asm {
[INFO] [stdout] ...
[INFO] [stdout]  58 |         softcore_asm_rv64::asm!(
[INFO] [stdout]     |         ^^^^^^^^^^^^^^^^^ use of unresolved module or unlinked crate `softcore_asm_rv64`
[INFO] [stdout] ...
[INFO] [stdout] 250 |             5 => soft_asm!("csrr {x}, pmpaddr5", x = out(reg) pmpaddr),
[INFO] [stdout]     |                  ----------------------------------------------------- in this macro invocation
[INFO] [stdout] 
[INFO] [stdout] 
[INFO] [stdout] error[E0433]: cannot find module or crate `softcore_asm_rv64` in this scope
[INFO] [stdout]    --> anchor/src/arch.rs:58:9
[INFO] [stdout]     |
[INFO] [stdout]  50 | macro_rules! soft_asm {
[INFO] [stdout] ...
[INFO] [stdout]  58 |         softcore_asm_rv64::asm!(
[INFO] [stdout]     |         ^^^^^^^^^^^^^^^^^ use of unresolved module or unlinked crate `softcore_asm_rv64`
[INFO] [stdout] ...
[INFO] [stdout] 251 |             6 => soft_asm!("csrr {x}, pmpaddr6", x = out(reg) pmpaddr),
[INFO] [stdout]     |                  ----------------------------------------------------- in this macro invocation
[INFO] [stdout] 
[INFO] [stdout] 
[INFO] [stdout] error[E0433]: cannot find module or crate `softcore_asm_rv64` in this scope
[INFO] [stdout]    --> anchor/src/arch.rs:58:9
[INFO] [stdout]     |
[INFO] [stdout]  50 | macro_rules! soft_asm {
[INFO] [stdout] ...
[INFO] [stdout]  58 |         softcore_asm_rv64::asm!(
[INFO] [stdout]     |         ^^^^^^^^^^^^^^^^^ use of unresolved module or unlinked crate `softcore_asm_rv64`
[INFO] [stdout] ...
[INFO] [stdout] 252 |             7 => soft_asm!("csrr {x}, pmpaddr7", x = out(reg) pmpaddr),
[INFO] [stdout]     |                  ----------------------------------------------------- in this macro invocation
[INFO] [stdout] 
[INFO] [stdout] 
[INFO] [stdout] error[E0433]: cannot find module or crate `softcore_asm_rv64` in this scope
[INFO] [stdout]    --> anchor/src/arch.rs:58:9
[INFO] [stdout]     |
[INFO] [stdout]  50 | macro_rules! soft_asm {
[INFO] [stdout] ...
[INFO] [stdout]  58 |         softcore_asm_rv64::asm!(
[INFO] [stdout]     |         ^^^^^^^^^^^^^^^^^ use of unresolved module or unlinked crate `softcore_asm_rv64`
[INFO] [stdout] ...
[INFO] [stdout] 253 |             8 => soft_asm!("csrr {x}, pmpaddr8", x = out(reg) pmpaddr),
[INFO] [stdout]     |                  ----------------------------------------------------- in this macro invocation
[INFO] [stdout] 
[INFO] [stdout] 
[INFO] [stdout] error[E0433]: cannot find module or crate `softcore_asm_rv64` in this scope
[INFO] [stdout]    --> anchor/src/arch.rs:58:9
[INFO] [stdout]     |
[INFO] [stdout]  50 | macro_rules! soft_asm {
[INFO] [stdout] ...
[INFO] [stdout]  58 |         softcore_asm_rv64::asm!(
[INFO] [stdout]     |         ^^^^^^^^^^^^^^^^^ use of unresolved module or unlinked crate `softcore_asm_rv64`
[INFO] [stdout] ...
[INFO] [stdout] 254 |             9 => soft_asm!("csrr {x}, pmpaddr9", x = out(reg) pmpaddr),
[INFO] [stdout]     |                  ----------------------------------------------------- in this macro invocation
[INFO] [stdout] 
[INFO] [stdout] 
[INFO] [stdout] error[E0433]: cannot find module or crate `softcore_asm_rv64` in this scope
[INFO] [stdout]    --> anchor/src/arch.rs:58:9
[INFO] [stdout]     |
[INFO] [stdout]  50 | macro_rules! soft_asm {
[INFO] [stdout] ...
[INFO] [stdout]  58 |         softcore_asm_rv64::asm!(
[INFO] [stdout]     |         ^^^^^^^^^^^^^^^^^ use of unresolved module or unlinked crate `softcore_asm_rv64`
[INFO] [stdout] ...
[INFO] [stdout] 255 |             10 => soft_asm!("csrr {x}, pmpaddr10", x = out(reg) pmpaddr),
[INFO] [stdout]     |                   ------------------------------------------------------ in this macro invocation
[INFO] [stdout] 
[INFO] [stdout] 
[INFO] [stdout] error[E0433]: cannot find module or crate `softcore_asm_rv64` in this scope
[INFO] [stdout]    --> anchor/src/arch.rs:58:9
[INFO] [stdout]     |
[INFO] [stdout]  50 | macro_rules! soft_asm {
[INFO] [stdout] ...
[INFO] [stdout]  58 |         softcore_asm_rv64::asm!(
[INFO] [stdout]     |         ^^^^^^^^^^^^^^^^^ use of unresolved module or unlinked crate `softcore_asm_rv64`
[INFO] [stdout] ...
[INFO] [stdout] 256 |             11 => soft_asm!("csrr {x}, pmpaddr11", x = out(reg) pmpaddr),
[INFO] [stdout]     |                   ------------------------------------------------------ in this macro invocation
[INFO] [stdout] 
[INFO] [stdout] 
[INFO] [stdout] error[E0433]: cannot find module or crate `softcore_asm_rv64` in this scope
[INFO] [stdout]    --> anchor/src/arch.rs:58:9
[INFO] [stdout]     |
[INFO] [stdout]  50 | macro_rules! soft_asm {
[INFO] [stdout] ...
[INFO] [stdout]  58 |         softcore_asm_rv64::asm!(
[INFO] [stdout]     |         ^^^^^^^^^^^^^^^^^ use of unresolved module or unlinked crate `softcore_asm_rv64`
[INFO] [stdout] ...
[INFO] [stdout] 257 |             12 => soft_asm!("csrr {x}, pmpaddr12", x = out(reg) pmpaddr),
[INFO] [stdout]     |                   ------------------------------------------------------ in this macro invocation
[INFO] [stdout] 
[INFO] [stdout] 
[INFO] [stdout] error[E0433]: cannot find module or crate `softcore_asm_rv64` in this scope
[INFO] [stdout]    --> anchor/src/arch.rs:58:9
[INFO] [stdout]     |
[INFO] [stdout]  50 | macro_rules! soft_asm {
[INFO] [stdout] ...
[INFO] [stdout]  58 |         softcore_asm_rv64::asm!(
[INFO] [stdout]     |         ^^^^^^^^^^^^^^^^^ use of unresolved module or unlinked crate `softcore_asm_rv64`
[INFO] [stdout] ...
[INFO] [stdout] 258 |             13 => soft_asm!("csrr {x}, pmpaddr13", x = out(reg) pmpaddr),
[INFO] [stdout]     |                   ------------------------------------------------------ in this macro invocation
[INFO] [stdout] 
[INFO] [stdout] 
[INFO] [stdout] error[E0433]: cannot find module or crate `softcore_asm_rv64` in this scope
[INFO] [stdout]    --> anchor/src/arch.rs:58:9
[INFO] [stdout]     |
[INFO] [stdout]  50 | macro_rules! soft_asm {
[INFO] [stdout] ...
[INFO] [stdout]  58 |         softcore_asm_rv64::asm!(
[INFO] [stdout]     |         ^^^^^^^^^^^^^^^^^ use of unresolved module or unlinked crate `softcore_asm_rv64`
[INFO] [stdout] ...
[INFO] [stdout] 259 |             14 => soft_asm!("csrr {x}, pmpaddr14", x = out(reg) pmpaddr),
[INFO] [stdout]     |                   ------------------------------------------------------ in this macro invocation
[INFO] [stdout] 
[INFO] [stdout] 
[INFO] [stdout] error[E0433]: cannot find module or crate `softcore_asm_rv64` in this scope
[INFO] [stdout]    --> anchor/src/arch.rs:58:9
[INFO] [stdout]     |
[INFO] [stdout]  50 | macro_rules! soft_asm {
[INFO] [stdout] ...
[INFO] [stdout]  58 |         softcore_asm_rv64::asm!(
[INFO] [stdout]     |         ^^^^^^^^^^^^^^^^^ use of unresolved module or unlinked crate `softcore_asm_rv64`
[INFO] [stdout] ...
[INFO] [stdout] 260 |             15 => soft_asm!("csrr {x}, pmpaddr15", x = out(reg) pmpaddr),
[INFO] [stdout]     |                   ------------------------------------------------------ in this macro invocation
[INFO] [stdout] 
[INFO] [stdout] 
[INFO] [stdout] error[E0433]: cannot find module or crate `softcore_asm_rv64` in this scope
[INFO] [stdout]    --> anchor/src/arch.rs:58:9
[INFO] [stdout]     |
[INFO] [stdout]  50 | macro_rules! soft_asm {
[INFO] [stdout] ...
[INFO] [stdout]  58 |         softcore_asm_rv64::asm!(
[INFO] [stdout]     |         ^^^^^^^^^^^^^^^^^ use of unresolved module or unlinked crate `softcore_asm_rv64`
[INFO] [stdout] ...
[INFO] [stdout] 261 |             16 => soft_asm!("csrr {x}, pmpaddr16", x = out(reg) pmpaddr),
[INFO] [stdout]     |                   ------------------------------------------------------ in this macro invocation
[INFO] [stdout] 
[INFO] [stdout] 
[INFO] [stdout] error[E0433]: cannot find module or crate `softcore_asm_rv64` in this scope
[INFO] [stdout]    --> anchor/src/arch.rs:58:9
[INFO] [stdout]     |
[INFO] [stdout]  50 | macro_rules! soft_asm {
[INFO] [stdout] ...
[INFO] [stdout]  58 |         softcore_asm_rv64::asm!(
[INFO] [stdout]     |         ^^^^^^^^^^^^^^^^^ use of unresolved module or unlinked crate `softcore_asm_rv64`
[INFO] [stdout] ...
[INFO] [stdout] 262 |             17 => soft_asm!("csrr {x}, pmpaddr17", x = out(reg) pmpaddr),
[INFO] [stdout]     |                   ------------------------------------------------------ in this macro invocation
[INFO] [stdout] 
[INFO] [stdout] 
[INFO] [stdout] error[E0433]: cannot find module or crate `softcore_asm_rv64` in this scope
[INFO] [stdout]    --> anchor/src/arch.rs:58:9
[INFO] [stdout]     |
[INFO] [stdout]  50 | macro_rules! soft_asm {
[INFO] [stdout] ...
[INFO] [stdout]  58 |         softcore_asm_rv64::asm!(
[INFO] [stdout]     |         ^^^^^^^^^^^^^^^^^ use of unresolved module or unlinked crate `softcore_asm_rv64`
[INFO] [stdout] ...
[INFO] [stdout] 263 |             18 => soft_asm!("csrr {x}, pmpaddr18", x = out(reg) pmpaddr),
[INFO] [stdout]     |                   ------------------------------------------------------ in this macro invocation
[INFO] [stdout] 
[INFO] [stdout] 
[INFO] [stdout] error[E0433]: cannot find module or crate `softcore_asm_rv64` in this scope
[INFO] [stdout]    --> anchor/src/arch.rs:58:9
[INFO] [stdout]     |
[INFO] [stdout]  50 | macro_rules! soft_asm {
[INFO] [stdout] ...
[INFO] [stdout]  58 |         softcore_asm_rv64::asm!(
[INFO] [stdout]     |         ^^^^^^^^^^^^^^^^^ use of unresolved module or unlinked crate `softcore_asm_rv64`
[INFO] [stdout] ...
[INFO] [stdout] 264 |             19 => soft_asm!("csrr {x}, pmpaddr19", x = out(reg) pmpaddr),
[INFO] [stdout]     |                   ------------------------------------------------------ in this macro invocation
[INFO] [stdout] 
[INFO] [stdout] 
[INFO] [stdout] error[E0433]: cannot find module or crate `softcore_asm_rv64` in this scope
[INFO] [stdout]    --> anchor/src/arch.rs:58:9
[INFO] [stdout]     |
[INFO] [stdout]  50 | macro_rules! soft_asm {
[INFO] [stdout] ...
[INFO] [stdout]  58 |         softcore_asm_rv64::asm!(
[INFO] [stdout]     |         ^^^^^^^^^^^^^^^^^ use of unresolved module or unlinked crate `softcore_asm_rv64`
[INFO] [stdout] ...
[INFO] [stdout] 265 |             20 => soft_asm!("csrr {x}, pmpaddr20", x = out(reg) pmpaddr),
[INFO] [stdout]     |                   ------------------------------------------------------ in this macro invocation
[INFO] [stdout] 
[INFO] [stdout] 
[INFO] [stdout] error[E0433]: cannot find module or crate `softcore_asm_rv64` in this scope
[INFO] [stdout]    --> anchor/src/arch.rs:58:9
[INFO] [stdout]     |
[INFO] [stdout]  50 | macro_rules! soft_asm {
[INFO] [stdout] ...
[INFO] [stdout]  58 |         softcore_asm_rv64::asm!(
[INFO] [stdout]     |         ^^^^^^^^^^^^^^^^^ use of unresolved module or unlinked crate `softcore_asm_rv64`
[INFO] [stdout] ...
[INFO] [stdout] 266 |             21 => soft_asm!("csrr {x}, pmpaddr21", x = out(reg) pmpaddr),
[INFO] [stdout]     |                   ------------------------------------------------------ in this macro invocation
[INFO] [stdout] 
[INFO] [stdout] 
[INFO] [stdout] error[E0433]: cannot find module or crate `softcore_asm_rv64` in this scope
[INFO] [stdout]    --> anchor/src/arch.rs:58:9
[INFO] [stdout]     |
[INFO] [stdout]  50 | macro_rules! soft_asm {
[INFO] [stdout] ...
[INFO] [stdout]  58 |         softcore_asm_rv64::asm!(
[INFO] [stdout]     |         ^^^^^^^^^^^^^^^^^ use of unresolved module or unlinked crate `softcore_asm_rv64`
[INFO] [stdout] ...
[INFO] [stdout] 267 |             22 => soft_asm!("csrr {x}, pmpaddr22", x = out(reg) pmpaddr),
[INFO] [stdout]     |                   ------------------------------------------------------ in this macro invocation
[INFO] [stdout] 
[INFO] [stdout] 
[INFO] [stdout] error[E0433]: cannot find module or crate `softcore_asm_rv64` in this scope
[INFO] [stdout]    --> anchor/src/arch.rs:58:9
[INFO] [stdout]     |
[INFO] [stdout]  50 | macro_rules! soft_asm {
[INFO] [stdout] ...
[INFO] [stdout]  58 |         softcore_asm_rv64::asm!(
[INFO] [stdout]     |         ^^^^^^^^^^^^^^^^^ use of unresolved module or unlinked crate `softcore_asm_rv64`
[INFO] [stdout] ...
[INFO] [stdout] 268 |             23 => soft_asm!("csrr {x}, pmpaddr23", x = out(reg) pmpaddr),
[INFO] [stdout]     |                   ------------------------------------------------------ in this macro invocation
[INFO] [stdout] 
[INFO] [stdout] 
[INFO] [stdout] error[E0433]: cannot find module or crate `softcore_asm_rv64` in this scope
[INFO] [stdout]    --> anchor/src/arch.rs:58:9
[INFO] [stdout]     |
[INFO] [stdout]  50 | macro_rules! soft_asm {
[INFO] [stdout] ...
[INFO] [stdout]  58 |         softcore_asm_rv64::asm!(
[INFO] [stdout]     |         ^^^^^^^^^^^^^^^^^ use of unresolved module or unlinked crate `softcore_asm_rv64`
[INFO] [stdout] ...
[INFO] [stdout] 269 |             24 => soft_asm!("csrr {x}, pmpaddr24", x = out(reg) pmpaddr),
[INFO] [stdout]     |                   ------------------------------------------------------ in this macro invocation
[INFO] [stdout] 
[INFO] [stdout] 
[INFO] [stdout] error[E0433]: cannot find module or crate `softcore_asm_rv64` in this scope
[INFO] [stdout]    --> anchor/src/arch.rs:58:9
[INFO] [stdout]     |
[INFO] [stdout]  50 | macro_rules! soft_asm {
[INFO] [stdout] ...
[INFO] [stdout]  58 |         softcore_asm_rv64::asm!(
[INFO] [stdout]     |         ^^^^^^^^^^^^^^^^^ use of unresolved module or unlinked crate `softcore_asm_rv64`
[INFO] [stdout] ...
[INFO] [stdout] 270 |             25 => soft_asm!("csrr {x}, pmpaddr25", x = out(reg) pmpaddr),
[INFO] [stdout]     |                   ------------------------------------------------------ in this macro invocation
[INFO] [stdout] 
[INFO] [stdout] 
[INFO] [stdout] error[E0433]: cannot find module or crate `softcore_asm_rv64` in this scope
[INFO] [stdout]    --> anchor/src/arch.rs:58:9
[INFO] [stdout]     |
[INFO] [stdout]  50 | macro_rules! soft_asm {
[INFO] [stdout] ...
[INFO] [stdout]  58 |         softcore_asm_rv64::asm!(
[INFO] [stdout]     |         ^^^^^^^^^^^^^^^^^ use of unresolved module or unlinked crate `softcore_asm_rv64`
[INFO] [stdout] ...
[INFO] [stdout] 271 |             26 => soft_asm!("csrr {x}, pmpaddr26", x = out(reg) pmpaddr),
[INFO] [stdout]     |                   ------------------------------------------------------ in this macro invocation
[INFO] [stdout] 
[INFO] [stdout] 
[INFO] [stdout] error[E0433]: cannot find module or crate `softcore_asm_rv64` in this scope
[INFO] [stdout]    --> anchor/src/arch.rs:58:9
[INFO] [stdout]     |
[INFO] [stdout]  50 | macro_rules! soft_asm {
[INFO] [stdout] ...
[INFO] [stdout]  58 |         softcore_asm_rv64::asm!(
[INFO] [stdout]     |         ^^^^^^^^^^^^^^^^^ use of unresolved module or unlinked crate `softcore_asm_rv64`
[INFO] [stdout] ...
[INFO] [stdout] 272 |             27 => soft_asm!("csrr {x}, pmpaddr27", x = out(reg) pmpaddr),
[INFO] [stdout]     |                   ------------------------------------------------------ in this macro invocation
[INFO] [stdout] 
[INFO] [stdout] 
[INFO] [stdout] error[E0433]: cannot find module or crate `softcore_asm_rv64` in this scope
[INFO] [stdout]    --> anchor/src/arch.rs:58:9
[INFO] [stdout]     |
[INFO] [stdout]  50 | macro_rules! soft_asm {
[INFO] [stdout] ...
[INFO] [stdout]  58 |         softcore_asm_rv64::asm!(
[INFO] [stdout]     |         ^^^^^^^^^^^^^^^^^ use of unresolved module or unlinked crate `softcore_asm_rv64`
[INFO] [stdout] ...
[INFO] [stdout] 273 |             28 => soft_asm!("csrr {x}, pmpaddr28", x = out(reg) pmpaddr),
[INFO] [stdout]     |                   ------------------------------------------------------ in this macro invocation
[INFO] [stdout] 
[INFO] [stdout] 
[INFO] [stdout] error[E0433]: cannot find module or crate `softcore_asm_rv64` in this scope
[INFO] [stdout]    --> anchor/src/arch.rs:58:9
[INFO] [stdout]     |
[INFO] [stdout]  50 | macro_rules! soft_asm {
[INFO] [stdout] ...
[INFO] [stdout]  58 |         softcore_asm_rv64::asm!(
[INFO] [stdout]     |         ^^^^^^^^^^^^^^^^^ use of unresolved module or unlinked crate `softcore_asm_rv64`
[INFO] [stdout] ...
[INFO] [stdout] 274 |             29 => soft_asm!("csrr {x}, pmpaddr29", x = out(reg) pmpaddr),
[INFO] [stdout]     |                   ------------------------------------------------------ in this macro invocation
[INFO] [stdout] 
[INFO] [stdout] 
[INFO] [stdout] error[E0433]: cannot find module or crate `softcore_asm_rv64` in this scope
[INFO] [stdout]    --> anchor/src/arch.rs:58:9
[INFO] [stdout]     |
[INFO] [stdout]  50 | macro_rules! soft_asm {
[INFO] [stdout] ...
[INFO] [stdout]  58 |         softcore_asm_rv64::asm!(
[INFO] [stdout]     |         ^^^^^^^^^^^^^^^^^ use of unresolved module or unlinked crate `softcore_asm_rv64`
[INFO] [stdout] ...
[INFO] [stdout] 275 |             30 => soft_asm!("csrr {x}, pmpaddr30", x = out(reg) pmpaddr),
[INFO] [stdout]     |                   ------------------------------------------------------ in this macro invocation
[INFO] [stdout] 
[INFO] [stdout] 
[INFO] [stdout] error[E0433]: cannot find module or crate `softcore_asm_rv64` in this scope
[INFO] [stdout]    --> anchor/src/arch.rs:58:9
[INFO] [stdout]     |
[INFO] [stdout]  50 | macro_rules! soft_asm {
[INFO] [stdout] ...
[INFO] [stdout]  58 |         softcore_asm_rv64::asm!(
[INFO] [stdout]     |         ^^^^^^^^^^^^^^^^^ use of unresolved module or unlinked crate `softcore_asm_rv64`
[INFO] [stdout] ...
[INFO] [stdout] 276 |             31 => soft_asm!("csrr {x}, pmpaddr31", x = out(reg) pmpaddr),
[INFO] [stdout]     |                   ------------------------------------------------------ in this macro invocation
[INFO] [stdout] 
[INFO] [stdout] 
[INFO] [stdout] error[E0433]: cannot find module or crate `softcore_asm_rv64` in this scope
[INFO] [stdout]    --> anchor/src/arch.rs:58:9
[INFO] [stdout]     |
[INFO] [stdout]  50 | macro_rules! soft_asm {
[INFO] [stdout] ...
[INFO] [stdout]  58 |         softcore_asm_rv64::asm!(
[INFO] [stdout]     |         ^^^^^^^^^^^^^^^^^ use of unresolved module or unlinked crate `softcore_asm_rv64`
[INFO] [stdout] ...
[INFO] [stdout] 277 |             32 => soft_asm!("csrr {x}, pmpaddr32", x = out(reg) pmpaddr),
[INFO] [stdout]     |                   ------------------------------------------------------ in this macro invocation
[INFO] [stdout] 
[INFO] [stdout] 
[INFO] [stdout] error[E0433]: cannot find module or crate `softcore_asm_rv64` in this scope
[INFO] [stdout]    --> anchor/src/arch.rs:58:9
[INFO] [stdout]     |
[INFO] [stdout]  50 | macro_rules! soft_asm {
[INFO] [stdout] ...
[INFO] [stdout]  58 |         softcore_asm_rv64::asm!(
[INFO] [stdout]     |         ^^^^^^^^^^^^^^^^^ use of unresolved module or unlinked crate `softcore_asm_rv64`
[INFO] [stdout] ...
[INFO] [stdout] 278 |             33 => soft_asm!("csrr {x}, pmpaddr33", x = out(reg) pmpaddr),
[INFO] [stdout]     |                   ------------------------------------------------------ in this macro invocation
[INFO] [stdout] 
[INFO] [stdout] 
[INFO] [stdout] error[E0433]: cannot find module or crate `softcore_asm_rv64` in this scope
[INFO] [stdout]    --> anchor/src/arch.rs:58:9
[INFO] [stdout]     |
[INFO] [stdout]  50 | macro_rules! soft_asm {
[INFO] [stdout] ...
[INFO] [stdout]  58 |         softcore_asm_rv64::asm!(
[INFO] [stdout]     |         ^^^^^^^^^^^^^^^^^ use of unresolved module or unlinked crate `softcore_asm_rv64`
[INFO] [stdout] ...
[INFO] [stdout] 279 |             34 => soft_asm!("csrr {x}, pmpaddr34", x = out(reg) pmpaddr),
[INFO] [stdout]     |                   ------------------------------------------------------ in this macro invocation
[INFO] [stdout] 
[INFO] [stdout] 
[INFO] [stdout] error[E0433]: cannot find module or crate `softcore_asm_rv64` in this scope
[INFO] [stdout]    --> anchor/src/arch.rs:58:9
[INFO] [stdout]     |
[INFO] [stdout]  50 | macro_rules! soft_asm {
[INFO] [stdout] ...
[INFO] [stdout]  58 |         softcore_asm_rv64::asm!(
[INFO] [stdout]     |         ^^^^^^^^^^^^^^^^^ use of unresolved module or unlinked crate `softcore_asm_rv64`
[INFO] [stdout] ...
[INFO] [stdout] 280 |             35 => soft_asm!("csrr {x}, pmpaddr35", x = out(reg) pmpaddr),
[INFO] [stdout]     |                   ------------------------------------------------------ in this macro invocation
[INFO] [stdout] 
[INFO] [stdout] 
[INFO] [stdout] error[E0433]: cannot find module or crate `softcore_asm_rv64` in this scope
[INFO] [stdout]    --> anchor/src/arch.rs:58:9
[INFO] [stdout]     |
[INFO] [stdout]  50 | macro_rules! soft_asm {
[INFO] [stdout] ...
[INFO] [stdout]  58 |         softcore_asm_rv64::asm!(
[INFO] [stdout]     |         ^^^^^^^^^^^^^^^^^ use of unresolved module or unlinked crate `softcore_asm_rv64`
[INFO] [stdout] ...
[INFO] [stdout] 281 |             36 => soft_asm!("csrr {x}, pmpaddr36", x = out(reg) pmpaddr),
[INFO] [stdout]     |                   ------------------------------------------------------ in this macro invocation
[INFO] [stdout] 
[INFO] [stdout] 
[INFO] [stdout] error[E0433]: cannot find module or crate `softcore_asm_rv64` in this scope
[INFO] [stdout]    --> anchor/src/arch.rs:58:9
[INFO] [stdout]     |
[INFO] [stdout]  50 | macro_rules! soft_asm {
[INFO] [stdout] ...
[INFO] [stdout]  58 |         softcore_asm_rv64::asm!(
[INFO] [stdout]     |         ^^^^^^^^^^^^^^^^^ use of unresolved module or unlinked crate `softcore_asm_rv64`
[INFO] [stdout] ...
[INFO] [stdout] 282 |             37 => soft_asm!("csrr {x}, pmpaddr37", x = out(reg) pmpaddr),
[INFO] [stdout]     |                   ------------------------------------------------------ in this macro invocation
[INFO] [stdout] 
[INFO] [stdout] 
[INFO] [stdout] error[E0433]: cannot find module or crate `softcore_asm_rv64` in this scope
[INFO] [stdout]    --> anchor/src/arch.rs:58:9
[INFO] [stdout]     |
[INFO] [stdout]  50 | macro_rules! soft_asm {
[INFO] [stdout] ...
[INFO] [stdout]  58 |         softcore_asm_rv64::asm!(
[INFO] [stdout]     |         ^^^^^^^^^^^^^^^^^ use of unresolved module or unlinked crate `softcore_asm_rv64`
[INFO] [stdout] ...
[INFO] [stdout] 283 |             38 => soft_asm!("csrr {x}, pmpaddr38", x = out(reg) pmpaddr),
[INFO] [stdout]     |                   ------------------------------------------------------ in this macro invocation
[INFO] [stdout] 
[INFO] [stdout] 
[INFO] [stdout] error[E0433]: cannot find module or crate `softcore_asm_rv64` in this scope
[INFO] [stdout]    --> anchor/src/arch.rs:58:9
[INFO] [stdout]     |
[INFO] [stdout]  50 | macro_rules! soft_asm {
[INFO] [stdout] ...
[INFO] [stdout]  58 |         softcore_asm_rv64::asm!(
[INFO] [stdout]     |         ^^^^^^^^^^^^^^^^^ use of unresolved module or unlinked crate `softcore_asm_rv64`
[INFO] [stdout] ...
[INFO] [stdout] 284 |             39 => soft_asm!("csrr {x}, pmpaddr39", x = out(reg) pmpaddr),
[INFO] [stdout]     |                   ------------------------------------------------------ in this macro invocation
[INFO] [stdout] 
[INFO] [stdout] 
[INFO] [stdout] error[E0433]: cannot find module or crate `softcore_asm_rv64` in this scope
[INFO] [stdout]    --> anchor/src/arch.rs:58:9
[INFO] [stdout]     |
[INFO] [stdout]  50 | macro_rules! soft_asm {
[INFO] [stdout] ...
[INFO] [stdout]  58 |         softcore_asm_rv64::asm!(
[INFO] [stdout]     |         ^^^^^^^^^^^^^^^^^ use of unresolved module or unlinked crate `softcore_asm_rv64`
[INFO] [stdout] ...
[INFO] [stdout] 285 |             40 => soft_asm!("csrr {x}, pmpaddr40", x = out(reg) pmpaddr),
[INFO] [stdout]     |                   ------------------------------------------------------ in this macro invocation
[INFO] [stdout] 
[INFO] [stdout] 
[INFO] [stdout] error[E0433]: cannot find module or crate `softcore_asm_rv64` in this scope
[INFO] [stdout]    --> anchor/src/arch.rs:58:9
[INFO] [stdout]     |
[INFO] [stdout]  50 | macro_rules! soft_asm {
[INFO] [stdout] ...
[INFO] [stdout]  58 |         softcore_asm_rv64::asm!(
[INFO] [stdout]     |         ^^^^^^^^^^^^^^^^^ use of unresolved module or unlinked crate `softcore_asm_rv64`
[INFO] [stdout] ...
[INFO] [stdout] 286 |             41 => soft_asm!("csrr {x}, pmpaddr41", x = out(reg) pmpaddr),
[INFO] [stdout]     |                   ------------------------------------------------------ in this macro invocation
[INFO] [stdout] 
[INFO] [stdout] 
[INFO] [stdout] error[E0433]: cannot find module or crate `softcore_asm_rv64` in this scope
[INFO] [stdout]    --> anchor/src/arch.rs:58:9
[INFO] [stdout]     |
[INFO] [stdout]  50 | macro_rules! soft_asm {
[INFO] [stdout] ...
[INFO] [stdout]  58 |         softcore_asm_rv64::asm!(
[INFO] [stdout]     |         ^^^^^^^^^^^^^^^^^ use of unresolved module or unlinked crate `softcore_asm_rv64`
[INFO] [stdout] ...
[INFO] [stdout] 287 |             42 => soft_asm!("csrr {x}, pmpaddr42", x = out(reg) pmpaddr),
[INFO] [stdout]     |                   ------------------------------------------------------ in this macro invocation
[INFO] [stdout] 
[INFO] [stdout] 
[INFO] [stdout] error[E0433]: cannot find module or crate `softcore_asm_rv64` in this scope
[INFO] [stdout]    --> anchor/src/arch.rs:58:9
[INFO] [stdout]     |
[INFO] [stdout]  50 | macro_rules! soft_asm {
[INFO] [stdout] ...
[INFO] [stdout]  58 |         softcore_asm_rv64::asm!(
[INFO] [stdout]     |         ^^^^^^^^^^^^^^^^^ use of unresolved module or unlinked crate `softcore_asm_rv64`
[INFO] [stdout] ...
[INFO] [stdout] 288 |             43 => soft_asm!("csrr {x}, pmpaddr43", x = out(reg) pmpaddr),
[INFO] [stdout]     |                   ------------------------------------------------------ in this macro invocation
[INFO] [stdout] 
[INFO] [stdout] 
[INFO] [stdout] error[E0433]: cannot find module or crate `softcore_asm_rv64` in this scope
[INFO] [stdout]    --> anchor/src/arch.rs:58:9
[INFO] [stdout]     |
[INFO] [stdout]  50 | macro_rules! soft_asm {
[INFO] [stdout] ...
[INFO] [stdout]  58 |         softcore_asm_rv64::asm!(
[INFO] [stdout]     |         ^^^^^^^^^^^^^^^^^ use of unresolved module or unlinked crate `softcore_asm_rv64`
[INFO] [stdout] ...
[INFO] [stdout] 289 |             44 => soft_asm!("csrr {x}, pmpaddr44", x = out(reg) pmpaddr),
[INFO] [stdout]     |                   ------------------------------------------------------ in this macro invocation
[INFO] [stdout] 
[INFO] [stdout] 
[INFO] [stdout] error[E0433]: cannot find module or crate `softcore_asm_rv64` in this scope
[INFO] [stdout]    --> anchor/src/arch.rs:58:9
[INFO] [stdout]     |
[INFO] [stdout]  50 | macro_rules! soft_asm {
[INFO] [stdout] ...
[INFO] [stdout]  58 |         softcore_asm_rv64::asm!(
[INFO] [stdout]     |         ^^^^^^^^^^^^^^^^^ use of unresolved module or unlinked crate `softcore_asm_rv64`
[INFO] [stdout] ...
[INFO] [stdout] 290 |             45 => soft_asm!("csrr {x}, pmpaddr45", x = out(reg) pmpaddr),
[INFO] [stdout]     |                   ------------------------------------------------------ in this macro invocation
[INFO] [stdout] 
[INFO] [stdout] 
[INFO] [stdout] error[E0433]: cannot find module or crate `softcore_asm_rv64` in this scope
[INFO] [stdout]    --> anchor/src/arch.rs:58:9
[INFO] [stdout]     |
[INFO] [stdout]  50 | macro_rules! soft_asm {
[INFO] [stdout] ...
[INFO] [stdout]  58 |         softcore_asm_rv64::asm!(
[INFO] [stdout]     |         ^^^^^^^^^^^^^^^^^ use of unresolved module or unlinked crate `softcore_asm_rv64`
[INFO] [stdout] ...
[INFO] [stdout] 291 |             46 => soft_asm!("csrr {x}, pmpaddr46", x = out(reg) pmpaddr),
[INFO] [stdout]     |                   ------------------------------------------------------ in this macro invocation
[INFO] [stdout] 
[INFO] [stdout] 
[INFO] [stdout] error[E0433]: cannot find module or crate `softcore_asm_rv64` in this scope
[INFO] [stdout]    --> anchor/src/arch.rs:58:9
[INFO] [stdout]     |
[INFO] [stdout]  50 | macro_rules! soft_asm {
[INFO] [stdout] ...
[INFO] [stdout]  58 |         softcore_asm_rv64::asm!(
[INFO] [stdout]     |         ^^^^^^^^^^^^^^^^^ use of unresolved module or unlinked crate `softcore_asm_rv64`
[INFO] [stdout] ...
[INFO] [stdout] 292 |             47 => soft_asm!("csrr {x}, pmpaddr47", x = out(reg) pmpaddr),
[INFO] [stdout]     |                   ------------------------------------------------------ in this macro invocation
[INFO] [stdout] 
[INFO] [stdout] 
[INFO] [stdout] error[E0433]: cannot find module or crate `softcore_asm_rv64` in this scope
[INFO] [stdout]    --> anchor/src/arch.rs:58:9
[INFO] [stdout]     |
[INFO] [stdout]  50 | macro_rules! soft_asm {
[INFO] [stdout] ...
[INFO] [stdout]  58 |         softcore_asm_rv64::asm!(
[INFO] [stdout]     |         ^^^^^^^^^^^^^^^^^ use of unresolved module or unlinked crate `softcore_asm_rv64`
[INFO] [stdout] ...
[INFO] [stdout] 293 |             48 => soft_asm!("csrr {x}, pmpaddr48", x = out(reg) pmpaddr),
[INFO] [stdout]     |                   ------------------------------------------------------ in this macro invocation
[INFO] [stdout] 
[INFO] [stdout] 
[INFO] [stdout] error[E0433]: cannot find module or crate `softcore_asm_rv64` in this scope
[INFO] [stdout]    --> anchor/src/arch.rs:58:9
[INFO] [stdout]     |
[INFO] [stdout]  50 | macro_rules! soft_asm {
[INFO] [stdout] ...
[INFO] [stdout]  58 |         softcore_asm_rv64::asm!(
[INFO] [stdout]     |         ^^^^^^^^^^^^^^^^^ use of unresolved module or unlinked crate `softcore_asm_rv64`
[INFO] [stdout] ...
[INFO] [stdout] 294 |             49 => soft_asm!("csrr {x}, pmpaddr49", x = out(reg) pmpaddr),
[INFO] [stdout]     |                   ------------------------------------------------------ in this macro invocation
[INFO] [stdout] 
[INFO] [stdout] 
[INFO] [stdout] error[E0433]: cannot find module or crate `softcore_asm_rv64` in this scope
[INFO] [stdout]    --> anchor/src/arch.rs:58:9
[INFO] [stdout]     |
[INFO] [stdout]  50 | macro_rules! soft_asm {
[INFO] [stdout] ...
[INFO] [stdout]  58 |         softcore_asm_rv64::asm!(
[INFO] [stdout]     |         ^^^^^^^^^^^^^^^^^ use of unresolved module or unlinked crate `softcore_asm_rv64`
[INFO] [stdout] ...
[INFO] [stdout] 295 |             50 => soft_asm!("csrr {x}, pmpaddr50", x = out(reg) pmpaddr),
[INFO] [stdout]     |                   ------------------------------------------------------ in this macro invocation
[INFO] [stdout] 
[INFO] [stdout] 
[INFO] [stdout] error[E0433]: cannot find module or crate `softcore_asm_rv64` in this scope
[INFO] [stdout]    --> anchor/src/arch.rs:58:9
[INFO] [stdout]     |
[INFO] [stdout]  50 | macro_rules! soft_asm {
[INFO] [stdout] ...
[INFO] [stdout]  58 |         softcore_asm_rv64::asm!(
[INFO] [stdout]     |         ^^^^^^^^^^^^^^^^^ use of unresolved module or unlinked crate `softcore_asm_rv64`
[INFO] [stdout] ...
[INFO] [stdout] 296 |             51 => soft_asm!("csrr {x}, pmpaddr51", x = out(reg) pmpaddr),
[INFO] [stdout]     |                   ------------------------------------------------------ in this macro invocation
[INFO] [stdout] 
[INFO] [stdout] 
[INFO] [stdout] error[E0433]: cannot find module or crate `softcore_asm_rv64` in this scope
[INFO] [stdout]    --> anchor/src/arch.rs:58:9
[INFO] [stdout]     |
[INFO] [stdout]  50 | macro_rules! soft_asm {
[INFO] [stdout] ...
[INFO] [stdout]  58 |         softcore_asm_rv64::asm!(
[INFO] [stdout]     |         ^^^^^^^^^^^^^^^^^ use of unresolved module or unlinked crate `softcore_asm_rv64`
[INFO] [stdout] ...
[INFO] [stdout] 297 |             52 => soft_asm!("csrr {x}, pmpaddr52", x = out(reg) pmpaddr),
[INFO] [stdout]     |                   ------------------------------------------------------ in this macro invocation
[INFO] [stdout] 
[INFO] [stdout] 
[INFO] [stdout] error[E0433]: cannot find module or crate `softcore_asm_rv64` in this scope
[INFO] [stdout]    --> anchor/src/arch.rs:58:9
[INFO] [stdout]     |
[INFO] [stdout]  50 | macro_rules! soft_asm {
[INFO] [stdout] ...
[INFO] [stdout]  58 |         softcore_asm_rv64::asm!(
[INFO] [stdout]     |         ^^^^^^^^^^^^^^^^^ use of unresolved module or unlinked crate `softcore_asm_rv64`
[INFO] [stdout] ...
[INFO] [stdout] 298 |             53 => soft_asm!("csrr {x}, pmpaddr53", x = out(reg) pmpaddr),
[INFO] [stdout]     |                   ------------------------------------------------------ in this macro invocation
[INFO] [stdout] 
[INFO] [stdout] 
[INFO] [stdout] error[E0433]: cannot find module or crate `softcore_asm_rv64` in this scope
[INFO] [stdout]    --> anchor/src/arch.rs:58:9
[INFO] [stdout]     |
[INFO] [stdout]  50 | macro_rules! soft_asm {
[INFO] [stdout] ...
[INFO] [stdout]  58 |         softcore_asm_rv64::asm!(
[INFO] [stdout]     |         ^^^^^^^^^^^^^^^^^ use of unresolved module or unlinked crate `softcore_asm_rv64`
[INFO] [stdout] ...
[INFO] [stdout] 299 |             54 => soft_asm!("csrr {x}, pmpaddr54", x = out(reg) pmpaddr),
[INFO] [stdout]     |                   ------------------------------------------------------ in this macro invocation
[INFO] [stdout] 
[INFO] [stdout] 
[INFO] [stdout] error[E0433]: cannot find module or crate `softcore_asm_rv64` in this scope
[INFO] [stdout]    --> anchor/src/arch.rs:58:9
[INFO] [stdout]     |
[INFO] [stdout]  50 | macro_rules! soft_asm {
[INFO] [stdout] ...
[INFO] [stdout]  58 |         softcore_asm_rv64::asm!(
[INFO] [stdout]     |         ^^^^^^^^^^^^^^^^^ use of unresolved module or unlinked crate `softcore_asm_rv64`
[INFO] [stdout] ...
[INFO] [stdout] 300 |             55 => soft_asm!("csrr {x}, pmpaddr55", x = out(reg) pmpaddr),
[INFO] [stdout]     |                   ------------------------------------------------------ in this macro invocation
[INFO] [stdout] 
[INFO] [stdout] 
[INFO] [stdout] error[E0433]: cannot find module or crate `softcore_asm_rv64` in this scope
[INFO] [stdout]    --> anchor/src/arch.rs:58:9
[INFO] [stdout]     |
[INFO] [stdout]  50 | macro_rules! soft_asm {
[INFO] [stdout] ...
[INFO] [stdout]  58 |         softcore_asm_rv64::asm!(
[INFO] [stdout]     |         ^^^^^^^^^^^^^^^^^ use of unresolved module or unlinked crate `softcore_asm_rv64`
[INFO] [stdout] ...
[INFO] [stdout] 301 |             56 => soft_asm!("csrr {x}, pmpaddr56", x = out(reg) pmpaddr),
[INFO] [stdout]     |                   ------------------------------------------------------ in this macro invocation
[INFO] [stdout] 
[INFO] [stdout] 
[INFO] [stdout] error[E0433]: cannot find module or crate `softcore_asm_rv64` in this scope
[INFO] [stdout]    --> anchor/src/arch.rs:58:9
[INFO] [stdout]     |
[INFO] [stdout]  50 | macro_rules! soft_asm {
[INFO] [stdout] ...
[INFO] [stdout]  58 |         softcore_asm_rv64::asm!(
[INFO] [stdout]     |         ^^^^^^^^^^^^^^^^^ use of unresolved module or unlinked crate `softcore_asm_rv64`
[INFO] [stdout] ...
[INFO] [stdout] 302 |             57 => soft_asm!("csrr {x}, pmpaddr57", x = out(reg) pmpaddr),
[INFO] [stdout]     |                   ------------------------------------------------------ in this macro invocation
[INFO] [stdout] 
[INFO] [stdout] 
[INFO] [stdout] error[E0433]: cannot find module or crate `softcore_asm_rv64` in this scope
[INFO] [stdout]    --> anchor/src/arch.rs:58:9
[INFO] [stdout]     |
[INFO] [stdout]  50 | macro_rules! soft_asm {
[INFO] [stdout] ...
[INFO] [stdout]  58 |         softcore_asm_rv64::asm!(
[INFO] [stdout]     |         ^^^^^^^^^^^^^^^^^ use of unresolved module or unlinked crate `softcore_asm_rv64`
[INFO] [stdout] ...
[INFO] [stdout] 303 |             58 => soft_asm!("csrr {x}, pmpaddr58", x = out(reg) pmpaddr),
[INFO] [stdout]     |                   ------------------------------------------------------ in this macro invocation
[INFO] [stdout] 
[INFO] [stdout] 
[INFO] [stdout] error[E0433]: cannot find module or crate `softcore_asm_rv64` in this scope
[INFO] [stdout]    --> anchor/src/arch.rs:58:9
[INFO] [stdout]     |
[INFO] [stdout]  50 | macro_rules! soft_asm {
[INFO] [stdout] ...
[INFO] [stdout]  58 |         softcore_asm_rv64::asm!(
[INFO] [stdout]     |         ^^^^^^^^^^^^^^^^^ use of unresolved module or unlinked crate `softcore_asm_rv64`
[INFO] [stdout] ...
[INFO] [stdout] 304 |             59 => soft_asm!("csrr {x}, pmpaddr59", x = out(reg) pmpaddr),
[INFO] [stdout]     |                   ------------------------------------------------------ in this macro invocation
[INFO] [stdout] 
[INFO] [stdout] 
[INFO] [stdout] error[E0433]: cannot find module or crate `softcore_asm_rv64` in this scope
[INFO] [stdout]    --> anchor/src/arch.rs:58:9
[INFO] [stdout]     |
[INFO] [stdout]  50 | macro_rules! soft_asm {
[INFO] [stdout] ...
[INFO] [stdout]  58 |         softcore_asm_rv64::asm!(
[INFO] [stdout]     |         ^^^^^^^^^^^^^^^^^ use of unresolved module or unlinked crate `softcore_asm_rv64`
[INFO] [stdout] ...
[INFO] [stdout] 305 |             60 => soft_asm!("csrr {x}, pmpaddr60", x = out(reg) pmpaddr),
[INFO] [stdout]     |                   ------------------------------------------------------ in this macro invocation
[INFO] [stdout] 
[INFO] [stdout] 
[INFO] [stdout] error[E0433]: cannot find module or crate `softcore_asm_rv64` in this scope
[INFO] [stdout]    --> anchor/src/arch.rs:58:9
[INFO] [stdout]     |
[INFO] [stdout]  50 | macro_rules! soft_asm {
[INFO] [stdout] ...
[INFO] [stdout]  58 |         softcore_asm_rv64::asm!(
[INFO] [stdout]     |         ^^^^^^^^^^^^^^^^^ use of unresolved module or unlinked crate `softcore_asm_rv64`
[INFO] [stdout] ...
[INFO] [stdout] 306 |             61 => soft_asm!("csrr {x}, pmpaddr61", x = out(reg) pmpaddr),
[INFO] [stdout]     |                   ------------------------------------------------------ in this macro invocation
[INFO] [stdout] 
[INFO] [stdout] 
[INFO] [stdout] error[E0433]: cannot find module or crate `softcore_asm_rv64` in this scope
[INFO] [stdout]    --> anchor/src/arch.rs:58:9
[INFO] [stdout]     |
[INFO] [stdout]  50 | macro_rules! soft_asm {
[INFO] [stdout] ...
[INFO] [stdout]  58 |         softcore_asm_rv64::asm!(
[INFO] [stdout]     |         ^^^^^^^^^^^^^^^^^ use of unresolved module or unlinked crate `softcore_asm_rv64`
[INFO] [stdout] ...
[INFO] [stdout] 307 |             62 => soft_asm!("csrr {x}, pmpaddr62", x = out(reg) pmpaddr),
[INFO] [stdout]     |                   ------------------------------------------------------ in this macro invocation
[INFO] [stdout] 
[INFO] [stdout] 
[INFO] [stdout] error[E0433]: cannot find module or crate `softcore_asm_rv64` in this scope
[INFO] [stdout]    --> anchor/src/arch.rs:58:9
[INFO] [stdout]     |
[INFO] [stdout]  50 | macro_rules! soft_asm {
[INFO] [stdout] ...
[INFO] [stdout]  58 |         softcore_asm_rv64::asm!(
[INFO] [stdout]     |         ^^^^^^^^^^^^^^^^^ use of unresolved module or unlinked crate `softcore_asm_rv64`
[INFO] [stdout] ...
[INFO] [stdout] 308 |             63 => soft_asm!("csrr {x}, pmpaddr63", x = out(reg) pmpaddr),
[INFO] [stdout]     |                   ------------------------------------------------------ in this macro invocation
[INFO] [stdout] 
[INFO] [stdout] 
[INFO] [stdout] error[E0433]: cannot find module or crate `softcore_asm_rv64` in this scope
[INFO] [stdout]    --> anchor/src/arch.rs:58:9
[INFO] [stdout]     |
[INFO] [stdout]  50 | macro_rules! soft_asm {
[INFO] [stdout] ...
[INFO] [stdout]  58 |         softcore_asm_rv64::asm!(
[INFO] [stdout]     |         ^^^^^^^^^^^^^^^^^ use of unresolved module or unlinked crate `softcore_asm_rv64`
[INFO] [stdout] ...
[INFO] [stdout] 318 |             0 => soft_asm!("csrw pmpaddr0, {x}", x = in(reg) pmpaddr),
[INFO] [stdout]     |                  ---------------------------------------------------- in this macro invocation
[INFO] [stdout] 
[INFO] [stdout] 
[INFO] [stdout] error[E0433]: cannot find module or crate `softcore_asm_rv64` in this scope
[INFO] [stdout]    --> anchor/src/arch.rs:58:9
[INFO] [stdout]     |
[INFO] [stdout]  50 | macro_rules! soft_asm {
[INFO] [stdout] ...
[INFO] [stdout]  58 |         softcore_asm_rv64::asm!(
[INFO] [stdout]     |         ^^^^^^^^^^^^^^^^^ use of unresolved module or unlinked crate `softcore_asm_rv64`
[INFO] [stdout] ...
[INFO] [stdout] 319 |             1 => soft_asm!("csrw pmpaddr1, {x}", x = in(reg) pmpaddr),
[INFO] [stdout]     |                  ---------------------------------------------------- in this macro invocation
[INFO] [stdout] 
[INFO] [stdout] 
[INFO] [stdout] error[E0433]: cannot find module or crate `softcore_asm_rv64` in this scope
[INFO] [stdout]    --> anchor/src/arch.rs:58:9
[INFO] [stdout]     |
[INFO] [stdout]  50 | macro_rules! soft_asm {
[INFO] [stdout] ...
[INFO] [stdout]  58 |         softcore_asm_rv64::asm!(
[INFO] [stdout]     |         ^^^^^^^^^^^^^^^^^ use of unresolved module or unlinked crate `softcore_asm_rv64`
[INFO] [stdout] ...
[INFO] [stdout] 320 |             2 => soft_asm!("csrw pmpaddr2, {x}", x = in(reg) pmpaddr),
[INFO] [stdout]     |                  ---------------------------------------------------- in this macro invocation
[INFO] [stdout] 
[INFO] [stdout] 
[INFO] [stdout] error[E0433]: cannot find module or crate `softcore_asm_rv64` in this scope
[INFO] [stdout]    --> anchor/src/arch.rs:58:9
[INFO] [stdout]     |
[INFO] [stdout]  50 | macro_rules! soft_asm {
[INFO] [stdout] ...
[INFO] [stdout]  58 |         softcore_asm_rv64::asm!(
[INFO] [stdout]     |         ^^^^^^^^^^^^^^^^^ use of unresolved module or unlinked crate `softcore_asm_rv64`
[INFO] [stdout] ...
[INFO] [stdout] 321 |             3 => soft_asm!("csrw pmpaddr3, {x}", x = in(reg) pmpaddr),
[INFO] [stdout]     |                  ---------------------------------------------------- in this macro invocation
[INFO] [stdout] 
[INFO] [stdout] 
[INFO] [stdout] error[E0433]: cannot find module or crate `softcore_asm_rv64` in this scope
[INFO] [stdout]    --> anchor/src/arch.rs:58:9
[INFO] [stdout]     |
[INFO] [stdout]  50 | macro_rules! soft_asm {
[INFO] [stdout] ...
[INFO] [stdout]  58 |         softcore_asm_rv64::asm!(
[INFO] [stdout]     |         ^^^^^^^^^^^^^^^^^ use of unresolved module or unlinked crate `softcore_asm_rv64`
[INFO] [stdout] ...
[INFO] [stdout] 322 |             4 => soft_asm!("csrw pmpaddr4, {x}", x = in(reg) pmpaddr),
[INFO] [stdout]     |                  ---------------------------------------------------- in this macro invocation
[INFO] [stdout] 
[INFO] [stdout] 
[INFO] [stdout] error[E0433]: cannot find module or crate `softcore_asm_rv64` in this scope
[INFO] [stdout]    --> anchor/src/arch.rs:58:9
[INFO] [stdout]     |
[INFO] [stdout]  50 | macro_rules! soft_asm {
[INFO] [stdout] ...
[INFO] [stdout]  58 |         softcore_asm_rv64::asm!(
[INFO] [stdout]     |         ^^^^^^^^^^^^^^^^^ use of unresolved module or unlinked crate `softcore_asm_rv64`
[INFO] [stdout] ...
[INFO] [stdout] 323 |             5 => soft_asm!("csrw pmpaddr5, {x}", x = in(reg) pmpaddr),
[INFO] [stdout]     |                  ---------------------------------------------------- in this macro invocation
[INFO] [stdout] 
[INFO] [stdout] 
[INFO] [stdout] error[E0433]: cannot find module or crate `softcore_asm_rv64` in this scope
[INFO] [stdout]    --> anchor/src/arch.rs:58:9
[INFO] [stdout]     |
[INFO] [stdout]  50 | macro_rules! soft_asm {
[INFO] [stdout] ...
[INFO] [stdout]  58 |         softcore_asm_rv64::asm!(
[INFO] [stdout]     |         ^^^^^^^^^^^^^^^^^ use of unresolved module or unlinked crate `softcore_asm_rv64`
[INFO] [stdout] ...
[INFO] [stdout] 324 |             6 => soft_asm!("csrw pmpaddr6, {x}", x = in(reg) pmpaddr),
[INFO] [stdout]     |                  ---------------------------------------------------- in this macro invocation
[INFO] [stdout] 
[INFO] [stdout] 
[INFO] [stdout] error[E0433]: cannot find module or crate `softcore_asm_rv64` in this scope
[INFO] [stdout]    --> anchor/src/arch.rs:58:9
[INFO] [stdout]     |
[INFO] [stdout]  50 | macro_rules! soft_asm {
[INFO] [stdout] ...
[INFO] [stdout]  58 |         softcore_asm_rv64::asm!(
[INFO] [stdout]     |         ^^^^^^^^^^^^^^^^^ use of unresolved module or unlinked crate `softcore_asm_rv64`
[INFO] [stdout] ...
[INFO] [stdout] 325 |             7 => soft_asm!("csrw pmpaddr7, {x}", x = in(reg) pmpaddr),
[INFO] [stdout]     |                  ---------------------------------------------------- in this macro invocation
[INFO] [stdout] 
[INFO] [stdout] 
[INFO] [stdout] error[E0433]: cannot find module or crate `softcore_asm_rv64` in this scope
[INFO] [stdout]    --> anchor/src/arch.rs:58:9
[INFO] [stdout]     |
[INFO] [stdout]  50 | macro_rules! soft_asm {
[INFO] [stdout] ...
[INFO] [stdout]  58 |         softcore_asm_rv64::asm!(
[INFO] [stdout]     |         ^^^^^^^^^^^^^^^^^ use of unresolved module or unlinked crate `softcore_asm_rv64`
[INFO] [stdout] ...
[INFO] [stdout] 326 |             8 => soft_asm!("csrw pmpaddr8, {x}", x = in(reg) pmpaddr),
[INFO] [stdout]     |                  ---------------------------------------------------- in this macro invocation
[INFO] [stdout] 
[INFO] [stdout] 
[INFO] [stdout] error[E0433]: cannot find module or crate `softcore_asm_rv64` in this scope
[INFO] [stdout]    --> anchor/src/arch.rs:58:9
[INFO] [stdout]     |
[INFO] [stdout]  50 | macro_rules! soft_asm {
[INFO] [stdout] ...
[INFO] [stdout]  58 |         softcore_asm_rv64::asm!(
[INFO] [stdout]     |         ^^^^^^^^^^^^^^^^^ use of unresolved module or unlinked crate `softcore_asm_rv64`
[INFO] [stdout] ...
[INFO] [stdout] 327 |             9 => soft_asm!("csrw pmpaddr9, {x}", x = in(reg) pmpaddr),
[INFO] [stdout]     |                  ---------------------------------------------------- in this macro invocation
[INFO] [stdout] 
[INFO] [stdout] 
[INFO] [stdout] error[E0433]: cannot find module or crate `softcore_asm_rv64` in this scope
[INFO] [stdout]    --> anchor/src/arch.rs:58:9
[INFO] [stdout]     |
[INFO] [stdout]  50 | macro_rules! soft_asm {
[INFO] [stdout] ...
[INFO] [stdout]  58 |         softcore_asm_rv64::asm!(
[INFO] [stdout]     |         ^^^^^^^^^^^^^^^^^ use of unresolved module or unlinked crate `softcore_asm_rv64`
[INFO] [stdout] ...
[INFO] [stdout] 328 |             10 => soft_asm!("csrw pmpaddr10, {x}", x = in(reg) pmpaddr),
[INFO] [stdout]     |                   ----------------------------------------------------- in this macro invocation
[INFO] [stdout] 
[INFO] [stdout] 
[INFO] [stdout] error[E0433]: cannot find module or crate `softcore_asm_rv64` in this scope
[INFO] [stdout]    --> anchor/src/arch.rs:58:9
[INFO] [stdout]     |
[INFO] [stdout]  50 | macro_rules! soft_asm {
[INFO] [stdout] ...
[INFO] [stdout]  58 |         softcore_asm_rv64::asm!(
[INFO] [stdout]     |         ^^^^^^^^^^^^^^^^^ use of unresolved module or unlinked crate `softcore_asm_rv64`
[INFO] [stdout] ...
[INFO] [stdout] 329 |             11 => soft_asm!("csrw pmpaddr11, {x}", x = in(reg) pmpaddr),
[INFO] [stdout]     |                   ----------------------------------------------------- in this macro invocation
[INFO] [stdout] 
[INFO] [stdout] 
[INFO] [stdout] error[E0433]: cannot find module or crate `softcore_asm_rv64` in this scope
[INFO] [stdout]    --> anchor/src/arch.rs:58:9
[INFO] [stdout]     |
[INFO] [stdout]  50 | macro_rules! soft_asm {
[INFO] [stdout] ...
[INFO] [stdout]  58 |         softcore_asm_rv64::asm!(
[INFO] [stdout]     |         ^^^^^^^^^^^^^^^^^ use of unresolved module or unlinked crate `softcore_asm_rv64`
[INFO] [stdout] ...
[INFO] [stdout] 330 |             12 => soft_asm!("csrw pmpaddr12, {x}", x = in(reg) pmpaddr),
[INFO] [stdout]     |                   ----------------------------------------------------- in this macro invocation
[INFO] [stdout] 
[INFO] [stdout] 
[INFO] [stdout] error[E0433]: cannot find module or crate `softcore_asm_rv64` in this scope
[INFO] [stdout]    --> anchor/src/arch.rs:58:9
[INFO] [stdout]     |
[INFO] [stdout]  50 | macro_rules! soft_asm {
[INFO] [stdout] ...
[INFO] [stdout]  58 |         softcore_asm_rv64::asm!(
[INFO] [stdout]     |         ^^^^^^^^^^^^^^^^^ use of unresolved module or unlinked crate `softcore_asm_rv64`
[INFO] [stdout] ...
[INFO] [stdout] 331 |             13 => soft_asm!("csrw pmpaddr13, {x}", x = in(reg) pmpaddr),
[INFO] [stdout]     |                   ----------------------------------------------------- in this macro invocation
[INFO] [stdout] 
[INFO] [stdout] 
[INFO] [stdout] error[E0433]: cannot find module or crate `softcore_asm_rv64` in this scope
[INFO] [stdout]    --> anchor/src/arch.rs:58:9
[INFO] [stdout]     |
[INFO] [stdout]  50 | macro_rules! soft_asm {
[INFO] [stdout] ...
[INFO] [stdout]  58 |         softcore_asm_rv64::asm!(
[INFO] [stdout]     |         ^^^^^^^^^^^^^^^^^ use of unresolved module or unlinked crate `softcore_asm_rv64`
[INFO] [stdout] ...
[INFO] [stdout] 332 |             14 => soft_asm!("csrw pmpaddr14, {x}", x = in(reg) pmpaddr),
[INFO] [stdout]     |                   ----------------------------------------------------- in this macro invocation
[INFO] [stdout] 
[INFO] [stdout] 
[INFO] [stdout] error[E0433]: cannot find module or crate `softcore_asm_rv64` in this scope
[INFO] [stdout]    --> anchor/src/arch.rs:58:9
[INFO] [stdout]     |
[INFO] [stdout]  50 | macro_rules! soft_asm {
[INFO] [stdout] ...
[INFO] [stdout]  58 |         softcore_asm_rv64::asm!(
[INFO] [stdout]     |         ^^^^^^^^^^^^^^^^^ use of unresolved module or unlinked crate `softcore_asm_rv64`
[INFO] [stdout] ...
[INFO] [stdout] 333 |             15 => soft_asm!("csrw pmpaddr15, {x}", x = in(reg) pmpaddr),
[INFO] [stdout]     |                   ----------------------------------------------------- in this macro invocation
[INFO] [stdout] 
[INFO] [stdout] 
[INFO] [stdout] error[E0433]: cannot find module or crate `softcore_asm_rv64` in this scope
[INFO] [stdout]    --> anchor/src/arch.rs:58:9
[INFO] [stdout]     |
[INFO] [stdout]  50 | macro_rules! soft_asm {
[INFO] [stdout] ...
[INFO] [stdout]  58 |         softcore_asm_rv64::asm!(
[INFO] [stdout]     |         ^^^^^^^^^^^^^^^^^ use of unresolved module or unlinked crate `softcore_asm_rv64`
[INFO] [stdout] ...
[INFO] [stdout] 334 |             16 => soft_asm!("csrw pmpaddr16, {x}", x = in(reg) pmpaddr),
[INFO] [stdout]     |                   ----------------------------------------------------- in this macro invocation
[INFO] [stdout] 
[INFO] [stdout] 
[INFO] [stdout] error[E0433]: cannot find module or crate `softcore_asm_rv64` in this scope
[INFO] [stdout]    --> anchor/src/arch.rs:58:9
[INFO] [stdout]     |
[INFO] [stdout]  50 | macro_rules! soft_asm {
[INFO] [stdout] ...
[INFO] [stdout]  58 |         softcore_asm_rv64::asm!(
[INFO] [stdout]     |         ^^^^^^^^^^^^^^^^^ use of unresolved module or unlinked crate `softcore_asm_rv64`
[INFO] [stdout] ...
[INFO] [stdout] 335 |             17 => soft_asm!("csrw pmpaddr17, {x}", x = in(reg) pmpaddr),
[INFO] [stdout]     |                   ----------------------------------------------------- in this macro invocation
[INFO] [stdout] 
[INFO] [stdout] 
[INFO] [stdout] error[E0433]: cannot find module or crate `softcore_asm_rv64` in this scope
[INFO] [stdout]    --> anchor/src/arch.rs:58:9
[INFO] [stdout]     |
[INFO] [stdout]  50 | macro_rules! soft_asm {
[INFO] [stdout] ...
[INFO] [stdout]  58 |         softcore_asm_rv64::asm!(
[INFO] [stdout]     |         ^^^^^^^^^^^^^^^^^ use of unresolved module or unlinked crate `softcore_asm_rv64`
[INFO] [stdout] ...
[INFO] [stdout] 336 |             18 => soft_asm!("csrw pmpaddr18, {x}", x = in(reg) pmpaddr),
[INFO] [stdout]     |                   ----------------------------------------------------- in this macro invocation
[INFO] [stdout] 
[INFO] [stdout] 
[INFO] [stdout] error[E0433]: cannot find module or crate `softcore_asm_rv64` in this scope
[INFO] [stdout]    --> anchor/src/arch.rs:58:9
[INFO] [stdout]     |
[INFO] [stdout]  50 | macro_rules! soft_asm {
[INFO] [stdout] ...
[INFO] [stdout]  58 |         softcore_asm_rv64::asm!(
[INFO] [stdout]     |         ^^^^^^^^^^^^^^^^^ use of unresolved module or unlinked crate `softcore_asm_rv64`
[INFO] [stdout] ...
[INFO] [stdout] 337 |             19 => soft_asm!("csrw pmpaddr19, {x}", x = in(reg) pmpaddr),
[INFO] [stdout]     |                   ----------------------------------------------------- in this macro invocation
[INFO] [stdout] 
[INFO] [stdout] 
[INFO] [stdout] error[E0433]: cannot find module or crate `softcore_asm_rv64` in this scope
[INFO] [stdout]    --> anchor/src/arch.rs:58:9
[INFO] [stdout]     |
[INFO] [stdout]  50 | macro_rules! soft_asm {
[INFO] [stdout] ...
[INFO] [stdout]  58 |         softcore_asm_rv64::asm!(
[INFO] [stdout]     |         ^^^^^^^^^^^^^^^^^ use of unresolved module or unlinked crate `softcore_asm_rv64`
[INFO] [stdout] ...
[INFO] [stdout] 338 |             20 => soft_asm!("csrw pmpaddr20, {x}", x = in(reg) pmpaddr),
[INFO] [stdout]     |                   ----------------------------------------------------- in this macro invocation
[INFO] [stdout] 
[INFO] [stdout] 
[INFO] [stdout] error[E0433]: cannot find module or crate `softcore_asm_rv64` in this scope
[INFO] [stdout]    --> anchor/src/arch.rs:58:9
[INFO] [stdout]     |
[INFO] [stdout]  50 | macro_rules! soft_asm {
[INFO] [stdout] ...
[INFO] [stdout]  58 |         softcore_asm_rv64::asm!(
[INFO] [stdout]     |         ^^^^^^^^^^^^^^^^^ use of unresolved module or unlinked crate `softcore_asm_rv64`
[INFO] [stdout] ...
[INFO] [stdout] 339 |             21 => soft_asm!("csrw pmpaddr21, {x}", x = in(reg) pmpaddr),
[INFO] [stdout]     |                   ----------------------------------------------------- in this macro invocation
[INFO] [stdout] 
[INFO] [stdout] 
[INFO] [stdout] error[E0433]: cannot find module or crate `softcore_asm_rv64` in this scope
[INFO] [stdout]    --> anchor/src/arch.rs:58:9
[INFO] [stdout]     |
[INFO] [stdout]  50 | macro_rules! soft_asm {
[INFO] [stdout] ...
[INFO] [stdout]  58 |         softcore_asm_rv64::asm!(
[INFO] [stdout]     |         ^^^^^^^^^^^^^^^^^ use of unresolved module or unlinked crate `softcore_asm_rv64`
[INFO] [stdout] ...
[INFO] [stdout] 340 |             22 => soft_asm!("csrw pmpaddr22, {x}", x = in(reg) pmpaddr),
[INFO] [stdout]     |                   ----------------------------------------------------- in this macro invocation
[INFO] [stdout] 
[INFO] [stdout] 
[INFO] [stdout] error[E0433]: cannot find module or crate `softcore_asm_rv64` in this scope
[INFO] [stdout]    --> anchor/src/arch.rs:58:9
[INFO] [stdout]     |
[INFO] [stdout]  50 | macro_rules! soft_asm {
[INFO] [stdout] ...
[INFO] [stdout]  58 |         softcore_asm_rv64::asm!(
[INFO] [stdout]     |         ^^^^^^^^^^^^^^^^^ use of unresolved module or unlinked crate `softcore_asm_rv64`
[INFO] [stdout] ...
[INFO] [stdout] 341 |             23 => soft_asm!("csrw pmpaddr23, {x}", x = in(reg) pmpaddr),
[INFO] [stdout]     |                   ----------------------------------------------------- in this macro invocation
[INFO] [stdout] 
[INFO] [stdout] 
[INFO] [stdout] error[E0433]: cannot find module or crate `softcore_asm_rv64` in this scope
[INFO] [stdout]    --> anchor/src/arch.rs:58:9
[INFO] [stdout]     |
[INFO] [stdout]  50 | macro_rules! soft_asm {
[INFO] [stdout] ...
[INFO] [stdout]  58 |         softcore_asm_rv64::asm!(
[INFO] [stdout]     |         ^^^^^^^^^^^^^^^^^ use of unresolved module or unlinked crate `softcore_asm_rv64`
[INFO] [stdout] ...
[INFO] [stdout] 342 |             24 => soft_asm!("csrw pmpaddr24, {x}", x = in(reg) pmpaddr),
[INFO] [stdout]     |                   ----------------------------------------------------- in this macro invocation
[INFO] [stdout] 
[INFO] [stdout] 
[INFO] [stdout] error[E0433]: cannot find module or crate `softcore_asm_rv64` in this scope
[INFO] [stdout]    --> anchor/src/arch.rs:58:9
[INFO] [stdout]     |
[INFO] [stdout]  50 | macro_rules! soft_asm {
[INFO] [stdout] ...
[INFO] [stdout]  58 |         softcore_asm_rv64::asm!(
[INFO] [stdout]     |         ^^^^^^^^^^^^^^^^^ use of unresolved module or unlinked crate `softcore_asm_rv64`
[INFO] [stdout] ...
[INFO] [stdout] 343 |             25 => soft_asm!("csrw pmpaddr25, {x}", x = in(reg) pmpaddr),
[INFO] [stdout]     |                   ----------------------------------------------------- in this macro invocation
[INFO] [stdout] 
[INFO] [stdout] 
[INFO] [stdout] error[E0433]: cannot find module or crate `softcore_asm_rv64` in this scope
[INFO] [stdout]    --> anchor/src/arch.rs:58:9
[INFO] [stdout]     |
[INFO] [stdout]  50 | macro_rules! soft_asm {
[INFO] [stdout] ...
[INFO] [stdout]  58 |         softcore_asm_rv64::asm!(
[INFO] [stdout]     |         ^^^^^^^^^^^^^^^^^ use of unresolved module or unlinked crate `softcore_asm_rv64`
[INFO] [stdout] ...
[INFO] [stdout] 344 |             26 => soft_asm!("csrw pmpaddr26, {x}", x = in(reg) pmpaddr),
[INFO] [stdout]     |                   ----------------------------------------------------- in this macro invocation
[INFO] [stdout] 
[INFO] [stdout] 
[INFO] [stdout] error[E0433]: cannot find module or crate `softcore_asm_rv64` in this scope
[INFO] [stdout]    --> anchor/src/arch.rs:58:9
[INFO] [stdout]     |
[INFO] [stdout]  50 | macro_rules! soft_asm {
[INFO] [stdout] ...
[INFO] [stdout]  58 |         softcore_asm_rv64::asm!(
[INFO] [stdout]     |         ^^^^^^^^^^^^^^^^^ use of unresolved module or unlinked crate `softcore_asm_rv64`
[INFO] [stdout] ...
[INFO] [stdout] 345 |             27 => soft_asm!("csrw pmpaddr27, {x}", x = in(reg) pmpaddr),
[INFO] [stdout]     |                   ----------------------------------------------------- in this macro invocation
[INFO] [stdout] 
[INFO] [stdout] 
[INFO] [stdout] error[E0433]: cannot find module or crate `softcore_asm_rv64` in this scope
[INFO] [stdout]    --> anchor/src/arch.rs:58:9
[INFO] [stdout]     |
[INFO] [stdout]  50 | macro_rules! soft_asm {
[INFO] [stdout] ...
[INFO] [stdout]  58 |         softcore_asm_rv64::asm!(
[INFO] [stdout]     |         ^^^^^^^^^^^^^^^^^ use of unresolved module or unlinked crate `softcore_asm_rv64`
[INFO] [stdout] ...
[INFO] [stdout] 346 |             28 => soft_asm!("csrw pmpaddr28, {x}", x = in(reg) pmpaddr),
[INFO] [stdout]     |                   ----------------------------------------------------- in this macro invocation
[INFO] [stdout] 
[INFO] [stdout] 
[INFO] [stdout] error[E0433]: cannot find module or crate `softcore_asm_rv64` in this scope
[INFO] [stdout]    --> anchor/src/arch.rs:58:9
[INFO] [stdout]     |
[INFO] [stdout]  50 | macro_rules! soft_asm {
[INFO] [stdout] ...
[INFO] [stdout]  58 |         softcore_asm_rv64::asm!(
[INFO] [stdout]     |         ^^^^^^^^^^^^^^^^^ use of unresolved module or unlinked crate `softcore_asm_rv64`
[INFO] [stdout] ...
[INFO] [stdout] 347 |             29 => soft_asm!("csrw pmpaddr29, {x}", x = in(reg) pmpaddr),
[INFO] [stdout]     |                   ----------------------------------------------------- in this macro invocation
[INFO] [stdout] 
[INFO] [stdout] 
[INFO] [stdout] error[E0433]: cannot find module or crate `softcore_asm_rv64` in this scope
[INFO] [stdout]    --> anchor/src/arch.rs:58:9
[INFO] [stdout]     |
[INFO] [stdout]  50 | macro_rules! soft_asm {
[INFO] [stdout] ...
[INFO] [stdout]  58 |         softcore_asm_rv64::asm!(
[INFO] [stdout]     |         ^^^^^^^^^^^^^^^^^ use of unresolved module or unlinked crate `softcore_asm_rv64`
[INFO] [stdout] ...
[INFO] [stdout] 348 |             30 => soft_asm!("csrw pmpaddr30, {x}", x = in(reg) pmpaddr),
[INFO] [stdout]     |                   ----------------------------------------------------- in this macro invocation
[INFO] [stdout] 
[INFO] [stdout] 
[INFO] [stdout] error[E0433]: cannot find module or crate `softcore_asm_rv64` in this scope
[INFO] [stdout]    --> anchor/src/arch.rs:58:9
[INFO] [stdout]     |
[INFO] [stdout]  50 | macro_rules! soft_asm {
[INFO] [stdout] ...
[INFO] [stdout]  58 |         softcore_asm_rv64::asm!(
[INFO] [stdout]     |         ^^^^^^^^^^^^^^^^^ use of unresolved module or unlinked crate `softcore_asm_rv64`
[INFO] [stdout] ...
[INFO] [stdout] 349 |             31 => soft_asm!("csrw pmpaddr31, {x}", x = in(reg) pmpaddr),
[INFO] [stdout]     |                   ----------------------------------------------------- in this macro invocation
[INFO] [stdout] 
[INFO] [stdout] 
[INFO] [stdout] error[E0433]: cannot find module or crate `softcore_asm_rv64` in this scope
[INFO] [stdout]    --> anchor/src/arch.rs:58:9
[INFO] [stdout]     |
[INFO] [stdout]  50 | macro_rules! soft_asm {
[INFO] [stdout] ...
[INFO] [stdout]  58 |         softcore_asm_rv64::asm!(
[INFO] [stdout]     |         ^^^^^^^^^^^^^^^^^ use of unresolved module or unlinked crate `softcore_asm_rv64`
[INFO] [stdout] ...
[INFO] [stdout] 350 |             32 => soft_asm!("csrw pmpaddr32, {x}", x = in(reg) pmpaddr),
[INFO] [stdout]     |                   ----------------------------------------------------- in this macro invocation
[INFO] [stdout] 
[INFO] [stdout] 
[INFO] [stdout] error[E0433]: cannot find module or crate `softcore_asm_rv64` in this scope
[INFO] [stdout]    --> anchor/src/arch.rs:58:9
[INFO] [stdout]     |
[INFO] [stdout]  50 | macro_rules! soft_asm {
[INFO] [stdout] ...
[INFO] [stdout]  58 |         softcore_asm_rv64::asm!(
[INFO] [stdout]     |         ^^^^^^^^^^^^^^^^^ use of unresolved module or unlinked crate `softcore_asm_rv64`
[INFO] [stdout] ...
[INFO] [stdout] 351 |             33 => soft_asm!("csrw pmpaddr33, {x}", x = in(reg) pmpaddr),
[INFO] [stdout]     |                   ----------------------------------------------------- in this macro invocation
[INFO] [stdout] 
[INFO] [stdout] 
[INFO] [stdout] error[E0433]: cannot find module or crate `softcore_asm_rv64` in this scope
[INFO] [stdout]    --> anchor/src/arch.rs:58:9
[INFO] [stdout]     |
[INFO] [stdout]  50 | macro_rules! soft_asm {
[INFO] [stdout] ...
[INFO] [stdout]  58 |         softcore_asm_rv64::asm!(
[INFO] [stdout]     |         ^^^^^^^^^^^^^^^^^ use of unresolved module or unlinked crate `softcore_asm_rv64`
[INFO] [stdout] ...
[INFO] [stdout] 352 |             34 => soft_asm!("csrw pmpaddr34, {x}", x = in(reg) pmpaddr),
[INFO] [stdout]     |                   ----------------------------------------------------- in this macro invocation
[INFO] [stdout] 
[INFO] [stdout] 
[INFO] [stdout] error[E0433]: cannot find module or crate `softcore_asm_rv64` in this scope
[INFO] [stdout]    --> anchor/src/arch.rs:58:9
[INFO] [stdout]     |
[INFO] [stdout]  50 | macro_rules! soft_asm {
[INFO] [stdout] ...
[INFO] [stdout]  58 |         softcore_asm_rv64::asm!(
[INFO] [stdout]     |         ^^^^^^^^^^^^^^^^^ use of unresolved module or unlinked crate `softcore_asm_rv64`
[INFO] [stdout] ...
[INFO] [stdout] 353 |             35 => soft_asm!("csrw pmpaddr35, {x}", x = in(reg) pmpaddr),
[INFO] [stdout]     |                   ----------------------------------------------------- in this macro invocation
[INFO] [stdout] 
[INFO] [stdout] 
[INFO] [stdout] error[E0433]: cannot find module or crate `softcore_asm_rv64` in this scope
[INFO] [stdout]    --> anchor/src/arch.rs:58:9
[INFO] [stdout]     |
[INFO] [stdout]  50 | macro_rules! soft_asm {
[INFO] [stdout] ...
[INFO] [stdout]  58 |         softcore_asm_rv64::asm!(
[INFO] [stdout]     |         ^^^^^^^^^^^^^^^^^ use of unresolved module or unlinked crate `softcore_asm_rv64`
[INFO] [stdout] ...
[INFO] [stdout] 354 |             36 => soft_asm!("csrw pmpaddr36, {x}", x = in(reg) pmpaddr),
[INFO] [stdout]     |                   ----------------------------------------------------- in this macro invocation
[INFO] [stdout] 
[INFO] [stdout] 
[INFO] [stdout] error[E0433]: cannot find module or crate `softcore_asm_rv64` in this scope
[INFO] [stdout]    --> anchor/src/arch.rs:58:9
[INFO] [stdout]     |
[INFO] [stdout]  50 | macro_rules! soft_asm {
[INFO] [stdout] ...
[INFO] [stdout]  58 |         softcore_asm_rv64::asm!(
[INFO] [stdout]     |         ^^^^^^^^^^^^^^^^^ use of unresolved module or unlinked crate `softcore_asm_rv64`
[INFO] [stdout] ...
[INFO] [stdout] 355 |             37 => soft_asm!("csrw pmpaddr37, {x}", x = in(reg) pmpaddr),
[INFO] [stdout]     |                   ----------------------------------------------------- in this macro invocation
[INFO] [stdout] 
[INFO] [stdout] 
[INFO] [stdout] error[E0433]: cannot find module or crate `softcore_asm_rv64` in this scope
[INFO] [stdout]    --> anchor/src/arch.rs:58:9
[INFO] [stdout]     |
[INFO] [stdout]  50 | macro_rules! soft_asm {
[INFO] [stdout] ...
[INFO] [stdout]  58 |         softcore_asm_rv64::asm!(
[INFO] [stdout]     |         ^^^^^^^^^^^^^^^^^ use of unresolved module or unlinked crate `softcore_asm_rv64`
[INFO] [stdout] ...
[INFO] [stdout] 356 |             38 => soft_asm!("csrw pmpaddr38, {x}", x = in(reg) pmpaddr),
[INFO] [stdout]     |                   ----------------------------------------------------- in this macro invocation
[INFO] [stdout] 
[INFO] [stdout] 
[INFO] [stdout] error[E0433]: cannot find module or crate `softcore_asm_rv64` in this scope
[INFO] [stdout]    --> anchor/src/arch.rs:58:9
[INFO] [stdout]     |
[INFO] [stdout]  50 | macro_rules! soft_asm {
[INFO] [stdout] ...
[INFO] [stdout]  58 |         softcore_asm_rv64::asm!(
[INFO] [stdout]     |         ^^^^^^^^^^^^^^^^^ use of unresolved module or unlinked crate `softcore_asm_rv64`
[INFO] [stdout] ...
[INFO] [stdout] 357 |             39 => soft_asm!("csrw pmpaddr39, {x}", x = in(reg) pmpaddr),
[INFO] [stdout]     |                   ----------------------------------------------------- in this macro invocation
[INFO] [stdout] 
[INFO] [stdout] 
[INFO] [stdout] error[E0433]: cannot find module or crate `softcore_asm_rv64` in this scope
[INFO] [stdout]    --> anchor/src/arch.rs:58:9
[INFO] [stdout]     |
[INFO] [stdout]  50 | macro_rules! soft_asm {
[INFO] [stdout] ...
[INFO] [stdout]  58 |         softcore_asm_rv64::asm!(
[INFO] [stdout]     |         ^^^^^^^^^^^^^^^^^ use of unresolved module or unlinked crate `softcore_asm_rv64`
[INFO] [stdout] ...
[INFO] [stdout] 358 |             40 => soft_asm!("csrw pmpaddr40, {x}", x = in(reg) pmpaddr),
[INFO] [stdout]     |                   ----------------------------------------------------- in this macro invocation
[INFO] [stdout] 
[INFO] [stdout] 
[INFO] [stdout] error[E0433]: cannot find module or crate `softcore_asm_rv64` in this scope
[INFO] [stdout]    --> anchor/src/arch.rs:58:9
[INFO] [stdout]     |
[INFO] [stdout]  50 | macro_rules! soft_asm {
[INFO] [stdout] ...
[INFO] [stdout]  58 |         softcore_asm_rv64::asm!(
[INFO] [stdout]     |         ^^^^^^^^^^^^^^^^^ use of unresolved module or unlinked crate `softcore_asm_rv64`
[INFO] [stdout] ...
[INFO] [stdout] 359 |             41 => soft_asm!("csrw pmpaddr41, {x}", x = in(reg) pmpaddr),
[INFO] [stdout]     |                   ----------------------------------------------------- in this macro invocation
[INFO] [stdout] 
[INFO] [stdout] 
[INFO] [stdout] error[E0433]: cannot find module or crate `softcore_asm_rv64` in this scope
[INFO] [stdout]    --> anchor/src/arch.rs:58:9
[INFO] [stdout]     |
[INFO] [stdout]  50 | macro_rules! soft_asm {
[INFO] [stdout] ...
[INFO] [stdout]  58 |         softcore_asm_rv64::asm!(
[INFO] [stdout]     |         ^^^^^^^^^^^^^^^^^ use of unresolved module or unlinked crate `softcore_asm_rv64`
[INFO] [stdout] ...
[INFO] [stdout] 360 |             42 => soft_asm!("csrw pmpaddr42, {x}", x = in(reg) pmpaddr),
[INFO] [stdout]     |                   ----------------------------------------------------- in this macro invocation
[INFO] [stdout] 
[INFO] [stdout] 
[INFO] [stdout] error[E0433]: cannot find module or crate `softcore_asm_rv64` in this scope
[INFO] [stdout]    --> anchor/src/arch.rs:58:9
[INFO] [stdout]     |
[INFO] [stdout]  50 | macro_rules! soft_asm {
[INFO] [stdout] ...
[INFO] [stdout]  58 |         softcore_asm_rv64::asm!(
[INFO] [stdout]     |         ^^^^^^^^^^^^^^^^^ use of unresolved module or unlinked crate `softcore_asm_rv64`
[INFO] [stdout] ...
[INFO] [stdout] 361 |             43 => soft_asm!("csrw pmpaddr43, {x}", x = in(reg) pmpaddr),
[INFO] [stdout]     |                   ----------------------------------------------------- in this macro invocation
[INFO] [stdout] 
[INFO] [stdout] 
[INFO] [stdout] error[E0433]: cannot find module or crate `softcore_asm_rv64` in this scope
[INFO] [stdout]    --> anchor/src/arch.rs:58:9
[INFO] [stdout]     |
[INFO] [stdout]  50 | macro_rules! soft_asm {
[INFO] [stdout] ...
[INFO] [stdout]  58 |         softcore_asm_rv64::asm!(
[INFO] [stdout]     |         ^^^^^^^^^^^^^^^^^ use of unresolved module or unlinked crate `softcore_asm_rv64`
[INFO] [stdout] ...
[INFO] [stdout] 362 |             44 => soft_asm!("csrw pmpaddr44, {x}", x = in(reg) pmpaddr),
[INFO] [stdout]     |                   ----------------------------------------------------- in this macro invocation
[INFO] [stdout] 
[INFO] [stdout] 
[INFO] [stdout] error[E0433]: cannot find module or crate `softcore_asm_rv64` in this scope
[INFO] [stdout]    --> anchor/src/arch.rs:58:9
[INFO] [stdout]     |
[INFO] [stdout]  50 | macro_rules! soft_asm {
[INFO] [stdout] ...
[INFO] [stdout]  58 |         softcore_asm_rv64::asm!(
[INFO] [stdout]     |         ^^^^^^^^^^^^^^^^^ use of unresolved module or unlinked crate `softcore_asm_rv64`
[INFO] [stdout] ...
[INFO] [stdout] 363 |             45 => soft_asm!("csrw pmpaddr45, {x}", x = in(reg) pmpaddr),
[INFO] [stdout]     |                   ----------------------------------------------------- in this macro invocation
[INFO] [stdout] 
[INFO] [stdout] 
[INFO] [stdout] error[E0433]: cannot find module or crate `softcore_asm_rv64` in this scope
[INFO] [stdout]    --> anchor/src/arch.rs:58:9
[INFO] [stdout]     |
[INFO] [stdout]  50 | macro_rules! soft_asm {
[INFO] [stdout] ...
[INFO] [stdout]  58 |         softcore_asm_rv64::asm!(
[INFO] [stdout]     |         ^^^^^^^^^^^^^^^^^ use of unresolved module or unlinked crate `softcore_asm_rv64`
[INFO] [stdout] ...
[INFO] [stdout] 364 |             46 => soft_asm!("csrw pmpaddr46, {x}", x = in(reg) pmpaddr),
[INFO] [stdout]     |                   ----------------------------------------------------- in this macro invocation
[INFO] [stdout] 
[INFO] [stdout] 
[INFO] [stdout] error[E0433]: cannot find module or crate `softcore_asm_rv64` in this scope
[INFO] [stdout]    --> anchor/src/arch.rs:58:9
[INFO] [stdout]     |
[INFO] [stdout]  50 | macro_rules! soft_asm {
[INFO] [stdout] ...
[INFO] [stdout]  58 |         softcore_asm_rv64::asm!(
[INFO] [stdout]     |         ^^^^^^^^^^^^^^^^^ use of unresolved module or unlinked crate `softcore_asm_rv64`
[INFO] [stdout] ...
[INFO] [stdout] 365 |             47 => soft_asm!("csrw pmpaddr47, {x}", x = in(reg) pmpaddr),
[INFO] [stdout]     |                   ----------------------------------------------------- in this macro invocation
[INFO] [stdout] 
[INFO] [stdout] 
[INFO] [stdout] error[E0433]: cannot find module or crate `softcore_asm_rv64` in this scope
[INFO] [stdout]    --> anchor/src/arch.rs:58:9
[INFO] [stdout]     |
[INFO] [stdout]  50 | macro_rules! soft_asm {
[INFO] [stdout] ...
[INFO] [stdout]  58 |         softcore_asm_rv64::asm!(
[INFO] [stdout]     |         ^^^^^^^^^^^^^^^^^ use of unresolved module or unlinked crate `softcore_asm_rv64`
[INFO] [stdout] ...
[INFO] [stdout] 366 |             48 => soft_asm!("csrw pmpaddr48, {x}", x = in(reg) pmpaddr),
[INFO] [stdout]     |                   ----------------------------------------------------- in this macro invocation
[INFO] [stdout] 
[INFO] [stdout] 
[INFO] [stdout] error[E0433]: cannot find module or crate `softcore_asm_rv64` in this scope
[INFO] [stdout]    --> anchor/src/arch.rs:58:9
[INFO] [stdout]     |
[INFO] [stdout]  50 | macro_rules! soft_asm {
[INFO] [stdout] ...
[INFO] [stdout]  58 |         softcore_asm_rv64::asm!(
[INFO] [stdout]     |         ^^^^^^^^^^^^^^^^^ use of unresolved module or unlinked crate `softcore_asm_rv64`
[INFO] [stdout] ...
[INFO] [stdout] 367 |             49 => soft_asm!("csrw pmpaddr49, {x}", x = in(reg) pmpaddr),
[INFO] [stdout]     |                   ----------------------------------------------------- in this macro invocation
[INFO] [stdout] 
[INFO] [stdout] 
[INFO] [stdout] error[E0433]: cannot find module or crate `softcore_asm_rv64` in this scope
[INFO] [stdout]    --> anchor/src/arch.rs:58:9
[INFO] [stdout]     |
[INFO] [stdout]  50 | macro_rules! soft_asm {
[INFO] [stdout] ...
[INFO] [stdout]  58 |         softcore_asm_rv64::asm!(
[INFO] [stdout]     |         ^^^^^^^^^^^^^^^^^ use of unresolved module or unlinked crate `softcore_asm_rv64`
[INFO] [stdout] ...
[INFO] [stdout] 368 |             50 => soft_asm!("csrw pmpaddr50, {x}", x = in(reg) pmpaddr),
[INFO] [stdout]     |                   ----------------------------------------------------- in this macro invocation
[INFO] [stdout] 
[INFO] [stdout] 
[INFO] [stdout] error[E0433]: cannot find module or crate `softcore_asm_rv64` in this scope
[INFO] [stdout]    --> anchor/src/arch.rs:58:9
[INFO] [stdout]     |
[INFO] [stdout]  50 | macro_rules! soft_asm {
[INFO] [stdout] ...
[INFO] [stdout]  58 |         softcore_asm_rv64::asm!(
[INFO] [stdout]     |         ^^^^^^^^^^^^^^^^^ use of unresolved module or unlinked crate `softcore_asm_rv64`
[INFO] [stdout] ...
[INFO] [stdout] 369 |             51 => soft_asm!("csrw pmpaddr51, {x}", x = in(reg) pmpaddr),
[INFO] [stdout]     |                   ----------------------------------------------------- in this macro invocation
[INFO] [stdout] 
[INFO] [stdout] 
[INFO] [stdout] error[E0433]: cannot find module or crate `softcore_asm_rv64` in this scope
[INFO] [stdout]    --> anchor/src/arch.rs:58:9
[INFO] [stdout]     |
[INFO] [stdout]  50 | macro_rules! soft_asm {
[INFO] [stdout] ...
[INFO] [stdout]  58 |         softcore_asm_rv64::asm!(
[INFO] [stdout]     |         ^^^^^^^^^^^^^^^^^ use of unresolved module or unlinked crate `softcore_asm_rv64`
[INFO] [stdout] ...
[INFO] [stdout] 370 |             52 => soft_asm!("csrw pmpaddr52, {x}", x = in(reg) pmpaddr),
[INFO] [stdout]     |                   ----------------------------------------------------- in this macro invocation
[INFO] [stdout] 
[INFO] [stdout] 
[INFO] [stdout] error[E0433]: cannot find module or crate `softcore_asm_rv64` in this scope
[INFO] [stdout]    --> anchor/src/arch.rs:58:9
[INFO] [stdout]     |
[INFO] [stdout]  50 | macro_rules! soft_asm {
[INFO] [stdout] ...
[INFO] [stdout]  58 |         softcore_asm_rv64::asm!(
[INFO] [stdout]     |         ^^^^^^^^^^^^^^^^^ use of unresolved module or unlinked crate `softcore_asm_rv64`
[INFO] [stdout] ...
[INFO] [stdout] 371 |             53 => soft_asm!("csrw pmpaddr53, {x}", x = in(reg) pmpaddr),
[INFO] [stdout]     |                   ----------------------------------------------------- in this macro invocation
[INFO] [stdout] 
[INFO] [stdout] 
[INFO] [stdout] error[E0433]: cannot find module or crate `softcore_asm_rv64` in this scope
[INFO] [stdout]    --> anchor/src/arch.rs:58:9
[INFO] [stdout]     |
[INFO] [stdout]  50 | macro_rules! soft_asm {
[INFO] [stdout] ...
[INFO] [stdout]  58 |         softcore_asm_rv64::asm!(
[INFO] [stdout]     |         ^^^^^^^^^^^^^^^^^ use of unresolved module or unlinked crate `softcore_asm_rv64`
[INFO] [stdout] ...
[INFO] [stdout] 372 |             54 => soft_asm!("csrw pmpaddr54, {x}", x = in(reg) pmpaddr),
[INFO] [stdout]     |                   ----------------------------------------------------- in this macro invocation
[INFO] [stdout] 
[INFO] [stdout] 
[INFO] [stdout] error[E0433]: cannot find module or crate `softcore_asm_rv64` in this scope
[INFO] [stdout]    --> anchor/src/arch.rs:58:9
[INFO] [stdout]     |
[INFO] [stdout]  50 | macro_rules! soft_asm {
[INFO] [stdout] ...
[INFO] [stdout]  58 |         softcore_asm_rv64::asm!(
[INFO] [stdout]     |         ^^^^^^^^^^^^^^^^^ use of unresolved module or unlinked crate `softcore_asm_rv64`
[INFO] [stdout] ...
[INFO] [stdout] 373 |             55 => soft_asm!("csrw pmpaddr55, {x}", x = in(reg) pmpaddr),
[INFO] [stdout]     |                   ----------------------------------------------------- in this macro invocation
[INFO] [stdout] 
[INFO] [stdout] 
[INFO] [stdout] error[E0433]: cannot find module or crate `softcore_asm_rv64` in this scope
[INFO] [stdout]    --> anchor/src/arch.rs:58:9
[INFO] [stdout]     |
[INFO] [stdout]  50 | macro_rules! soft_asm {
[INFO] [stdout] ...
[INFO] [stdout]  58 |         softcore_asm_rv64::asm!(
[INFO] [stdout]     |         ^^^^^^^^^^^^^^^^^ use of unresolved module or unlinked crate `softcore_asm_rv64`
[INFO] [stdout] ...
[INFO] [stdout] 374 |             56 => soft_asm!("csrw pmpaddr56, {x}", x = in(reg) pmpaddr),
[INFO] [stdout]     |                   ----------------------------------------------------- in this macro invocation
[INFO] [stdout] 
[INFO] [stdout] 
[INFO] [stdout] error[E0433]: cannot find module or crate `softcore_asm_rv64` in this scope
[INFO] [stdout]    --> anchor/src/arch.rs:58:9
[INFO] [stdout]     |
[INFO] [stdout]  50 | macro_rules! soft_asm {
[INFO] [stdout] ...
[INFO] [stdout]  58 |         softcore_asm_rv64::asm!(
[INFO] [stdout]     |         ^^^^^^^^^^^^^^^^^ use of unresolved module or unlinked crate `softcore_asm_rv64`
[INFO] [stdout] ...
[INFO] [stdout] 375 |             57 => soft_asm!("csrw pmpaddr57, {x}", x = in(reg) pmpaddr),
[INFO] [stdout]     |                   ----------------------------------------------------- in this macro invocation
[INFO] [stdout] 
[INFO] [stdout] 
[INFO] [stdout] error[E0433]: cannot find module or crate `softcore_asm_rv64` in this scope
[INFO] [stdout]    --> anchor/src/arch.rs:58:9
[INFO] [stdout]     |
[INFO] [stdout]  50 | macro_rules! soft_asm {
[INFO] [stdout] ...
[INFO] [stdout]  58 |         softcore_asm_rv64::asm!(
[INFO] [stdout]     |         ^^^^^^^^^^^^^^^^^ use of unresolved module or unlinked crate `softcore_asm_rv64`
[INFO] [stdout] ...
[INFO] [stdout] 376 |             58 => soft_asm!("csrw pmpaddr58, {x}", x = in(reg) pmpaddr),
[INFO] [stdout]     |                   ----------------------------------------------------- in this macro invocation
[INFO] [stdout] 
[INFO] [stdout] 
[INFO] [stdout] error[E0433]: cannot find module or crate `softcore_asm_rv64` in this scope
[INFO] [stdout]    --> anchor/src/arch.rs:58:9
[INFO] [stdout]     |
[INFO] [stdout]  50 | macro_rules! soft_asm {
[INFO] [stdout] ...
[INFO] [stdout]  58 |         softcore_asm_rv64::asm!(
[INFO] [stdout]     |         ^^^^^^^^^^^^^^^^^ use of unresolved module or unlinked crate `softcore_asm_rv64`
[INFO] [stdout] ...
[INFO] [stdout] 377 |             59 => soft_asm!("csrw pmpaddr59, {x}", x = in(reg) pmpaddr),
[INFO] [stdout]     |                   ----------------------------------------------------- in this macro invocation
[INFO] [stdout] 
[INFO] [stdout] 
[INFO] [stdout] error[E0433]: cannot find module or crate `softcore_asm_rv64` in this scope
[INFO] [stdout]    --> anchor/src/arch.rs:58:9
[INFO] [stdout]     |
[INFO] [stdout]  50 | macro_rules! soft_asm {
[INFO] [stdout] ...
[INFO] [stdout]  58 |         softcore_asm_rv64::asm!(
[INFO] [stdout]     |         ^^^^^^^^^^^^^^^^^ use of unresolved module or unlinked crate `softcore_asm_rv64`
[INFO] [stdout] ...
[INFO] [stdout] 378 |             60 => soft_asm!("csrw pmpaddr60, {x}", x = in(reg) pmpaddr),
[INFO] [stdout]     |                   ----------------------------------------------------- in this macro invocation
[INFO] [stdout] 
[INFO] [stdout] 
[INFO] [stdout] error[E0433]: cannot find module or crate `softcore_asm_rv64` in this scope
[INFO] [stdout]    --> anchor/src/arch.rs:58:9
[INFO] [stdout]     |
[INFO] [stdout]  50 | macro_rules! soft_asm {
[INFO] [stdout] ...
[INFO] [stdout]  58 |         softcore_asm_rv64::asm!(
[INFO] [stdout]     |         ^^^^^^^^^^^^^^^^^ use of unresolved module or unlinked crate `softcore_asm_rv64`
[INFO] [stdout] ...
[INFO] [stdout] 379 |             61 => soft_asm!("csrw pmpaddr61, {x}", x = in(reg) pmpaddr),
[INFO] [stdout]     |                   ----------------------------------------------------- in this macro invocation
[INFO] [stdout] 
[INFO] [stdout] 
[INFO] [stdout] error[E0433]: cannot find module or crate `softcore_asm_rv64` in this scope
[INFO] [stdout]    --> anchor/src/arch.rs:58:9
[INFO] [stdout]     |
[INFO] [stdout]  50 | macro_rules! soft_asm {
[INFO] [stdout] ...
[INFO] [stdout]  58 |         softcore_asm_rv64::asm!(
[INFO] [stdout]     |         ^^^^^^^^^^^^^^^^^ use of unresolved module or unlinked crate `softcore_asm_rv64`
[INFO] [stdout] ...
[INFO] [stdout] 380 |             62 => soft_asm!("csrw pmpaddr62, {x}", x = in(reg) pmpaddr),
[INFO] [stdout]     |                   ----------------------------------------------------- in this macro invocation
[INFO] [stdout] 
[INFO] [stdout] 
[INFO] [stdout] error[E0433]: cannot find module or crate `softcore_asm_rv64` in this scope
[INFO] [stdout]    --> anchor/src/arch.rs:58:9
[INFO] [stdout]     |
[INFO] [stdout]  50 | macro_rules! soft_asm {
[INFO] [stdout] ...
[INFO] [stdout]  58 |         softcore_asm_rv64::asm!(
[INFO] [stdout]     |         ^^^^^^^^^^^^^^^^^ use of unresolved module or unlinked crate `softcore_asm_rv64`
[INFO] [stdout] ...
[INFO] [stdout] 381 |             63 => soft_asm!("csrw pmpaddr63, {x}", x = in(reg) pmpaddr),
[INFO] [stdout]     |                   ----------------------------------------------------- in this macro invocation
[INFO] [stdout] 
[INFO] [stdout] 
[INFO] [stdout] error[E0433]: cannot find module or crate `softcore_asm_rv64` in this scope
[INFO] [stdout]    --> anchor/src/arch.rs:58:9
[INFO] [stdout]     |
[INFO] [stdout]  50 | macro_rules! soft_asm {
[INFO] [stdout] ...
[INFO] [stdout]  58 |         softcore_asm_rv64::asm!(
[INFO] [stdout]     |         ^^^^^^^^^^^^^^^^^ use of unresolved module or unlinked crate `softcore_asm_rv64`
[INFO] [stdout] ...
[INFO] [stdout] 398 |                 soft_asm!("csrr {x}, pmpcfg0", x = out(reg) pmpcfg);
[INFO] [stdout]     |                 --------------------------------------------------- in this macro invocation
[INFO] [stdout] 
[INFO] [stdout] 
[INFO] [stdout] error[E0433]: cannot find module or crate `softcore_asm_rv64` in this scope
[INFO] [stdout]    --> anchor/src/arch.rs:58:9
[INFO] [stdout]     |
[INFO] [stdout]  50 | macro_rules! soft_asm {
[INFO] [stdout] ...
[INFO] [stdout]  58 |         softcore_asm_rv64::asm!(
[INFO] [stdout]     |         ^^^^^^^^^^^^^^^^^ use of unresolved module or unlinked crate `softcore_asm_rv64`
[INFO] [stdout] ...
[INFO] [stdout] 402 |             soft_asm!("csrr {x}, pmpcfg2", x = out(reg) pmpcfg);
[INFO] [stdout]     |             --------------------------------------------------- in this macro invocation
[INFO] [stdout] 
[INFO] [stdout] 
[INFO] [stdout] error[E0433]: cannot find module or crate `softcore_asm_rv64` in this scope
[INFO] [stdout]    --> anchor/src/arch.rs:58:9
[INFO] [stdout]     |
[INFO] [stdout]  50 | macro_rules! soft_asm {
[INFO] [stdout] ...
[INFO] [stdout]  58 |         softcore_asm_rv64::asm!(
[INFO] [stdout]     |         ^^^^^^^^^^^^^^^^^ use of unresolved module or unlinked crate `softcore_asm_rv64`
[INFO] [stdout] ...
[INFO] [stdout] 405 |             soft_asm!("csrr {x}, pmpcfg4", x = out(reg) pmpcfg);
[INFO] [stdout]     |             --------------------------------------------------- in this macro invocation
[INFO] [stdout] 
[INFO] [stdout] 
[INFO] [stdout] error[E0433]: cannot find module or crate `softcore_asm_rv64` in this scope
[INFO] [stdout]    --> anchor/src/arch.rs:58:9
[INFO] [stdout]     |
[INFO] [stdout]  50 | macro_rules! soft_asm {
[INFO] [stdout] ...
[INFO] [stdout]  58 |         softcore_asm_rv64::asm!(
[INFO] [stdout]     |         ^^^^^^^^^^^^^^^^^ use of unresolved module or unlinked crate `softcore_asm_rv64`
[INFO] [stdout] ...
[INFO] [stdout] 408 |             soft_asm!("csrr {x}, pmpcfg6", x = out(reg) pmpcfg);
[INFO] [stdout]     |             --------------------------------------------------- in this macro invocation
[INFO] [stdout] 
[INFO] [stdout] 
[INFO] [stdout] error[E0433]: cannot find module or crate `softcore_asm_rv64` in this scope
[INFO] [stdout]    --> anchor/src/arch.rs:58:9
[INFO] [stdout]     |
[INFO] [stdout]  50 | macro_rules! soft_asm {
[INFO] [stdout] ...
[INFO] [stdout]  58 |         softcore_asm_rv64::asm!(
[INFO] [stdout]     |         ^^^^^^^^^^^^^^^^^ use of unresolved module or unlinked crate `softcore_asm_rv64`
[INFO] [stdout] ...
[INFO] [stdout] 411 |             soft_asm!("csrr {x}, pmpcfg8", x = out(reg) pmpcfg);
[INFO] [stdout]     |             --------------------------------------------------- in this macro invocation
[INFO] [stdout] 
[INFO] [stdout] 
[INFO] [stdout] error[E0433]: cannot find module or crate `softcore_asm_rv64` in this scope
[INFO] [stdout]    --> anchor/src/arch.rs:58:9
[INFO] [stdout]     |
[INFO] [stdout]  50 | macro_rules! soft_asm {
[INFO] [stdout] ...
[INFO] [stdout]  58 |         softcore_asm_rv64::asm!(
[INFO] [stdout]     |         ^^^^^^^^^^^^^^^^^ use of unresolved module or unlinked crate `softcore_asm_rv64`
[INFO] [stdout] ...
[INFO] [stdout] 414 |             soft_asm!("csrr {x}, pmpcfg10", x = out(reg) pmpcfg);
[INFO] [stdout]     |             ---------------------------------------------------- in this macro invocation
[INFO] [stdout] 
[INFO] [stdout] 
[INFO] [stdout] error[E0433]: cannot find module or crate `softcore_asm_rv64` in this scope
[INFO] [stdout]    --> anchor/src/arch.rs:58:9
[INFO] [stdout]     |
[INFO] [stdout]  50 | macro_rules! soft_asm {
[INFO] [stdout] ...
[INFO] [stdout]  58 |         softcore_asm_rv64::asm!(
[INFO] [stdout]     |         ^^^^^^^^^^^^^^^^^ use of unresolved module or unlinked crate `softcore_asm_rv64`
[INFO] [stdout] ...
[INFO] [stdout] 417 |             soft_asm!("csrr {x}, pmpcfg12", x = out(reg) pmpcfg);
[INFO] [stdout]     |             ---------------------------------------------------- in this macro invocation
[INFO] [stdout] 
[INFO] [stdout] 
[INFO] [stdout] error[E0433]: cannot find module or crate `softcore_asm_rv64` in this scope
[INFO] [stdout]    --> anchor/src/arch.rs:58:9
[INFO] [stdout]     |
[INFO] [stdout]  50 | macro_rules! soft_asm {
[INFO] [stdout] ...
[INFO] [stdout]  58 |         softcore_asm_rv64::asm!(
[INFO] [stdout]     |         ^^^^^^^^^^^^^^^^^ use of unresolved module or unlinked crate `softcore_asm_rv64`
[INFO] [stdout] ...
[INFO] [stdout] 420 |             soft_asm!("csrr {x}, pmpcfg14", x = out(reg) pmpcfg);
[INFO] [stdout]     |             ---------------------------------------------------- in this macro invocation
[INFO] [stdout] 
[INFO] [stdout] 
[INFO] [stdout] error[E0433]: cannot find module or crate `softcore_asm_rv64` in this scope
[INFO] [stdout]    --> anchor/src/arch.rs:58:9
[INFO] [stdout]     |
[INFO] [stdout]  50 | macro_rules! soft_asm {
[INFO] [stdout] ...
[INFO] [stdout]  58 |         softcore_asm_rv64::asm!(
[INFO] [stdout]     |         ^^^^^^^^^^^^^^^^^ use of unresolved module or unlinked crate `softcore_asm_rv64`
[INFO] [stdout] ...
[INFO] [stdout] 436 |                 soft_asm!("csrw pmpcfg0, {x}", x= in(reg) pmpcfg);
[INFO] [stdout]     |                 ------------------------------------------------- in this macro invocation
[INFO] [stdout] 
[INFO] [stdout] 
[INFO] [stdout] error[E0433]: cannot find module or crate `softcore_asm_rv64` in this scope
[INFO] [stdout]    --> anchor/src/arch.rs:58:9
[INFO] [stdout]     |
[INFO] [stdout]  50 | macro_rules! soft_asm {
[INFO] [stdout] ...
[INFO] [stdout]  58 |         softcore_asm_rv64::asm!(
[INFO] [stdout]     |         ^^^^^^^^^^^^^^^^^ use of unresolved module or unlinked crate `softcore_asm_rv64`
[INFO] [stdout] ...
[INFO] [stdout] 440 |             soft_asm!("csrw pmpcfg2, {x}", x= in(reg) pmpcfg);
[INFO] [stdout]     |             ------------------------------------------------- in this macro invocation
[INFO] [stdout] 
[INFO] [stdout] 
[INFO] [stdout] error[E0433]: cannot find module or crate `softcore_asm_rv64` in this scope
[INFO] [stdout]    --> anchor/src/arch.rs:58:9
[INFO] [stdout]     |
[INFO] [stdout]  50 | macro_rules! soft_asm {
[INFO] [stdout] ...
[INFO] [stdout]  58 |         softcore_asm_rv64::asm!(
[INFO] [stdout]     |         ^^^^^^^^^^^^^^^^^ use of unresolved module or unlinked crate `softcore_asm_rv64`
[INFO] [stdout] ...
[INFO] [stdout] 443 |             soft_asm!("csrw pmpcfg4, {x}", x= in(reg) pmpcfg);
[INFO] [stdout]     |             ------------------------------------------------- in this macro invocation
[INFO] [stdout] 
[INFO] [stdout] 
[INFO] [stdout] error[E0433]: cannot find module or crate `softcore_asm_rv64` in this scope
[INFO] [stdout]    --> anchor/src/arch.rs:58:9
[INFO] [stdout]     |
[INFO] [stdout]  50 | macro_rules! soft_asm {
[INFO] [stdout] ...
[INFO] [stdout]  58 |         softcore_asm_rv64::asm!(
[INFO] [stdout]     |         ^^^^^^^^^^^^^^^^^ use of unresolved module or unlinked crate `softcore_asm_rv64`
[INFO] [stdout] ...
[INFO] [stdout] 446 |             soft_asm!("csrw pmpcfg6, {x}", x= in(reg) pmpcfg);
[INFO] [stdout]     |             ------------------------------------------------- in this macro invocation
[INFO] [stdout] 
[INFO] [stdout] 
[INFO] [stdout] error[E0433]: cannot find module or crate `softcore_asm_rv64` in this scope
[INFO] [stdout]    --> anchor/src/arch.rs:58:9
[INFO] [stdout]     |
[INFO] [stdout]  50 | macro_rules! soft_asm {
[INFO] [stdout] ...
[INFO] [stdout]  58 |         softcore_asm_rv64::asm!(
[INFO] [stdout]     |         ^^^^^^^^^^^^^^^^^ use of unresolved module or unlinked crate `softcore_asm_rv64`
[INFO] [stdout] ...
[INFO] [stdout] 449 |             soft_asm!("csrw pmpcfg8, {x}", x= in(reg) pmpcfg);
[INFO] [stdout]     |             ------------------------------------------------- in this macro invocation
[INFO] [stdout] 
[INFO] [stdout] 
[INFO] [stdout] error[E0433]: cannot find module or crate `softcore_asm_rv64` in this scope
[INFO] [stdout]    --> anchor/src/arch.rs:58:9
[INFO] [stdout]     |
[INFO] [stdout]  50 | macro_rules! soft_asm {
[INFO] [stdout] ...
[INFO] [stdout]  58 |         softcore_asm_rv64::asm!(
[INFO] [stdout]     |         ^^^^^^^^^^^^^^^^^ use of unresolved module or unlinked crate `softcore_asm_rv64`
[INFO] [stdout] ...
[INFO] [stdout] 452 |             soft_asm!("csrw pmpcfg10, {x}", x= in(reg) pmpcfg);
[INFO] [stdout]     |             -------------------------------------------------- in this macro invocation
[INFO] [stdout] 
[INFO] [stdout] 
[INFO] [stdout] error[E0433]: cannot find module or crate `softcore_asm_rv64` in this scope
[INFO] [stdout]    --> anchor/src/arch.rs:58:9
[INFO] [stdout]     |
[INFO] [stdout]  50 | macro_rules! soft_asm {
[INFO] [stdout] ...
[INFO] [stdout]  58 |         softcore_asm_rv64::asm!(
[INFO] [stdout]     |         ^^^^^^^^^^^^^^^^^ use of unresolved module or unlinked crate `softcore_asm_rv64`
[INFO] [stdout] ...
[INFO] [stdout] 455 |             soft_asm!("csrw pmpcfg12, {x}", x= in(reg) pmpcfg);
[INFO] [stdout]     |             -------------------------------------------------- in this macro invocation
[INFO] [stdout] 
[INFO] [stdout] 
[INFO] [stdout] error[E0433]: cannot find module or crate `softcore_asm_rv64` in this scope
[INFO] [stdout]    --> anchor/src/arch.rs:58:9
[INFO] [stdout]     |
[INFO] [stdout]  50 | macro_rules! soft_asm {
[INFO] [stdout] ...
[INFO] [stdout]  58 |         softcore_asm_rv64::asm!(
[INFO] [stdout]     |         ^^^^^^^^^^^^^^^^^ use of unresolved module or unlinked crate `softcore_asm_rv64`
[INFO] [stdout] ...
[INFO] [stdout] 458 |             soft_asm!("csrw pmpcfg14, {x}", x= in(reg) pmpcfg);
[INFO] [stdout]     |             -------------------------------------------------- in this macro invocation
[INFO] [stdout] 
[INFO] [stdout] 
[INFO] [stdout] error[E0433]: cannot find module or crate `softcore_asm_rv64` in this scope
[INFO] [stdout]    --> anchor/src/arch.rs:88:17
[INFO] [stdout]     |
[INFO] [stdout]  70 |   macro_rules! soft_naked_asm {
[INFO] [stdout] ...
[INFO] [stdout]  88 |                   softcore_asm_rv64::asm!(
[INFO] [stdout]     |                   ^^^^^^^^^^^^^^^^^ use of unresolved module or unlinked crate `softcore_asm_rv64`
[INFO] [stdout] ...
[INFO] [stdout] 586 | / soft_naked_asm! {
[INFO] [stdout] 587 | |     fn machine_trap_handler,
[INFO] [stdout] 588 | |     "csrrw sp, mscratch, sp
[INFO] [stdout] 589 | |     addi sp, sp, -34*8
[INFO] [stdout] ...   |
[INFO] [stdout] 664 | |     trap_handler = sym trap_handler
[INFO] [stdout] 665 | | }
[INFO] [stdout]     | |_- in this macro invocation
[INFO] [stdout] 
[INFO] [stdout] 
[INFO] [stdout] error[E0433]: cannot find module or crate `softcore_asm_rv64` in this scope
[INFO] [stdout]    --> anchor/src/arch.rs:88:17
[INFO] [stdout]     |
[INFO] [stdout]  70 |   macro_rules! soft_naked_asm {
[INFO] [stdout] ...
[INFO] [stdout]  88 |                   softcore_asm_rv64::asm!(
[INFO] [stdout]     |                   ^^^^^^^^^^^^^^^^^ use of unresolved module or unlinked crate `softcore_asm_rv64`
[INFO] [stdout] ...
[INFO] [stdout] 667 | / soft_naked_asm! {
[INFO] [stdout] 668 | |     #[link_section = ".entry_point"]
[INFO] [stdout] 669 | |     fn _start,
[INFO] [stdout] ...   |
[INFO] [stdout] 729 | |     anchor_main = sym crate::anchor_main,
[INFO] [stdout] 730 | | }
[INFO] [stdout]     | |_- in this macro invocation
[INFO] [stdout] 
[INFO] [stdout] 
[INFO] [stdout] warning: unused import: `trap_handler`
[INFO] [stdout]  --> anchor/src/arch.rs:5:19
[INFO] [stdout]   |
[INFO] [stdout] 5 | use crate::trap::{trap_handler, MCause};
[INFO] [stdout]   |                   ^^^^^^^^^^^^
[INFO] [stdout]   |
[INFO] [stdout]   = note: `#[warn(unused_imports)]` (part of `#[warn(unused)]`) on by default
[INFO] [stdout] 
[INFO] [stdout] 
[INFO] [stdout] warning: unused import: `crate::logger`
[INFO] [stdout]  --> anchor/src/platform/mod.rs:8:5
[INFO] [stdout]   |
[INFO] [stdout] 8 | use crate::logger;
[INFO] [stdout]   |     ^^^^^^^^^^^^^
[INFO] [stdout] 
[INFO] [stdout] 
[INFO] [stdout] error[E0425]: cannot find function `bv` in this scope
[INFO] [stdout]    --> anchor/src/verif.rs:128:24
[INFO] [stdout]     |
[INFO] [stdout] 128 |         core.mhartid = bv(hartid as u64);
[INFO] [stdout]     |                        ^^ not found in this scope
[INFO] [stdout] 
[INFO] [stdout] 
[INFO] [stdout] error[E0425]: cannot find function `bv` in this scope
[INFO] [stdout]    --> anchor/src/verif.rs:168:19
[INFO] [stdout]     |
[INFO] [stdout] 168 |         core.x1 = bv(random[offset + 1]);
[INFO] [stdout]     |                   ^^ not found in this scope
[INFO] [stdout] 
[INFO] [stdout] 
[INFO] [stdout] error[E0425]: cannot find function `bv` in this scope
[INFO] [stdout]    --> anchor/src/verif.rs:169:19
[INFO] [stdout]     |
[INFO] [stdout] 169 |         core.x2 = bv(random[offset + 2]);
[INFO] [stdout]     |                   ^^ not found in this scope
[INFO] [stdout] 
[INFO] [stdout] 
[INFO] [stdout] error[E0425]: cannot find function `bv` in this scope
[INFO] [stdout]    --> anchor/src/verif.rs:170:19
[INFO] [stdout]     |
[INFO] [stdout] 170 |         core.x3 = bv(random[offset + 3]);
[INFO] [stdout]     |                   ^^ not found in this scope
[INFO] [stdout] 
[INFO] [stdout] 
[INFO] [stdout] error[E0425]: cannot find function `bv` in this scope
[INFO] [stdout]    --> anchor/src/verif.rs:171:19
[INFO] [stdout]     |
[INFO] [stdout] 171 |         core.x4 = bv(random[offset + 4]);
[INFO] [stdout]     |                   ^^ not found in this scope
[INFO] [stdout] 
[INFO] [stdout] 
[INFO] [stdout] error[E0425]: cannot find function `bv` in this scope
[INFO] [stdout]    --> anchor/src/verif.rs:172:19
[INFO] [stdout]     |
[INFO] [stdout] 172 |         core.x5 = bv(random[offset + 5]);
[INFO] [stdout]     |                   ^^ not found in this scope
[INFO] [stdout] 
[INFO] [stdout] 
[INFO] [stdout] error[E0425]: cannot find function `bv` in this scope
[INFO] [stdout]    --> anchor/src/verif.rs:173:19
[INFO] [stdout]     |
[INFO] [stdout] 173 |         core.x6 = bv(random[offset + 6]);
[INFO] [stdout]     |                   ^^ not found in this scope
[INFO] [stdout] 
[INFO] [stdout] 
[INFO] [stdout] error[E0425]: cannot find function `bv` in this scope
[INFO] [stdout]    --> anchor/src/verif.rs:174:19
[INFO] [stdout]     |
[INFO] [stdout] 174 |         core.x7 = bv(random[offset + 7]);
[INFO] [stdout]     |                   ^^ not found in this scope
[INFO] [stdout] 
[INFO] [stdout] 
[INFO] [stdout] error[E0425]: cannot find function `bv` in this scope
[INFO] [stdout]    --> anchor/src/verif.rs:175:19
[INFO] [stdout]     |
[INFO] [stdout] 175 |         core.x8 = bv(random[offset + 8]);
[INFO] [stdout]     |                   ^^ not found in this scope
[INFO] [stdout] 
[INFO] [stdout] 
[INFO] [stdout] error[E0425]: cannot find function `bv` in this scope
[INFO] [stdout]    --> anchor/src/verif.rs:176:19
[INFO] [stdout]     |
[INFO] [stdout] 176 |         core.x9 = bv(random[offset + 9]);
[INFO] [stdout]     |                   ^^ not found in this scope
[INFO] [stdout] 
[INFO] [stdout] 
[INFO] [stdout] error[E0425]: cannot find function `bv` in this scope
[INFO] [stdout]    --> anchor/src/verif.rs:177:20
[INFO] [stdout]     |
[INFO] [stdout] 177 |         core.x10 = bv(random[offset + 10]);
[INFO] [stdout]     |                    ^^ not found in this scope
[INFO] [stdout] 
[INFO] [stdout] 
[INFO] [stdout] error[E0425]: cannot find function `bv` in this scope
[INFO] [stdout]    --> anchor/src/verif.rs:178:20
[INFO] [stdout]     |
[INFO] [stdout] 178 |         core.x11 = bv(random[offset + 11]);
[INFO] [stdout]     |                    ^^ not found in this scope
[INFO] [stdout] 
[INFO] [stdout] 
[INFO] [stdout] error[E0425]: cannot find function `bv` in this scope
[INFO] [stdout]    --> anchor/src/verif.rs:179:20
[INFO] [stdout]     |
[INFO] [stdout] 179 |         core.x12 = bv(random[offset + 12]);
[INFO] [stdout]     |                    ^^ not found in this scope
[INFO] [stdout] 
[INFO] [stdout] 
[INFO] [stdout] error[E0425]: cannot find function `bv` in this scope
[INFO] [stdout]    --> anchor/src/verif.rs:180:20
[INFO] [stdout]     |
[INFO] [stdout] 180 |         core.x13 = bv(random[offset + 13]);
[INFO] [stdout]     |                    ^^ not found in this scope
[INFO] [stdout] 
[INFO] [stdout] 
[INFO] [stdout] error[E0425]: cannot find function `bv` in this scope
[INFO] [stdout]    --> anchor/src/verif.rs:181:20
[INFO] [stdout]     |
[INFO] [stdout] 181 |         core.x14 = bv(random[offset + 14]);
[INFO] [stdout]     |                    ^^ not found in this scope
[INFO] [stdout] 
[INFO] [stdout] 
[INFO] [stdout] error[E0425]: cannot find function `bv` in this scope
[INFO] [stdout]    --> anchor/src/verif.rs:182:20
[INFO] [stdout]     |
[INFO] [stdout] 182 |         core.x15 = bv(random[offset + 15]);
[INFO] [stdout]     |                    ^^ not found in this scope
[INFO] [stdout] 
[INFO] [stdout] 
[INFO] [stdout] error[E0425]: cannot find function `bv` in this scope
[INFO] [stdout]    --> anchor/src/verif.rs:183:20
[INFO] [stdout]     |
[INFO] [stdout] 183 |         core.x16 = bv(random[offset + 16]);
[INFO] [stdout]     |                    ^^ not found in this scope
[INFO] [stdout] 
[INFO] [stdout] 
[INFO] [stdout] error[E0425]: cannot find function `bv` in this scope
[INFO] [stdout]    --> anchor/src/verif.rs:184:20
[INFO] [stdout]     |
[INFO] [stdout] 184 |         core.x17 = bv(random[offset + 17]);
[INFO] [stdout]     |                    ^^ not found in this scope
[INFO] [stdout] 
[INFO] [stdout] 
[INFO] [stdout] error[E0425]: cannot find function `bv` in this scope
[INFO] [stdout]    --> anchor/src/verif.rs:185:20
[INFO] [stdout]     |
[INFO] [stdout] 185 |         core.x18 = bv(random[offset + 18]);
[INFO] [stdout]     |                    ^^ not found in this scope
[INFO] [stdout] 
[INFO] [stdout] 
[INFO] [stdout] error[E0425]: cannot find function `bv` in this scope
[INFO] [stdout]    --> anchor/src/verif.rs:186:20
[INFO] [stdout]     |
[INFO] [stdout] 186 |         core.x19 = bv(random[offset + 19]);
[INFO] [stdout]     |                    ^^ not found in this scope
[INFO] [stdout] 
[INFO] [stdout] 
[INFO] [stdout] error[E0425]: cannot find function `bv` in this scope
[INFO] [stdout]    --> anchor/src/verif.rs:187:20
[INFO] [stdout]     |
[INFO] [stdout] 187 |         core.x20 = bv(random[offset + 20]);
[INFO] [stdout]     |                    ^^ not found in this scope
[INFO] [stdout] 
[INFO] [stdout] 
[INFO] [stdout] error[E0425]: cannot find function `bv` in this scope
[INFO] [stdout]    --> anchor/src/verif.rs:188:20
[INFO] [stdout]     |
[INFO] [stdout] 188 |         core.x21 = bv(random[offset + 21]);
[INFO] [stdout]     |                    ^^ not found in this scope
[INFO] [stdout] 
[INFO] [stdout] 
[INFO] [stdout] error[E0425]: cannot find function `bv` in this scope
[INFO] [stdout]    --> anchor/src/verif.rs:189:20
[INFO] [stdout]     |
[INFO] [stdout] 189 |         core.x22 = bv(random[offset + 22]);
[INFO] [stdout]     |                    ^^ not found in this scope
[INFO] [stdout] 
[INFO] [stdout] 
[INFO] [stdout] error[E0425]: cannot find function `bv` in this scope
[INFO] [stdout]    --> anchor/src/verif.rs:190:20
[INFO] [stdout]     |
[INFO] [stdout] 190 |         core.x23 = bv(random[offset + 23]);
[INFO] [stdout]     |                    ^^ not found in this scope
[INFO] [stdout] 
[INFO] [stdout] 
[INFO] [stdout] error[E0425]: cannot find function `bv` in this scope
[INFO] [stdout]    --> anchor/src/verif.rs:191:20
[INFO] [stdout]     |
[INFO] [stdout] 191 |         core.x24 = bv(random[offset + 24]);
[INFO] [stdout]     |                    ^^ not found in this scope
[INFO] [stdout] 
[INFO] [stdout] 
[INFO] [stdout] error[E0425]: cannot find function `bv` in this scope
[INFO] [stdout]    --> anchor/src/verif.rs:192:20
[INFO] [stdout]     |
[INFO] [stdout] 192 |         core.x25 = bv(random[offset + 25]);
[INFO] [stdout]     |                    ^^ not found in this scope
[INFO] [stdout] 
[INFO] [stdout] 
[INFO] [stdout] error[E0425]: cannot find function `bv` in this scope
[INFO] [stdout]    --> anchor/src/verif.rs:193:20
[INFO] [stdout]     |
[INFO] [stdout] 193 |         core.x26 = bv(random[offset + 26]);
[INFO] [stdout]     |                    ^^ not found in this scope
[INFO] [stdout] 
[INFO] [stdout] 
[INFO] [stdout] error[E0425]: cannot find function `bv` in this scope
[INFO] [stdout]    --> anchor/src/verif.rs:194:20
[INFO] [stdout]     |
[INFO] [stdout] 194 |         core.x27 = bv(random[offset + 27]);
[INFO] [stdout]     |                    ^^ not found in this scope
[INFO] [stdout] 
[INFO] [stdout] 
[INFO] [stdout] error[E0425]: cannot find function `bv` in this scope
[INFO] [stdout]    --> anchor/src/verif.rs:195:20
[INFO] [stdout]     |
[INFO] [stdout] 195 |         core.x28 = bv(random[offset + 28]);
[INFO] [stdout]     |                    ^^ not found in this scope
[INFO] [stdout] 
[INFO] [stdout] 
[INFO] [stdout] error[E0425]: cannot find function `bv` in this scope
[INFO] [stdout]    --> anchor/src/verif.rs:196:20
[INFO] [stdout]     |
[INFO] [stdout] 196 |         core.x29 = bv(random[offset + 29]);
[INFO] [stdout]     |                    ^^ not found in this scope
[INFO] [stdout] 
[INFO] [stdout] 
[INFO] [stdout] error[E0425]: cannot find function `bv` in this scope
[INFO] [stdout]    --> anchor/src/verif.rs:197:20
[INFO] [stdout]     |
[INFO] [stdout] 197 |         core.x30 = bv(random[offset + 30]);
[INFO] [stdout]     |                    ^^ not found in this scope
[INFO] [stdout] 
[INFO] [stdout] 
[INFO] [stdout] error[E0425]: cannot find function `bv` in this scope
[INFO] [stdout]    --> anchor/src/verif.rs:198:20
[INFO] [stdout]     |
[INFO] [stdout] 198 |         core.x31 = bv(random[offset + 31]);
[INFO] [stdout]     |                    ^^ not found in this scope
[INFO] [stdout] 
[INFO] [stdout] 
[INFO] [stdout] error[E0425]: cannot find function `bv` in this scope
[INFO] [stdout]    --> anchor/src/verif.rs:339:24
[INFO] [stdout]     |
[INFO] [stdout] 339 |         core.mhartid = bv(42);
[INFO] [stdout]     |                        ^^ not found in this scope
[INFO] [stdout] 
[INFO] [stdout] 
[INFO] [stdout] Some errors have detailed explanations: E0425, E0432, E0433.
[INFO] [stdout] 
[INFO] [stdout] For more information about an error, try `rustc --explain E0425`.
[INFO] [stdout] 
[INFO] [stderr] error: could not compile `anchor` (bin "anchor" test) due to 197 previous errors; 2 warnings emitted
[INFO] [stderr] warning: build failed, waiting for other jobs to finish...
[INFO] running `Command { std: "docker" "inspect" "e465a3c5e073bb0074c96984f6811376e7d8ffdca80bdd16a7e3fcffbff536b7", kill_on_drop: false }`
[INFO] running `Command { std: "docker" "rm" "-f" "e465a3c5e073bb0074c96984f6811376e7d8ffdca80bdd16a7e3fcffbff536b7", kill_on_drop: false }`
[INFO] [stdout] e465a3c5e073bb0074c96984f6811376e7d8ffdca80bdd16a7e3fcffbff536b7
