[INFO] cloning repository https://github.com/eoffermann/b2cFastCopy
[INFO] running `Command { std: "git" "-c" "credential.helper=" "-c" "credential.helper=/workspace/cargo-home/bin/git-credential-null" "clone" "--bare" "https://github.com/eoffermann/b2cFastCopy" "/workspace/cache/git-repos/https%3A%2F%2Fgithub.com%2Feoffermann%2Fb2cFastCopy", kill_on_drop: false }`
[INFO] [stderr] Cloning into bare repository '/workspace/cache/git-repos/https%3A%2F%2Fgithub.com%2Feoffermann%2Fb2cFastCopy'...
[INFO] running `Command { std: "git" "rev-parse" "HEAD", kill_on_drop: false }`
[INFO] [stdout] 2be24082efb87464c9db9d0c943d1bf5d93b21fb
[INFO] checking eoffermann/b2cFastCopy against 3154cc1a3e6424e44f438a95007d043ed5ceaaf6+rustflags=-Znext-solver=coherence for pr-133502-30
[INFO] running `Command { std: "git" "clone" "/workspace/cache/git-repos/https%3A%2F%2Fgithub.com%2Feoffermann%2Fb2cFastCopy" "/workspace/builds/worker-6-tc1/source", kill_on_drop: false }`
[INFO] [stderr] Cloning into '/workspace/builds/worker-6-tc1/source'...
[INFO] [stderr] done.
[INFO] started tweaking git repo https://github.com/eoffermann/b2cFastCopy
[INFO] finished tweaking git repo https://github.com/eoffermann/b2cFastCopy
[INFO] tweaked toml for git repo https://github.com/eoffermann/b2cFastCopy written to /workspace/builds/worker-6-tc1/source/Cargo.toml
[INFO] validating manifest of git repo https://github.com/eoffermann/b2cFastCopy on toolchain 3154cc1a3e6424e44f438a95007d043ed5ceaaf6
[INFO] running `Command { std: CARGO_HOME="/workspace/cargo-home" RUSTUP_HOME="/workspace/rustup-home" "/workspace/cargo-home/bin/cargo" "+3154cc1a3e6424e44f438a95007d043ed5ceaaf6" "metadata" "--manifest-path" "Cargo.toml" "--no-deps", kill_on_drop: false }`
[INFO] crate git repo https://github.com/eoffermann/b2cFastCopy already has a lockfile, it will not be regenerated
[INFO] running `Command { std: CARGO_HOME="/workspace/cargo-home" RUSTUP_HOME="/workspace/rustup-home" "/workspace/cargo-home/bin/cargo" "+3154cc1a3e6424e44f438a95007d043ed5ceaaf6" "fetch" "--manifest-path" "Cargo.toml", kill_on_drop: false }`
[INFO] [stderr]  Downloading crates ...
[INFO] [stderr]   Downloaded constant_time_eq v0.4.2
[INFO] [stderr]   Downloaded crossterm v0.28.1
[INFO] [stderr]   Downloaded blake3 v1.8.7
[INFO] running `Command { std: "docker" "create" "-v" "/var/lib/crater-agent-workspace/builds/worker-6-tc1/source:/opt/rustwide/workdir:ro,Z" "-v" "/var/lib/crater-agent-workspace/builds/worker-6-tc1/target:/opt/rustwide/target:rw,Z" "-v" "/var/lib/crater-agent-workspace/cargo-home:/opt/rustwide/cargo-home:ro,Z" "-v" "/var/lib/crater-agent-workspace/rustup-home:/opt/rustwide/rustup-home:ro,Z" "-m" "1610612736" "--network" "none" "ghcr.io/rust-lang/crates-build-env/linux@sha256:77db811e55d90add9212f6832c23229e3de5f1c1f9905e8cb07319ea15df73ac" "sleep" "infinity", kill_on_drop: false }`
[INFO] [stdout] fbc519fb1256e06a0099b18442e488e9e5ad5c45d881d02297f166d945516377
[INFO] running `Command { std: "docker" "start" "fbc519fb1256e06a0099b18442e488e9e5ad5c45d881d02297f166d945516377", kill_on_drop: false }`
[INFO] running `Command { std: "docker" "inspect" "fbc519fb1256e06a0099b18442e488e9e5ad5c45d881d02297f166d945516377", kill_on_drop: false }`
[INFO] running `Command { std: "docker" "exec" "-e" "SOURCE_DIR=/opt/rustwide/workdir" "-e" "CARGO_HOME=/opt/rustwide/cargo-home" "-e" "RUSTUP_HOME=/opt/rustwide/rustup-home" "-e" "CARGO_TARGET_DIR=/opt/rustwide/target" "-w" "/opt/rustwide/workdir" "--user" "0:0" "fbc519fb1256e06a0099b18442e488e9e5ad5c45d881d02297f166d945516377" "/opt/rustwide/cargo-home/bin/cargo" "+3154cc1a3e6424e44f438a95007d043ed5ceaaf6" "metadata" "--no-deps" "--format-version=1", kill_on_drop: false }`
[INFO] running `Command { std: "docker" "inspect" "fbc519fb1256e06a0099b18442e488e9e5ad5c45d881d02297f166d945516377", kill_on_drop: false }`
[INFO] running `Command { std: "docker" "exec" "-e" "SOURCE_DIR=/opt/rustwide/workdir" "-e" "CARGO_HOME=/opt/rustwide/cargo-home" "-e" "RUSTUP_HOME=/opt/rustwide/rustup-home" "-e" "CARGO_TARGET_DIR=/opt/rustwide/target" "-e" "CARGO_INCREMENTAL=0" "-e" "RUST_BACKTRACE=full" "-e" "RUSTFLAGS=--cap-lints=forbid -Znext-solver=coherence" "-e" "RUSTDOCFLAGS=--cap-lints=forbid" "-w" "/opt/rustwide/workdir" "--user" "0:0" "fbc519fb1256e06a0099b18442e488e9e5ad5c45d881d02297f166d945516377" "/opt/rustwide/cargo-home/bin/cargo" "+3154cc1a3e6424e44f438a95007d043ed5ceaaf6" "check" "--frozen" "--all" "--all-targets" "--message-format=json", kill_on_drop: false }`
[INFO] [stderr]    Compiling libc v0.2.189
[INFO] [stderr]    Compiling windows_x86_64_gnu v0.52.6
[INFO] [stderr]    Compiling find-msvc-tools v0.1.12
[INFO] [stderr]     Checking arrayvec v0.7.8
[INFO] [stderr]     Checking cpufeatures v0.3.1
[INFO] [stderr]     Checking constant_time_eq v0.4.2
[INFO] [stderr]    Compiling signal-hook v0.3.18
[INFO] [stderr]    Compiling parking_lot_core v0.9.12
[INFO] [stderr]     Checking smallvec v1.16.1
[INFO] [stderr]     Checking scopeguard v1.2.0
[INFO] [stderr]    Compiling rustix v0.38.44
[INFO] [stderr]     Checking lock_api v0.4.14
[INFO] [stderr]    Compiling syn v3.0.5
[INFO] [stderr]    Compiling cc v1.4.6
[INFO] [stderr]     Checking windows-targets v0.52.6
[INFO] [stderr]     Checking windows-sys v0.59.0
[INFO] [stderr]     Checking linux-raw-sys v0.4.15
[INFO] [stderr]     Checking bitflags v2.13.2
[INFO] [stderr]    Compiling blake3 v1.8.7
[INFO] [stderr]     Checking errno v0.3.14
[INFO] [stderr]     Checking mio v1.2.3
[INFO] [stderr]     Checking signal-hook-registry v1.4.8
[INFO] [stderr]     Checking parking_lot v0.12.5
[INFO] [stderr]     Checking signal-hook-mio v0.2.5
[INFO] [stderr]     Checking crossterm v0.28.1
[INFO] [stderr]     Checking b2c-engine v0.1.0 (/opt/rustwide/workdir/crates/b2c-engine)
[INFO] [stderr]    Compiling clap_derive v4.6.4
[INFO] [stderr]     Checking clap v4.6.6
[INFO] [stderr]     Checking b2c-cli v0.1.0 (/opt/rustwide/workdir/crates/b2c-cli)
[INFO] [stdout] error[E0432]: unresolved import `b2c_engine::fmt`
[INFO] [stdout]  --> crates/b2c-cli/src/dashboard.rs:7:5
[INFO] [stdout]   |
[INFO] [stdout] 7 | use b2c_engine::fmt;
[INFO] [stdout]   |     ^^^^^^^^^^^^---
[INFO] [stdout]   |                 |
[INFO] [stdout]   |                 no `fmt` in the root
[INFO] [stdout]   |
[INFO] [stdout] help: consider importing this module instead
[INFO] [stdout]   |
[INFO] [stdout] 7 - use b2c_engine::fmt;
[INFO] [stdout] 7 + use std::fmt;
[INFO] [stdout]   |
[INFO] [stdout] 
[INFO] [stdout] 
[INFO] [stdout] error[E0432]: unresolved import `b2c_engine::progress`
[INFO] [stdout]  --> crates/b2c-cli/src/dashboard.rs:8:5
[INFO] [stdout]   |
[INFO] [stdout] 8 | use b2c_engine::progress;
[INFO] [stdout]   |     ^^^^^^^^^^^^--------
[INFO] [stdout]   |                 |
[INFO] [stdout]   |                 no `progress` in the root
[INFO] [stdout] 
[INFO] [stdout] 
[INFO] [stdout] error[E0432]: unresolved import `b2c_engine::scheduler`
[INFO] [stdout]  --> crates/b2c-cli/src/dashboard.rs:9:17
[INFO] [stdout]   |
[INFO] [stdout] 9 | use b2c_engine::scheduler::{Scheduler, State};
[INFO] [stdout]   |                 ^^^^^^^^^ could not find `scheduler` in `b2c_engine`
[INFO] [stdout] 
[INFO] [stdout] 
[INFO] [stdout] error[E0432]: unresolved import `b2c_engine::stats`
[INFO] [stdout]   --> crates/b2c-cli/src/dashboard.rs:10:17
[INFO] [stdout]    |
[INFO] [stdout] 10 | use b2c_engine::stats::Stats;
[INFO] [stdout]    |                 ^^^^^ could not find `stats` in `b2c_engine`
[INFO] [stdout] 
[INFO] [stdout] 
[INFO] [stdout] error[E0432]: unresolved import `b2c_engine::fmt`
[INFO] [stdout]  --> crates/b2c-cli/src/dashboard.rs:7:5
[INFO] [stdout]   |
[INFO] [stdout] 7 | use b2c_engine::fmt;
[INFO] [stdout]   |     ^^^^^^^^^^^^---
[INFO] [stdout]   |                 |
[INFO] [stdout]   |                 no `fmt` in the root
[INFO] [stdout]   |
[INFO] [stdout] help: consider importing this module instead
[INFO] [stdout]   |
[INFO] [stdout] 7 - use b2c_engine::fmt;
[INFO] [stdout] 7 + use std::fmt;
[INFO] [stdout]   |
[INFO] [stdout] 
[INFO] [stdout] 
[INFO] [stdout] error[E0432]: unresolved import `b2c_engine::progress`
[INFO] [stdout]  --> crates/b2c-cli/src/dashboard.rs:8:5
[INFO] [stdout]   |
[INFO] [stdout] 8 | use b2c_engine::progress;
[INFO] [stdout]   |     ^^^^^^^^^^^^--------
[INFO] [stdout]   |                 |
[INFO] [stdout]   |                 no `progress` in the root
[INFO] [stdout] 
[INFO] [stdout] 
[INFO] [stdout] error[E0432]: unresolved import `b2c_engine::scheduler`
[INFO] [stdout]  --> crates/b2c-cli/src/dashboard.rs:9:17
[INFO] [stdout]   |
[INFO] [stdout] 9 | use b2c_engine::scheduler::{Scheduler, State};
[INFO] [stdout]   |                 ^^^^^^^^^ could not find `scheduler` in `b2c_engine`
[INFO] [stdout] 
[INFO] [stdout] 
[INFO] [stdout] error[E0432]: unresolved import `b2c_engine::stats`
[INFO] [stdout]   --> crates/b2c-cli/src/dashboard.rs:10:17
[INFO] [stdout]    |
[INFO] [stdout] 10 | use b2c_engine::stats::Stats;
[INFO] [stdout]    |                 ^^^^^ could not find `stats` in `b2c_engine`
[INFO] [stdout] 
[INFO] [stdout] 
[INFO] [stdout] error[E0432]: unresolved imports `b2c_engine::fmt`, `b2c_engine::progress`, `b2c_engine::Copier`, `b2c_engine::Options`
[INFO] [stdout]  --> crates/b2c-cli/src/main.rs:5:18
[INFO] [stdout]   |
[INFO] [stdout] 5 | use b2c_engine::{fmt, progress, Copier, Options};
[INFO] [stdout]   |                  ^^^  ^^^^^^^^  ^^^^^^  ^^^^^^^ no `Options` in the root
[INFO] [stdout]   |                  |    |         |
[INFO] [stdout]   |                  |    |         no `Copier` in the root
[INFO] [stdout]   |                  |    no `progress` in the root
[INFO] [stdout]   |                  no `fmt` in the root
[INFO] [stdout]   |
[INFO] [stdout]   = help: consider importing this module instead:
[INFO] [stdout]           std::fmt
[INFO] [stdout] 
[INFO] [stdout] 
[INFO] [stdout] error[E0432]: unresolved imports `b2c_engine::fmt`, `b2c_engine::progress`, `b2c_engine::Copier`, `b2c_engine::Options`
[INFO] [stdout]  --> crates/b2c-cli/src/main.rs:5:18
[INFO] [stdout]   |
[INFO] [stdout] 5 | use b2c_engine::{fmt, progress, Copier, Options};
[INFO] [stdout]   |                  ^^^  ^^^^^^^^  ^^^^^^  ^^^^^^^ no `Options` in the root
[INFO] [stdout]   |                  |    |         |
[INFO] [stdout]   |                  |    |         no `Copier` in the root
[INFO] [stdout]   |                  |    no `progress` in the root
[INFO] [stdout]   |                  no `fmt` in the root
[INFO] [stdout]   |
[INFO] [stdout]   = help: consider importing this module instead:
[INFO] [stdout]           std::fmt
[INFO] [stdout] 
[INFO] [stdout] 
[INFO] [stdout] error[E0425]: cannot find type `Outcome` in crate `b2c_engine`
[INFO] [stdout]    --> crates/b2c-cli/src/main.rs:161:27
[INFO] [stdout]     |
[INFO] [stdout] 161 | fn report(o: &b2c_engine::Outcome, args: &Args) {
[INFO] [stdout]     |                           ^^^^^^^ not found in `b2c_engine`
[INFO] [stdout] 
[INFO] [stdout] 
[INFO] [stdout] error[E0425]: cannot find type `Outcome` in crate `b2c_engine`
[INFO] [stdout]    --> crates/b2c-cli/src/main.rs:212:33
[INFO] [stdout]     |
[INFO] [stdout] 212 | fn json_summary(o: &b2c_engine::Outcome) -> String {
[INFO] [stdout]     |                                 ^^^^^^^ not found in `b2c_engine`
[INFO] [stdout] 
[INFO] [stdout] 
[INFO] [stdout] error[E0425]: cannot find type `Outcome` in crate `b2c_engine`
[INFO] [stdout]    --> crates/b2c-cli/src/main.rs:161:27
[INFO] [stdout]     |
[INFO] [stdout] 161 | fn report(o: &b2c_engine::Outcome, args: &Args) {
[INFO] [stdout]     |                           ^^^^^^^ not found in `b2c_engine`
[INFO] [stdout] 
[INFO] [stdout] 
[INFO] [stdout] error[E0425]: cannot find type `Outcome` in crate `b2c_engine`
[INFO] [stdout]    --> crates/b2c-cli/src/main.rs:212:33
[INFO] [stdout]     |
[INFO] [stdout] 212 | fn json_summary(o: &b2c_engine::Outcome) -> String {
[INFO] [stdout]     |                                 ^^^^^^^ not found in `b2c_engine`
[INFO] [stdout] 
[INFO] [stdout] 
[INFO] [stdout] error[E0277]: the size for values of type `str` cannot be known at compilation time
[INFO] [stdout]   --> crates/b2c-cli/src/main.rs:81:13
[INFO] [stdout]    |
[INFO] [stdout] 81 |         Err(e) => return fail(&e),
[INFO] [stdout]    |             ^ doesn't have a size known at compile-time
[INFO] [stdout]    |
[INFO] [stdout]    = help: the trait `Sized` is not implemented for `str`
[INFO] [stdout]    = note: all local variables must have a statically known size
[INFO] [stdout] 
[INFO] [stdout] 
[INFO] [stdout] error[E0277]: the size for values of type `str` cannot be known at compilation time
[INFO] [stdout]   --> crates/b2c-cli/src/main.rs:81:13
[INFO] [stdout]    |
[INFO] [stdout] 81 |         Err(e) => return fail(&e),
[INFO] [stdout]    |             ^ doesn't have a size known at compile-time
[INFO] [stdout]    |
[INFO] [stdout]    = help: the trait `Sized` is not implemented for `str`
[INFO] [stdout]    = note: all local variables must have a statically known size
[INFO] [stdout] 
[INFO] [stdout] 
[INFO] [stdout] error[E0277]: the size for values of type `str` cannot be known at compilation time
[INFO] [stdout]   --> crates/b2c-cli/src/main.rs:85:13
[INFO] [stdout]    |
[INFO] [stdout] 85 |         Err(e) => return fail(&e),
[INFO] [stdout]    |             ^ doesn't have a size known at compile-time
[INFO] [stdout]    |
[INFO] [stdout]    = help: the trait `Sized` is not implemented for `str`
[INFO] [stdout]    = note: all local variables must have a statically known size
[INFO] [stdout] 
[INFO] [stdout] 
[INFO] [stdout] error[E0277]: the size for values of type `str` cannot be known at compilation time
[INFO] [stdout]   --> crates/b2c-cli/src/main.rs:85:13
[INFO] [stdout]    |
[INFO] [stdout] 85 |         Err(e) => return fail(&e),
[INFO] [stdout]    |             ^ doesn't have a size known at compile-time
[INFO] [stdout]    |
[INFO] [stdout]    = help: the trait `Sized` is not implemented for `str`
[INFO] [stdout]    = note: all local variables must have a statically known size
[INFO] [stdout] 
[INFO] [stdout] 
[INFO] [stdout] error[E0277]: the size for values of type `str` cannot be known at compilation time
[INFO] [stdout]   --> crates/b2c-cli/src/main.rs:89:13
[INFO] [stdout]    |
[INFO] [stdout] 89 |         Err(e) => return fail(&e),
[INFO] [stdout]    |             ^ doesn't have a size known at compile-time
[INFO] [stdout]    |
[INFO] [stdout]    = help: the trait `Sized` is not implemented for `str`
[INFO] [stdout]    = note: all local variables must have a statically known size
[INFO] [stdout] 
[INFO] [stdout] 
[INFO] [stdout] error[E0277]: the size for values of type `str` cannot be known at compilation time
[INFO] [stdout]   --> crates/b2c-cli/src/main.rs:89:13
[INFO] [stdout]    |
[INFO] [stdout] 89 |         Err(e) => return fail(&e),
[INFO] [stdout]    |             ^ doesn't have a size known at compile-time
[INFO] [stdout]    |
[INFO] [stdout]    = help: the trait `Sized` is not implemented for `str`
[INFO] [stdout]    = note: all local variables must have a statically known size
[INFO] [stdout] 
[INFO] [stdout] 
[INFO] [stdout] warning: method call on a diverging inference variable
[INFO] [stdout]    --> crates/b2c-cli/src/main.rs:109:47
[INFO] [stdout]     |
[INFO] [stdout] 109 |     progress::note(format!("plan: {}", copier.plan_summary()));
[INFO] [stdout]     |                                               ^^^^^^^^^^^^
[INFO] [stdout]     |
[INFO] [stdout]     = help: consider providing a type annotation
[INFO] [stdout]     = warning: this was previously accepted by the compiler but is being phased out; it will become a hard error in a future release!
[INFO] [stdout]     = note: for more information, see issue #156047 <https://github.com/rust-lang/rust/issues/156047>
[INFO] [stdout]     = note: `#[warn(method_call_on_diverging_infer_var)]` (part of `#[warn(future_incompatible)]`) on by default
[INFO] [stdout] 
[INFO] [stdout] 
[INFO] [stdout] warning: method call on a diverging inference variable
[INFO] [stdout]    --> crates/b2c-cli/src/main.rs:109:47
[INFO] [stdout]     |
[INFO] [stdout] 109 |     progress::note(format!("plan: {}", copier.plan_summary()));
[INFO] [stdout]     |                                               ^^^^^^^^^^^^
[INFO] [stdout]     |
[INFO] [stdout]     = help: consider providing a type annotation
[INFO] [stdout]     = warning: this was previously accepted by the compiler but is being phased out; it will become a hard error in a future release!
[INFO] [stdout]     = note: for more information, see issue #156047 <https://github.com/rust-lang/rust/issues/156047>
[INFO] [stdout]     = note: `#[warn(method_call_on_diverging_infer_var)]` (part of `#[warn(future_incompatible)]`) on by default
[INFO] [stdout] 
[INFO] [stdout] 
[INFO] [stdout] error[E0599]: no method named `plan_summary` found for type `!` in the current scope
[INFO] [stdout]    --> crates/b2c-cli/src/main.rs:109:47
[INFO] [stdout]     |
[INFO] [stdout] 109 |     progress::note(format!("plan: {}", copier.plan_summary()));
[INFO] [stdout]     |                                               ^^^^^^^^^^^^ method not found in `!`
[INFO] [stdout] 
[INFO] [stdout] 
[INFO] [stdout] error[E0599]: no method named `plan_summary` found for type `!` in the current scope
[INFO] [stdout]    --> crates/b2c-cli/src/main.rs:109:47
[INFO] [stdout]     |
[INFO] [stdout] 109 |     progress::note(format!("plan: {}", copier.plan_summary()));
[INFO] [stdout]     |                                               ^^^^^^^^^^^^ method not found in `!`
[INFO] [stdout] 
[INFO] [stdout] 
[INFO] [stdout] error[E0599]: no method named `stats` found for type `!` in the current scope
[INFO] [stdout]    --> crates/b2c-cli/src/main.rs:118:20
[INFO] [stdout]     |
[INFO] [stdout] 118 |             copier.stats(),
[INFO] [stdout]     |                    ^^^^^ method not found in `!`
[INFO] [stdout] 
[INFO] [stdout] 
[INFO] [stdout] error[E0599]: no method named `stats` found for type `!` in the current scope
[INFO] [stdout]    --> crates/b2c-cli/src/main.rs:118:20
[INFO] [stdout]     |
[INFO] [stdout] 118 |             copier.stats(),
[INFO] [stdout]     |                    ^^^^^ method not found in `!`
[INFO] [stdout] 
[INFO] [stdout] 
[INFO] [stdout] warning: unreachable call
[INFO] [stdout]    --> crates/b2c-cli/src/main.rs:118:20
[INFO] [stdout]     |
[INFO] [stdout] 118 |             copier.stats(),
[INFO] [stdout]     |             ------ ^^^^^ unreachable call
[INFO] [stdout]     |             |
[INFO] [stdout]     |             any code following this expression is unreachable
[INFO] [stdout]     |
[INFO] [stdout]     = note: `#[warn(unreachable_code)]` (part of `#[warn(unused)]`) on by default
[INFO] [stdout] 
[INFO] [stdout] 
[INFO] [stdout] warning: unreachable call
[INFO] [stdout]    --> crates/b2c-cli/src/main.rs:118:20
[INFO] [stdout]     |
[INFO] [stdout] 118 |             copier.stats(),
[INFO] [stdout]     |             ------ ^^^^^ unreachable call
[INFO] [stdout]     |             |
[INFO] [stdout]     |             any code following this expression is unreachable
[INFO] [stdout]     |
[INFO] [stdout]     = note: `#[warn(unreachable_code)]` (part of `#[warn(unused)]`) on by default
[INFO] [stdout] 
[INFO] [stdout] 
[INFO] [stdout] error[E0599]: no method named `scheduler` found for type `!` in the current scope
[INFO] [stdout]    --> crates/b2c-cli/src/main.rs:119:20
[INFO] [stdout]     |
[INFO] [stdout] 119 |             copier.scheduler(),
[INFO] [stdout]     |                    ^^^^^^^^^ method not found in `!`
[INFO] [stdout] 
[INFO] [stdout] 
[INFO] [stdout] warning: unreachable call
[INFO] [stdout]    --> crates/b2c-cli/src/main.rs:119:20
[INFO] [stdout]     |
[INFO] [stdout] 119 |             copier.scheduler(),
[INFO] [stdout]     |             ------ ^^^^^^^^^ unreachable call
[INFO] [stdout]     |             |
[INFO] [stdout]     |             any code following this expression is unreachable
[INFO] [stdout] 
[INFO] [stdout] 
[INFO] [stdout] error[E0599]: no method named `scheduler` found for type `!` in the current scope
[INFO] [stdout]    --> crates/b2c-cli/src/main.rs:119:20
[INFO] [stdout]     |
[INFO] [stdout] 119 |             copier.scheduler(),
[INFO] [stdout]     |                    ^^^^^^^^^ method not found in `!`
[INFO] [stdout] 
[INFO] [stdout] 
[INFO] [stdout] warning: unreachable call
[INFO] [stdout]    --> crates/b2c-cli/src/main.rs:119:20
[INFO] [stdout]     |
[INFO] [stdout] 119 |             copier.scheduler(),
[INFO] [stdout]     |             ------ ^^^^^^^^^ unreachable call
[INFO] [stdout]     |             |
[INFO] [stdout]     |             any code following this expression is unreachable
[INFO] [stdout] 
[INFO] [stdout] 
[INFO] [stdout] error[E0599]: no method named `stats` found for type `!` in the current scope
[INFO] [stdout]    --> crates/b2c-cli/src/main.rs:129:20
[INFO] [stdout]     |
[INFO] [stdout] 129 |             copier.stats(),
[INFO] [stdout]     |                    ^^^^^ method not found in `!`
[INFO] [stdout] 
[INFO] [stdout] 
[INFO] [stdout] warning: unreachable call
[INFO] [stdout]    --> crates/b2c-cli/src/main.rs:129:20
[INFO] [stdout]     |
[INFO] [stdout] 129 |             copier.stats(),
[INFO] [stdout]     |             ------ ^^^^^ unreachable call
[INFO] [stdout]     |             |
[INFO] [stdout]     |             any code following this expression is unreachable
[INFO] [stdout] 
[INFO] [stdout] 
[INFO] [stdout] error[E0599]: no method named `stats` found for type `!` in the current scope
[INFO] [stdout]    --> crates/b2c-cli/src/main.rs:129:20
[INFO] [stdout]     |
[INFO] [stdout] 129 |             copier.stats(),
[INFO] [stdout]     |                    ^^^^^ method not found in `!`
[INFO] [stdout] 
[INFO] [stdout] 
[INFO] [stdout] warning: unreachable call
[INFO] [stdout]    --> crates/b2c-cli/src/main.rs:129:20
[INFO] [stdout]     |
[INFO] [stdout] 129 |             copier.stats(),
[INFO] [stdout]     |             ------ ^^^^^ unreachable call
[INFO] [stdout]     |             |
[INFO] [stdout]     |             any code following this expression is unreachable
[INFO] [stdout] 
[INFO] [stdout] 
[INFO] [stdout] error[E0599]: no method named `scheduler` found for type `!` in the current scope
[INFO] [stdout]    --> crates/b2c-cli/src/main.rs:130:20
[INFO] [stdout]     |
[INFO] [stdout] 130 |             copier.scheduler(),
[INFO] [stdout]     |                    ^^^^^^^^^ method not found in `!`
[INFO] [stdout] 
[INFO] [stdout] 
[INFO] [stdout] warning: unreachable call
[INFO] [stdout]    --> crates/b2c-cli/src/main.rs:130:20
[INFO] [stdout]     |
[INFO] [stdout] 130 |             copier.scheduler(),
[INFO] [stdout]     |             ------ ^^^^^^^^^ unreachable call
[INFO] [stdout]     |             |
[INFO] [stdout]     |             any code following this expression is unreachable
[INFO] [stdout] 
[INFO] [stdout] 
[INFO] [stdout] error[E0599]: no method named `scheduler` found for type `!` in the current scope
[INFO] [stdout]    --> crates/b2c-cli/src/main.rs:130:20
[INFO] [stdout]     |
[INFO] [stdout] 130 |             copier.scheduler(),
[INFO] [stdout]     |                    ^^^^^^^^^ method not found in `!`
[INFO] [stdout] 
[INFO] [stdout] 
[INFO] [stdout] warning: unreachable call
[INFO] [stdout]    --> crates/b2c-cli/src/main.rs:130:20
[INFO] [stdout]     |
[INFO] [stdout] 130 |             copier.scheduler(),
[INFO] [stdout]     |             ------ ^^^^^^^^^ unreachable call
[INFO] [stdout]     |             |
[INFO] [stdout]     |             any code following this expression is unreachable
[INFO] [stdout] 
[INFO] [stdout] 
[INFO] [stdout] error[E0599]: no method named `run` found for type `!` in the current scope
[INFO] [stdout]    --> crates/b2c-cli/src/main.rs:137:25
[INFO] [stdout]     |
[INFO] [stdout] 137 |     let result = copier.run();
[INFO] [stdout]     |                         ^^^ method not found in `!`
[INFO] [stdout] 
[INFO] [stdout] 
[INFO] [stdout] error[E0599]: no method named `run` found for type `!` in the current scope
[INFO] [stdout]    --> crates/b2c-cli/src/main.rs:137:25
[INFO] [stdout]     |
[INFO] [stdout] 137 |     let result = copier.run();
[INFO] [stdout]     |                         ^^^ method not found in `!`
[INFO] [stdout] 
[INFO] [stdout] 
[INFO] [stdout] warning: unreachable call
[INFO] [stdout]    --> crates/b2c-cli/src/main.rs:137:25
[INFO] [stdout]     |
[INFO] [stdout] 137 |     let result = copier.run();
[INFO] [stdout]     |                  ------ ^^^ unreachable call
[INFO] [stdout]     |                  |
[INFO] [stdout]     |                  any code following this expression is unreachable
[INFO] [stdout] 
[INFO] [stdout] 
[INFO] [stdout] warning: unreachable call
[INFO] [stdout]    --> crates/b2c-cli/src/main.rs:137:25
[INFO] [stdout]     |
[INFO] [stdout] 137 |     let result = copier.run();
[INFO] [stdout]     |                  ------ ^^^ unreachable call
[INFO] [stdout]     |                  |
[INFO] [stdout]     |                  any code following this expression is unreachable
[INFO] [stdout] 
[INFO] [stdout] 
[INFO] [stdout] Some errors have detailed explanations: E0277, E0425, E0432, E0599.
[INFO] [stdout] 
[INFO] [stdout] For more information about an error, try `rustc --explain E0277`.
[INFO] [stdout] 
[INFO] [stdout] Some errors have detailed explanations: E0277, E0425, E0432, E0599.
[INFO] [stdout] 
[INFO] [stdout] For more information about an error, try `rustc --explain E0277`.
[INFO] [stdout] 
[INFO] [stderr] error: could not compile `b2c-cli` (bin "b2fc" test) due to 16 previous errors; 7 warnings emitted
[INFO] [stderr] warning: build failed, waiting for other jobs to finish...
[INFO] [stderr] error: could not compile `b2c-cli` (bin "b2fc") due to 16 previous errors; 7 warnings emitted
[INFO] [stderr] warning: unused dependency `blake3`
[INFO] [stderr]  --> crates/b2c-engine/Cargo.toml:8:1
[INFO] [stderr]   |
[INFO] [stderr] 8 | blake3 = "1"
[INFO] [stderr]   | ^^^^^^^^^^^^
[INFO] [stderr]   |
[INFO] [stderr]   = note: `cargo::unused_dependencies` is set to `warn` by default
[INFO] [stderr] help: consider removing the dependency on `blake3`
[INFO] [stderr] warning: unused dependency `windows-sys`
[INFO] [stderr]   --> crates/b2c-engine/Cargo.toml:10:15
[INFO] [stderr]    |
[INFO] [stderr] 10 | [dependencies.windows-sys]
[INFO] [stderr]    |               ^^^^^^^^^^^^
[INFO] [stderr]    |
[INFO] [stderr] help: consider removing the dependency on `windows-sys`
[INFO] [stderr] warning: `b2c-engine` (manifest) generated 2 warnings
[INFO] running `Command { std: "docker" "inspect" "fbc519fb1256e06a0099b18442e488e9e5ad5c45d881d02297f166d945516377", kill_on_drop: false }`
[INFO] running `Command { std: "docker" "rm" "-f" "fbc519fb1256e06a0099b18442e488e9e5ad5c45d881d02297f166d945516377", kill_on_drop: false }`
[INFO] [stdout] fbc519fb1256e06a0099b18442e488e9e5ad5c45d881d02297f166d945516377
