[INFO] cloning repository https://github.com/enieber/doidera-lab
[INFO] running `Command { std: "git" "-c" "credential.helper=" "-c" "credential.helper=/workspace/cargo-home/bin/git-credential-null" "clone" "--bare" "https://github.com/enieber/doidera-lab" "/workspace/cache/git-repos/https%3A%2F%2Fgithub.com%2Fenieber%2Fdoidera-lab", kill_on_drop: false }`
[INFO] [stderr] Cloning into bare repository '/workspace/cache/git-repos/https%3A%2F%2Fgithub.com%2Fenieber%2Fdoidera-lab'...
[INFO] running `Command { std: "git" "rev-parse" "HEAD", kill_on_drop: false }`
[INFO] [stdout] ed65ec9ca3b4eeb56c89ed31f568daf1afeca60e
[INFO] checking enieber/doidera-lab against 3154cc1a3e6424e44f438a95007d043ed5ceaaf6 for pr-133502-30
[INFO] running `Command { std: "git" "clone" "/workspace/cache/git-repos/https%3A%2F%2Fgithub.com%2Fenieber%2Fdoidera-lab" "/workspace/builds/worker-1-tc2/source", kill_on_drop: false }`
[INFO] [stderr] Cloning into '/workspace/builds/worker-1-tc2/source'...
[INFO] [stderr] done.
[INFO] removed /workspace/builds/worker-1-tc2/source/.cargo/config.toml
[INFO] started tweaking git repo https://github.com/enieber/doidera-lab
[INFO] finished tweaking git repo https://github.com/enieber/doidera-lab
[INFO] tweaked toml for git repo https://github.com/enieber/doidera-lab written to /workspace/builds/worker-1-tc2/source/Cargo.toml
[INFO] validating manifest of git repo https://github.com/enieber/doidera-lab on toolchain 3154cc1a3e6424e44f438a95007d043ed5ceaaf6
[INFO] running `Command { std: CARGO_HOME="/workspace/cargo-home" RUSTUP_HOME="/workspace/rustup-home" "/workspace/cargo-home/bin/cargo" "+3154cc1a3e6424e44f438a95007d043ed5ceaaf6" "metadata" "--manifest-path" "Cargo.toml" "--no-deps", kill_on_drop: false }`
[INFO] crate git repo https://github.com/enieber/doidera-lab already has a lockfile, it will not be regenerated
[INFO] running `Command { std: CARGO_HOME="/workspace/cargo-home" RUSTUP_HOME="/workspace/rustup-home" "/workspace/cargo-home/bin/cargo" "+3154cc1a3e6424e44f438a95007d043ed5ceaaf6" "fetch" "--manifest-path" "Cargo.toml", kill_on_drop: false }`
[INFO] running `Command { std: "docker" "create" "-v" "/var/lib/crater-agent-workspace/builds/worker-1-tc2/source:/opt/rustwide/workdir:ro,Z" "-v" "/var/lib/crater-agent-workspace/builds/worker-1-tc2/target:/opt/rustwide/target:rw,Z" "-v" "/var/lib/crater-agent-workspace/cargo-home:/opt/rustwide/cargo-home:ro,Z" "-v" "/var/lib/crater-agent-workspace/rustup-home:/opt/rustwide/rustup-home:ro,Z" "-m" "1610612736" "--network" "none" "ghcr.io/rust-lang/crates-build-env/linux@sha256:77db811e55d90add9212f6832c23229e3de5f1c1f9905e8cb07319ea15df73ac" "sleep" "infinity", kill_on_drop: false }`
[INFO] [stdout] f8a96c315a2240f5580d4774e79ee2d8356ee03b599b27f1c90150914f2f2dc5
[INFO] running `Command { std: "docker" "start" "f8a96c315a2240f5580d4774e79ee2d8356ee03b599b27f1c90150914f2f2dc5", kill_on_drop: false }`
[INFO] running `Command { std: "docker" "inspect" "f8a96c315a2240f5580d4774e79ee2d8356ee03b599b27f1c90150914f2f2dc5", kill_on_drop: false }`
[INFO] running `Command { std: "docker" "exec" "-e" "SOURCE_DIR=/opt/rustwide/workdir" "-e" "CARGO_HOME=/opt/rustwide/cargo-home" "-e" "RUSTUP_HOME=/opt/rustwide/rustup-home" "-e" "CARGO_TARGET_DIR=/opt/rustwide/target" "-w" "/opt/rustwide/workdir" "--user" "0:0" "f8a96c315a2240f5580d4774e79ee2d8356ee03b599b27f1c90150914f2f2dc5" "/opt/rustwide/cargo-home/bin/cargo" "+3154cc1a3e6424e44f438a95007d043ed5ceaaf6" "metadata" "--no-deps" "--format-version=1", kill_on_drop: false }`
[INFO] running `Command { std: "docker" "inspect" "f8a96c315a2240f5580d4774e79ee2d8356ee03b599b27f1c90150914f2f2dc5", kill_on_drop: false }`
[INFO] running `Command { std: "docker" "exec" "-e" "SOURCE_DIR=/opt/rustwide/workdir" "-e" "CARGO_HOME=/opt/rustwide/cargo-home" "-e" "RUSTUP_HOME=/opt/rustwide/rustup-home" "-e" "CARGO_TARGET_DIR=/opt/rustwide/target" "-e" "CARGO_INCREMENTAL=0" "-e" "RUST_BACKTRACE=full" "-e" "RUSTFLAGS=--cap-lints=forbid" "-e" "RUSTDOCFLAGS=--cap-lints=forbid" "-w" "/opt/rustwide/workdir" "--user" "0:0" "f8a96c315a2240f5580d4774e79ee2d8356ee03b599b27f1c90150914f2f2dc5" "/opt/rustwide/cargo-home/bin/cargo" "+3154cc1a3e6424e44f438a95007d043ed5ceaaf6" "check" "--frozen" "--all" "--all-targets" "--message-format=json", kill_on_drop: false }`
[INFO] [stderr]    Compiling syn v3.0.3
[INFO] [stderr]     Checking getrandom v0.2.17
[INFO] [stderr]    Compiling find-msvc-tools v0.1.10
[INFO] [stderr]    Compiling zerovec-derive v0.11.3
[INFO] [stderr]    Compiling num-traits v0.2.19
[INFO] [stderr]     Checking parking_lot_core v0.9.12
[INFO] [stderr]     Checking mio v1.2.2
[INFO] [stderr]     Checking tracing v0.1.44
[INFO] [stderr]    Compiling cc v1.4.2
[INFO] [stderr]     Checking rand_core v0.6.4
[INFO] [stderr]     Checking crypto-common v0.1.7
[INFO] [stderr]     Checking parking_lot v0.12.5
[INFO] [stderr]     Checking digest v0.10.7
[INFO] [stderr]    Compiling zeroize_derive v1.5.0
[INFO] [stderr]     Checking getrandom v0.4.3
[INFO] [stderr]    Compiling serde_core v1.0.229
[INFO] [stderr]    Compiling rustls v0.23.43
[INFO] [stderr]     Checking sha2 v0.10.9
[INFO] [stderr]     Checking crossbeam-queue v0.3.13
[INFO] [stderr]     Checking zeroize v1.9.0
[INFO] [stderr]     Checking futures-intrusive v0.5.0
[INFO] [stderr]     Checking deranged v0.5.8
[INFO] [stderr]     Checking rustls-pki-types v1.15.1
[INFO] [stderr]     Checking arrayvec v0.7.8
[INFO] [stderr]     Checking uuid v1.24.0
[INFO] [stderr]     Checking webpki-roots v1.0.9
[INFO] [stderr]     Checking spin v0.9.9
[INFO] [stderr]    Compiling darling_core v0.20.11
[INFO] [stderr]     Checking zerovec v0.11.6
[INFO] [stderr]     Checking regex-automata v0.4.18
[INFO] [stderr]     Checking atoi v2.0.0
[INFO] [stderr]     Checking bitflags v2.13.1
[INFO] [stderr]     Checking unicode-normalization v0.1.25
[INFO] [stderr]    Compiling ring v0.17.14
[INFO] [stderr]     Checking potential_utf v0.1.5
[INFO] [stderr]    Compiling libsqlite3-sys v0.30.1
[INFO] [stderr]     Checking chacha20 v0.10.1
[INFO] [stderr]     Checking sha2 v0.11.0
[INFO] [stderr]     Checking time v0.3.55
[INFO] [stderr]    Compiling proc-macro2 v1.0.107
[INFO] [stderr]     Checking stringprep v0.1.5
[INFO] [stderr]     Checking hkdf v0.13.0
[INFO] [stderr]     Checking rand v0.10.2
[INFO] [stderr]     Checking flume v0.12.0
[INFO] [stderr]     Checking sha1 v0.11.0
[INFO] [stderr]     Checking ordered-float v4.6.0
[INFO] [stderr]     Checking md-5 v0.11.0
[INFO] [stderr]    Compiling darling_macro v0.20.11
[INFO] [stderr]    Compiling quote v1.0.47
[INFO] [stderr]     Checking whoami v2.1.3
[INFO] [stderr]    Compiling darling v0.20.11
[INFO] [stderr]     Checking regex v1.13.1
[INFO] [stderr]     Checking matchers v0.2.0
[INFO] [stderr]     Checking cipher v0.4.4
[INFO] [stderr]     Checking universal-hash v0.5.1
[INFO] [stderr]    Compiling proc-macro2-diagnostics v0.10.1
[INFO] [stderr]     Checking polyval v0.6.2
[INFO] [stderr]    Compiling prettyplease v0.2.37
[INFO] [stderr]     Checking simd-adler32 v0.3.10
[INFO] [stderr]     Checking ghash v0.5.1
[INFO] [stderr]     Checking aes v0.8.4
[INFO] [stderr]     Checking ctr v0.9.2
[INFO] [stderr]     Checking miniz_oxide v0.8.9
[INFO] [stderr]    Compiling serde_derive v1.0.229
[INFO] [stderr]    Compiling displaydoc v0.2.7
[INFO] [stderr]    Compiling thiserror-impl v2.0.20
[INFO] [stderr]    Compiling tokio-macros v2.7.2
[INFO] [stderr]    Compiling futures-macro v0.3.34
[INFO] [stderr]    Compiling async-trait v0.1.92
[INFO] [stderr]     Checking tinystr v0.8.3
[INFO] [stderr]     Checking tokio v1.53.1
[INFO] [stderr]     Checking icu_locale_core v2.2.0
[INFO] [stderr]     Checking zerotrie v0.2.4
[INFO] [stderr]     Checking thiserror v2.0.20
[INFO] [stderr]     Checking futures-util v0.3.34
[INFO] [stderr]     Checking icu_collections v2.2.0
[INFO] [stderr]    Compiling sea-query-derive v1.0.0
[INFO] [stderr]     Checking syn v2.0.119
[INFO] [stderr]     Checking icu_provider v2.2.0
[INFO] [stderr]     Checking rustls-webpki v0.103.14
[INFO] [stderr]     Checking icu_properties v2.2.0
[INFO] [stderr]     Checking icu_normalizer v2.2.0
[INFO] [stderr]    Compiling sea-schema-derive v0.3.0
[INFO] [stderr]     Checking aead v0.5.2
[INFO] [stderr]     Checking idna_adapter v1.2.2
[INFO] [stderr]     Checking unsafe-libyaml-norway v0.2.15
[INFO] [stderr]     Checking idna v1.1.0
[INFO] [stderr]     Checking url v2.5.8
[INFO] [stderr]     Checking serde v1.0.229
[INFO] [stderr]    Compiling derive_more-impl v2.1.1
[INFO] [stderr]     Checking chrono v0.4.45
[INFO] [stderr]     Checking either v1.17.0
[INFO] [stderr]     Checking rust_decimal v1.42.1
[INFO] [stderr]     Checking futures-executor v0.3.34
[INFO] [stderr]     Checking tracing-serde v0.2.0
[INFO] [stderr]    Compiling itertools v0.14.0
[INFO] [stderr]     Checking tracing-subscriber v0.3.23
[INFO] [stderr]     Checking sea-query v1.0.1
[INFO] [stderr]     Checking serde_norway v0.9.42
[INFO] [stderr]     Checking clap_builder v4.6.6
[INFO] [stderr]     Checking aes-gcm v0.10.3
[INFO] [stderr]     Checking tokio-stream v0.1.19
[INFO] [stderr]     Checking tokio-util v0.7.19
[INFO] [stderr]     Checking sqlx-core v0.9.0
[INFO] [stderr]     Checking flate2 v1.1.9
[INFO] [stderr]    Compiling ouroboros_macro v0.18.5
[INFO] [stderr]    Compiling clap_derive v4.6.4
[INFO] [stderr]    Compiling pluralizer v0.5.0
[INFO] [stderr]    Compiling sea-bae v0.2.2
[INFO] [stderr]     Checking inout v0.2.2
[INFO] [stderr]    Compiling zerofrom v0.1.8
[INFO] [stderr]    Compiling async-stream-impl v0.3.6
[INFO] [stderr]     Checking base64 v0.23.1
[INFO] [stderr]     Checking aliasable v0.1.3
[INFO] [stderr]     Checking heck v0.5.0
[INFO] [stderr]    Compiling sea-orm-macros v2.0.1
[INFO] [stderr]     Checking sea-orm-codegen v2.0.1
[INFO] [stderr]    Compiling yoke v0.8.3
[INFO] [stderr]     Checking async-stream v0.3.6
[INFO] [stderr]     Checking cipher v0.5.2
[INFO] [stderr]     Checking doido-core v0.0.22
[INFO] [stderr]     Checking derive_more v2.1.1
[INFO] [stderr]     Checking ouroboros v0.18.5
[INFO] [stderr]    Compiling derive-where v1.6.1
[INFO] [stderr]     Checking strum v0.28.0
[INFO] [stderr]    Compiling indoc v2.0.7
[INFO] [stderr]     Checking blowfish v0.10.0
[INFO] [stderr]     Checking rand v0.9.5
[INFO] [stderr]     Checking bcrypt v0.19.3
[INFO] [stderr]     Checking http-body-util v0.1.4
[INFO] [stderr]     Checking serde_urlencoded v0.7.1
[INFO] [stderr]     Checking clap v4.6.6
[INFO] [stderr]    Compiling cmake v0.1.58
[INFO] [stderr]     Checking sha1 v0.10.7
[INFO] [stderr]     Checking data-encoding v2.11.1
[INFO] [stderr]     Checking sync_wrapper v1.0.2
[INFO] [stderr]     Checking sqlx-postgres v0.9.0
[INFO] [stderr]     Checking sqlx-sqlite v0.9.0
[INFO] [stderr]     Checking sqlx-mysql v0.9.0
[INFO] [stderr]    Compiling aws-lc-sys v0.44.0
[INFO] [stderr]     Checking hyper v1.11.0
[INFO] [stderr]     Checking tungstenite v0.29.0
[INFO] [stderr]     Checking doido-cache v0.0.22
[INFO] [stderr]     Checking tera v2.1.1
[INFO] [stderr]     Checking hdrhistogram v7.6.0
[INFO] [stderr]     Checking axum-core v0.5.6
[INFO] [stderr]     Checking hyper-util v0.1.20
[INFO] [stderr]     Checking tower v0.5.3
[INFO] [stderr]     Checking tokio-tungstenite v0.29.0
[INFO] [stderr]     Checking tower-http v0.7.0
[INFO] [stderr]    Compiling doido-controller-macros v0.0.22
[INFO] [stderr]     Checking num-integer v0.1.47
[INFO] [stderr]    Compiling smallvec v1.15.2
[INFO] [stderr]    Compiling aws-lc-rs v1.18.0
[INFO] [stderr]     Checking num-bigint v0.4.8
[INFO] [stderr]     Checking doido-view v0.0.22
[INFO] [stderr]     Checking combine v4.6.7
[INFO] [stderr]     Checking axum v0.8.9
[INFO] [stderr]     Checking arcstr v1.2.0
[INFO] [stderr]     Checking sqlx v0.9.0
[INFO] [stderr]     Checking sea-query-sqlx v0.9.1
[INFO] [stderr]     Checking xxhash-rust v0.8.18
[INFO] [stderr]     Checking sea-schema v0.18.1
[INFO] [stderr]    Compiling futures-core v0.3.34
[INFO] [stderr]     Checking ureq-proto v0.6.1
[INFO] [stderr]     Checking serde_spanned v0.6.9
[INFO] [stderr]     Checking toml_datetime v0.6.11
[INFO] [stderr]    Compiling doido-jobs-macros v0.0.22
[INFO] [stderr]    Compiling doido-auth-route-dsl v0.0.22
[INFO] [stderr]     Checking utf8-zero v0.8.1
[INFO] [stderr]     Checking inventory v0.3.24
[INFO] [stderr]     Checking toml_edit v0.22.27
[INFO] [stderr]    Compiling doido-auth-macros v0.0.22
[INFO] [stderr]     Checking ureq v3.4.0
[INFO] [stderr]    Compiling generic-array v0.14.7
[INFO] [stderr]     Checking sea-orm-cli v2.0.1
[INFO] [stderr]     Checking sea-orm v2.0.1
[INFO] [stderr]     Checking zip v0.6.6
[INFO] [stderr]    Compiling include_dir_macros v0.7.4
[INFO] [stderr]    Compiling futures-sink v0.3.34
[INFO] [stderr]    Compiling doido-generators v0.0.22
[INFO] [stderr]     Checking figlet-rs v1.0.0
[INFO] [stderr]     Checking include_dir v0.7.4
[INFO] [stderr]     Checking tokio-rustls v0.26.4
[INFO] [stderr]    Compiling doido-cable-macros v0.0.22
[INFO] [stderr]    Compiling doido-mailer-macros v0.0.22
[INFO] [stderr]    Compiling form_urlencoded v1.2.2
[INFO] [stderr]    Compiling block-buffer v0.10.4
[INFO] [stderr]     Checking toml v0.8.23
[INFO] [stderr]    Compiling socket2 v0.6.5
[INFO] [stderr]    Compiling futures-task v0.3.34
[INFO] [stderr]    Compiling futures-io v0.3.34
[INFO] [stderr]    Compiling foldhash v0.1.5
[INFO] [stderr]    Compiling hashbrown v0.15.5
[INFO] [stderr]    Compiling crossbeam-utils v0.8.22
[INFO] [stderr]    Compiling event-listener v5.4.2
[INFO] [stderr]     Checking redis v1.5.0
[INFO] [stderr]    Compiling serde_json v1.0.151
[INFO] [stderr]    Compiling hashlink v0.10.0
[INFO] [stderr]    Compiling base64 v0.22.1
[INFO] [stderr]    Compiling ryu v1.0.23
[INFO] [stderr]    Compiling flume v0.11.1
[INFO] [stderr]    Compiling futures-channel v0.3.34
[INFO] [stderr]     Checking sqlx-core v0.8.6
[INFO] [stderr]     Checking sqlx-sqlite v0.8.6
[INFO] [stderr]     Checking sea-orm-migration v2.0.1
[INFO] [stderr]     Checking doido-model v0.0.22
[INFO] [stderr]     Checking doido-controller v0.0.22
[INFO] [stderr]     Checking doido-cable v0.0.22
[INFO] [stderr]     Checking doido-storage v0.0.22
[INFO] [stderr]     Checking doido-jobs v0.0.22
[INFO] [stderr]    Compiling sqlx-macros-core v0.8.6
[INFO] [stderr]     Checking doido-mailer v0.0.22
[INFO] [stderr]    Compiling sqlx-macros v0.8.6
[INFO] [stderr]     Checking sqlx v0.8.6
[INFO] [stderr]     Checking jsonwebtoken v10.4.0
[INFO] [stderr]     Checking doido-auth v0.0.22
[INFO] [stderr]     Checking doido v0.0.22
[INFO] [stderr]     Checking migration v0.1.0 (/opt/rustwide/workdir/db/migration)
[INFO] [stderr]     Checking seed v0.1.0 (/opt/rustwide/workdir/db/seed)
[INFO] [stderr]     Checking blog_auth v0.1.0 (/opt/rustwide/workdir)
[INFO] [stdout] error[E0432]: unresolved import `doido_auth`
[INFO] [stdout]  --> db/seed/src/../../../app/models/user.rs:8:5
[INFO] [stdout]   |
[INFO] [stdout] 8 | use doido_auth::AuthUser;
[INFO] [stdout]   |     ^^^^^^^^^^ use of unresolved module or unlinked crate `doido_auth`
[INFO] [stdout]   |
[INFO] [stdout]   = help: if you wanted to use a crate named `doido_auth`, use `cargo add doido_auth` to add it to your `Cargo.toml`
[INFO] [stdout] 
[INFO] [stdout] 
[INFO] [stdout] error[E0432]: unresolved import `doido_auth`
[INFO] [stdout]  --> db/seed/src/../../../app/models/user.rs:9:5
[INFO] [stdout]   |
[INFO] [stdout] 9 | use doido_auth::RegisterableAuthUser;
[INFO] [stdout]   |     ^^^^^^^^^^ use of unresolved module or unlinked crate `doido_auth`
[INFO] [stdout]   |
[INFO] [stdout]   = help: if you wanted to use a crate named `doido_auth`, use `cargo add doido_auth` to add it to your `Cargo.toml`
[INFO] [stdout] 
[INFO] [stdout] 
[INFO] [stdout] error[E0432]: unresolved import `doido_auth`
[INFO] [stdout]  --> db/seed/src/../../../app/models/user.rs:8:5
[INFO] [stdout]   |
[INFO] [stdout] 8 | use doido_auth::AuthUser;
[INFO] [stdout]   |     ^^^^^^^^^^ use of unresolved module or unlinked crate `doido_auth`
[INFO] [stdout]   |
[INFO] [stdout]   = help: if you wanted to use a crate named `doido_auth`, use `cargo add doido_auth` to add it to your `Cargo.toml`
[INFO] [stdout] 
[INFO] [stdout] 
[INFO] [stdout] error[E0432]: unresolved import `doido_auth`
[INFO] [stdout]  --> db/seed/src/../../../app/models/user.rs:9:5
[INFO] [stdout]   |
[INFO] [stdout] 9 | use doido_auth::RegisterableAuthUser;
[INFO] [stdout]   |     ^^^^^^^^^^ use of unresolved module or unlinked crate `doido_auth`
[INFO] [stdout]   |
[INFO] [stdout]   = help: if you wanted to use a crate named `doido_auth`, use `cargo add doido_auth` to add it to your `Cargo.toml`
[INFO] [stdout] 
[INFO] [stdout] 
[INFO] [stdout] error[E0433]: cannot find module or crate `chrono` in this scope
[INFO] [stdout]   --> db/seed/src/../../../app/models/user.rs:72:19
[INFO] [stdout]    |
[INFO] [stdout] 72 |         let now = chrono::Utc::now().naive_utc();
[INFO] [stdout]    |                   ^^^^^^ use of unresolved module or unlinked crate `chrono`
[INFO] [stdout]    |
[INFO] [stdout]    = help: if you wanted to use a crate named `chrono`, use `cargo add chrono` to add it to your `Cargo.toml`
[INFO] [stdout] 
[INFO] [stdout] 
[INFO] [stdout] error[E0433]: cannot find module or crate `chrono` in this scope
[INFO] [stdout]   --> db/seed/src/../../../app/models/user.rs:72:19
[INFO] [stdout]    |
[INFO] [stdout] 72 |         let now = chrono::Utc::now().naive_utc();
[INFO] [stdout]    |                   ^^^^^^ use of unresolved module or unlinked crate `chrono`
[INFO] [stdout]    |
[INFO] [stdout]    = help: if you wanted to use a crate named `chrono`, use `cargo add chrono` to add it to your `Cargo.toml`
[INFO] [stdout] 
[INFO] [stdout] 
[INFO] [stdout] Some errors have detailed explanations: E0432, E0433.
[INFO] [stdout] 
[INFO] [stdout] For more information about an error, try `rustc --explain E0432`.
[INFO] [stdout] 
[INFO] [stderr] error: could not compile `seed` (bin "seed" test) due to 3 previous errors
[INFO] [stderr] warning: build failed, waiting for other jobs to finish...
[INFO] [stdout] Some errors have detailed explanations: E0432, E0433.
[INFO] [stdout] 
[INFO] [stdout] For more information about an error, try `rustc --explain E0432`.
[INFO] [stdout] 
[INFO] [stderr] error: could not compile `seed` (bin "seed") due to 3 previous errors
[INFO] [stderr] warning: unused dependency `sqlx`
[INFO] [stderr]   --> Cargo.toml:35:15
[INFO] [stderr]    |
[INFO] [stderr] 35 | [dependencies.sqlx]
[INFO] [stderr]    |               ^^^^^
[INFO] [stderr]    |
[INFO] [stderr]    = note: `cargo::unused_dependencies` is set to `warn` by default
[INFO] [stderr] help: consider removing the dependency on `sqlx`
[INFO] [stderr] warning: `blog_auth` (manifest) generated 1 warning
[INFO] running `Command { std: "docker" "inspect" "f8a96c315a2240f5580d4774e79ee2d8356ee03b599b27f1c90150914f2f2dc5", kill_on_drop: false }`
[INFO] running `Command { std: "docker" "rm" "-f" "f8a96c315a2240f5580d4774e79ee2d8356ee03b599b27f1c90150914f2f2dc5", kill_on_drop: false }`
[INFO] [stdout] f8a96c315a2240f5580d4774e79ee2d8356ee03b599b27f1c90150914f2f2dc5
