[INFO] cloning repository https://github.com/endo-ly/sonalloy
[INFO] running `Command { std: "git" "-c" "credential.helper=" "-c" "credential.helper=/workspace/cargo-home/bin/git-credential-null" "clone" "--bare" "https://github.com/endo-ly/sonalloy" "/workspace/cache/git-repos/https%3A%2F%2Fgithub.com%2Fendo-ly%2Fsonalloy", kill_on_drop: false }`
[INFO] [stderr] Cloning into bare repository '/workspace/cache/git-repos/https%3A%2F%2Fgithub.com%2Fendo-ly%2Fsonalloy'...
[INFO] running `Command { std: "git" "rev-parse" "HEAD", kill_on_drop: false }`
[INFO] [stdout] 785f321697c56770e264b9652fe47a5742ca1abe
[INFO] checking endo-ly/sonalloy against 3154cc1a3e6424e44f438a95007d043ed5ceaaf6+rustflags=-Znext-solver=coherence for pr-133502-30
[INFO] running `Command { std: "git" "clone" "/workspace/cache/git-repos/https%3A%2F%2Fgithub.com%2Fendo-ly%2Fsonalloy" "/workspace/builds/worker-4-tc1/source", kill_on_drop: false }`
[INFO] [stderr] Cloning into '/workspace/builds/worker-4-tc1/source'...
[INFO] [stderr] done.
[INFO] [stderr] Updating files:  49% (340/686)
Updating files:  50% (343/686)
Updating files:  51% (350/686)
Updating files:  52% (357/686)
Updating files:  53% (364/686)
Updating files:  54% (371/686)
Updating files:  55% (378/686)
Updating files:  56% (385/686)
Updating files:  57% (392/686)
Updating files:  58% (398/686)
Updating files:  59% (405/686)
Updating files:  60% (412/686)
Updating files:  60% (418/686)
Updating files:  61% (419/686)
Updating files:  62% (426/686)
Updating files:  63% (433/686)
Updating files:  64% (440/686)
Updating files:  65% (446/686)
Updating files:  66% (453/686)
Updating files:  67% (460/686)
Updating files:  68% (467/686)
Updating files:  69% (474/686)
Updating files:  70% (481/686)
Updating files:  71% (488/686)
Updating files:  72% (494/686)
Updating files:  72% (496/686)
Updating files:  73% (501/686)
Updating files:  74% (508/686)
Updating files:  74% (509/686)
Updating files:  75% (515/686)
Updating files:  76% (522/686)
Updating files:  77% (529/686)
Updating files:  78% (536/686)
Updating files:  79% (542/686)
Updating files:  79% (546/686)
Updating files:  80% (549/686)
Updating files:  81% (556/686)
Updating files:  82% (563/686)
Updating files:  83% (570/686)
Updating files:  84% (577/686)
Updating files:  85% (584/686)
Updating files:  86% (590/686)
Updating files:  87% (597/686)
Updating files:  88% (604/686)
Updating files:  89% (611/686)
Updating files:  90% (618/686)
Updating files:  91% (625/686)
Updating files:  92% (632/686)
Updating files:  93% (638/686)
Updating files:  94% (645/686)
Updating files:  95% (652/686)
Updating files:  96% (659/686)
Updating files:  97% (666/686)
Updating files:  98% (673/686)
Updating files:  99% (680/686)
Updating files: 100% (686/686)
Updating files: 100% (686/686), done.
[INFO] started tweaking git repo https://github.com/endo-ly/sonalloy
[INFO] finished tweaking git repo https://github.com/endo-ly/sonalloy
[INFO] tweaked toml for git repo https://github.com/endo-ly/sonalloy written to /workspace/builds/worker-4-tc1/source/Cargo.toml
[INFO] validating manifest of git repo https://github.com/endo-ly/sonalloy on toolchain 3154cc1a3e6424e44f438a95007d043ed5ceaaf6
[INFO] running `Command { std: CARGO_HOME="/workspace/cargo-home" RUSTUP_HOME="/workspace/rustup-home" "/workspace/cargo-home/bin/cargo" "+3154cc1a3e6424e44f438a95007d043ed5ceaaf6" "metadata" "--manifest-path" "Cargo.toml" "--no-deps", kill_on_drop: false }`
[INFO] crate git repo https://github.com/endo-ly/sonalloy already has a lockfile, it will not be regenerated
[INFO] running `Command { std: CARGO_HOME="/workspace/cargo-home" RUSTUP_HOME="/workspace/rustup-home" "/workspace/cargo-home/bin/cargo" "+3154cc1a3e6424e44f438a95007d043ed5ceaaf6" "fetch" "--manifest-path" "Cargo.toml", kill_on_drop: false }`
[INFO] [stderr]     Updating crates.io index
[INFO] [stderr]  Downloading crates ...
[INFO] [stderr]   Downloaded symphonia-codec-pcm v0.6.0
[INFO] [stderr]   Downloaded symphonia v0.6.0
[INFO] [stderr]   Downloaded symphonia-metadata v0.6.0
[INFO] [stderr]   Downloaded symphonia-format-riff v0.6.0
[INFO] [stderr]   Downloaded audioadapter-sample v4.0.0
[INFO] [stderr]   Downloaded java-locator v0.1.9
[INFO] [stderr]   Downloaded predicates-core v1.0.10
[INFO] [stderr]   Downloaded process_path v0.1.4
[INFO] [stderr]   Downloaded normalize-line-endings v0.3.0
[INFO] [stderr]   Downloaded difflib v0.4.0
[INFO] [stderr]   Downloaded android-build v0.1.4
[INFO] [stderr]   Downloaded audioadapter v4.0.0
[INFO] [stderr]   Downloaded predicates v3.1.4
[INFO] [stderr]   Downloaded midly v0.5.3
[INFO] [stderr]   Downloaded jni-min-helper v0.3.4
[INFO] [stderr]   Downloaded dlopen2 v0.9.0
[INFO] [stderr]   Downloaded midir v0.11.0
[INFO] [stderr]   Downloaded symphonia-core v0.6.0
[INFO] [stderr]   Downloaded audio_thread_priority v0.35.1
[INFO] [stderr]   Downloaded rubato v4.0.0
[INFO] [stderr]   Downloaded audioadapter-buffers v4.0.0
[INFO] [stderr]   Downloaded predicates-tree v1.0.13
[INFO] [stderr]   Downloaded termtree v0.5.1
[INFO] [stderr]   Downloaded cpal v0.18.1
[INFO] [stderr]   Downloaded assert_cmd v2.2.2
[INFO] running `Command { std: "docker" "create" "-v" "/var/lib/crater-agent-workspace/builds/worker-4-tc1/source:/opt/rustwide/workdir:ro,Z" "-v" "/var/lib/crater-agent-workspace/builds/worker-4-tc1/target:/opt/rustwide/target:rw,Z" "-v" "/var/lib/crater-agent-workspace/cargo-home:/opt/rustwide/cargo-home:ro,Z" "-v" "/var/lib/crater-agent-workspace/rustup-home:/opt/rustwide/rustup-home:ro,Z" "-m" "1610612736" "--network" "none" "ghcr.io/rust-lang/crates-build-env/linux@sha256:77db811e55d90add9212f6832c23229e3de5f1c1f9905e8cb07319ea15df73ac" "sleep" "infinity", kill_on_drop: false }`
[INFO] [stdout] ee8aecd7b5f6a78843a67705d1bca25587e18ee1a90f9ae5faab189890e63d5c
[INFO] running `Command { std: "docker" "start" "ee8aecd7b5f6a78843a67705d1bca25587e18ee1a90f9ae5faab189890e63d5c", kill_on_drop: false }`
[INFO] running `Command { std: "docker" "inspect" "ee8aecd7b5f6a78843a67705d1bca25587e18ee1a90f9ae5faab189890e63d5c", kill_on_drop: false }`
[INFO] running `Command { std: "docker" "exec" "-e" "SOURCE_DIR=/opt/rustwide/workdir" "-e" "CARGO_HOME=/opt/rustwide/cargo-home" "-e" "RUSTUP_HOME=/opt/rustwide/rustup-home" "-e" "CARGO_TARGET_DIR=/opt/rustwide/target" "-w" "/opt/rustwide/workdir" "--user" "0:0" "ee8aecd7b5f6a78843a67705d1bca25587e18ee1a90f9ae5faab189890e63d5c" "/opt/rustwide/cargo-home/bin/cargo" "+3154cc1a3e6424e44f438a95007d043ed5ceaaf6" "metadata" "--no-deps" "--format-version=1", kill_on_drop: false }`
[INFO] running `Command { std: "docker" "inspect" "ee8aecd7b5f6a78843a67705d1bca25587e18ee1a90f9ae5faab189890e63d5c", kill_on_drop: false }`
[INFO] running `Command { std: "docker" "exec" "-e" "SOURCE_DIR=/opt/rustwide/workdir" "-e" "CARGO_HOME=/opt/rustwide/cargo-home" "-e" "RUSTUP_HOME=/opt/rustwide/rustup-home" "-e" "CARGO_TARGET_DIR=/opt/rustwide/target" "-e" "CARGO_INCREMENTAL=0" "-e" "RUST_BACKTRACE=full" "-e" "RUSTFLAGS=--cap-lints=forbid -Znext-solver=coherence" "-e" "RUSTDOCFLAGS=--cap-lints=forbid" "-w" "/opt/rustwide/workdir" "--user" "0:0" "ee8aecd7b5f6a78843a67705d1bca25587e18ee1a90f9ae5faab189890e63d5c" "/opt/rustwide/cargo-home/bin/cargo" "+3154cc1a3e6424e44f438a95007d043ed5ceaaf6" "check" "--frozen" "--all" "--all-targets" "--message-format=json", kill_on_drop: false }`
[INFO] [stderr]    Compiling find-msvc-tools v0.1.9
[INFO] [stderr]     Checking log v0.4.33
[INFO] [stderr]     Checking smallvec v1.15.2
[INFO] [stderr]     Checking bytemuck v1.25.2
[INFO] [stderr]    Compiling thiserror v2.0.19
[INFO] [stderr]     Checking audio-core v0.2.1
[INFO] [stderr]     Checking regex-lite v0.1.9
[INFO] [stderr]     Checking extended v0.1.0
[INFO] [stderr]    Compiling syn v3.0.3
[INFO] [stderr]    Compiling syn v2.0.119
[INFO] [stderr]     Checking num-complex v0.4.6
[INFO] [stderr]     Checking num-integer v0.1.46
[INFO] [stderr]     Checking windowfunctions v0.1.1
[INFO] [stderr]     Checking serde_json v1.0.151
[INFO] [stderr]    Compiling getrandom v0.4.3
[INFO] [stderr]     Checking fastrand v2.5.0
[INFO] [stderr]     Checking approx v0.5.1
[INFO] [stderr]    Compiling icu_properties_data v2.1.2
[INFO] [stderr]    Compiling icu_normalizer_data v2.1.1
[INFO] [stderr]    Compiling alsa-sys v0.4.0
[INFO] [stderr]    Compiling cc v1.4.0
[INFO] [stderr]     Checking tempfile v3.27.0
[INFO] [stderr]     Checking audioadapter v4.0.0
[INFO] [stderr]     Checking audioadapter-sample v4.0.0
[INFO] [stderr]     Checking zeroize v1.9.0
[INFO] [stderr]     Checking getrandom v0.2.17
[INFO] [stderr]     Checking aho-corasick v1.1.4
[INFO] [stderr]    Compiling crc32fast v1.5.1
[INFO] [stderr]     Checking primal-check v0.3.4
[INFO] [stderr]     Checking transpose v0.2.3
[INFO] [stderr]     Checking rustls-pki-types v1.15.1
[INFO] [stderr]    Compiling rustls v0.23.45
[INFO] [stderr]     Checking audioadapter-buffers v4.0.0
[INFO] [stderr]     Checking simd-adler32 v0.3.10
[INFO] [stderr]     Checking percent-encoding v2.3.2
[INFO] [stderr]     Checking is_terminal_polyfill v1.70.2
[INFO] [stderr]    Compiling midir v0.11.0
[INFO] [stderr]     Checking predicates-core v1.0.10
[INFO] [stderr]     Checking anstream v1.0.0
[INFO] [stderr]     Checking miniz_oxide v0.9.1
[INFO] [stderr]     Checking either v1.17.0
[INFO] [stderr]     Checking clap_lex v1.1.0
[INFO] [stderr]     Checking form_urlencoded v1.2.2
[INFO] [stderr]    Compiling cpal v0.18.1
[INFO] [stderr]     Checking symphonia-core v0.6.0
[INFO] [stderr]     Checking rustfft v6.4.1
[INFO] [stderr]     Checking audio_thread_priority v0.35.1
[INFO] [stderr]     Checking rayon v1.12.0
[INFO] [stderr]     Checking float-cmp v0.10.0
[INFO] [stderr]     Checking webpki-roots v1.0.9
[INFO] [stderr]     Checking clap_builder v4.6.2
[INFO] [stderr]     Checking filetime v0.2.29
[INFO] [stderr]    Compiling assert_cmd v2.2.2
[INFO] [stderr]     Checking webpki-roots v0.26.11
[INFO] [stderr]     Checking normalize-line-endings v0.3.0
[INFO] [stderr]     Checking dasp_sample v0.11.0
[INFO] [stderr]     Checking termtree v0.5.1
[INFO] [stderr]     Checking difflib v0.4.0
[INFO] [stderr]     Checking predicates-tree v1.0.13
[INFO] [stderr]     Checking tar v0.4.46
[INFO] [stderr]     Checking crossbeam-queue v0.3.13
[INFO] [stderr]     Checking wait-timeout v0.2.1
[INFO] [stderr]     Checking hound v3.5.1
[INFO] [stderr]     Checking flate2 v1.1.10
[INFO] [stderr]     Checking alsa v0.11.0
[INFO] [stderr]    Compiling cmake v0.1.58
[INFO] [stderr]     Checking regex-automata v0.4.16
[INFO] [stderr]    Compiling ring v0.17.14
[INFO] [stderr]    Compiling sonalloy-dsp-sys v2026.10.10 (/opt/rustwide/workdir/crates/sonalloy-dsp-sys)
[INFO] [stderr]     Checking symphonia-metadata v0.6.0
[INFO] [stderr]     Checking symphonia-codec-pcm v0.6.0
[INFO] [stderr] error: failed to run custom build command for `sonalloy-dsp-sys v2026.10.10 (/opt/rustwide/workdir/crates/sonalloy-dsp-sys)`
[INFO] [stderr] note: To improve backtraces for build dependencies, set the CARGO_PROFILE_DEV_BUILD_OVERRIDE_DEBUG=true environment variable to enable debug information generation.
[INFO] [stderr] 
[INFO] [stderr] Caused by:
[INFO] [stderr]   process didn't exit successfully: `/opt/rustwide/target/debug/build/sonalloy-dsp-sys/056593e601955a13/out/build_script_build` (exit status: 101)
[INFO] [stderr]   --- stdout
[INFO] [stderr]   cargo:rerun-if-changed=../../native/daisysp-wrapper/CMakeLists.txt
[INFO] [stderr]   cargo:rerun-if-changed=../../native/daisysp-wrapper/include/sonalloy_dsp.h
[INFO] [stderr]   cargo:rerun-if-changed=../../native/daisysp-wrapper/src/daisysp_wrapper.cpp
[INFO] [stderr]   cargo:rerun-if-changed=../../native/signalsmith-stretch-wrapper/CMakeLists.txt
[INFO] [stderr]   cargo:rerun-if-changed=../../native/signalsmith-stretch-wrapper/include/sonalloy_stretch.h
[INFO] [stderr]   cargo:rerun-if-changed=../../native/signalsmith-stretch-wrapper/src/signalsmith_stretch_wrapper.cpp
[INFO] [stderr]   cargo:rerun-if-changed=../../native/signalsmith-stretch-wrapper/third_party/signalsmith-stretch/signalsmith-stretch.h
[INFO] [stderr]   cargo:rerun-if-changed=../../native/signalsmith-stretch-wrapper/third_party/signalsmith-linear/linear.h
[INFO] [stderr]   cargo:rerun-if-changed=../../native/signalsmith-stretch-wrapper/third_party/signalsmith-linear/stft.h
[INFO] [stderr]   cargo:rerun-if-changed=../../native/signalsmith-stretch-wrapper/third_party/signalsmith-linear/fft.h
[INFO] [stderr]   cargo:rerun-if-env-changed=CFLAGS
[INFO] [stderr]   cargo:rerun-if-env-changed=CXXFLAGS
[INFO] [stderr]   cargo:rerun-if-env-changed=RUSTFLAGS
[INFO] [stderr]   cargo:rerun-if-env-changed=MACOSX_DEPLOYMENT_TARGET
[INFO] [stderr]   cargo:rerun-if-env-changed=CMAKE_OSX_DEPLOYMENT_TARGET
[INFO] [stderr]   cargo:rerun-if-env-changed=SONALLOY_DSP_MSVC_RUNTIME
[INFO] [stderr]   cargo:rerun-if-env-changed=SONALLOY_DSP_TEST_HOOKS
[INFO] [stderr]   cargo:rustc-check-cfg=cfg(sonalloy_test_hooks)
[INFO] [stderr]   CMAKE_TOOLCHAIN_FILE_x86_64-unknown-linux-gnu = None
[INFO] [stderr]   CMAKE_TOOLCHAIN_FILE_x86_64_unknown_linux_gnu = None
[INFO] [stderr]   HOST_CMAKE_TOOLCHAIN_FILE = None
[INFO] [stderr]   CMAKE_TOOLCHAIN_FILE = None
[INFO] [stderr]   CMAKE_GENERATOR_x86_64-unknown-linux-gnu = None
[INFO] [stderr]   CMAKE_GENERATOR_x86_64_unknown_linux_gnu = None
[INFO] [stderr]   HOST_CMAKE_GENERATOR = None
[INFO] [stderr]   CMAKE_GENERATOR = None
[INFO] [stderr]   CMAKE_PREFIX_PATH_x86_64-unknown-linux-gnu = None
[INFO] [stderr]   CMAKE_PREFIX_PATH_x86_64_unknown_linux_gnu = None
[INFO] [stderr]   HOST_CMAKE_PREFIX_PATH = None
[INFO] [stderr]   CMAKE_PREFIX_PATH = None
[INFO] [stderr]   CMAKE_x86_64-unknown-linux-gnu = None
[INFO] [stderr]   CMAKE_x86_64_unknown_linux_gnu = None
[INFO] [stderr]   HOST_CMAKE = None
[INFO] [stderr]   CMAKE = None
[INFO] [stderr]   -- The CXX compiler identification is GNU 15.2.0
[INFO] [stderr]   -- Detecting CXX compiler ABI info
[INFO] [stderr]   -- Detecting CXX compiler ABI info - done
[INFO] [stderr]   -- Check for working CXX compiler: /usr/bin/c++ - skipped
[INFO] [stderr]   -- Detecting CXX compile features
[INFO] [stderr]   -- Detecting CXX compile features - done
[INFO] [stderr]   -- Configuring incomplete, errors occurred!
[INFO] [stderr] 
[INFO] [stderr]   --- stderr
[INFO] [stderr]   running: cd "/opt/rustwide/target/debug/build/sonalloy-dsp-sys/0b42b5638c205bcd/out/build" && CMAKE_PREFIX_PATH="" LC_ALL="C" "cmake" "/opt/rustwide/workdir/crates/sonalloy-dsp-sys/../../native/daisysp-wrapper" "-B" "/opt/rustwide/target/debug/build/sonalloy-dsp-sys/0b42b5638c205bcd/out/build" "-DCMAKE_INSTALL_LIBDIR=lib" "-DCMAKE_INSTALL_PREFIX=/opt/rustwide/target/debug/build/sonalloy-dsp-sys/0b42b5638c205bcd/out" "-DCMAKE_C_FLAGS= -ffunction-sections -fdata-sections -fPIC -m64 -w" "-DCMAKE_C_COMPILER=/usr/bin/cc" "-DCMAKE_CXX_FLAGS= -ffunction-sections -fdata-sections -fPIC -m64 -w" "-DCMAKE_CXX_COMPILER=/usr/bin/c++" "-DCMAKE_ASM_FLAGS= -ffunction-sections -fdata-sections -fPIC -m64 -w" "-DCMAKE_ASM_COMPILER=/usr/bin/cc" "-DCMAKE_BUILD_TYPE=Debug"
[INFO] [stderr]   [ 11%] Creating directories for 'daisysp-populate'
[INFO] [stderr]   [ 22%] Performing download step (git clone) for 'daisysp-populate'
[INFO] [stderr]   Cloning into 'daisysp-src'...
[INFO] [stderr]   fatal: unable to access 'https://github.com/electro-smith/DaisySP.git/': Could not resolve host: github.com
[INFO] [stderr]   Cloning into 'daisysp-src'...
[INFO] [stderr]   fatal: unable to access 'https://github.com/electro-smith/DaisySP.git/': Could not resolve host: github.com
[INFO] [stderr]   Cloning into 'daisysp-src'...
[INFO] [stderr]   fatal: unable to access 'https://github.com/electro-smith/DaisySP.git/': Could not resolve host: github.com
[INFO] [stderr]   Had to git clone more than once: 3 times.
[INFO] [stderr]   CMake Error at daisysp-subbuild/daisysp-populate-prefix/tmp/daisysp-populate-gitclone.cmake:50 (message):
[INFO] [stderr]     Failed to clone repository: 'https://github.com/electro-smith/DaisySP.git'
[INFO] [stderr] 
[INFO] [stderr] 
[INFO] [stderr]   gmake[2]: *** [CMakeFiles/daisysp-populate.dir/build.make:102: daisysp-populate-prefix/src/daisysp-populate-stamp/daisysp-populate-download] Error 1
[INFO] [stderr]   gmake[1]: *** [CMakeFiles/Makefile2:87: CMakeFiles/daisysp-populate.dir/all] Error 2
[INFO] [stderr]   gmake: *** [Makefile:91: all] Error 2
[INFO] [stderr] 
[INFO] [stderr]   CMake Error at /usr/share/cmake-4.2/Modules/FetchContent.cmake:1928 (message):
[INFO] [stderr]     Build step for daisysp failed: 2
[INFO] [stderr]   Call Stack (most recent call first):
[INFO] [stderr]     /usr/share/cmake-4.2/Modules/FetchContent.cmake:1619 (__FetchContent_populateSubbuild)
[INFO] [stderr]     /usr/share/cmake-4.2/Modules/FetchContent.cmake:2155:EVAL:2 (__FetchContent_doPopulation)
[INFO] [stderr]     /usr/share/cmake-4.2/Modules/FetchContent.cmake:2155 (cmake_language)
[INFO] [stderr]     /usr/share/cmake-4.2/Modules/FetchContent.cmake:1988:EVAL:1 (__FetchContent_Populate)
[INFO] [stderr]     /usr/share/cmake-4.2/Modules/FetchContent.cmake:1988 (cmake_language)
[INFO] [stderr]     CMakeLists.txt:42 (FetchContent_Populate)
[INFO] [stderr] 
[INFO] [stderr] 
[INFO] [stderr] 
[INFO] [stderr]   thread 'main' (614) panicked at /opt/rustwide/cargo-home/registry/src/index.crates.io-1949cf8c6b5b557f/cmake-0.1.58/src/lib.rs:1132:5:
[INFO] [stderr] 
[INFO] [stderr]   command did not execute successfully, got: exit status: 1
[INFO] [stderr] 
[INFO] [stderr]   build script failed, must exit now
[INFO] [stderr]   stack backtrace:
[INFO] [stderr]      0:     0x5d8419932fc1 - std[3164a59e47d3bde]::backtrace_rs::backtrace::libunwind::trace
[INFO] [stderr]                                  at /rustc/3154cc1a3e6424e44f438a95007d043ed5ceaaf6/library/std/src/../../backtrace/src/backtrace/libunwind.rs:117:9
[INFO] [stderr]      1:     0x5d8419932fc1 - std[3164a59e47d3bde]::backtrace_rs::backtrace::trace_unsynchronized::<std[3164a59e47d3bde]::sys::backtrace::_print_fmt::{closure#1}>
[INFO] [stderr]                                  at /rustc/3154cc1a3e6424e44f438a95007d043ed5ceaaf6/library/std/src/../../backtrace/src/backtrace/mod.rs:66:14
[INFO] [stderr]      2:     0x5d8419932fc1 - std[3164a59e47d3bde]::sys::backtrace::_print_fmt
[INFO] [stderr]                                  at /rustc/3154cc1a3e6424e44f438a95007d043ed5ceaaf6/library/std/src/sys/backtrace.rs:74:9
[INFO] [stderr]      3:     0x5d8419932fc1 - <<std[3164a59e47d3bde]::sys::backtrace::BacktraceLock>::print::DisplayBacktrace as core[934024a1e6126fb4]::fmt::Display>::fmt
[INFO] [stderr]                                  at /rustc/3154cc1a3e6424e44f438a95007d043ed5ceaaf6/library/std/src/sys/backtrace.rs:44:26
[INFO] [stderr]      4:     0x5d84199471ca - <core[934024a1e6126fb4]::fmt::rt::Argument>::fmt
[INFO] [stderr]                                  at /rustc/3154cc1a3e6424e44f438a95007d043ed5ceaaf6/library/core/src/fmt/rt.rs:152:76
[INFO] [stderr]      5:     0x5d84199471ca - core[934024a1e6126fb4]::fmt::write
[INFO] [stderr]      6:     0x5d8419938a1c - core[934024a1e6126fb4]::io::write::default_write_fmt::<std[3164a59e47d3bde]::sys::stdio::unix::Stderr>
[INFO] [stderr]                                  at /rustc/3154cc1a3e6424e44f438a95007d043ed5ceaaf6/library/core/src/io/write.rs:402:11
[INFO] [stderr]      7:     0x5d8419938a1c - <std[3164a59e47d3bde]::sys::stdio::unix::Stderr as core[934024a1e6126fb4]::io::write::Write>::write_fmt
[INFO] [stderr]                                  at /rustc/3154cc1a3e6424e44f438a95007d043ed5ceaaf6/library/core/src/io/write.rs:335:13
[INFO] [stderr]      8:     0x5d8419912596 - <std[3164a59e47d3bde]::sys::backtrace::BacktraceLock>::print
[INFO] [stderr]                                  at /rustc/3154cc1a3e6424e44f438a95007d043ed5ceaaf6/library/std/src/sys/backtrace.rs:47:9
[INFO] [stderr]      9:     0x5d8419912596 - std[3164a59e47d3bde]::panicking::default_hook::{closure#0}
[INFO] [stderr]                                  at /rustc/3154cc1a3e6424e44f438a95007d043ed5ceaaf6/library/std/src/panicking.rs:289:27
[INFO] [stderr]     10:     0x5d841992dce1 - std[3164a59e47d3bde]::panicking::default_hook
[INFO] [stderr]                                  at /rustc/3154cc1a3e6424e44f438a95007d043ed5ceaaf6/library/std/src/panicking.rs:316:9
[INFO] [stderr]     11:     0x5d841992de9b - std[3164a59e47d3bde]::panicking::panic_with_hook
[INFO] [stderr]                                  at /rustc/3154cc1a3e6424e44f438a95007d043ed5ceaaf6/library/std/src/panicking.rs:811:13
[INFO] [stderr]     12:     0x5d8419912642 - std[3164a59e47d3bde]::panicking::panic_handler::{closure#0}
[INFO] [stderr]                                  at /rustc/3154cc1a3e6424e44f438a95007d043ed5ceaaf6/library/std/src/panicking.rs:685:13
[INFO] [stderr]     13:     0x5d841990b2e9 - std[3164a59e47d3bde]::sys::backtrace::__rust_end_short_backtrace::<std[3164a59e47d3bde]::panicking::panic_handler::{closure#0}, !>
[INFO] [stderr]                                  at /rustc/3154cc1a3e6424e44f438a95007d043ed5ceaaf6/library/std/src/sys/backtrace.rs:182:18
[INFO] [stderr]     14:     0x5d8419912e2d - __rustc[2e7b49d4226056d3]::rust_begin_unwind
[INFO] [stderr]                                  at /rustc/3154cc1a3e6424e44f438a95007d043ed5ceaaf6/library/std/src/panicking.rs:676:5
[INFO] [stderr]     15:     0x5d84199479bc - core[934024a1e6126fb4]::panicking::panic_fmt
[INFO] [stderr]                                  at /rustc/3154cc1a3e6424e44f438a95007d043ed5ceaaf6/library/core/src/panicking.rs:80:14
[INFO] [stderr]     16:     0x5d841989c097 - cmake[7a4f3f31f393ee58]::fail
[INFO] [stderr]     17:     0x5d841989bd23 - cmake[7a4f3f31f393ee58]::run
[INFO] [stderr]     18:     0x5d84198a15f2 - <cmake[7a4f3f31f393ee58]::Config>::build
[INFO] [stderr]     19:     0x5d841988d61d - build_script_build[1333620cf654420c]::main
[INFO] [stderr]     20:     0x5d841988e873 - <fn() as core[934024a1e6126fb4]::ops::function::FnOnce<()>>::call_once
[INFO] [stderr]     21:     0x5d841988c91e - std[3164a59e47d3bde]::sys::backtrace::__rust_begin_short_backtrace::<fn(), ()>
[INFO] [stderr]     22:     0x5d841988c929 - std[3164a59e47d3bde]::rt::lang_start::<()>::{closure#0}
[INFO] [stderr]     23:     0x5d841992cfe8 - <&dyn core[934024a1e6126fb4]::ops::function::Fn<(), Output = i32> + core[934024a1e6126fb4]::marker::Sync + core[934024a1e6126fb4]::panic::unwind_safe::RefUnwindSafe as core[934024a1e6126fb4]::ops::function::FnOnce<()>>::call_once
[INFO] [stderr]                                  at /rustc/3154cc1a3e6424e44f438a95007d043ed5ceaaf6/library/core/src/ops/function.rs:287:21
[INFO] [stderr]     24:     0x5d841992cfe8 - std[3164a59e47d3bde]::panicking::catch_unwind::do_call::<&dyn core[934024a1e6126fb4]::ops::function::Fn<(), Output = i32> + core[934024a1e6126fb4]::marker::Sync + core[934024a1e6126fb4]::panic::unwind_safe::RefUnwindSafe, i32>
[INFO] [stderr]                                  at /rustc/3154cc1a3e6424e44f438a95007d043ed5ceaaf6/library/std/src/panicking.rs:573:43
[INFO] [stderr]     25:     0x5d841992cfe8 - std[3164a59e47d3bde]::panicking::catch_unwind::<i32, &dyn core[934024a1e6126fb4]::ops::function::Fn<(), Output = i32> + core[934024a1e6126fb4]::marker::Sync + core[934024a1e6126fb4]::panic::unwind_safe::RefUnwindSafe>
[INFO] [stderr]                                  at /rustc/3154cc1a3e6424e44f438a95007d043ed5ceaaf6/library/std/src/panicking.rs:541:19
[INFO] [stderr]     26:     0x5d841992cfe8 - std[3164a59e47d3bde]::panic::catch_unwind::<&dyn core[934024a1e6126fb4]::ops::function::Fn<(), Output = i32> + core[934024a1e6126fb4]::marker::Sync + core[934024a1e6126fb4]::panic::unwind_safe::RefUnwindSafe, i32>
[INFO] [stderr]                                  at /rustc/3154cc1a3e6424e44f438a95007d043ed5ceaaf6/library/std/src/panic.rs:359:14
[INFO] [stderr]     27:     0x5d841992cfe8 - std[3164a59e47d3bde]::rt::lang_start_internal::{closure#0}
[INFO] [stderr]                                  at /rustc/3154cc1a3e6424e44f438a95007d043ed5ceaaf6/library/std/src/rt.rs:175:24
[INFO] [stderr]     28:     0x5d841992cfe8 - std[3164a59e47d3bde]::panicking::catch_unwind::do_call::<std[3164a59e47d3bde]::rt::lang_start_internal::{closure#0}, isize>
[INFO] [stderr]                                  at /rustc/3154cc1a3e6424e44f438a95007d043ed5ceaaf6/library/std/src/panicking.rs:573:43
[INFO] [stderr]     29:     0x5d841992cfe8 - std[3164a59e47d3bde]::panicking::catch_unwind::<isize, std[3164a59e47d3bde]::rt::lang_start_internal::{closure#0}>
[INFO] [stderr]                                  at /rustc/3154cc1a3e6424e44f438a95007d043ed5ceaaf6/library/std/src/panicking.rs:541:19
[INFO] [stderr]     30:     0x5d841992cfe8 - std[3164a59e47d3bde]::panic::catch_unwind::<std[3164a59e47d3bde]::rt::lang_start_internal::{closure#0}, isize>
[INFO] [stderr]                                  at /rustc/3154cc1a3e6424e44f438a95007d043ed5ceaaf6/library/std/src/panic.rs:359:14
[INFO] [stderr]     31:     0x5d841992cfe8 - std[3164a59e47d3bde]::rt::lang_start_internal
[INFO] [stderr]                                  at /rustc/3154cc1a3e6424e44f438a95007d043ed5ceaaf6/library/std/src/rt.rs:171:5
[INFO] [stderr]     32:     0x5d841988c911 - std[3164a59e47d3bde]::rt::lang_start::<()>
[INFO] [stderr]     33:     0x5d841988e8e5 - main
[INFO] [stderr]     34:     0x7173ac5c9601 - <unknown>
[INFO] [stderr]     35:     0x7173ac5c9718 - __libc_start_main
[INFO] [stderr]     36:     0x5d841988b795 - _start
[INFO] [stderr]     37:                0x0 - <unknown>
[INFO] [stderr] warning: build failed, waiting for other jobs to finish...
[INFO] running `Command { std: "docker" "inspect" "ee8aecd7b5f6a78843a67705d1bca25587e18ee1a90f9ae5faab189890e63d5c", kill_on_drop: false }`
[INFO] running `Command { std: "docker" "rm" "-f" "ee8aecd7b5f6a78843a67705d1bca25587e18ee1a90f9ae5faab189890e63d5c", kill_on_drop: false }`
[INFO] [stdout] ee8aecd7b5f6a78843a67705d1bca25587e18ee1a90f9ae5faab189890e63d5c
