[INFO] cloning repository https://github.com/emirtugra-dag/ETDPicker
[INFO] running `Command { std: "git" "-c" "credential.helper=" "-c" "credential.helper=/workspace/cargo-home/bin/git-credential-null" "clone" "--bare" "https://github.com/emirtugra-dag/ETDPicker" "/workspace/cache/git-repos/https%3A%2F%2Fgithub.com%2Femirtugra-dag%2FETDPicker", kill_on_drop: false }`
[INFO] [stderr] Cloning into bare repository '/workspace/cache/git-repos/https%3A%2F%2Fgithub.com%2Femirtugra-dag%2FETDPicker'...
[INFO] running `Command { std: "git" "rev-parse" "HEAD", kill_on_drop: false }`
[INFO] [stdout] 009d0d61e07c28b176fc4983fd9200ab4a35a4f7
[INFO] checking emirtugra-dag/ETDPicker against 3154cc1a3e6424e44f438a95007d043ed5ceaaf6 for pr-133502-30
[INFO] running `Command { std: "git" "clone" "/workspace/cache/git-repos/https%3A%2F%2Fgithub.com%2Femirtugra-dag%2FETDPicker" "/workspace/builds/worker-3-tc2/source", kill_on_drop: false }`
[INFO] [stderr] Cloning into '/workspace/builds/worker-3-tc2/source'...
[INFO] [stderr] done.
[INFO] started tweaking git repo https://github.com/emirtugra-dag/ETDPicker
[INFO] finished tweaking git repo https://github.com/emirtugra-dag/ETDPicker
[INFO] tweaked toml for git repo https://github.com/emirtugra-dag/ETDPicker written to /workspace/builds/worker-3-tc2/source/Cargo.toml
[INFO] validating manifest of git repo https://github.com/emirtugra-dag/ETDPicker on toolchain 3154cc1a3e6424e44f438a95007d043ed5ceaaf6
[INFO] running `Command { std: CARGO_HOME="/workspace/cargo-home" RUSTUP_HOME="/workspace/rustup-home" "/workspace/cargo-home/bin/cargo" "+3154cc1a3e6424e44f438a95007d043ed5ceaaf6" "metadata" "--manifest-path" "Cargo.toml" "--no-deps", kill_on_drop: false }`
[INFO] crate git repo https://github.com/emirtugra-dag/ETDPicker already has a lockfile, it will not be regenerated
[INFO] running `Command { std: CARGO_HOME="/workspace/cargo-home" RUSTUP_HOME="/workspace/rustup-home" "/workspace/cargo-home/bin/cargo" "+3154cc1a3e6424e44f438a95007d043ed5ceaaf6" "fetch" "--manifest-path" "Cargo.toml", kill_on_drop: false }`
[INFO] running `Command { std: "docker" "create" "-v" "/var/lib/crater-agent-workspace/builds/worker-3-tc2/source:/opt/rustwide/workdir:ro,Z" "-v" "/var/lib/crater-agent-workspace/builds/worker-3-tc2/target:/opt/rustwide/target:rw,Z" "-v" "/var/lib/crater-agent-workspace/cargo-home:/opt/rustwide/cargo-home:ro,Z" "-v" "/var/lib/crater-agent-workspace/rustup-home:/opt/rustwide/rustup-home:ro,Z" "-m" "1610612736" "--network" "none" "ghcr.io/rust-lang/crates-build-env/linux@sha256:77db811e55d90add9212f6832c23229e3de5f1c1f9905e8cb07319ea15df73ac" "sleep" "infinity", kill_on_drop: false }`
[INFO] [stdout] 17df8fe8121d8c1a5bc71dd52bc44558411e75b6a8c2b930cf7fdce8b4662c5f
[INFO] running `Command { std: "docker" "start" "17df8fe8121d8c1a5bc71dd52bc44558411e75b6a8c2b930cf7fdce8b4662c5f", kill_on_drop: false }`
[INFO] running `Command { std: "docker" "inspect" "17df8fe8121d8c1a5bc71dd52bc44558411e75b6a8c2b930cf7fdce8b4662c5f", kill_on_drop: false }`
[INFO] running `Command { std: "docker" "exec" "-e" "SOURCE_DIR=/opt/rustwide/workdir" "-e" "CARGO_HOME=/opt/rustwide/cargo-home" "-e" "RUSTUP_HOME=/opt/rustwide/rustup-home" "-e" "CARGO_TARGET_DIR=/opt/rustwide/target" "-w" "/opt/rustwide/workdir" "--user" "0:0" "17df8fe8121d8c1a5bc71dd52bc44558411e75b6a8c2b930cf7fdce8b4662c5f" "/opt/rustwide/cargo-home/bin/cargo" "+3154cc1a3e6424e44f438a95007d043ed5ceaaf6" "metadata" "--no-deps" "--format-version=1", kill_on_drop: false }`
[INFO] running `Command { std: "docker" "inspect" "17df8fe8121d8c1a5bc71dd52bc44558411e75b6a8c2b930cf7fdce8b4662c5f", kill_on_drop: false }`
[INFO] running `Command { std: "docker" "exec" "-e" "SOURCE_DIR=/opt/rustwide/workdir" "-e" "CARGO_HOME=/opt/rustwide/cargo-home" "-e" "RUSTUP_HOME=/opt/rustwide/rustup-home" "-e" "CARGO_TARGET_DIR=/opt/rustwide/target" "-e" "CARGO_INCREMENTAL=0" "-e" "RUST_BACKTRACE=full" "-e" "RUSTFLAGS=--cap-lints=forbid" "-e" "RUSTDOCFLAGS=--cap-lints=forbid" "-w" "/opt/rustwide/workdir" "--user" "0:0" "17df8fe8121d8c1a5bc71dd52bc44558411e75b6a8c2b930cf7fdce8b4662c5f" "/opt/rustwide/cargo-home/bin/cargo" "+3154cc1a3e6424e44f438a95007d043ed5ceaaf6" "check" "--frozen" "--all" "--all-targets" "--message-format=json", kill_on_drop: false }`
[INFO] [stderr]    Compiling serde v1.0.229
[INFO] [stderr]    Compiling windows_x86_64_gnu v0.52.6
[INFO] [stderr]     Checking windows-targets v0.52.6
[INFO] [stderr]     Checking windows-sys v0.59.0
[INFO] [stderr]    Compiling toml v0.5.11
[INFO] [stderr]    Compiling winres v0.1.12
[INFO] [stderr]    Compiling etd-installer v1.0.0 (/opt/rustwide/workdir/crates/etd-installer)
[INFO] [stderr]    Compiling etd-picker v1.0.0 (/opt/rustwide/workdir/crates/etd-picker)
[INFO] [stdout] error: couldn't read `crates/etd-installer/src/../../../target/release/etd-picker.exe`: No such file or directory (os error 2)
[INFO] [stdout]   --> crates/etd-installer/src/main.rs:34:33
[INFO] [stdout]    |
[INFO] [stdout] 34 | const ASSET_PICKER_EXE: &[u8] = include_bytes!("../../../target/release/etd-picker.exe");
[INFO] [stdout]    |                                 ^^^^^^^^^^^^^^^^^^^^^^^^^^^^^^^^^^^^^^^^^^^^^^^^^^^^^^^^
[INFO] [stdout] 
[INFO] [stdout] 
[INFO] [stdout] error[E0433]: cannot find `windows` in `os`
[INFO] [stdout]  --> crates/etd-installer/src/shortcut.rs:1:14
[INFO] [stdout]   |
[INFO] [stdout] 1 | use std::os::windows::process::CommandExt;
[INFO] [stdout]   |              ^^^^^^^ could not find `windows` in `os`
[INFO] [stdout]   |
[INFO] [stdout] note: found an item that was configured out
[INFO] [stdout]  --> /rustc/3154cc1a3e6424e44f438a95007d043ed5ceaaf6/library/std/src/os/mod.rs:62:4
[INFO] [stdout]   |
[INFO] [stdout]   = note: the item is gated behind the `windows` feature
[INFO] [stdout] 
[INFO] [stdout] 
[INFO] [stdout] error[E0433]: cannot find `windows` in `os`
[INFO] [stdout]  --> crates/etd-installer/src/main.rs:9:14
[INFO] [stdout]   |
[INFO] [stdout] 9 | use std::os::windows::process::CommandExt;
[INFO] [stdout]   |              ^^^^^^^ could not find `windows` in `os`
[INFO] [stdout]   |
[INFO] [stdout] note: found an item that was configured out
[INFO] [stdout]  --> /rustc/3154cc1a3e6424e44f438a95007d043ed5ceaaf6/library/std/src/os/mod.rs:62:4
[INFO] [stdout]   |
[INFO] [stdout]   = note: the item is gated behind the `windows` feature
[INFO] [stdout] 
[INFO] [stdout] 
[INFO] [stdout] error: couldn't read `crates/etd-installer/src/../../../target/release/etd-picker.exe`: No such file or directory (os error 2)
[INFO] [stdout]   --> crates/etd-installer/src/main.rs:34:33
[INFO] [stdout]    |
[INFO] [stdout] 34 | const ASSET_PICKER_EXE: &[u8] = include_bytes!("../../../target/release/etd-picker.exe");
[INFO] [stdout]    |                                 ^^^^^^^^^^^^^^^^^^^^^^^^^^^^^^^^^^^^^^^^^^^^^^^^^^^^^^^^
[INFO] [stdout] 
[INFO] [stdout] 
[INFO] [stdout] error[E0433]: cannot find `windows` in `os`
[INFO] [stdout]  --> crates/etd-installer/src/shortcut.rs:1:14
[INFO] [stdout]   |
[INFO] [stdout] 1 | use std::os::windows::process::CommandExt;
[INFO] [stdout]   |              ^^^^^^^ could not find `windows` in `os`
[INFO] [stdout]   |
[INFO] [stdout] note: found an item that was configured out
[INFO] [stdout]  --> /rustc/3154cc1a3e6424e44f438a95007d043ed5ceaaf6/library/std/src/os/mod.rs:62:4
[INFO] [stdout]   |
[INFO] [stdout]   = note: the item is gated behind the `windows` feature
[INFO] [stdout] 
[INFO] [stdout] 
[INFO] [stdout] error[E0433]: cannot find `windows` in `os`
[INFO] [stdout]  --> crates/etd-installer/src/main.rs:9:14
[INFO] [stdout]   |
[INFO] [stdout] 9 | use std::os::windows::process::CommandExt;
[INFO] [stdout]   |              ^^^^^^^ could not find `windows` in `os`
[INFO] [stdout]   |
[INFO] [stdout] note: found an item that was configured out
[INFO] [stdout]  --> /rustc/3154cc1a3e6424e44f438a95007d043ed5ceaaf6/library/std/src/os/mod.rs:62:4
[INFO] [stdout]   |
[INFO] [stdout]   = note: the item is gated behind the `windows` feature
[INFO] [stdout] 
[INFO] [stdout] 
[INFO] [stdout] error[E0599]: no method named `creation_flags` found for mutable reference `&mut Command` in the current scope
[INFO] [stdout]   --> crates/etd-installer/src/shortcut.rs:34:10
[INFO] [stdout]    |
[INFO] [stdout] 32 |     let output = Command::new("powershell")
[INFO] [stdout] 33 |         .args(["-NoProfile", "-NonInteractive", "-Command", &script])
[INFO] [stdout] 34 |         .creation_flags(CREATE_NO_WINDOW)
[INFO] [stdout]    |          ^^^^^^^^^^^^^^ method not found in `&mut Command`
[INFO] [stdout] 
[INFO] [stdout] 
[INFO] [stdout] error[E0599]: no method named `creation_flags` found for mutable reference `&mut Command` in the current scope
[INFO] [stdout]   --> crates/etd-installer/src/shortcut.rs:34:10
[INFO] [stdout]    |
[INFO] [stdout] 32 |     let output = Command::new("powershell")
[INFO] [stdout] 33 |         .args(["-NoProfile", "-NonInteractive", "-Command", &script])
[INFO] [stdout] 34 |         .creation_flags(CREATE_NO_WINDOW)
[INFO] [stdout]    |          ^^^^^^^^^^^^^^ method not found in `&mut Command`
[INFO] [stdout] 
[INFO] [stdout] 
[INFO] [stdout] error[E0599]: no method named `creation_flags` found for mutable reference `&mut Command` in the current scope
[INFO] [stdout]    --> crates/etd-installer/src/main.rs:640:10
[INFO] [stdout]     |
[INFO] [stdout] 638 |     let _ = Command::new("taskkill")
[INFO] [stdout] 639 |         .args(["/F", "/IM", "ETDPicker.exe"])
[INFO] [stdout] 640 |         .creation_flags(CREATE_NO_WINDOW)
[INFO] [stdout]     |          ^^^^^^^^^^^^^^ method not found in `&mut Command`
[INFO] [stdout] 
[INFO] [stdout] 
[INFO] [stdout] error[E0599]: no method named `creation_flags` found for mutable reference `&mut Command` in the current scope
[INFO] [stdout]    --> crates/etd-installer/src/main.rs:742:10
[INFO] [stdout]     |
[INFO] [stdout] 740 |     let _ = Command::new("taskkill")
[INFO] [stdout] 741 |         .args(["/F", "/IM", "ETDPicker.exe"])
[INFO] [stdout] 742 |         .creation_flags(CREATE_NO_WINDOW)
[INFO] [stdout]     |          ^^^^^^^^^^^^^^ method not found in `&mut Command`
[INFO] [stdout] 
[INFO] [stdout] 
[INFO] [stdout] error[E0599]: no method named `creation_flags` found for mutable reference `&mut Command` in the current scope
[INFO] [stdout]    --> crates/etd-installer/src/main.rs:640:10
[INFO] [stdout]     |
[INFO] [stdout] 638 |     let _ = Command::new("taskkill")
[INFO] [stdout] 639 |         .args(["/F", "/IM", "ETDPicker.exe"])
[INFO] [stdout] 640 |         .creation_flags(CREATE_NO_WINDOW)
[INFO] [stdout]     |          ^^^^^^^^^^^^^^ method not found in `&mut Command`
[INFO] [stdout] 
[INFO] [stdout] 
[INFO] [stdout] error[E0599]: no method named `creation_flags` found for mutable reference `&mut Command` in the current scope
[INFO] [stdout]    --> crates/etd-installer/src/main.rs:751:18
[INFO] [stdout]     |
[INFO] [stdout] 749 |             let _ = Command::new("cmd")
[INFO] [stdout] 750 |                 .args(["/C", &cmd])
[INFO] [stdout] 751 |                 .creation_flags(CREATE_NO_WINDOW)
[INFO] [stdout]     |                  ^^^^^^^^^^^^^^ method not found in `&mut Command`
[INFO] [stdout] 
[INFO] [stdout] 
[INFO] [stdout] error[E0599]: no method named `creation_flags` found for mutable reference `&mut Command` in the current scope
[INFO] [stdout]    --> crates/etd-installer/src/main.rs:742:10
[INFO] [stdout]     |
[INFO] [stdout] 740 |     let _ = Command::new("taskkill")
[INFO] [stdout] 741 |         .args(["/F", "/IM", "ETDPicker.exe"])
[INFO] [stdout] 742 |         .creation_flags(CREATE_NO_WINDOW)
[INFO] [stdout]     |          ^^^^^^^^^^^^^^ method not found in `&mut Command`
[INFO] [stdout] 
[INFO] [stdout] 
[INFO] [stdout] error[E0599]: no method named `creation_flags` found for struct `Command` in the current scope
[INFO] [stdout]    --> crates/etd-installer/src/main.rs:817:30
[INFO] [stdout]     |
[INFO] [stdout] 816 |                         let _ = Command::new(&target_exe)
[INFO] [stdout] 817 |                             .creation_flags(CREATE_NO_WINDOW)
[INFO] [stdout]     |                              ^^^^^^^^^^^^^^ method not found in `Command`
[INFO] [stdout] 
[INFO] [stdout] 
[INFO] [stdout] error[E0599]: no method named `creation_flags` found for mutable reference `&mut Command` in the current scope
[INFO] [stdout]    --> crates/etd-installer/src/main.rs:751:18
[INFO] [stdout]     |
[INFO] [stdout] 749 |             let _ = Command::new("cmd")
[INFO] [stdout] 750 |                 .args(["/C", &cmd])
[INFO] [stdout] 751 |                 .creation_flags(CREATE_NO_WINDOW)
[INFO] [stdout]     |                  ^^^^^^^^^^^^^^ method not found in `&mut Command`
[INFO] [stdout] 
[INFO] [stdout] 
[INFO] [stdout] error[E0599]: no method named `creation_flags` found for struct `Command` in the current scope
[INFO] [stdout]    --> crates/etd-installer/src/main.rs:817:30
[INFO] [stdout]     |
[INFO] [stdout] 816 |                         let _ = Command::new(&target_exe)
[INFO] [stdout] 817 |                             .creation_flags(CREATE_NO_WINDOW)
[INFO] [stdout]     |                              ^^^^^^^^^^^^^^ method not found in `Command`
[INFO] [stdout] 
[INFO] [stdout] 
[INFO] [stdout] Some errors have detailed explanations: E0433, E0599.
[INFO] [stdout] 
[INFO] [stdout] For more information about an error, try `rustc --explain E0433`.
[INFO] [stdout] 
[INFO] [stdout] Some errors have detailed explanations: E0433, E0599.
[INFO] [stdout] 
[INFO] [stdout] For more information about an error, try `rustc --explain E0433`.
[INFO] [stdout] 
[INFO] [stderr] error: could not compile `etd-installer` (bin "etd-installer" test) due to 8 previous errors
[INFO] [stderr] warning: build failed, waiting for other jobs to finish...
[INFO] [stderr] error: could not compile `etd-installer` (bin "etd-installer") due to 8 previous errors
[INFO] [stderr] warning: unused dependency `winres`
[INFO] [stderr]   --> crates/etd-installer/Cargo.toml:27:1
[INFO] [stderr]    |
[INFO] [stderr] 27 | winres = "0.1"
[INFO] [stderr]    | ^^^^^^^^^^^^^^
[INFO] [stderr]    |
[INFO] [stderr]    = note: `cargo::unused_dependencies` is set to `warn` by default
[INFO] [stderr] help: consider removing the dependency on `winres`
[INFO] [stderr] warning: `etd-installer` (manifest) generated 1 warning
[INFO] [stderr] warning: unused dependency `winres`
[INFO] [stderr]   --> crates/etd-picker/Cargo.toml:26:1
[INFO] [stderr]    |
[INFO] [stderr] 26 | winres = "0.1"
[INFO] [stderr]    | ^^^^^^^^^^^^^^
[INFO] [stderr]    |
[INFO] [stderr]    = note: `cargo::unused_dependencies` is set to `warn` by default
[INFO] [stderr] help: consider removing the dependency on `winres`
[INFO] [stderr] warning: `etd-picker` (manifest) generated 1 warning
[INFO] running `Command { std: "docker" "inspect" "17df8fe8121d8c1a5bc71dd52bc44558411e75b6a8c2b930cf7fdce8b4662c5f", kill_on_drop: false }`
[INFO] running `Command { std: "docker" "rm" "-f" "17df8fe8121d8c1a5bc71dd52bc44558411e75b6a8c2b930cf7fdce8b4662c5f", kill_on_drop: false }`
[INFO] [stdout] 17df8fe8121d8c1a5bc71dd52bc44558411e75b6a8c2b930cf7fdce8b4662c5f
