[INFO] cloning repository https://github.com/emadgh/windows-image-search
[INFO] running `Command { std: "git" "-c" "credential.helper=" "-c" "credential.helper=/workspace/cargo-home/bin/git-credential-null" "clone" "--bare" "https://github.com/emadgh/windows-image-search" "/workspace/cache/git-repos/https%3A%2F%2Fgithub.com%2Femadgh%2Fwindows-image-search", kill_on_drop: false }`
[INFO] [stderr] Cloning into bare repository '/workspace/cache/git-repos/https%3A%2F%2Fgithub.com%2Femadgh%2Fwindows-image-search'...
[INFO] running `Command { std: "git" "rev-parse" "HEAD", kill_on_drop: false }`
[INFO] [stdout] d2c748d3da7d74cd542859fced09c47388adcf31
[INFO] checking emadgh/windows-image-search against 3154cc1a3e6424e44f438a95007d043ed5ceaaf6+rustflags=-Znext-solver=coherence for pr-133502-30
[INFO] running `Command { std: "git" "clone" "/workspace/cache/git-repos/https%3A%2F%2Fgithub.com%2Femadgh%2Fwindows-image-search" "/workspace/builds/worker-2-tc1/source", kill_on_drop: false }`
[INFO] [stderr] Cloning into '/workspace/builds/worker-2-tc1/source'...
[INFO] [stderr] done.
[INFO] started tweaking git repo https://github.com/emadgh/windows-image-search
[INFO] finished tweaking git repo https://github.com/emadgh/windows-image-search
[INFO] tweaked toml for git repo https://github.com/emadgh/windows-image-search written to /workspace/builds/worker-2-tc1/source/Cargo.toml
[INFO] validating manifest of git repo https://github.com/emadgh/windows-image-search on toolchain 3154cc1a3e6424e44f438a95007d043ed5ceaaf6
[INFO] running `Command { std: CARGO_HOME="/workspace/cargo-home" RUSTUP_HOME="/workspace/rustup-home" "/workspace/cargo-home/bin/cargo" "+3154cc1a3e6424e44f438a95007d043ed5ceaaf6" "metadata" "--manifest-path" "Cargo.toml" "--no-deps", kill_on_drop: false }`
[INFO] crate git repo https://github.com/emadgh/windows-image-search already has a lockfile, it will not be regenerated
[INFO] running `Command { std: CARGO_HOME="/workspace/cargo-home" RUSTUP_HOME="/workspace/rustup-home" "/workspace/cargo-home/bin/cargo" "+3154cc1a3e6424e44f438a95007d043ed5ceaaf6" "fetch" "--manifest-path" "Cargo.toml", kill_on_drop: false }`
[INFO] [stderr]     Updating crates.io index
[INFO] [stderr]     Updating git repository `https://github.com/emadgh/update-via-github.git`
[INFO] [stderr]  Downloading crates ...
[INFO] [stderr]   Downloaded rs-vips v0.7.0
[INFO] [stderr]   Downloaded hnsw_rs v0.3.4
[INFO] [stderr]   Downloaded mmap-rs v0.7.0
[INFO] [stderr]   Downloaded anndists v0.1.5
[INFO] [stderr]   Downloaded fastembed v5.17.4
[INFO] [stderr]   Downloaded hf-hub v0.5.0
[INFO] running `Command { std: "docker" "create" "-v" "/var/lib/crater-agent-workspace/builds/worker-2-tc1/source:/opt/rustwide/workdir:ro,Z" "-v" "/var/lib/crater-agent-workspace/builds/worker-2-tc1/target:/opt/rustwide/target:rw,Z" "-v" "/var/lib/crater-agent-workspace/cargo-home:/opt/rustwide/cargo-home:ro,Z" "-v" "/var/lib/crater-agent-workspace/rustup-home:/opt/rustwide/rustup-home:ro,Z" "-m" "1610612736" "--network" "none" "ghcr.io/rust-lang/crates-build-env/linux@sha256:77db811e55d90add9212f6832c23229e3de5f1c1f9905e8cb07319ea15df73ac" "sleep" "infinity", kill_on_drop: false }`
[INFO] [stdout] ce196ed6805ef2c67870846023fdb6f97e20edf0fc8f894c686c90c5e55a940e
[INFO] running `Command { std: "docker" "start" "ce196ed6805ef2c67870846023fdb6f97e20edf0fc8f894c686c90c5e55a940e", kill_on_drop: false }`
[INFO] running `Command { std: "docker" "inspect" "ce196ed6805ef2c67870846023fdb6f97e20edf0fc8f894c686c90c5e55a940e", kill_on_drop: false }`
[INFO] running `Command { std: "docker" "exec" "-e" "SOURCE_DIR=/opt/rustwide/workdir" "-e" "CARGO_HOME=/opt/rustwide/cargo-home" "-e" "RUSTUP_HOME=/opt/rustwide/rustup-home" "-e" "CARGO_TARGET_DIR=/opt/rustwide/target" "-w" "/opt/rustwide/workdir" "--user" "0:0" "ce196ed6805ef2c67870846023fdb6f97e20edf0fc8f894c686c90c5e55a940e" "/opt/rustwide/cargo-home/bin/cargo" "+3154cc1a3e6424e44f438a95007d043ed5ceaaf6" "metadata" "--no-deps" "--format-version=1", kill_on_drop: false }`
[INFO] running `Command { std: "docker" "inspect" "ce196ed6805ef2c67870846023fdb6f97e20edf0fc8f894c686c90c5e55a940e", kill_on_drop: false }`
[INFO] running `Command { std: "docker" "exec" "-e" "SOURCE_DIR=/opt/rustwide/workdir" "-e" "CARGO_HOME=/opt/rustwide/cargo-home" "-e" "RUSTUP_HOME=/opt/rustwide/rustup-home" "-e" "CARGO_TARGET_DIR=/opt/rustwide/target" "-e" "CARGO_INCREMENTAL=0" "-e" "RUST_BACKTRACE=full" "-e" "RUSTFLAGS=--cap-lints=forbid -Znext-solver=coherence" "-e" "RUSTDOCFLAGS=--cap-lints=forbid" "-w" "/opt/rustwide/workdir" "--user" "0:0" "ce196ed6805ef2c67870846023fdb6f97e20edf0fc8f894c686c90c5e55a940e" "/opt/rustwide/cargo-home/bin/cargo" "+3154cc1a3e6424e44f438a95007d043ed5ceaaf6" "check" "--frozen" "--all" "--all-targets" "--message-format=json", kill_on_drop: false }`
[INFO] [stderr]    Compiling find-msvc-tools v0.1.11
[INFO] [stderr]    Compiling syn v3.0.3
[INFO] [stderr]     Checking rustix v1.1.4
[INFO] [stderr]    Compiling toml_datetime v1.1.1+spec-1.1.0
[INFO] [stderr]     Checking tracing v0.1.44
[INFO] [stderr]    Compiling zerocopy v0.8.56
[INFO] [stderr]    Compiling zerocopy-derive v0.8.56
[INFO] [stderr]    Compiling enumflags2_derive v0.7.12
[INFO] [stderr]    Compiling cc v1.4.3
[INFO] [stderr]     Checking wayland-sys v0.31.11
[INFO] [stderr]    Compiling toml_edit v0.25.13+spec-1.1.0
[INFO] [stderr]    Compiling wayland-scanner v0.31.11
[INFO] [stderr]     Checking event-listener-strategy v0.5.4
[INFO] [stderr]     Checking futures-lite v2.6.1
[INFO] [stderr]    Compiling crossbeam-deque v0.8.7
[INFO] [stderr]    Compiling proc-macro-crate v3.5.0
[INFO] [stderr]    Compiling wayland-backend v0.3.17
[INFO] [stderr]    Compiling openssl-sys v0.9.117
[INFO] [stderr]     Checking rayon-core v1.13.0
[INFO] [stderr]     Checking async-channel v2.5.0
[INFO] [stderr]    Compiling openssl v0.10.81
[INFO] [stderr]     Checking either v1.17.0
[INFO] [stderr]     Checking piper v0.2.5
[INFO] [stderr]    Compiling openssl-macros v0.1.1
[INFO] [stderr]     Checking blocking v1.6.2
[INFO] [stderr]     Checking rayon v1.12.0
[INFO] [stderr]     Checking async-lock v3.4.2
[INFO] [stderr]     Checking mio v1.2.2
[INFO] [stderr]     Checking async-executor v1.14.0
[INFO] [stderr]     Checking async-broadcast v0.7.2
[INFO] [stderr]    Compiling ahash v0.8.12
[INFO] [stderr]     Checking ordered-stream v0.2.0
[INFO] [stderr]    Compiling equator-macro v0.4.2
[INFO] [stderr]    Compiling async-recursion v1.1.1
[INFO] [stderr]     Checking uuid v1.24.1
[INFO] [stderr]    Compiling libc v0.2.189
[INFO] [stderr]     Checking tokio v1.53.1
[INFO] [stderr]    Compiling profiling-procmacros v1.0.18
[INFO] [stderr]     Checking equator v0.4.2
[INFO] [stderr]     Checking profiling v1.0.18
[INFO] [stderr]     Checking flate2 v1.1.9
[INFO] [stderr]     Checking aligned-vec v0.6.4
[INFO] [stderr]     Checking num-bigint v0.4.8
[INFO] [stderr]    Compiling gl_generator v0.14.0
[INFO] [stderr]     Checking rustix v0.38.44
[INFO] [stderr]     Checking polling v3.11.0
[INFO] [stderr]     Checking async-io v2.6.0
[INFO] [stderr]     Checking v_frame v0.3.9
[INFO] [stderr]     Checking itertools v0.14.0
[INFO] [stderr]     Checking async-signal v0.2.14
[INFO] [stderr]     Checking num-rational v0.4.2
[INFO] [stderr]     Checking async-process v2.5.0
[INFO] [stderr]    Compiling ring v0.17.14
[INFO] [stderr]     Checking as-slice v0.2.1
[INFO] [stderr]     Checking wayland-client v0.31.15
[INFO] [stderr]     Checking wayland-csd-frame v0.3.0
[INFO] [stderr]     Checking memmap2 v0.9.11
[INFO] [stderr]    Compiling av-scenechange v0.14.1
[INFO] [stderr]    Compiling zeroize v1.9.0
[INFO] [stderr]    Compiling built v0.8.1
[INFO] [stderr]    Compiling libm v0.2.16
[INFO] [stderr]    Compiling foreign-types-shared v0.1.1
[INFO] [stderr]    Compiling foreign-types v0.3.2
[INFO] [stderr]    Compiling httparse v1.10.1
[INFO] [stderr]    Compiling rav1e v0.8.1
[INFO] [stderr]    Compiling serde_derive v1.0.229
[INFO] [stderr]    Compiling zerovec-derive v0.11.5
[INFO] [stderr]    Compiling displaydoc v0.2.7
[INFO] [stderr]    Compiling bytemuck_derive v1.12.0
[INFO] [stderr]     Checking wayland-protocols v0.32.13
[INFO] [stderr]     Checking zerotrie v0.2.5
[INFO] [stderr]     Checking zerovec v0.11.7
[INFO] [stderr]    Compiling thiserror-impl v2.0.20
[INFO] [stderr]    Compiling futures-macro v0.3.34
[INFO] [stderr]     Checking bytemuck v1.25.2
[INFO] [stderr]     Checking tinystr v0.8.4
[INFO] [stderr]     Checking potential_utf v0.1.6
[INFO] [stderr]     Checking icu_locale_core v2.3.0
[INFO] [stderr]    Compiling serde_repr v0.1.21
[INFO] [stderr]     Checking icu_collections v2.3.0
[INFO] [stderr]     Checking futures-util v0.3.34
[INFO] [stderr]    Compiling async-trait v0.1.92
[INFO] [stderr]     Checking num-complex v0.4.6
[INFO] [stderr]     Checking thiserror v2.0.20
[INFO] [stderr]     Checking wayland-cursor v0.31.14
[INFO] [stderr]     Checking calloop v0.13.0
[INFO] [stderr]     Checking ppv-lite86 v0.2.21
[INFO] [stderr]     Checking aligned v0.4.3
[INFO] [stderr]     Checking icu_provider v2.3.0
[INFO] [stderr]     Checking parking_lot_core v0.9.12
[INFO] [stderr]     Checking icu_properties v2.3.0
[INFO] [stderr]     Checking icu_normalizer v2.3.0
[INFO] [stderr]    Compiling pulp v0.22.3
[INFO] [stderr]     Checking nom v8.0.0
[INFO] [stderr]     Checking no_std_io2 v0.9.4
[INFO] [stderr]     Checking aho-corasick v1.1.5
[INFO] [stderr]    Compiling arg_enum_proc_macro v0.3.4
[INFO] [stderr]    Compiling pastey v0.1.1
[INFO] [stderr]     Checking serde v1.0.229
[INFO] [stderr]     Checking y4m v0.8.0
[INFO] [stderr]    Compiling bitflags v2.13.1
[INFO] [stderr]     Checking idna_adapter v1.2.2
[INFO] [stderr]     Checking idna v1.1.0
[INFO] [stderr]    Compiling base64ct v1.8.3
[INFO] [stderr]     Checking enumflags2 v0.7.12
[INFO] [stderr]     Checking zvariant_utils v4.2.0
[INFO] [stderr]     Checking zcheapstr v1.1.0
[INFO] [stderr]     Checking url v2.5.8
[INFO] [stderr]    Compiling native-tls v0.2.18
[INFO] [stderr]     Checking tiny-skia-path v0.11.4
[INFO] [stderr]    Compiling pem-rfc7468 v1.0.0
[INFO] [stderr]     Checking regex-automata v0.4.18
[INFO] [stderr]    Compiling http v1.5.0
[INFO] [stderr]     Checking tokio-util v0.7.19
[INFO] [stderr]     Checking bitstream-io v4.10.0
[INFO] [stderr]    Compiling zvariant_derive v5.15.0
[INFO] [stderr]    Compiling zvariant v5.15.0
[INFO] [stderr]     Checking rand_chacha v0.9.0
[INFO] [stderr]     Checking av1-grain v0.2.5
[INFO] [stderr]     Checking serde_json v1.0.151
[INFO] [stderr]     Checking wayland-protocols-wlr v0.3.12
[INFO] [stderr]     Checking calloop-wayland-source v0.3.0
[INFO] [stderr]     Checking parking_lot v0.12.5
[INFO] [stderr]     Checking half v2.7.1
[INFO] [stderr]     Checking x11-dl v2.21.0
[INFO] [stderr]    Compiling rustls-pki-types v1.15.1
[INFO] [stderr]     Checking maybe-rayon v0.1.1
[INFO] [stderr]     Checking gethostname v1.1.0
[INFO] [stderr]    Compiling num-derive v0.4.2
[INFO] [stderr]     Checking getrandom v0.2.17
[INFO] [stderr]    Compiling simd_helpers v0.1.0
[INFO] [stderr]     Checking raw-cpuid v11.6.0
[INFO] [stderr]     Checking zbus_names v4.3.4
[INFO] [stderr]    Compiling base64 v0.23.1
[INFO] [stderr]     Checking pulp-wasm-simd-flag v0.1.1
[INFO] [stderr]    Compiling openssl-probe v0.2.1
[INFO] [stderr]     Checking reborrow v0.5.5
[INFO] [stderr]     Checking zune-core v0.5.3
[INFO] [stderr]     Checking weezl v0.1.12
[INFO] [stderr]     Checking zbus_xml v5.2.1
[INFO] [stderr]     Checking imgref v1.12.2
[INFO] [stderr]     Checking zune-jpeg v0.5.15
[INFO] [stderr]    Compiling socks v0.3.4
[INFO] [stderr]     Checking loop9 v0.1.5
[INFO] [stderr]    Compiling zbus_macros v5.19.0
[INFO] [stderr]     Checking x11rb v0.13.2
[INFO] [stderr]     Checking zbus-lockstep v0.5.2
[INFO] [stderr]    Compiling ureq-proto v0.6.1
[INFO] [stderr]     Checking h2 v0.4.16
[INFO] [stderr]    Compiling webpki-root-certs v1.0.9
[INFO] [stderr]    Compiling zbus-lockstep-macros v0.5.2
[INFO] [stderr]     Checking smithay-client-toolkit v0.19.2
[INFO] [stderr]     Checking regex v1.13.1
[INFO] [stderr]     Checking rand v0.9.5
[INFO] [stderr]     Checking tiny-skia v0.11.4
[INFO] [stderr]    Compiling der v0.8.1
[INFO] [stderr]     Checking emath v0.32.3
[INFO] [stderr]     Checking avif-serialize v0.8.9
[INFO] [stderr]     Checking zune-inflate v0.2.54
[INFO] [stderr]    Compiling winit v0.30.13
[INFO] [stderr]     Checking lebe v0.5.3
[INFO] [stderr]     Checking rgb v0.8.53
[INFO] [stderr]    Compiling rustls v0.23.43
[INFO] [stderr]    Compiling utf8-zero v0.8.1
[INFO] [stderr]     Checking bit_field v0.10.3
[INFO] [stderr]     Checking fax v0.2.7
[INFO] [stderr]     Checking image-webp v0.2.4
[INFO] [stderr]     Checking zbus v5.19.0
[INFO] [stderr]     Checking sctk-adwaita v0.10.1
[INFO] [stderr]     Checking tiff v0.11.3
[INFO] [stderr]    Compiling ureq v3.4.0
[INFO] [stderr]     Checking gif v0.14.2
[INFO] [stderr]     Checking moxcms v0.8.1
[INFO] [stderr]     Checking ecolor v0.32.3
[INFO] [stderr]     Checking png v0.18.1
[INFO] [stderr]     Checking rustls-webpki v0.103.14
[INFO] [stderr]     Checking ravif v0.13.0
[INFO] [stderr]     Checking wayland-protocols-plasma v0.3.12
[INFO] [stderr]     Checking exr v1.74.2
[INFO] [stderr]     Checking accesskit_consumer v0.28.0
[INFO] [stderr]     Checking qoi v0.4.1
[INFO] [stderr]     Checking calloop v0.14.4
[INFO] [stderr]     Checking hyper v1.11.0
[INFO] [stderr]    Compiling glutin_glx_sys v0.6.1
[INFO] [stderr]    Compiling glutin_egl_sys v0.7.1
[INFO] [stderr]     Checking xkbcommon-dl v0.4.2
[INFO] [stderr]    Compiling onig_sys v69.9.3
[INFO] [stderr]    Compiling matrixmultiply v0.3.11
[INFO] [stderr]    Compiling lzma-rust2 v0.15.8
[INFO] [stderr]    Compiling portable-atomic v1.15.0
[INFO] [stderr]     Checking ipnet v2.12.1
[INFO] [stderr]    Compiling hmac-sha256 v1.1.14
[INFO] [stderr]     Checking epaint_default_fonts v0.32.3
[INFO] [stderr]     Checking hyper-util v0.1.20
[INFO] [stderr]     Checking epaint v0.32.3
[INFO] [stderr]     Checking tower v0.5.3
[INFO] [stderr]    Compiling ort-sys v2.0.0-rc.13
[INFO] [stderr]     Checking calloop-wayland-source v0.4.1
[INFO] [stderr]    Compiling derive_builder_core v0.20.2
[INFO] [stderr]     Checking tokio-native-tls v0.3.1
[INFO] [stderr]     Checking wayland-protocols-misc v0.3.12
[INFO] [stderr]     Checking wayland-protocols-experimental v20250721.0.1
[INFO] [stderr]     Checking image v0.25.10
[INFO] [stderr]    Compiling nix v0.30.1
[INFO] [stderr]    Compiling serde_spanned v1.1.1
[INFO] [stderr]     Checking atspi-common v0.9.0
[INFO] [stderr]     Checking jiff-core v0.1.0
[INFO] [stderr]    Compiling esaxx-rs v0.1.10
[INFO] [stderr]     Checking anstream v1.0.0
[INFO] [stderr]    Compiling derive_builder_macro v0.20.2
[INFO] [stderr]    Compiling toml v1.1.5+spec-1.1.0
[INFO] [stderr]     Checking jiff v0.2.35
[INFO] [stderr]     Checking console v0.16.4
[INFO] [stderr]     Checking smithay-client-toolkit v0.20.0
[INFO] [stderr]     Checking hyper-tls v0.6.0
[INFO] [stderr]     Checking castaway v0.2.4
[INFO] [stderr]     Checking egui v0.32.3
[INFO] [stderr]     Checking tower-http v0.6.11
[INFO] [stderr]     Checking serde_urlencoded v0.7.1
[INFO] [stderr]     Checking env_filter v2.0.0
[INFO] [stderr]    Compiling libsqlite3-sys v0.35.0
[INFO] [stderr]    Compiling monostate-impl v0.1.18
[INFO] [stderr]    Compiling macro_rules_attribute-proc_macro v0.2.3
[INFO] [stderr]     Checking unit-prefix v0.5.2
[INFO] [stderr]     Checking indicatif v0.18.6
[INFO] [stderr]     Checking monostate v0.1.18
[INFO] [stderr]     Checking onig v6.5.3
[INFO] [stderr]     Checking macro_rules_attribute v0.2.3
[INFO] [stderr]     Checking hashbrown v0.16.1
[INFO] [stderr]     Checking env_logger v0.11.11
[INFO] [stderr]     Checking reqwest v0.12.28
[INFO] [stderr]     Checking spm_precompiled v0.1.4
[INFO] [stderr]     Checking smithay-clipboard v0.7.3
[INFO] [stderr]     Checking tempfile v3.27.0
[INFO] [stderr]     Checking atspi-proxies v0.9.0
[INFO] [stderr]     Checking accesskit_atspi_common v0.12.0
[INFO] [stderr]     Checking arboard v3.6.1
[INFO] [stderr]     Checking glutin v0.32.3
[INFO] [stderr]     Checking compact_str v0.9.1
[INFO] [stderr]    Compiling embed-resource v3.0.11
[INFO] [stderr]     Checking sysctl v0.6.0
[INFO] [stderr]     Checking ndarray v0.17.2
[INFO] [stderr]     Checking derive_builder v0.20.2
[INFO] [stderr]     Checking webbrowser v1.2.4
[INFO] [stderr]     Checking dary_heap v0.3.9
[INFO] [stderr]     Checking rayon-cond v0.4.0
[INFO] [stderr]     Checking async-net v2.0.0
[INFO] [stderr]     Checking async-fs v2.2.0
[INFO] [stderr]     Checking combine v4.6.7
[INFO] [stderr]     Checking unicode-normalization-alignments v0.1.12
[INFO] [stderr]     Checking cpu-time v1.0.0
[INFO] [stderr]     Checking windows-link v0.2.1
[INFO] [stderr]     Checking anndists v0.1.5
[INFO] [stderr]     Checking windows-sys v0.61.2
[INFO] [stderr]     Checking ashpd v0.11.1
[INFO] [stderr]     Checking tokenizers v0.22.2
[INFO] [stderr]     Checking atspi-connection v0.9.0
[INFO] [stderr]     Checking egui_glow v0.32.3
[INFO] [stderr]     Checking glutin-winit v0.5.0
[INFO] [stderr]     Checking atspi v0.25.0
[INFO] [stderr]     Checking accesskit_unix v0.15.0
[INFO] [stderr]    Compiling windows-image-search v0.4.4 (/opt/rustwide/workdir)
[INFO] [stderr]     Checking hf-hub v0.5.0
[INFO] [stderr]     Checking inotify v0.11.5
[INFO] [stderr]     Checking safetensors v0.8.0
[INFO] [stderr]     Checking bincode v1.3.3
[INFO] [stderr]     Checking mutate_once v0.1.2
[INFO] [stderr]     Checking chrono v0.4.45
[INFO] [stderr]     Checking kamadak-exif v0.6.1
[INFO] [stderr]     Checking notify v8.2.0
[INFO] [stderr]     Checking ureq v2.12.1
[INFO] [stderr]     Checking update-via-github v0.1.0 (https://github.com/emadgh/update-via-github.git?rev=ec648957782ab800e14ddc6e0a15c694a46f1252#ec648957)
[INFO] [stderr]     Checking open v5.4.1
[INFO] [stderr]     Checking jpeg-decoder v0.3.2
[INFO] [stderr]     Checking accesskit_winit v0.27.0
[INFO] [stderr]     Checking egui-winit v0.32.3
[INFO] [stderr]     Checking ort v2.0.0-rc.13
[INFO] [stderr]     Checking eframe v0.32.3
[INFO] [stderr]     Checking fastembed v5.17.4
[INFO] [stderr]     Checking mmap-rs v0.7.0
[INFO] [stderr]     Checking rfd v0.15.4
[INFO] [stderr]     Checking hnsw_rs v0.3.4
[INFO] [stderr]     Checking rusqlite v0.37.0
[INFO] [stdout] warning: function `encode_f32_vec` is never used
[INFO] [stdout]    --> src/bin/portable-cache-repair.rs:780:4
[INFO] [stdout]     |
[INFO] [stdout] 780 | fn encode_f32_vec(values: &[f32]) -> Vec<u8> {
[INFO] [stdout]     |    ^^^^^^^^^^^^^^
[INFO] [stdout]     |
[INFO] [stdout]     = note: `#[warn(dead_code)]` (part of `#[warn(unused)]`) on by default
[INFO] [stdout] 
[INFO] [stdout] 
[INFO] [stdout] error[E0432]: unresolved import `update_via_github::UpdateConfig`
[INFO] [stdout]  --> src/update.rs:3:5
[INFO] [stdout]   |
[INFO] [stdout] 3 | use update_via_github::UpdateConfig;
[INFO] [stdout]   |     ^^^^^^^^^^^^^^^^^^^------------
[INFO] [stdout]   |                        |
[INFO] [stdout]   |                        no `UpdateConfig` in the root
[INFO] [stdout] 
[INFO] [stdout] 
[INFO] [stdout] error[E0432]: unresolved import `update_via_github::UpdateStatus`
[INFO] [stdout]  --> src/update.rs:4:9
[INFO] [stdout]   |
[INFO] [stdout] 4 | pub use update_via_github::UpdateStatus;
[INFO] [stdout]   |         ^^^^^^^^^^^^^^^^^^^------------
[INFO] [stdout]   |                            |
[INFO] [stdout]   |                            no `UpdateStatus` in the root
[INFO] [stdout] 
[INFO] [stdout] 
[INFO] [stdout] error[E0432]: unresolved import `update_via_github::UpdateConfig`
[INFO] [stdout]  --> src/update.rs:3:5
[INFO] [stdout]   |
[INFO] [stdout] 3 | use update_via_github::UpdateConfig;
[INFO] [stdout]   |     ^^^^^^^^^^^^^^^^^^^------------
[INFO] [stdout]   |                        |
[INFO] [stdout]   |                        no `UpdateConfig` in the root
[INFO] [stdout] 
[INFO] [stdout] 
[INFO] [stdout] error[E0432]: unresolved import `update_via_github::UpdateStatus`
[INFO] [stdout]  --> src/update.rs:4:9
[INFO] [stdout]   |
[INFO] [stdout] 4 | pub use update_via_github::UpdateStatus;
[INFO] [stdout]   |         ^^^^^^^^^^^^^^^^^^^------------
[INFO] [stdout]   |                            |
[INFO] [stdout]   |                            no `UpdateStatus` in the root
[INFO] [stdout] 
[INFO] [stdout] 
[INFO] [stdout] error[E0433]: cannot find `UpdateManager` in `update_via_github`
[INFO] [stdout]   --> src/update.rs:76:39
[INFO] [stdout]    |
[INFO] [stdout] 76 |             inner: update_via_github::UpdateManager::new(config),
[INFO] [stdout]    |                                       ^^^^^^^^^^^^^ could not find `UpdateManager` in `update_via_github`
[INFO] [stdout] 
[INFO] [stdout] 
[INFO] [stdout] error[E0425]: cannot find type `UpdateManager` in crate `update_via_github`
[INFO] [stdout]   --> src/update.rs:64:31
[INFO] [stdout]    |
[INFO] [stdout] 64 |     inner: update_via_github::UpdateManager,
[INFO] [stdout]    |                               ^^^^^^^^^^^^^ not found in `update_via_github`
[INFO] [stdout] 
[INFO] [stdout] 
[INFO] [stdout] warning: unused import: `self`
[INFO] [stdout]  --> src/face_sface_production.rs:2:29
[INFO] [stdout]   |
[INFO] [stdout] 2 | use crate::face_embedding::{self, FaceEmbedder};
[INFO] [stdout]   |                             ^^^^
[INFO] [stdout]   |
[INFO] [stdout]   = note: `#[warn(unused_imports)]` (part of `#[warn(unused)]`) on by default
[INFO] [stdout] 
[INFO] [stdout] 
[INFO] [stdout] warning: unused import: `DIRECT_DECODE_MAX_FILE_SIZE_BYTES`
[INFO] [stdout]  --> src/indexer.rs:7:55
[INFO] [stdout]   |
[INFO] [stdout] 7 | use crate::settings::{IndexingSettings, SourcePolicy, DIRECT_DECODE_MAX_FILE_SIZE_BYTES};
[INFO] [stdout]   |                                                       ^^^^^^^^^^^^^^^^^^^^^^^^^^^^^^^^^
[INFO] [stdout] 
[INFO] [stdout] 
[INFO] [stdout] warning: unused import: `AnnT`
[INFO] [stdout]  --> src/people_clustering.rs:3:24
[INFO] [stdout]   |
[INFO] [stdout] 3 | use hnsw_rs::prelude::{AnnT, DistCosine, Hnsw};
[INFO] [stdout]   |                        ^^^^
[INFO] [stdout] 
[INFO] [stdout] 
[INFO] [stdout] warning: unused import: `std::path::Path`
[INFO] [stdout]  --> src/people_overrides.rs:3:5
[INFO] [stdout]   |
[INFO] [stdout] 3 | use std::path::Path;
[INFO] [stdout]   |     ^^^^^^^^^^^^^^^
[INFO] [stdout] 
[INFO] [stdout] 
[INFO] [stdout] warning: unused import: `PhotoGridSpec`
[INFO] [stdout]  --> src/ui/face_search_panel.rs:1:31
[INFO] [stdout]   |
[INFO] [stdout] 1 | use super::photo_grid::{self, PhotoGridSpec, PhotoTileMode};
[INFO] [stdout]   |                               ^^^^^^^^^^^^^
[INFO] [stdout] 
[INFO] [stdout] 
[INFO] [stdout] error[E0433]: cannot find `UpdateManager` in `update_via_github`
[INFO] [stdout]   --> src/update.rs:76:39
[INFO] [stdout]    |
[INFO] [stdout] 76 |             inner: update_via_github::UpdateManager::new(config),
[INFO] [stdout]    |                                       ^^^^^^^^^^^^^ could not find `UpdateManager` in `update_via_github`
[INFO] [stdout] 
[INFO] [stdout] 
[INFO] [stdout] warning: unused import: `crate::face_detection::FaceBox`
[INFO] [stdout]  --> src/ui/people_manager.rs:3:5
[INFO] [stdout]   |
[INFO] [stdout] 3 | use crate::face_detection::FaceBox;
[INFO] [stdout]   |     ^^^^^^^^^^^^^^^^^^^^^^^^^^^^^^
[INFO] [stdout] 
[INFO] [stdout] 
[INFO] [stdout] warning: unused import: `crate::face_sface_adapter::SFaceExecutionProvider`
[INFO] [stdout]   --> src/ui/mod.rs:28:5
[INFO] [stdout]    |
[INFO] [stdout] 28 | use crate::face_sface_adapter::SFaceExecutionProvider;
[INFO] [stdout]    |     ^^^^^^^^^^^^^^^^^^^^^^^^^^^^^^^^^^^^^^^^^^^^^^^^^
[INFO] [stdout] 
[INFO] [stdout] 
[INFO] [stdout] warning: unused import: `ClipExecutionProvider`
[INFO] [stdout]   --> src/ui/mod.rs:32:29
[INFO] [stdout]    |
[INFO] [stdout] 32 | use crate::settings::{self, ClipExecutionProvider, IndexingSettings};
[INFO] [stdout]    |                             ^^^^^^^^^^^^^^^^^^^^^
[INFO] [stdout] 
[INFO] [stdout] 
[INFO] [stdout] error[E0425]: cannot find type `UpdateManager` in crate `update_via_github`
[INFO] [stdout]   --> src/update.rs:64:31
[INFO] [stdout]    |
[INFO] [stdout] 64 |     inner: update_via_github::UpdateManager,
[INFO] [stdout]    |                               ^^^^^^^^^^^^^ not found in `update_via_github`
[INFO] [stdout] 
[INFO] [stdout] 
[INFO] [stdout] warning: unused import: `AnnT`
[INFO] [stdout]  --> src/people_clustering.rs:3:24
[INFO] [stdout]   |
[INFO] [stdout] 3 | use hnsw_rs::prelude::{AnnT, DistCosine, Hnsw};
[INFO] [stdout]   |                        ^^^^
[INFO] [stdout]   |
[INFO] [stdout]   = note: `#[warn(unused_imports)]` (part of `#[warn(unused)]`) on by default
[INFO] [stdout] 
[INFO] [stdout] 
[INFO] [stdout] warning: unused import: `std::path::Path`
[INFO] [stdout]  --> src/people_overrides.rs:3:5
[INFO] [stdout]   |
[INFO] [stdout] 3 | use std::path::Path;
[INFO] [stdout]   |     ^^^^^^^^^^^^^^^
[INFO] [stdout] 
[INFO] [stdout] 
[INFO] [stdout] warning: unused import: `PhotoGridSpec`
[INFO] [stdout]  --> src/ui/face_search_panel.rs:1:31
[INFO] [stdout]   |
[INFO] [stdout] 1 | use super::photo_grid::{self, PhotoGridSpec, PhotoTileMode};
[INFO] [stdout]   |                               ^^^^^^^^^^^^^
[INFO] [stdout] 
[INFO] [stdout] 
[INFO] [stdout] warning: unused import: `crate::face_detection::FaceBox`
[INFO] [stdout]  --> src/ui/people_manager.rs:3:5
[INFO] [stdout]   |
[INFO] [stdout] 3 | use crate::face_detection::FaceBox;
[INFO] [stdout]   |     ^^^^^^^^^^^^^^^^^^^^^^^^^^^^^^
[INFO] [stdout] 
[INFO] [stdout] 
[INFO] [stdout] warning: unused import: `crate::face_sface_adapter::SFaceExecutionProvider`
[INFO] [stdout]   --> src/ui/mod.rs:28:5
[INFO] [stdout]    |
[INFO] [stdout] 28 | use crate::face_sface_adapter::SFaceExecutionProvider;
[INFO] [stdout]    |     ^^^^^^^^^^^^^^^^^^^^^^^^^^^^^^^^^^^^^^^^^^^^^^^^^
[INFO] [stdout] 
[INFO] [stdout] 
[INFO] [stdout] warning: unused import: `ClipExecutionProvider`
[INFO] [stdout]   --> src/ui/mod.rs:32:29
[INFO] [stdout]    |
[INFO] [stdout] 32 | use crate::settings::{self, ClipExecutionProvider, IndexingSettings};
[INFO] [stdout]    |                             ^^^^^^^^^^^^^^^^^^^^^
[INFO] [stdout] 
[INFO] [stdout] 
[INFO] [stdout] warning: falling back to `f32` as the trait bound `f32: From<f64>` is not satisfied
[INFO] [stdout]    --> src/ui/photo_grid.rs:103:31
[INFO] [stdout]     |
[INFO] [stdout] 103 |             egui::Stroke::new(3.0, ui.visuals().selection.stroke.color),
[INFO] [stdout]     |                               ^^^ help: explicitly specify the type as `f32`: `3.0_f32`
[INFO] [stdout]     |
[INFO] [stdout]     = warning: this was previously accepted by the compiler but is being phased out; it will become a hard error in a future release!
[INFO] [stdout]     = note: for more information, see issue #154024 <https://github.com/rust-lang/rust/issues/154024>
[INFO] [stdout]     = note: `#[warn(float_literal_f32_fallback)]` (part of `#[warn(future_incompatible)]`) on by default
[INFO] [stdout] 
[INFO] [stdout] 
[INFO] [stdout] warning: falling back to `f32` as the trait bound `f32: From<f64>` is not satisfied
[INFO] [stdout]    --> src/ui/photo_grid.rs:151:31
[INFO] [stdout]     |
[INFO] [stdout] 151 |             egui::Stroke::new(3.0, ui.visuals().selection.stroke.color),
[INFO] [stdout]     |                               ^^^ help: explicitly specify the type as `f32`: `3.0_f32`
[INFO] [stdout]     |
[INFO] [stdout]     = warning: this was previously accepted by the compiler but is being phased out; it will become a hard error in a future release!
[INFO] [stdout]     = note: for more information, see issue #154024 <https://github.com/rust-lang/rust/issues/154024>
[INFO] [stdout] 
[INFO] [stdout] 
[INFO] [stdout] warning: falling back to `f32` as the trait bound `f32: From<f64>` is not satisfied
[INFO] [stdout]    --> src/ui/search_panel.rs:128:104
[INFO] [stdout]     |
[INFO] [stdout] 128 | ...   ui.painter().rect_stroke(rectangle, 0.0, egui::Stroke::new(2.0, egui::Color32::YELLOW), egui::StrokeKind::Inside);
[INFO] [stdout]     |                                                                  ^^^ help: explicitly specify the type as `f32`: `2.0_f32`
[INFO] [stdout]     |
[INFO] [stdout]     = warning: this was previously accepted by the compiler but is being phased out; it will become a hard error in a future release!
[INFO] [stdout]     = note: for more information, see issue #154024 <https://github.com/rust-lang/rust/issues/154024>
[INFO] [stdout] 
[INFO] [stdout] 
[INFO] [stdout] warning: falling back to `f32` as the trait bound `f32: From<f64>` is not satisfied
[INFO] [stdout]    --> src/ui/views.rs:645:27
[INFO] [stdout]     |
[INFO] [stdout] 645 |         egui::Stroke::new(2.0, egui::Color32::LIGHT_GREEN),
[INFO] [stdout]     |                           ^^^ help: explicitly specify the type as `f32`: `2.0_f32`
[INFO] [stdout]     |
[INFO] [stdout]     = warning: this was previously accepted by the compiler but is being phased out; it will become a hard error in a future release!
[INFO] [stdout]     = note: for more information, see issue #154024 <https://github.com/rust-lang/rust/issues/154024>
[INFO] [stdout] 
[INFO] [stdout] 
[INFO] [stdout] warning: unused import: `image::GenericImageView`
[INFO] [stdout]  --> src/portable_verify.rs:3:5
[INFO] [stdout]   |
[INFO] [stdout] 3 | use image::GenericImageView;
[INFO] [stdout]   |     ^^^^^^^^^^^^^^^^^^^^^^^
[INFO] [stdout] 
[INFO] [stdout] 
[INFO] [stdout] warning: falling back to `f32` as the trait bound `f32: From<f64>` is not satisfied
[INFO] [stdout]    --> src/ui/photo_grid.rs:103:31
[INFO] [stdout]     |
[INFO] [stdout] 103 |             egui::Stroke::new(3.0, ui.visuals().selection.stroke.color),
[INFO] [stdout]     |                               ^^^ help: explicitly specify the type as `f32`: `3.0_f32`
[INFO] [stdout]     |
[INFO] [stdout]     = warning: this was previously accepted by the compiler but is being phased out; it will become a hard error in a future release!
[INFO] [stdout]     = note: for more information, see issue #154024 <https://github.com/rust-lang/rust/issues/154024>
[INFO] [stdout]     = note: `#[warn(float_literal_f32_fallback)]` (part of `#[warn(future_incompatible)]`) on by default
[INFO] [stdout] 
[INFO] [stdout] 
[INFO] [stdout] warning: falling back to `f32` as the trait bound `f32: From<f64>` is not satisfied
[INFO] [stdout]    --> src/ui/photo_grid.rs:151:31
[INFO] [stdout]     |
[INFO] [stdout] 151 |             egui::Stroke::new(3.0, ui.visuals().selection.stroke.color),
[INFO] [stdout]     |                               ^^^ help: explicitly specify the type as `f32`: `3.0_f32`
[INFO] [stdout]     |
[INFO] [stdout]     = warning: this was previously accepted by the compiler but is being phased out; it will become a hard error in a future release!
[INFO] [stdout]     = note: for more information, see issue #154024 <https://github.com/rust-lang/rust/issues/154024>
[INFO] [stdout] 
[INFO] [stdout] 
[INFO] [stdout] warning: falling back to `f32` as the trait bound `f32: From<f64>` is not satisfied
[INFO] [stdout]    --> src/ui/search_panel.rs:128:104
[INFO] [stdout]     |
[INFO] [stdout] 128 | ...   ui.painter().rect_stroke(rectangle, 0.0, egui::Stroke::new(2.0, egui::Color32::YELLOW), egui::StrokeKind::Inside);
[INFO] [stdout]     |                                                                  ^^^ help: explicitly specify the type as `f32`: `2.0_f32`
[INFO] [stdout]     |
[INFO] [stdout]     = warning: this was previously accepted by the compiler but is being phased out; it will become a hard error in a future release!
[INFO] [stdout]     = note: for more information, see issue #154024 <https://github.com/rust-lang/rust/issues/154024>
[INFO] [stdout] 
[INFO] [stdout] 
[INFO] [stdout] warning: falling back to `f32` as the trait bound `f32: From<f64>` is not satisfied
[INFO] [stdout]    --> src/ui/views.rs:645:27
[INFO] [stdout]     |
[INFO] [stdout] 645 |         egui::Stroke::new(2.0, egui::Color32::LIGHT_GREEN),
[INFO] [stdout]     |                           ^^^ help: explicitly specify the type as `f32`: `2.0_f32`
[INFO] [stdout]     |
[INFO] [stdout]     = warning: this was previously accepted by the compiler but is being phased out; it will become a hard error in a future release!
[INFO] [stdout]     = note: for more information, see issue #154024 <https://github.com/rust-lang/rust/issues/154024>
[INFO] [stdout] 
[INFO] [stdout] 
[INFO] [stdout] warning: unused variable: `overlap`
[INFO] [stdout]    --> src/face_benchmark.rs:438:33
[INFO] [stdout]     |
[INFO] [stdout] 438 |             if let Some((index, overlap)) = best.filter(|(_, overlap)| *overlap >= iou_threshold) {
[INFO] [stdout]     |                                 ^^^^^^^ help: if this is intentional, prefix it with an underscore: `_overlap`
[INFO] [stdout]     |
[INFO] [stdout]     = note: `#[warn(unused_variables)]` (part of `#[warn(unused)]`) on by default
[INFO] [stdout] 
[INFO] [stdout] 
[INFO] [stdout] warning: unused import: `image::GenericImageView`
[INFO] [stdout]  --> src/portable_verify.rs:3:5
[INFO] [stdout]   |
[INFO] [stdout] 3 | use image::GenericImageView;
[INFO] [stdout]   |     ^^^^^^^^^^^^^^^^^^^^^^^
[INFO] [stdout] 
[INFO] [stdout] 
[INFO] [stdout] warning: unused variable: `overlap`
[INFO] [stdout]    --> src/face_benchmark.rs:438:33
[INFO] [stdout]     |
[INFO] [stdout] 438 |             if let Some((index, overlap)) = best.filter(|(_, overlap)| *overlap >= iou_threshold) {
[INFO] [stdout]     |                                 ^^^^^^^ help: if this is intentional, prefix it with an underscore: `_overlap`
[INFO] [stdout]     |
[INFO] [stdout]     = note: `#[warn(unused_variables)]` (part of `#[warn(unused)]`) on by default
[INFO] [stdout] 
[INFO] [stdout] 
[INFO] [stdout] warning: unused variable: `error`
[INFO] [stdout]    --> src/oversized_preview.rs:381:17
[INFO] [stdout]     |
[INFO] [stdout] 381 |             Err(error) if path.is_file() => {
[INFO] [stdout]     |                 ^^^^^ help: if this is intentional, prefix it with an underscore: `_error`
[INFO] [stdout] 
[INFO] [stdout] 
[INFO] [stdout] warning: unused variable: `error`
[INFO] [stdout]    --> src/thumbnail_cache.rs:200:17
[INFO] [stdout]     |
[INFO] [stdout] 200 |             Err(error) if cache_path.is_file() => {
[INFO] [stdout]     |                 ^^^^^ help: if this is intentional, prefix it with an underscore: `_error`
[INFO] [stdout] 
[INFO] [stdout] 
[INFO] [stdout] warning: unused variable: `error`
[INFO] [stdout]    --> src/oversized_preview.rs:381:17
[INFO] [stdout]     |
[INFO] [stdout] 381 |             Err(error) if path.is_file() => {
[INFO] [stdout]     |                 ^^^^^ help: if this is intentional, prefix it with an underscore: `_error`
[INFO] [stdout] 
[INFO] [stdout] 
[INFO] [stdout] Some errors have detailed explanations: E0425, E0432, E0433.
[INFO] [stdout] 
[INFO] [stdout] For more information about an error, try `rustc --explain E0425`.
[INFO] [stdout] 
[INFO] [stdout] warning: unused variable: `error`
[INFO] [stdout]    --> src/thumbnail_cache.rs:200:17
[INFO] [stdout]     |
[INFO] [stdout] 200 |             Err(error) if cache_path.is_file() => {
[INFO] [stdout]     |                 ^^^^^ help: if this is intentional, prefix it with an underscore: `_error`
[INFO] [stdout] 
[INFO] [stdout] 
[INFO] [stderr] error: could not compile `windows-image-search` (bin "windows-image-search") due to 4 previous errors; 16 warnings emitted
[INFO] [stderr] warning: build failed, waiting for other jobs to finish...
[INFO] [stdout] Some errors have detailed explanations: E0425, E0432, E0433.
[INFO] [stdout] 
[INFO] [stdout] For more information about an error, try `rustc --explain E0425`.
[INFO] [stdout] 
[INFO] [stderr] error: could not compile `windows-image-search` (bin "windows-image-search" test) due to 4 previous errors; 14 warnings emitted
[INFO] running `Command { std: "docker" "inspect" "ce196ed6805ef2c67870846023fdb6f97e20edf0fc8f894c686c90c5e55a940e", kill_on_drop: false }`
[INFO] running `Command { std: "docker" "rm" "-f" "ce196ed6805ef2c67870846023fdb6f97e20edf0fc8f894c686c90c5e55a940e", kill_on_drop: false }`
[INFO] [stdout] ce196ed6805ef2c67870846023fdb6f97e20edf0fc8f894c686c90c5e55a940e
