[INFO] cloning repository https://github.com/emadgh/GahYar
[INFO] running `Command { std: "git" "-c" "credential.helper=" "-c" "credential.helper=/workspace/cargo-home/bin/git-credential-null" "clone" "--bare" "https://github.com/emadgh/GahYar" "/workspace/cache/git-repos/https%3A%2F%2Fgithub.com%2Femadgh%2FGahYar", kill_on_drop: false }`
[INFO] [stderr] Cloning into bare repository '/workspace/cache/git-repos/https%3A%2F%2Fgithub.com%2Femadgh%2FGahYar'...
[INFO] running `Command { std: "git" "rev-parse" "HEAD", kill_on_drop: false }`
[INFO] [stdout] 3c4e0a84f7ea89662daaa49f7f57c934f41bed90
[INFO] checking emadgh/GahYar against 3154cc1a3e6424e44f438a95007d043ed5ceaaf6 for pr-133502-30
[INFO] running `Command { std: "git" "clone" "/workspace/cache/git-repos/https%3A%2F%2Fgithub.com%2Femadgh%2FGahYar" "/workspace/builds/worker-7-tc2/source", kill_on_drop: false }`
[INFO] [stderr] Cloning into '/workspace/builds/worker-7-tc2/source'...
[INFO] [stderr] done.
[INFO] started tweaking git repo https://github.com/emadgh/GahYar
[INFO] finished tweaking git repo https://github.com/emadgh/GahYar
[INFO] tweaked toml for git repo https://github.com/emadgh/GahYar written to /workspace/builds/worker-7-tc2/source/Cargo.toml
[INFO] validating manifest of git repo https://github.com/emadgh/GahYar on toolchain 3154cc1a3e6424e44f438a95007d043ed5ceaaf6
[INFO] running `Command { std: CARGO_HOME="/workspace/cargo-home" RUSTUP_HOME="/workspace/rustup-home" "/workspace/cargo-home/bin/cargo" "+3154cc1a3e6424e44f438a95007d043ed5ceaaf6" "metadata" "--manifest-path" "Cargo.toml" "--no-deps", kill_on_drop: false }`
[INFO] crate git repo https://github.com/emadgh/GahYar already has a lockfile, it will not be regenerated
[INFO] running `Command { std: CARGO_HOME="/workspace/cargo-home" RUSTUP_HOME="/workspace/rustup-home" "/workspace/cargo-home/bin/cargo" "+3154cc1a3e6424e44f438a95007d043ed5ceaaf6" "fetch" "--manifest-path" "Cargo.toml", kill_on_drop: false }`
[INFO] running `Command { std: "docker" "create" "-v" "/var/lib/crater-agent-workspace/builds/worker-7-tc2/source:/opt/rustwide/workdir:ro,Z" "-v" "/var/lib/crater-agent-workspace/builds/worker-7-tc2/target:/opt/rustwide/target:rw,Z" "-v" "/var/lib/crater-agent-workspace/cargo-home:/opt/rustwide/cargo-home:ro,Z" "-v" "/var/lib/crater-agent-workspace/rustup-home:/opt/rustwide/rustup-home:ro,Z" "-m" "1610612736" "--network" "none" "ghcr.io/rust-lang/crates-build-env/linux@sha256:77db811e55d90add9212f6832c23229e3de5f1c1f9905e8cb07319ea15df73ac" "sleep" "infinity", kill_on_drop: false }`
[INFO] [stdout] a4e99fa2cce4fec87b5d15769a24e78b46c085960d8bd0a1d80b2380fa3846bb
[INFO] running `Command { std: "docker" "start" "a4e99fa2cce4fec87b5d15769a24e78b46c085960d8bd0a1d80b2380fa3846bb", kill_on_drop: false }`
[INFO] running `Command { std: "docker" "inspect" "a4e99fa2cce4fec87b5d15769a24e78b46c085960d8bd0a1d80b2380fa3846bb", kill_on_drop: false }`
[INFO] running `Command { std: "docker" "exec" "-e" "SOURCE_DIR=/opt/rustwide/workdir" "-e" "CARGO_HOME=/opt/rustwide/cargo-home" "-e" "RUSTUP_HOME=/opt/rustwide/rustup-home" "-e" "CARGO_TARGET_DIR=/opt/rustwide/target" "-w" "/opt/rustwide/workdir" "--user" "0:0" "a4e99fa2cce4fec87b5d15769a24e78b46c085960d8bd0a1d80b2380fa3846bb" "/opt/rustwide/cargo-home/bin/cargo" "+3154cc1a3e6424e44f438a95007d043ed5ceaaf6" "metadata" "--no-deps" "--format-version=1", kill_on_drop: false }`
[INFO] running `Command { std: "docker" "inspect" "a4e99fa2cce4fec87b5d15769a24e78b46c085960d8bd0a1d80b2380fa3846bb", kill_on_drop: false }`
[INFO] running `Command { std: "docker" "exec" "-e" "SOURCE_DIR=/opt/rustwide/workdir" "-e" "CARGO_HOME=/opt/rustwide/cargo-home" "-e" "RUSTUP_HOME=/opt/rustwide/rustup-home" "-e" "CARGO_TARGET_DIR=/opt/rustwide/target" "-e" "CARGO_INCREMENTAL=0" "-e" "RUST_BACKTRACE=full" "-e" "RUSTFLAGS=--cap-lints=forbid" "-e" "RUSTDOCFLAGS=--cap-lints=forbid" "-w" "/opt/rustwide/workdir" "--user" "0:0" "a4e99fa2cce4fec87b5d15769a24e78b46c085960d8bd0a1d80b2380fa3846bb" "/opt/rustwide/cargo-home/bin/cargo" "+3154cc1a3e6424e44f438a95007d043ed5ceaaf6" "check" "--frozen" "--all" "--all-targets" "--message-format=json", kill_on_drop: false }`
[INFO] [stderr]    Compiling proc-macro2 v1.0.107
[INFO] [stderr]    Compiling quote v1.0.47
[INFO] [stderr]     Checking windows-link v0.2.1
[INFO] [stderr]    Compiling gahyar v2.11.6 (/opt/rustwide/workdir)
[INFO] [stderr]     Checking rust-colorpicker v0.3.0 (https://github.com/emadgh/rust-colorpicker?rev=038fa545b4f749539682b97422442f9607f3eb2e#038fa545)
[INFO] [stderr]     Checking serde_json v1.0.151
[INFO] [stderr]     Checking windows-sys v0.61.2
[INFO] [stderr]    Compiling syn v3.0.3
[INFO] [stderr]    Compiling serde_derive v1.0.229
[INFO] [stderr]     Checking serde v1.0.229
[INFO] [stdout] error[E0433]: cannot find `windows` in `os`
[INFO] [stdout]  --> src/settings.rs:2:14
[INFO] [stdout]   |
[INFO] [stdout] 2 | use std::os::windows::process::CommandExt;
[INFO] [stdout]   |              ^^^^^^^ could not find `windows` in `os`
[INFO] [stdout]   |
[INFO] [stdout] note: found an item that was configured out
[INFO] [stdout]  --> /rustc/3154cc1a3e6424e44f438a95007d043ed5ceaaf6/library/std/src/os/mod.rs:62:4
[INFO] [stdout]   |
[INFO] [stdout]   = note: the item is gated behind the `windows` feature
[INFO] [stdout] 
[INFO] [stdout] 
[INFO] [stdout] error[E0433]: cannot find `windows` in `os`
[INFO] [stdout]    --> src/settings.rs:227:22
[INFO] [stdout]     |
[INFO] [stdout] 227 |         use std::os::windows::ffi::OsStrExt;
[INFO] [stdout]     |                      ^^^^^^^ could not find `windows` in `os`
[INFO] [stdout]     |
[INFO] [stdout] note: found an item that was configured out
[INFO] [stdout]    --> /rustc/3154cc1a3e6424e44f438a95007d043ed5ceaaf6/library/std/src/os/mod.rs:62:4
[INFO] [stdout]     |
[INFO] [stdout]     = note: the item is gated behind the `windows` feature
[INFO] [stdout] 
[INFO] [stdout] 
[INFO] [stdout] error[E0433]: cannot find `windows` in `os`
[INFO] [stdout]  --> src/update.rs:4:14
[INFO] [stdout]   |
[INFO] [stdout] 4 | use std::os::windows::process::CommandExt;
[INFO] [stdout]   |              ^^^^^^^ could not find `windows` in `os`
[INFO] [stdout]   |
[INFO] [stdout] note: found an item that was configured out
[INFO] [stdout]  --> /rustc/3154cc1a3e6424e44f438a95007d043ed5ceaaf6/library/std/src/os/mod.rs:62:4
[INFO] [stdout]   |
[INFO] [stdout]   = note: the item is gated behind the `windows` feature
[INFO] [stdout] 
[INFO] [stdout] 
[INFO] [stdout] error[E0433]: cannot find `windows` in `os`
[INFO] [stdout]   --> src/main.rs:17:14
[INFO] [stdout]    |
[INFO] [stdout] 17 | use std::os::windows::ffi::OsStrExt;
[INFO] [stdout]    |              ^^^^^^^ could not find `windows` in `os`
[INFO] [stdout]    |
[INFO] [stdout] note: found an item that was configured out
[INFO] [stdout]   --> /rustc/3154cc1a3e6424e44f438a95007d043ed5ceaaf6/library/std/src/os/mod.rs:62:4
[INFO] [stdout]    |
[INFO] [stdout]    = note: the item is gated behind the `windows` feature
[INFO] [stdout] 
[INFO] [stdout] 
[INFO] [stdout] error[E0433]: cannot find `windows` in `os`
[INFO] [stdout]  --> src/settings.rs:2:14
[INFO] [stdout]   |
[INFO] [stdout] 2 | use std::os::windows::process::CommandExt;
[INFO] [stdout]   |              ^^^^^^^ could not find `windows` in `os`
[INFO] [stdout]   |
[INFO] [stdout] note: found an item that was configured out
[INFO] [stdout]  --> /rustc/3154cc1a3e6424e44f438a95007d043ed5ceaaf6/library/std/src/os/mod.rs:62:4
[INFO] [stdout]   |
[INFO] [stdout]   = note: the item is gated behind the `windows` feature
[INFO] [stdout] 
[INFO] [stdout] 
[INFO] [stdout] error[E0433]: cannot find `windows` in `os`
[INFO] [stdout]    --> src/settings.rs:227:22
[INFO] [stdout]     |
[INFO] [stdout] 227 |         use std::os::windows::ffi::OsStrExt;
[INFO] [stdout]     |                      ^^^^^^^ could not find `windows` in `os`
[INFO] [stdout]     |
[INFO] [stdout] note: found an item that was configured out
[INFO] [stdout]    --> /rustc/3154cc1a3e6424e44f438a95007d043ed5ceaaf6/library/std/src/os/mod.rs:62:4
[INFO] [stdout]     |
[INFO] [stdout]     = note: the item is gated behind the `windows` feature
[INFO] [stdout] 
[INFO] [stdout] 
[INFO] [stdout] error[E0433]: cannot find `windows` in `os`
[INFO] [stdout]  --> src/update.rs:4:14
[INFO] [stdout]   |
[INFO] [stdout] 4 | use std::os::windows::process::CommandExt;
[INFO] [stdout]   |              ^^^^^^^ could not find `windows` in `os`
[INFO] [stdout]   |
[INFO] [stdout] note: found an item that was configured out
[INFO] [stdout]  --> /rustc/3154cc1a3e6424e44f438a95007d043ed5ceaaf6/library/std/src/os/mod.rs:62:4
[INFO] [stdout]   |
[INFO] [stdout]   = note: the item is gated behind the `windows` feature
[INFO] [stdout] 
[INFO] [stdout] 
[INFO] [stdout] error[E0433]: cannot find `windows` in `os`
[INFO] [stdout]   --> src/main.rs:17:14
[INFO] [stdout]    |
[INFO] [stdout] 17 | use std::os::windows::ffi::OsStrExt;
[INFO] [stdout]    |              ^^^^^^^ could not find `windows` in `os`
[INFO] [stdout]    |
[INFO] [stdout] note: found an item that was configured out
[INFO] [stdout]   --> /rustc/3154cc1a3e6424e44f438a95007d043ed5ceaaf6/library/std/src/os/mod.rs:62:4
[INFO] [stdout]    |
[INFO] [stdout]    = note: the item is gated behind the `windows` feature
[INFO] [stdout] 
[INFO] [stdout] 
[INFO] [stdout] error[E0599]: no method named `pick_with_owner_live` found for struct `ColorPicker` in the current scope
[INFO] [stdout]    --> src/color_picker.rs:184:25
[INFO] [stdout]     |
[INFO] [stdout] 184 |     let result = picker.pick_with_owner_live(hwnd, initial_color, |event| {
[INFO] [stdout]     |                         ^^^^^^^^^^^^^^^^^^^^ method not found in `ColorPicker`
[INFO] [stdout] 
[INFO] [stdout] 
[INFO] [stdout] error[E0599]: no method named `encode_wide` found for reference `&OsStr` in the current scope
[INFO] [stdout]    --> src/settings.rs:238:18
[INFO] [stdout]     |
[INFO] [stdout] 237 |             path.as_os_str()
[INFO] [stdout] 238 |                 .encode_wide()
[INFO] [stdout]     |                  ^^^^^^^^^^^ method not found in `&OsStr`
[INFO] [stdout] 
[INFO] [stdout] 
[INFO] [stdout] error[E0599]: no method named `creation_flags` found for struct `Command` in the current scope
[INFO] [stdout]    --> src/settings.rs:330:13
[INFO] [stdout]     |
[INFO] [stdout] 330 |     command.creation_flags(CREATE_NO_WINDOW);
[INFO] [stdout]     |             ^^^^^^^^^^^^^^ method not found in `Command`
[INFO] [stdout] 
[INFO] [stdout] 
[INFO] [stdout] error[E0599]: no method named `creation_flags` found for mutable reference `&mut Command` in the current scope
[INFO] [stdout]    --> src/settings.rs:352:10
[INFO] [stdout]     |
[INFO] [stdout] 350 |     Command::new("reg.exe")
[INFO] [stdout] 351 |         .args(["query", RUN_KEY, "/v", RUN_VALUE])
[INFO] [stdout] 352 |         .creation_flags(CREATE_NO_WINDOW)
[INFO] [stdout]     |          ^^^^^^^^^^^^^^ method not found in `&mut Command`
[INFO] [stdout] 
[INFO] [stdout] 
[INFO] [stdout] error[E0599]: no method named `creation_flags` found for mutable reference `&mut Command` in the current scope
[INFO] [stdout]    --> src/update.rs:192:10
[INFO] [stdout]     |
[INFO] [stdout] 176 |     Command::new("powershell.exe")
[INFO] [stdout] 177 |         .args([
[INFO] [stdout] 178 |             "-NoProfile",
[INFO] [stdout] 179 |             "-ExecutionPolicy",
[INFO] [stdout] 180 |             "Bypass",
[INFO] [stdout] 181 |             "-WindowStyle",
[INFO] [stdout] 182 |             "Hidden",
[INFO] [stdout] 183 |             "-File",
[INFO] [stdout] 184 |         ])
[INFO] [stdout] 185 |         .arg(script)
[INFO] [stdout] 186 |         .arg("-TargetPid")
[INFO] [stdout] 187 |         .arg(std::process::id().to_string())
[INFO] [stdout] 188 |         .arg("-Source")
[INFO] [stdout] 189 |         .arg(source)
[INFO] [stdout] 190 |         .arg("-Destination")
[INFO] [stdout] 191 |         .arg(destination)
[INFO] [stdout] 192 |         .creation_flags(CREATE_NO_WINDOW)
[INFO] [stdout]     |          ^^^^^^^^^^^^^^ method not found in `&mut Command`
[INFO] [stdout] 
[INFO] [stdout] 
[INFO] [stdout] error[E0599]: no method named `pick_with_owner_live` found for struct `rust_colorpicker::ColorPicker` in the current scope
[INFO] [stdout]    --> src/color_picker.rs:184:25
[INFO] [stdout]     |
[INFO] [stdout] 184 |     let result = picker.pick_with_owner_live(hwnd, initial_color, |event| {
[INFO] [stdout]     |                         ^^^^^^^^^^^^^^^^^^^^ method not found in `rust_colorpicker::ColorPicker`
[INFO] [stdout] 
[INFO] [stdout] 
[INFO] [stdout] error[E0599]: no method named `encode_wide` found for reference `&OsStr` in the current scope
[INFO] [stdout]     --> src/main.rs:2060:14
[INFO] [stdout]      |
[INFO] [stdout] 2058 |         let path_wide = path
[INFO] [stdout] 2059 |             .as_os_str()
[INFO] [stdout] 2060 |             .encode_wide()
[INFO] [stdout]      |              ^^^^^^^^^^^ method not found in `&OsStr`
[INFO] [stdout] 
[INFO] [stdout] 
[INFO] [stdout] error[E0599]: no method named `pick_with_owner` found for struct `rust_colorpicker::ColorPicker` in the current scope
[INFO] [stdout]    --> src/color_picker.rs:312:35
[INFO] [stdout]     |
[INFO] [stdout] 312 |             let accepted = picker.pick_with_owner(owner, initial);
[INFO] [stdout]     |                                   ^^^^^^^^^^^^^^^
[INFO] [stdout]     |
[INFO] [stdout] help: there is a method `pick_live` with a similar name
[INFO] [stdout]     |
[INFO] [stdout] 312 -             let accepted = picker.pick_with_owner(owner, initial);
[INFO] [stdout] 312 +             let accepted = picker.pick_live(owner, initial);
[INFO] [stdout]     |
[INFO] [stdout] 
[INFO] [stdout] 
[INFO] [stdout] error[E0599]: no method named `pick_with_owner` found for struct `rust_colorpicker::ColorPicker` in the current scope
[INFO] [stdout]    --> src/color_picker.rs:314:36
[INFO] [stdout]     |
[INFO] [stdout] 314 |             let cancelled = picker.pick_with_owner(owner, initial);
[INFO] [stdout]     |                                    ^^^^^^^^^^^^^^^
[INFO] [stdout]     |
[INFO] [stdout] help: there is a method `pick_live` with a similar name
[INFO] [stdout]     |
[INFO] [stdout] 314 -             let cancelled = picker.pick_with_owner(owner, initial);
[INFO] [stdout] 314 +             let cancelled = picker.pick_live(owner, initial);
[INFO] [stdout]     |
[INFO] [stdout] 
[INFO] [stdout] 
[INFO] [stdout] error[E0599]: no method named `encode_wide` found for reference `&OsStr` in the current scope
[INFO] [stdout]    --> src/settings.rs:238:18
[INFO] [stdout]     |
[INFO] [stdout] 237 |             path.as_os_str()
[INFO] [stdout] 238 |                 .encode_wide()
[INFO] [stdout]     |                  ^^^^^^^^^^^ method not found in `&OsStr`
[INFO] [stdout] 
[INFO] [stdout] 
[INFO] [stdout] error[E0599]: no method named `creation_flags` found for struct `Command` in the current scope
[INFO] [stdout]    --> src/settings.rs:330:13
[INFO] [stdout]     |
[INFO] [stdout] 330 |     command.creation_flags(CREATE_NO_WINDOW);
[INFO] [stdout]     |             ^^^^^^^^^^^^^^ method not found in `Command`
[INFO] [stdout] 
[INFO] [stdout] 
[INFO] [stdout] error[E0599]: no method named `creation_flags` found for mutable reference `&mut Command` in the current scope
[INFO] [stdout]    --> src/settings.rs:352:10
[INFO] [stdout]     |
[INFO] [stdout] 350 |     Command::new("reg.exe")
[INFO] [stdout] 351 |         .args(["query", RUN_KEY, "/v", RUN_VALUE])
[INFO] [stdout] 352 |         .creation_flags(CREATE_NO_WINDOW)
[INFO] [stdout]     |          ^^^^^^^^^^^^^^ method not found in `&mut Command`
[INFO] [stdout] 
[INFO] [stdout] 
[INFO] [stdout] error[E0599]: no method named `creation_flags` found for mutable reference `&mut Command` in the current scope
[INFO] [stdout]    --> src/update.rs:192:10
[INFO] [stdout]     |
[INFO] [stdout] 176 |     Command::new("powershell.exe")
[INFO] [stdout] 177 |         .args([
[INFO] [stdout] 178 |             "-NoProfile",
[INFO] [stdout] 179 |             "-ExecutionPolicy",
[INFO] [stdout] 180 |             "Bypass",
[INFO] [stdout] 181 |             "-WindowStyle",
[INFO] [stdout] 182 |             "Hidden",
[INFO] [stdout] 183 |             "-File",
[INFO] [stdout] 184 |         ])
[INFO] [stdout] 185 |         .arg(script)
[INFO] [stdout] 186 |         .arg("-TargetPid")
[INFO] [stdout] 187 |         .arg(std::process::id().to_string())
[INFO] [stdout] 188 |         .arg("-Source")
[INFO] [stdout] 189 |         .arg(source)
[INFO] [stdout] 190 |         .arg("-Destination")
[INFO] [stdout] 191 |         .arg(destination)
[INFO] [stdout] 192 |         .creation_flags(CREATE_NO_WINDOW)
[INFO] [stdout]     |          ^^^^^^^^^^^^^^ method not found in `&mut Command`
[INFO] [stdout] 
[INFO] [stdout] 
[INFO] [stdout] error[E0599]: no method named `encode_wide` found for reference `&OsStr` in the current scope
[INFO] [stdout]     --> src/main.rs:2060:14
[INFO] [stdout]      |
[INFO] [stdout] 2058 |         let path_wide = path
[INFO] [stdout] 2059 |             .as_os_str()
[INFO] [stdout] 2060 |             .encode_wide()
[INFO] [stdout]      |              ^^^^^^^^^^^ method not found in `&OsStr`
[INFO] [stdout] 
[INFO] [stdout] 
[INFO] [stdout] Some errors have detailed explanations: E0433, E0599.
[INFO] [stdout] 
[INFO] [stdout] For more information about an error, try `rustc --explain E0433`.
[INFO] [stdout] 
[INFO] [stderr] error: could not compile `gahyar` (bin "GahYar") due to 10 previous errors
[INFO] [stderr] warning: build failed, waiting for other jobs to finish...
[INFO] [stdout] Some errors have detailed explanations: E0433, E0599.
[INFO] [stdout] 
[INFO] [stdout] For more information about an error, try `rustc --explain E0433`.
[INFO] [stdout] 
[INFO] [stderr] error: could not compile `gahyar` (bin "GahYar" test) due to 12 previous errors
[INFO] running `Command { std: "docker" "inspect" "a4e99fa2cce4fec87b5d15769a24e78b46c085960d8bd0a1d80b2380fa3846bb", kill_on_drop: false }`
[INFO] running `Command { std: "docker" "rm" "-f" "a4e99fa2cce4fec87b5d15769a24e78b46c085960d8bd0a1d80b2380fa3846bb", kill_on_drop: false }`
[INFO] [stdout] a4e99fa2cce4fec87b5d15769a24e78b46c085960d8bd0a1d80b2380fa3846bb
