[INFO] cloning repository https://github.com/elliott10/arm_vgic
[INFO] running `Command { std: "git" "-c" "credential.helper=" "-c" "credential.helper=/workspace/cargo-home/bin/git-credential-null" "clone" "--bare" "https://github.com/elliott10/arm_vgic" "/workspace/cache/git-repos/https%3A%2F%2Fgithub.com%2Felliott10%2Farm_vgic", kill_on_drop: false }`
[INFO] [stderr] Cloning into bare repository '/workspace/cache/git-repos/https%3A%2F%2Fgithub.com%2Felliott10%2Farm_vgic'...
[INFO] running `Command { std: "git" "rev-parse" "HEAD", kill_on_drop: false }`
[INFO] [stdout] 64ea349b25640a518cd2fa12ff24a66e45001e19
[INFO] checking elliott10/arm_vgic against 3154cc1a3e6424e44f438a95007d043ed5ceaaf6+rustflags=-Znext-solver=coherence for pr-133502-30
[INFO] running `Command { std: "git" "clone" "/workspace/cache/git-repos/https%3A%2F%2Fgithub.com%2Felliott10%2Farm_vgic" "/workspace/builds/worker-7-tc1/source", kill_on_drop: false }`
[INFO] [stderr] Cloning into '/workspace/builds/worker-7-tc1/source'...
[INFO] [stderr] done.
[INFO] started tweaking git repo https://github.com/elliott10/arm_vgic
[INFO] finished tweaking git repo https://github.com/elliott10/arm_vgic
[INFO] tweaked toml for git repo https://github.com/elliott10/arm_vgic written to /workspace/builds/worker-7-tc1/source/Cargo.toml
[INFO] validating manifest of git repo https://github.com/elliott10/arm_vgic on toolchain 3154cc1a3e6424e44f438a95007d043ed5ceaaf6
[INFO] running `Command { std: CARGO_HOME="/workspace/cargo-home" RUSTUP_HOME="/workspace/rustup-home" "/workspace/cargo-home/bin/cargo" "+3154cc1a3e6424e44f438a95007d043ed5ceaaf6" "metadata" "--manifest-path" "Cargo.toml" "--no-deps", kill_on_drop: false }`
[INFO] crate git repo https://github.com/elliott10/arm_vgic already has a lockfile, it will not be regenerated
[INFO] running `Command { std: CARGO_HOME="/workspace/cargo-home" RUSTUP_HOME="/workspace/rustup-home" "/workspace/cargo-home/bin/cargo" "+3154cc1a3e6424e44f438a95007d043ed5ceaaf6" "fetch" "--manifest-path" "Cargo.toml", kill_on_drop: false }`
[INFO] [stderr]     Updating git repository `https://github.com/arceos-hypervisor/arm_gicv2.git`
[INFO] [stderr]     Updating git repository `https://github.com/arceos-hypervisor/axaddrspace.git`
[INFO] [stderr]     Updating git repository `https://github.com/arceos-hypervisor/axdevice_crates.git`
[INFO] [stderr]     Updating crates.io index
[INFO] [stderr]     Updating git repository `https://github.com/arceos-hypervisor/axvisor_api.git`
[INFO] [stderr]  Downloading crates ...
[INFO] [stderr]   Downloaded bitmaps v3.2.1
[INFO] [stderr]   Downloaded memory_addr v0.3.1
[INFO] [stderr]   Downloaded crate_interface v0.1.3
[INFO] [stderr]   Downloaded tock-registers v0.8.1
[INFO] [stderr]   Downloaded page_table_multiarch v0.5.3
[INFO] [stderr]   Downloaded tock-registers v0.9.0
[INFO] [stderr]   Downloaded page_table_entry v0.5.3
[INFO] [stderr]   Downloaded numeric-enum-macro v0.2.0
[INFO] [stderr]   Downloaded volatile v0.4.6
[INFO] [stderr]   Downloaded lazyinit v0.2.1
[INFO] [stderr]   Downloaded riscv v0.12.1
[INFO] [stderr]   Downloaded aarch64-cpu v10.0.0
[INFO] [stderr]   Downloaded memory_set v0.3.1
[INFO] [stderr]   Downloaded axerrno v0.1.0
[INFO] [stderr]   Downloaded x86_64 v0.15.2
[INFO] [stderr]   Downloaded riscv-pac v0.2.0
[INFO] [stderr]   Downloaded rustversion v1.0.18
[INFO] [stderr]   Downloaded x86 v0.52.0
[INFO] running `Command { std: "docker" "create" "-v" "/var/lib/crater-agent-workspace/builds/worker-7-tc1/source:/opt/rustwide/workdir:ro,Z" "-v" "/var/lib/crater-agent-workspace/builds/worker-7-tc1/target:/opt/rustwide/target:rw,Z" "-v" "/var/lib/crater-agent-workspace/cargo-home:/opt/rustwide/cargo-home:ro,Z" "-v" "/var/lib/crater-agent-workspace/rustup-home:/opt/rustwide/rustup-home:ro,Z" "-m" "1610612736" "--network" "none" "ghcr.io/rust-lang/crates-build-env/linux@sha256:77db811e55d90add9212f6832c23229e3de5f1c1f9905e8cb07319ea15df73ac" "sleep" "infinity", kill_on_drop: false }`
[INFO] [stdout] d0488cd348eb95e0d85e307174522a9564f35ae3fae21a4578c12647f5090d64
[INFO] running `Command { std: "docker" "start" "d0488cd348eb95e0d85e307174522a9564f35ae3fae21a4578c12647f5090d64", kill_on_drop: false }`
[INFO] running `Command { std: "docker" "inspect" "d0488cd348eb95e0d85e307174522a9564f35ae3fae21a4578c12647f5090d64", kill_on_drop: false }`
[INFO] running `Command { std: "docker" "exec" "-e" "SOURCE_DIR=/opt/rustwide/workdir" "-e" "CARGO_HOME=/opt/rustwide/cargo-home" "-e" "RUSTUP_HOME=/opt/rustwide/rustup-home" "-e" "CARGO_TARGET_DIR=/opt/rustwide/target" "-w" "/opt/rustwide/workdir" "--user" "0:0" "d0488cd348eb95e0d85e307174522a9564f35ae3fae21a4578c12647f5090d64" "/opt/rustwide/cargo-home/bin/cargo" "+3154cc1a3e6424e44f438a95007d043ed5ceaaf6" "metadata" "--no-deps" "--format-version=1", kill_on_drop: false }`
[INFO] running `Command { std: "docker" "inspect" "d0488cd348eb95e0d85e307174522a9564f35ae3fae21a4578c12647f5090d64", kill_on_drop: false }`
[INFO] running `Command { std: "docker" "exec" "-e" "SOURCE_DIR=/opt/rustwide/workdir" "-e" "CARGO_HOME=/opt/rustwide/cargo-home" "-e" "RUSTUP_HOME=/opt/rustwide/rustup-home" "-e" "CARGO_TARGET_DIR=/opt/rustwide/target" "-e" "CARGO_INCREMENTAL=0" "-e" "RUST_BACKTRACE=full" "-e" "RUSTFLAGS=--cap-lints=forbid -Znext-solver=coherence" "-e" "RUSTDOCFLAGS=--cap-lints=forbid" "-w" "/opt/rustwide/workdir" "--user" "0:0" "d0488cd348eb95e0d85e307174522a9564f35ae3fae21a4578c12647f5090d64" "/opt/rustwide/cargo-home/bin/cargo" "+3154cc1a3e6424e44f438a95007d043ed5ceaaf6" "check" "--frozen" "--all" "--all-targets" "--message-format=json", kill_on_drop: false }`
[INFO] [stderr]    Compiling proc-macro2 v1.0.92
[INFO] [stderr]    Compiling unicode-ident v1.0.14
[INFO] [stderr]    Compiling rustversion v1.0.18
[INFO] [stderr]     Checking bit_field v0.10.2
[INFO] [stderr]    Compiling x86 v0.52.0
[INFO] [stderr]     Checking bitflags v2.6.0
[INFO] [stderr]     Checking memory_addr v0.3.1
[INFO] [stderr]     Checking volatile v0.4.6
[INFO] [stderr]     Checking raw-cpuid v10.7.0
[INFO] [stderr]    Compiling axerrno v0.1.0
[INFO] [stderr]     Checking log v0.4.21
[INFO] [stderr]    Compiling hashbrown v0.15.2
[INFO] [stderr]    Compiling autocfg v1.4.0
[INFO] [stderr]    Compiling winnow v0.6.20
[INFO] [stderr]    Compiling toml_datetime v0.6.8
[INFO] [stderr]     Checking memory_set v0.3.1
[INFO] [stderr]     Checking lazyinit v0.2.1
[INFO] [stderr]     Checking numeric-enum-macro v0.2.0
[INFO] [stderr]    Compiling serde v1.0.216
[INFO] [stderr]     Checking tock-registers v0.8.1
[INFO] [stderr]     Checking arm_gicv2 v0.1.0 (https://github.com/arceos-hypervisor/arm_gicv2.git?branch=debin%2F2vm_timer#0ad07764)
[INFO] [stderr]     Checking bitmaps v3.2.1
[INFO] [stderr]    Compiling indexmap v2.7.0
[INFO] [stderr]    Compiling lock_api v0.4.12
[INFO] [stderr]    Compiling quote v1.0.37
[INFO] [stderr]     Checking x86_64 v0.15.2
[INFO] [stderr]    Compiling syn v2.0.91
[INFO] [stderr]     Checking spin v0.9.8
[INFO] [stdout] error[E0046]: not all trait items implemented, missing: `forward_overflowing`, `backward_overflowing`
[INFO] [stdout]    --> /opt/rustwide/cargo-home/registry/src/index.crates.io-1949cf8c6b5b557f/x86_64-0.15.2/src/addr.rs:404:1
[INFO] [stdout]     |
[INFO] [stdout] 404 | impl Step for VirtAddr {
[INFO] [stdout]     | ^^^^^^^^^^^^^^^^^^^^^^ missing `forward_overflowing`, `backward_overflowing` in implementation
[INFO] [stdout]     |
[INFO] [stdout]     = help: implement the missing item: `fn forward_overflowing(_: Self, _: usize) -> (Self, bool) { todo!() }`
[INFO] [stdout]     = help: implement the missing item: `fn backward_overflowing(_: Self, _: usize) -> (Self, bool) { todo!() }`
[INFO] [stdout] 
[INFO] [stdout] 
[INFO] [stdout] error[E0046]: not all trait items implemented, missing: `forward_overflowing`, `backward_overflowing`
[INFO] [stdout]    --> /opt/rustwide/cargo-home/registry/src/index.crates.io-1949cf8c6b5b557f/x86_64-0.15.2/src/structures/paging/page.rs:306:1
[INFO] [stdout]     |
[INFO] [stdout] 306 | impl<S: PageSize> Step for Page<S> {
[INFO] [stdout]     | ^^^^^^^^^^^^^^^^^^^^^^^^^^^^^^^^^^ missing `forward_overflowing`, `backward_overflowing` in implementation
[INFO] [stdout]     |
[INFO] [stdout]     = help: implement the missing item: `fn forward_overflowing(_: Self, _: usize) -> (Self, bool) { todo!() }`
[INFO] [stdout]     = help: implement the missing item: `fn backward_overflowing(_: Self, _: usize) -> (Self, bool) { todo!() }`
[INFO] [stdout] 
[INFO] [stdout] 
[INFO] [stdout] error[E0046]: not all trait items implemented, missing: `forward_overflowing`, `backward_overflowing`
[INFO] [stdout]    --> /opt/rustwide/cargo-home/registry/src/index.crates.io-1949cf8c6b5b557f/x86_64-0.15.2/src/structures/paging/page_table.rs:354:1
[INFO] [stdout]     |
[INFO] [stdout] 354 | impl Step for PageTableIndex {
[INFO] [stdout]     | ^^^^^^^^^^^^^^^^^^^^^^^^^^^^ missing `forward_overflowing`, `backward_overflowing` in implementation
[INFO] [stdout]     |
[INFO] [stdout]     = help: implement the missing item: `fn forward_overflowing(_: Self, _: usize) -> (Self, bool) { todo!() }`
[INFO] [stdout]     = help: implement the missing item: `fn backward_overflowing(_: Self, _: usize) -> (Self, bool) { todo!() }`
[INFO] [stdout] 
[INFO] [stdout] 
[INFO] [stdout] For more information about this error, try `rustc --explain E0046`.
[INFO] [stdout] 
[INFO] [stderr] error: could not compile `x86_64` (lib) due to 3 previous errors
[INFO] [stderr] warning: build failed, waiting for other jobs to finish...
[INFO] running `Command { std: "docker" "inspect" "d0488cd348eb95e0d85e307174522a9564f35ae3fae21a4578c12647f5090d64", kill_on_drop: false }`
[INFO] running `Command { std: "docker" "rm" "-f" "d0488cd348eb95e0d85e307174522a9564f35ae3fae21a4578c12647f5090d64", kill_on_drop: false }`
[INFO] [stdout] d0488cd348eb95e0d85e307174522a9564f35ae3fae21a4578c12647f5090d64
