[INFO] cloning repository https://github.com/ekasc/rovr
[INFO] running `Command { std: "git" "-c" "credential.helper=" "-c" "credential.helper=/workspace/cargo-home/bin/git-credential-null" "clone" "--bare" "https://github.com/ekasc/rovr" "/workspace/cache/git-repos/https%3A%2F%2Fgithub.com%2Fekasc%2Frovr", kill_on_drop: false }`
[INFO] [stderr] Cloning into bare repository '/workspace/cache/git-repos/https%3A%2F%2Fgithub.com%2Fekasc%2Frovr'...
[INFO] running `Command { std: "git" "rev-parse" "HEAD", kill_on_drop: false }`
[INFO] [stdout] b2c28914f5ece72f022424726b1bb6e41e8da060
[INFO] checking ekasc/rovr against 3154cc1a3e6424e44f438a95007d043ed5ceaaf6+rustflags=-Znext-solver=coherence for pr-133502-30
[INFO] running `Command { std: "git" "clone" "/workspace/cache/git-repos/https%3A%2F%2Fgithub.com%2Fekasc%2Frovr" "/workspace/builds/worker-5-tc1/source", kill_on_drop: false }`
[INFO] [stderr] Cloning into '/workspace/builds/worker-5-tc1/source'...
[INFO] [stderr] done.
[INFO] started tweaking git repo https://github.com/ekasc/rovr
[INFO] finished tweaking git repo https://github.com/ekasc/rovr
[INFO] tweaked toml for git repo https://github.com/ekasc/rovr written to /workspace/builds/worker-5-tc1/source/Cargo.toml
[INFO] validating manifest of git repo https://github.com/ekasc/rovr on toolchain 3154cc1a3e6424e44f438a95007d043ed5ceaaf6
[INFO] running `Command { std: CARGO_HOME="/workspace/cargo-home" RUSTUP_HOME="/workspace/rustup-home" "/workspace/cargo-home/bin/cargo" "+3154cc1a3e6424e44f438a95007d043ed5ceaaf6" "metadata" "--manifest-path" "Cargo.toml" "--no-deps", kill_on_drop: false }`
[INFO] crate git repo https://github.com/ekasc/rovr already has a lockfile, it will not be regenerated
[INFO] running `Command { std: CARGO_HOME="/workspace/cargo-home" RUSTUP_HOME="/workspace/rustup-home" "/workspace/cargo-home/bin/cargo" "+3154cc1a3e6424e44f438a95007d043ed5ceaaf6" "fetch" "--manifest-path" "Cargo.toml", kill_on_drop: false }`
[INFO] [stderr]     Updating crates.io index
[INFO] [stderr]  Downloading crates ...
[INFO] [stderr]   Downloaded wat v1.257.1
[INFO] [stderr]   Downloaded wast v257.0.1
[INFO] [stderr]   Downloaded multi-stash v0.2.0
[INFO] [stderr]   Downloaded wasmi_ir v0.40.0
[INFO] [stderr]   Downloaded wasmi_core v0.40.0
[INFO] [stderr]   Downloaded wasmi_collections v0.40.0
[INFO] [stderr]   Downloaded string-interner v0.18.0
[INFO] [stderr]   Downloaded wasm-encoder v0.257.1
[INFO] [stderr]   Downloaded wasmparser v0.221.3
[INFO] [stderr]   Downloaded wasmparser v0.257.1
[INFO] [stderr]   Downloaded wasmi v0.40.0
[INFO] running `Command { std: "docker" "create" "-v" "/var/lib/crater-agent-workspace/builds/worker-5-tc1/source:/opt/rustwide/workdir:ro,Z" "-v" "/var/lib/crater-agent-workspace/builds/worker-5-tc1/target:/opt/rustwide/target:rw,Z" "-v" "/var/lib/crater-agent-workspace/cargo-home:/opt/rustwide/cargo-home:ro,Z" "-v" "/var/lib/crater-agent-workspace/rustup-home:/opt/rustwide/rustup-home:ro,Z" "-m" "1610612736" "--network" "none" "ghcr.io/rust-lang/crates-build-env/linux@sha256:77db811e55d90add9212f6832c23229e3de5f1c1f9905e8cb07319ea15df73ac" "sleep" "infinity", kill_on_drop: false }`
[INFO] [stdout] 7f6665726df93025aa7422c31cb7683536255b79b1daf1e54f46103ef015ba17
[INFO] running `Command { std: "docker" "start" "7f6665726df93025aa7422c31cb7683536255b79b1daf1e54f46103ef015ba17", kill_on_drop: false }`
[INFO] running `Command { std: "docker" "inspect" "7f6665726df93025aa7422c31cb7683536255b79b1daf1e54f46103ef015ba17", kill_on_drop: false }`
[INFO] running `Command { std: "docker" "exec" "-e" "SOURCE_DIR=/opt/rustwide/workdir" "-e" "CARGO_HOME=/opt/rustwide/cargo-home" "-e" "RUSTUP_HOME=/opt/rustwide/rustup-home" "-e" "CARGO_TARGET_DIR=/opt/rustwide/target" "-w" "/opt/rustwide/workdir" "--user" "0:0" "7f6665726df93025aa7422c31cb7683536255b79b1daf1e54f46103ef015ba17" "/opt/rustwide/cargo-home/bin/cargo" "+3154cc1a3e6424e44f438a95007d043ed5ceaaf6" "metadata" "--no-deps" "--format-version=1", kill_on_drop: false }`
[INFO] running `Command { std: "docker" "inspect" "7f6665726df93025aa7422c31cb7683536255b79b1daf1e54f46103ef015ba17", kill_on_drop: false }`
[INFO] running `Command { std: "docker" "exec" "-e" "SOURCE_DIR=/opt/rustwide/workdir" "-e" "CARGO_HOME=/opt/rustwide/cargo-home" "-e" "RUSTUP_HOME=/opt/rustwide/rustup-home" "-e" "CARGO_TARGET_DIR=/opt/rustwide/target" "-e" "CARGO_INCREMENTAL=0" "-e" "RUST_BACKTRACE=full" "-e" "RUSTFLAGS=--cap-lints=forbid -Znext-solver=coherence" "-e" "RUSTDOCFLAGS=--cap-lints=forbid" "-w" "/opt/rustwide/workdir" "--user" "0:0" "7f6665726df93025aa7422c31cb7683536255b79b1daf1e54f46103ef015ba17" "/opt/rustwide/cargo-home/bin/cargo" "+3154cc1a3e6424e44f438a95007d043ed5ceaaf6" "check" "--frozen" "--all" "--all-targets" "--message-format=json", kill_on_drop: false }`
[INFO] [stderr]    Compiling wasmparser v0.221.3
[INFO] [stderr]     Checking wasm-encoder v0.257.1
[INFO] [stderr]     Checking regex-automata v0.4.18
[INFO] [stderr]     Checking bumpalo v3.20.3
[INFO] [stderr]     Checking wasmi_collections v0.40.0
[INFO] [stderr]     Checking multi-stash v0.2.0
[INFO] [stderr]     Checking arrayvec v0.7.8
[INFO] [stderr]     Checking spin v0.9.9
[INFO] [stderr]    Compiling syn v3.0.3
[INFO] [stderr]     Checking serde_json v1.0.151
[INFO] [stderr]     Checking wasmi_core v0.40.0
[INFO] [stderr]    Compiling syn v2.0.119
[INFO] [stderr]     Checking colorchoice v1.0.5
[INFO] [stderr]    Compiling rovr-platform v0.1.0 (/opt/rustwide/workdir/crates/rovr-platform)
[INFO] [stderr]     Checking digest v0.10.7
[INFO] [stderr]     Checking tracing-log v0.2.0
[INFO] [stderr]     Checking anstream v1.0.0
[INFO] [stderr]    Compiling rovr-daemon v0.1.0 (/opt/rustwide/workdir/crates/rovr-daemon)
[INFO] [stderr]    Compiling rovr-sa-payload v0.1.0 (/opt/rustwide/workdir/crates/rovr-sa-payload)
[INFO] [stderr]    Compiling rovr-sa-loader v0.1.0 (/opt/rustwide/workdir/crates/rovr-sa-loader)
[INFO] [stderr]     Checking sha2 v0.10.9
[INFO] [stderr]    Compiling rovr-sa-helper v0.1.0 (/opt/rustwide/workdir/crates/rovr-sa-helper)
[INFO] [stderr]     Checking clap_builder v4.6.6
[INFO] [stderr]     Checking wasmi_ir v0.40.0
[INFO] [stderr]     Checking wast v257.0.1
[INFO] [stderr]     Checking regex v1.13.1
[INFO] [stderr]     Checking matchers v0.2.0
[INFO] [stderr]    Compiling serde_derive v1.0.229
[INFO] [stderr]    Compiling thiserror-impl v2.0.20
[INFO] [stderr]    Compiling clap_derive v4.6.4
[INFO] [stderr]     Checking wasmi v0.40.0
[INFO] [stderr]    Compiling tracing-attributes v0.1.31
[INFO] [stderr]     Checking thiserror v2.0.20
[INFO] [stderr]     Checking clap v4.6.6
[INFO] [stderr]     Checking tracing v0.1.44
[INFO] [stderr]     Checking clap_complete v4.6.9
[INFO] [stderr]     Checking tracing-subscriber v0.3.23
[INFO] [stderr]     Checking serde v1.0.229
[INFO] [stderr]     Checking rovr-types v0.1.0 (/opt/rustwide/workdir/crates/rovr-types)
[INFO] [stderr]     Checking serde_spanned v0.6.9
[INFO] [stderr]     Checking toml_datetime v0.6.11
[INFO] [stderr]     Checking toml_edit v0.22.27
[INFO] [stderr]     Checking rovr-layout v0.1.0 (/opt/rustwide/workdir/crates/rovr-layout)
[INFO] [stderr]     Checking rovr-protocol v0.1.0 (/opt/rustwide/workdir/crates/rovr-protocol)
[INFO] [stderr]     Checking wat v1.257.1
[INFO] [stderr]     Checking rovr-layout-plugin v0.1.0 (/opt/rustwide/workdir/crates/rovr-layout-plugin)
[INFO] [stderr]     Checking toml v0.8.23
[INFO] [stderr]     Checking rovr-config v0.1.0 (/opt/rustwide/workdir/crates/rovr-config)
[INFO] [stderr]     Checking rovr-core v0.1.0 (/opt/rustwide/workdir/crates/rovr-core)
[INFO] [stderr]     Checking rovr-cli v0.1.0 (/opt/rustwide/workdir/crates/rovr-cli)
[INFO] [stdout] error[E0433]: cannot find `macos` in `rovr_platform`
[INFO] [stdout]     --> crates/rovr-cli/src/main.rs:1456:24
[INFO] [stdout]      |
[INFO] [stdout] 1456 |     use rovr_platform::macos::reinject::HelperError;
[INFO] [stdout]      |                        ^^^^^ could not find `macos` in `rovr_platform`
[INFO] [stdout]      |
[INFO] [stdout] note: found an item that was configured out
[INFO] [stdout]     --> crates/rovr-platform/src/lib.rs:10:9
[INFO] [stdout]      |
[INFO] [stdout]    9 | #[cfg(target_os = "macos")]
[INFO] [stdout]      |       ------------------- the item is gated behind the `macos` feature
[INFO] [stdout]   10 | pub mod macos;
[INFO] [stdout]      |         ^^^^^
[INFO] [stdout] 
[INFO] [stdout] 
[INFO] [stdout] error[E0433]: cannot find `macos` in `rovr_platform`
[INFO] [stdout]     --> crates/rovr-cli/src/main.rs:1452:24
[INFO] [stdout]      |
[INFO] [stdout] 1452 |         rovr_platform::macos::reinject::HelperResponse,
[INFO] [stdout]      |                        ^^^^^ could not find `macos` in `rovr_platform`
[INFO] [stdout]      |
[INFO] [stdout] note: found an item that was configured out
[INFO] [stdout]     --> crates/rovr-platform/src/lib.rs:10:9
[INFO] [stdout]      |
[INFO] [stdout]    9 | #[cfg(target_os = "macos")]
[INFO] [stdout]      |       ------------------- the item is gated behind the `macos` feature
[INFO] [stdout]   10 | pub mod macos;
[INFO] [stdout]      |         ^^^^^
[INFO] [stdout] 
[INFO] [stdout] 
[INFO] [stdout] error[E0433]: cannot find `macos` in `rovr_platform`
[INFO] [stdout]     --> crates/rovr-cli/src/main.rs:1453:24
[INFO] [stdout]      |
[INFO] [stdout] 1453 |         rovr_platform::macos::reinject::HelperError,
[INFO] [stdout]      |                        ^^^^^ could not find `macos` in `rovr_platform`
[INFO] [stdout]      |
[INFO] [stdout] note: found an item that was configured out
[INFO] [stdout]     --> crates/rovr-platform/src/lib.rs:10:9
[INFO] [stdout]      |
[INFO] [stdout]    9 | #[cfg(target_os = "macos")]
[INFO] [stdout]      |       ------------------- the item is gated behind the `macos` feature
[INFO] [stdout]   10 | pub mod macos;
[INFO] [stdout]      |         ^^^^^
[INFO] [stdout] 
[INFO] [stdout] 
[INFO] [stdout] error[E0433]: cannot find `macos` in `rovr_platform`
[INFO] [stdout]     --> crates/rovr-cli/src/main.rs:1456:24
[INFO] [stdout]      |
[INFO] [stdout] 1456 |     use rovr_platform::macos::reinject::HelperError;
[INFO] [stdout]      |                        ^^^^^ could not find `macos` in `rovr_platform`
[INFO] [stdout]      |
[INFO] [stdout] note: found an item that was configured out
[INFO] [stdout]     --> crates/rovr-platform/src/lib.rs:10:9
[INFO] [stdout]      |
[INFO] [stdout]    9 | #[cfg(target_os = "macos")]
[INFO] [stdout]      |       ------------------- the item is gated behind the `macos` feature
[INFO] [stdout]   10 | pub mod macos;
[INFO] [stdout]      |         ^^^^^
[INFO] [stdout] 
[INFO] [stdout] 
[INFO] [stdout] error[E0282]: type annotations needed
[INFO] [stdout]    --> crates/rovr-daemon/src/main.rs:888:53
[INFO] [stdout]     |
[INFO] [stdout] 888 |                     "sa_reinject": sa_reinject.map(|d| json!({
[INFO] [stdout]     |                                                     ^
[INFO] [stdout] 889 |                         "phase": d.phase,
[INFO] [stdout]     |                                  - type must be known at this point
[INFO] [stdout]     |
[INFO] [stdout] help: consider giving this closure parameter an explicit type
[INFO] [stdout]     |
[INFO] [stdout] 888 |                     "sa_reinject": sa_reinject.map(|d: /* Type */| json!({
[INFO] [stdout]     |                                                      ++++++++++++
[INFO] [stdout] 
[INFO] [stdout] 
[INFO] [stdout] error[E0433]: cannot find `macos` in `rovr_platform`
[INFO] [stdout]     --> crates/rovr-cli/src/main.rs:1452:24
[INFO] [stdout]      |
[INFO] [stdout] 1452 |         rovr_platform::macos::reinject::HelperResponse,
[INFO] [stdout]      |                        ^^^^^ could not find `macos` in `rovr_platform`
[INFO] [stdout]      |
[INFO] [stdout] note: found an item that was configured out
[INFO] [stdout]     --> crates/rovr-platform/src/lib.rs:10:9
[INFO] [stdout]      |
[INFO] [stdout]    9 | #[cfg(target_os = "macos")]
[INFO] [stdout]      |       ------------------- the item is gated behind the `macos` feature
[INFO] [stdout]   10 | pub mod macos;
[INFO] [stdout]      |         ^^^^^
[INFO] [stdout] 
[INFO] [stdout] 
[INFO] [stdout] error[E0433]: cannot find `macos` in `rovr_platform`
[INFO] [stdout]     --> crates/rovr-cli/src/main.rs:1453:24
[INFO] [stdout]      |
[INFO] [stdout] 1453 |         rovr_platform::macos::reinject::HelperError,
[INFO] [stdout]      |                        ^^^^^ could not find `macos` in `rovr_platform`
[INFO] [stdout]      |
[INFO] [stdout] note: found an item that was configured out
[INFO] [stdout]     --> crates/rovr-platform/src/lib.rs:10:9
[INFO] [stdout]      |
[INFO] [stdout]    9 | #[cfg(target_os = "macos")]
[INFO] [stdout]      |       ------------------- the item is gated behind the `macos` feature
[INFO] [stdout]   10 | pub mod macos;
[INFO] [stdout]      |         ^^^^^
[INFO] [stdout] 
[INFO] [stdout] 
[INFO] [stdout] For more information about this error, try `rustc --explain E0433`.
[INFO] [stdout] 
[INFO] [stderr] error: could not compile `rovr-cli` (bin "rovr") due to 3 previous errors
[INFO] [stderr] warning: build failed, waiting for other jobs to finish...
[INFO] [stdout] For more information about this error, try `rustc --explain E0282`.
[INFO] [stdout] 
[INFO] [stderr] error: could not compile `rovr-daemon` (bin "rovrd") due to 1 previous error
[INFO] [stdout] error[E0282]: type annotations needed
[INFO] [stdout]    --> crates/rovr-daemon/src/main.rs:888:53
[INFO] [stdout]     |
[INFO] [stdout] 888 |                     "sa_reinject": sa_reinject.map(|d| json!({
[INFO] [stdout]     |                                                     ^
[INFO] [stdout] 889 |                         "phase": d.phase,
[INFO] [stdout]     |                                  - type must be known at this point
[INFO] [stdout]     |
[INFO] [stdout] help: consider giving this closure parameter an explicit type
[INFO] [stdout]     |
[INFO] [stdout] 888 |                     "sa_reinject": sa_reinject.map(|d: /* Type */| json!({
[INFO] [stdout]     |                                                      ++++++++++++
[INFO] [stdout] 
[INFO] [stdout] 
[INFO] [stdout] For more information about this error, try `rustc --explain E0433`.
[INFO] [stdout] 
[INFO] [stderr] error: could not compile `rovr-cli` (bin "rovr" test) due to 3 previous errors
[INFO] [stdout] For more information about this error, try `rustc --explain E0282`.
[INFO] [stdout] 
[INFO] [stderr] error: could not compile `rovr-daemon` (bin "rovrd" test) due to 1 previous error
[INFO] running `Command { std: "docker" "inspect" "7f6665726df93025aa7422c31cb7683536255b79b1daf1e54f46103ef015ba17", kill_on_drop: false }`
[INFO] running `Command { std: "docker" "rm" "-f" "7f6665726df93025aa7422c31cb7683536255b79b1daf1e54f46103ef015ba17", kill_on_drop: false }`
[INFO] [stdout] 7f6665726df93025aa7422c31cb7683536255b79b1daf1e54f46103ef015ba17
