[INFO] cloning repository https://github.com/eightynine01/arm-quant-gemm
[INFO] running `Command { std: "git" "-c" "credential.helper=" "-c" "credential.helper=/workspace/cargo-home/bin/git-credential-null" "clone" "--bare" "https://github.com/eightynine01/arm-quant-gemm" "/workspace/cache/git-repos/https%3A%2F%2Fgithub.com%2Feightynine01%2Farm-quant-gemm", kill_on_drop: false }`
[INFO] [stderr] Cloning into bare repository '/workspace/cache/git-repos/https%3A%2F%2Fgithub.com%2Feightynine01%2Farm-quant-gemm'...
[INFO] running `Command { std: "git" "rev-parse" "HEAD", kill_on_drop: false }`
[INFO] [stdout] 9a74904d77d7030a668e062f1c9f75c0b0ccae04
[INFO] checking eightynine01/arm-quant-gemm against 3154cc1a3e6424e44f438a95007d043ed5ceaaf6 for pr-133502-30
[INFO] running `Command { std: "git" "clone" "/workspace/cache/git-repos/https%3A%2F%2Fgithub.com%2Feightynine01%2Farm-quant-gemm" "/workspace/builds/worker-6-tc2/source", kill_on_drop: false }`
[INFO] [stderr] Cloning into '/workspace/builds/worker-6-tc2/source'...
[INFO] [stderr] done.
[INFO] removed /workspace/builds/worker-6-tc2/source/rust-toolchain.toml
[INFO] started tweaking git repo https://github.com/eightynine01/arm-quant-gemm
[INFO] finished tweaking git repo https://github.com/eightynine01/arm-quant-gemm
[INFO] tweaked toml for git repo https://github.com/eightynine01/arm-quant-gemm written to /workspace/builds/worker-6-tc2/source/Cargo.toml
[INFO] validating manifest of git repo https://github.com/eightynine01/arm-quant-gemm on toolchain 3154cc1a3e6424e44f438a95007d043ed5ceaaf6
[INFO] running `Command { std: CARGO_HOME="/workspace/cargo-home" RUSTUP_HOME="/workspace/rustup-home" "/workspace/cargo-home/bin/cargo" "+3154cc1a3e6424e44f438a95007d043ed5ceaaf6" "metadata" "--manifest-path" "Cargo.toml" "--no-deps", kill_on_drop: false }`
[INFO] crate git repo https://github.com/eightynine01/arm-quant-gemm already has a lockfile, it will not be regenerated
[INFO] running `Command { std: CARGO_HOME="/workspace/cargo-home" RUSTUP_HOME="/workspace/rustup-home" "/workspace/cargo-home/bin/cargo" "+3154cc1a3e6424e44f438a95007d043ed5ceaaf6" "fetch" "--manifest-path" "Cargo.toml", kill_on_drop: false }`
[INFO] running `Command { std: "docker" "create" "-v" "/var/lib/crater-agent-workspace/builds/worker-6-tc2/source:/opt/rustwide/workdir:ro,Z" "-v" "/var/lib/crater-agent-workspace/builds/worker-6-tc2/target:/opt/rustwide/target:rw,Z" "-v" "/var/lib/crater-agent-workspace/cargo-home:/opt/rustwide/cargo-home:ro,Z" "-v" "/var/lib/crater-agent-workspace/rustup-home:/opt/rustwide/rustup-home:ro,Z" "-m" "1610612736" "--network" "none" "ghcr.io/rust-lang/crates-build-env/linux@sha256:77db811e55d90add9212f6832c23229e3de5f1c1f9905e8cb07319ea15df73ac" "sleep" "infinity", kill_on_drop: false }`
[INFO] [stdout] f0c99f2788ae30ef3d0d5394260da2b272d6b937fcc0a768c08976c34df5fede
[INFO] running `Command { std: "docker" "start" "f0c99f2788ae30ef3d0d5394260da2b272d6b937fcc0a768c08976c34df5fede", kill_on_drop: false }`
[INFO] running `Command { std: "docker" "inspect" "f0c99f2788ae30ef3d0d5394260da2b272d6b937fcc0a768c08976c34df5fede", kill_on_drop: false }`
[INFO] running `Command { std: "docker" "exec" "-e" "SOURCE_DIR=/opt/rustwide/workdir" "-e" "CARGO_HOME=/opt/rustwide/cargo-home" "-e" "RUSTUP_HOME=/opt/rustwide/rustup-home" "-e" "CARGO_TARGET_DIR=/opt/rustwide/target" "-w" "/opt/rustwide/workdir" "--user" "0:0" "f0c99f2788ae30ef3d0d5394260da2b272d6b937fcc0a768c08976c34df5fede" "/opt/rustwide/cargo-home/bin/cargo" "+3154cc1a3e6424e44f438a95007d043ed5ceaaf6" "metadata" "--no-deps" "--format-version=1", kill_on_drop: false }`
[INFO] running `Command { std: "docker" "inspect" "f0c99f2788ae30ef3d0d5394260da2b272d6b937fcc0a768c08976c34df5fede", kill_on_drop: false }`
[INFO] running `Command { std: "docker" "exec" "-e" "SOURCE_DIR=/opt/rustwide/workdir" "-e" "CARGO_HOME=/opt/rustwide/cargo-home" "-e" "RUSTUP_HOME=/opt/rustwide/rustup-home" "-e" "CARGO_TARGET_DIR=/opt/rustwide/target" "-e" "CARGO_INCREMENTAL=0" "-e" "RUST_BACKTRACE=full" "-e" "RUSTFLAGS=--cap-lints=forbid" "-e" "RUSTDOCFLAGS=--cap-lints=forbid" "-w" "/opt/rustwide/workdir" "--user" "0:0" "f0c99f2788ae30ef3d0d5394260da2b272d6b937fcc0a768c08976c34df5fede" "/opt/rustwide/cargo-home/bin/cargo" "+3154cc1a3e6424e44f438a95007d043ed5ceaaf6" "check" "--frozen" "--all" "--all-targets" "--message-format=json", kill_on_drop: false }`
[INFO] [stderr]     Checking arm-quant-gemm v0.1.0 (/opt/rustwide/workdir)
[INFO] [stdout] error[E0432]: unresolved import `std::arch::aarch64`
[INFO] [stdout]   --> src/kernels.rs:15:16
[INFO] [stdout]    |
[INFO] [stdout] 15 | use std::arch::aarch64::*;
[INFO] [stdout]    |                ^^^^^^^ could not find `aarch64` in `arch`
[INFO] [stdout] 
[INFO] [stdout] 
[INFO] [stdout] error[E0432]: unresolved import `std::arch::aarch64`
[INFO] [stdout]   --> src/roofline.rs:35:16
[INFO] [stdout]    |
[INFO] [stdout] 35 | use std::arch::aarch64::*;
[INFO] [stdout]    |                ^^^^^^^ could not find `aarch64` in `arch`
[INFO] [stdout] 
[INFO] [stdout] 
[INFO] [stdout] error: invalid register `v0`: unknown register
[INFO] [stdout]    --> src/roofline.rs:104:9
[INFO] [stdout]     |
[INFO] [stdout] 104 |         out("v0") _, out("v1") _, out("v2") _, out("v3") _,
[INFO] [stdout]     |         ^^^^^^^^^^^
[INFO] [stdout] 
[INFO] [stdout] 
[INFO] [stdout] error: invalid register `v1`: unknown register
[INFO] [stdout]    --> src/roofline.rs:104:22
[INFO] [stdout]     |
[INFO] [stdout] 104 |         out("v0") _, out("v1") _, out("v2") _, out("v3") _,
[INFO] [stdout]     |                      ^^^^^^^^^^^
[INFO] [stdout] 
[INFO] [stdout] 
[INFO] [stdout] error: invalid register `v2`: unknown register
[INFO] [stdout]    --> src/roofline.rs:104:35
[INFO] [stdout]     |
[INFO] [stdout] 104 |         out("v0") _, out("v1") _, out("v2") _, out("v3") _,
[INFO] [stdout]     |                                   ^^^^^^^^^^^
[INFO] [stdout] 
[INFO] [stdout] 
[INFO] [stdout] error: invalid register `v3`: unknown register
[INFO] [stdout]    --> src/roofline.rs:104:48
[INFO] [stdout]     |
[INFO] [stdout] 104 |         out("v0") _, out("v1") _, out("v2") _, out("v3") _,
[INFO] [stdout]     |                                                ^^^^^^^^^^^
[INFO] [stdout] 
[INFO] [stdout] 
[INFO] [stdout] error: invalid register `v4`: unknown register
[INFO] [stdout]    --> src/roofline.rs:105:9
[INFO] [stdout]     |
[INFO] [stdout] 105 |         out("v4") _, out("v5") _, out("v6") _, out("v7") _,
[INFO] [stdout]     |         ^^^^^^^^^^^
[INFO] [stdout] 
[INFO] [stdout] 
[INFO] [stdout] error: invalid register `v5`: unknown register
[INFO] [stdout]    --> src/roofline.rs:105:22
[INFO] [stdout]     |
[INFO] [stdout] 105 |         out("v4") _, out("v5") _, out("v6") _, out("v7") _,
[INFO] [stdout]     |                      ^^^^^^^^^^^
[INFO] [stdout] 
[INFO] [stdout] 
[INFO] [stdout] error: invalid register `v6`: unknown register
[INFO] [stdout]    --> src/roofline.rs:105:35
[INFO] [stdout]     |
[INFO] [stdout] 105 |         out("v4") _, out("v5") _, out("v6") _, out("v7") _,
[INFO] [stdout]     |                                   ^^^^^^^^^^^
[INFO] [stdout] 
[INFO] [stdout] 
[INFO] [stdout] error: invalid register `v7`: unknown register
[INFO] [stdout]    --> src/roofline.rs:105:48
[INFO] [stdout]     |
[INFO] [stdout] 105 |         out("v4") _, out("v5") _, out("v6") _, out("v7") _,
[INFO] [stdout]     |                                                ^^^^^^^^^^^
[INFO] [stdout] 
[INFO] [stdout] 
[INFO] [stdout] error: invalid register `v8`: unknown register
[INFO] [stdout]    --> src/roofline.rs:106:9
[INFO] [stdout]     |
[INFO] [stdout] 106 |         out("v8") _, out("v9") _, out("v10") _, out("v11") _,
[INFO] [stdout]     |         ^^^^^^^^^^^
[INFO] [stdout] 
[INFO] [stdout] 
[INFO] [stdout] error: invalid register `v9`: unknown register
[INFO] [stdout]    --> src/roofline.rs:106:22
[INFO] [stdout]     |
[INFO] [stdout] 106 |         out("v8") _, out("v9") _, out("v10") _, out("v11") _,
[INFO] [stdout]     |                      ^^^^^^^^^^^
[INFO] [stdout] 
[INFO] [stdout] 
[INFO] [stdout] error: invalid register `v10`: unknown register
[INFO] [stdout]    --> src/roofline.rs:106:35
[INFO] [stdout]     |
[INFO] [stdout] 106 |         out("v8") _, out("v9") _, out("v10") _, out("v11") _,
[INFO] [stdout]     |                                   ^^^^^^^^^^^^
[INFO] [stdout] 
[INFO] [stdout] 
[INFO] [stdout] error: invalid register `v11`: unknown register
[INFO] [stdout]    --> src/roofline.rs:106:49
[INFO] [stdout]     |
[INFO] [stdout] 106 |         out("v8") _, out("v9") _, out("v10") _, out("v11") _,
[INFO] [stdout]     |                                                 ^^^^^^^^^^^^
[INFO] [stdout] 
[INFO] [stdout] 
[INFO] [stdout] error: invalid register `v12`: unknown register
[INFO] [stdout]    --> src/roofline.rs:107:9
[INFO] [stdout]     |
[INFO] [stdout] 107 |         out("v12") _, out("v13") _, out("v14") _, out("v15") _,
[INFO] [stdout]     |         ^^^^^^^^^^^^
[INFO] [stdout] 
[INFO] [stdout] 
[INFO] [stdout] error: invalid register `v13`: unknown register
[INFO] [stdout]    --> src/roofline.rs:107:23
[INFO] [stdout]     |
[INFO] [stdout] 107 |         out("v12") _, out("v13") _, out("v14") _, out("v15") _,
[INFO] [stdout]     |                       ^^^^^^^^^^^^
[INFO] [stdout] 
[INFO] [stdout] 
[INFO] [stdout] error: invalid register `v14`: unknown register
[INFO] [stdout]    --> src/roofline.rs:107:37
[INFO] [stdout]     |
[INFO] [stdout] 107 |         out("v12") _, out("v13") _, out("v14") _, out("v15") _,
[INFO] [stdout]     |                                     ^^^^^^^^^^^^
[INFO] [stdout] 
[INFO] [stdout] 
[INFO] [stdout] error: invalid register `v15`: unknown register
[INFO] [stdout]    --> src/roofline.rs:107:51
[INFO] [stdout]     |
[INFO] [stdout] 107 |         out("v12") _, out("v13") _, out("v14") _, out("v15") _,
[INFO] [stdout]     |                                                   ^^^^^^^^^^^^
[INFO] [stdout] 
[INFO] [stdout] 
[INFO] [stdout] error: invalid register `v16`: unknown register
[INFO] [stdout]    --> src/roofline.rs:108:9
[INFO] [stdout]     |
[INFO] [stdout] 108 |         out("v16") _, out("v17") _, out("v18") _, out("v19") _,
[INFO] [stdout]     |         ^^^^^^^^^^^^
[INFO] [stdout] 
[INFO] [stdout] 
[INFO] [stdout] error: invalid register `v17`: unknown register
[INFO] [stdout]    --> src/roofline.rs:108:23
[INFO] [stdout]     |
[INFO] [stdout] 108 |         out("v16") _, out("v17") _, out("v18") _, out("v19") _,
[INFO] [stdout]     |                       ^^^^^^^^^^^^
[INFO] [stdout] 
[INFO] [stdout] 
[INFO] [stdout] error: invalid register `v18`: unknown register
[INFO] [stdout]    --> src/roofline.rs:108:37
[INFO] [stdout]     |
[INFO] [stdout] 108 |         out("v16") _, out("v17") _, out("v18") _, out("v19") _,
[INFO] [stdout]     |                                     ^^^^^^^^^^^^
[INFO] [stdout] 
[INFO] [stdout] 
[INFO] [stdout] error: invalid register `v19`: unknown register
[INFO] [stdout]    --> src/roofline.rs:108:51
[INFO] [stdout]     |
[INFO] [stdout] 108 |         out("v16") _, out("v17") _, out("v18") _, out("v19") _,
[INFO] [stdout]     |                                                   ^^^^^^^^^^^^
[INFO] [stdout] 
[INFO] [stdout] 
[INFO] [stdout] error: invalid register `v20`: unknown register
[INFO] [stdout]    --> src/roofline.rs:109:9
[INFO] [stdout]     |
[INFO] [stdout] 109 |         out("v20") _, out("v21") _, out("v22") _, out("v23") _,
[INFO] [stdout]     |         ^^^^^^^^^^^^
[INFO] [stdout] 
[INFO] [stdout] 
[INFO] [stdout] error: invalid register `v21`: unknown register
[INFO] [stdout]    --> src/roofline.rs:109:23
[INFO] [stdout]     |
[INFO] [stdout] 109 |         out("v20") _, out("v21") _, out("v22") _, out("v23") _,
[INFO] [stdout]     |                       ^^^^^^^^^^^^
[INFO] [stdout] 
[INFO] [stdout] 
[INFO] [stdout] error: invalid register `v22`: unknown register
[INFO] [stdout]    --> src/roofline.rs:109:37
[INFO] [stdout]     |
[INFO] [stdout] 109 |         out("v20") _, out("v21") _, out("v22") _, out("v23") _,
[INFO] [stdout]     |                                     ^^^^^^^^^^^^
[INFO] [stdout] 
[INFO] [stdout] 
[INFO] [stdout] error: invalid register `v23`: unknown register
[INFO] [stdout]    --> src/roofline.rs:109:51
[INFO] [stdout]     |
[INFO] [stdout] 109 |         out("v20") _, out("v21") _, out("v22") _, out("v23") _,
[INFO] [stdout]     |                                                   ^^^^^^^^^^^^
[INFO] [stdout] 
[INFO] [stdout] 
[INFO] [stdout] error: invalid register `v0`: unknown register
[INFO] [stdout]    --> src/roofline.rs:227:9
[INFO] [stdout]     |
[INFO] [stdout] 227 |         out("v0") _, out("v1") _, out("v2") _, out("v3") _,
[INFO] [stdout]     |         ^^^^^^^^^^^
[INFO] [stdout] 
[INFO] [stdout] 
[INFO] [stdout] error: invalid register `v1`: unknown register
[INFO] [stdout]    --> src/roofline.rs:227:22
[INFO] [stdout]     |
[INFO] [stdout] 227 |         out("v0") _, out("v1") _, out("v2") _, out("v3") _,
[INFO] [stdout]     |                      ^^^^^^^^^^^
[INFO] [stdout] 
[INFO] [stdout] 
[INFO] [stdout] error: invalid register `v2`: unknown register
[INFO] [stdout]    --> src/roofline.rs:227:35
[INFO] [stdout]     |
[INFO] [stdout] 227 |         out("v0") _, out("v1") _, out("v2") _, out("v3") _,
[INFO] [stdout]     |                                   ^^^^^^^^^^^
[INFO] [stdout] 
[INFO] [stdout] 
[INFO] [stdout] error: invalid register `v3`: unknown register
[INFO] [stdout]    --> src/roofline.rs:227:48
[INFO] [stdout]     |
[INFO] [stdout] 227 |         out("v0") _, out("v1") _, out("v2") _, out("v3") _,
[INFO] [stdout]     |                                                ^^^^^^^^^^^
[INFO] [stdout] 
[INFO] [stdout] 
[INFO] [stdout] error: invalid register `v4`: unknown register
[INFO] [stdout]    --> src/roofline.rs:228:9
[INFO] [stdout]     |
[INFO] [stdout] 228 |         out("v4") _, out("v5") _, out("v6") _, out("v7") _,
[INFO] [stdout]     |         ^^^^^^^^^^^
[INFO] [stdout] 
[INFO] [stdout] 
[INFO] [stdout] error: invalid register `v5`: unknown register
[INFO] [stdout]    --> src/roofline.rs:228:22
[INFO] [stdout]     |
[INFO] [stdout] 228 |         out("v4") _, out("v5") _, out("v6") _, out("v7") _,
[INFO] [stdout]     |                      ^^^^^^^^^^^
[INFO] [stdout] 
[INFO] [stdout] 
[INFO] [stdout] error: invalid register `v6`: unknown register
[INFO] [stdout]    --> src/roofline.rs:228:35
[INFO] [stdout]     |
[INFO] [stdout] 228 |         out("v4") _, out("v5") _, out("v6") _, out("v7") _,
[INFO] [stdout]     |                                   ^^^^^^^^^^^
[INFO] [stdout] 
[INFO] [stdout] 
[INFO] [stdout] error: invalid register `v7`: unknown register
[INFO] [stdout]    --> src/roofline.rs:228:48
[INFO] [stdout]     |
[INFO] [stdout] 228 |         out("v4") _, out("v5") _, out("v6") _, out("v7") _,
[INFO] [stdout]     |                                                ^^^^^^^^^^^
[INFO] [stdout] 
[INFO] [stdout] 
[INFO] [stdout] error: invalid register `v8`: unknown register
[INFO] [stdout]    --> src/roofline.rs:229:9
[INFO] [stdout]     |
[INFO] [stdout] 229 |         out("v8") _, out("v9") _, out("v10") _, out("v11") _,
[INFO] [stdout]     |         ^^^^^^^^^^^
[INFO] [stdout] 
[INFO] [stdout] 
[INFO] [stdout] error: invalid register `v9`: unknown register
[INFO] [stdout]    --> src/roofline.rs:229:22
[INFO] [stdout]     |
[INFO] [stdout] 229 |         out("v8") _, out("v9") _, out("v10") _, out("v11") _,
[INFO] [stdout]     |                      ^^^^^^^^^^^
[INFO] [stdout] 
[INFO] [stdout] 
[INFO] [stdout] error: invalid register `v10`: unknown register
[INFO] [stdout]    --> src/roofline.rs:229:35
[INFO] [stdout]     |
[INFO] [stdout] 229 |         out("v8") _, out("v9") _, out("v10") _, out("v11") _,
[INFO] [stdout]     |                                   ^^^^^^^^^^^^
[INFO] [stdout] 
[INFO] [stdout] 
[INFO] [stdout] error: invalid register `v11`: unknown register
[INFO] [stdout]    --> src/roofline.rs:229:49
[INFO] [stdout]     |
[INFO] [stdout] 229 |         out("v8") _, out("v9") _, out("v10") _, out("v11") _,
[INFO] [stdout]     |                                                 ^^^^^^^^^^^^
[INFO] [stdout] 
[INFO] [stdout] 
[INFO] [stdout] error: invalid register `v12`: unknown register
[INFO] [stdout]    --> src/roofline.rs:230:9
[INFO] [stdout]     |
[INFO] [stdout] 230 |         out("v12") _, out("v13") _, out("v14") _, out("v15") _,
[INFO] [stdout]     |         ^^^^^^^^^^^^
[INFO] [stdout] 
[INFO] [stdout] 
[INFO] [stdout] error: invalid register `v13`: unknown register
[INFO] [stdout]    --> src/roofline.rs:230:23
[INFO] [stdout]     |
[INFO] [stdout] 230 |         out("v12") _, out("v13") _, out("v14") _, out("v15") _,
[INFO] [stdout]     |                       ^^^^^^^^^^^^
[INFO] [stdout] 
[INFO] [stdout] 
[INFO] [stdout] error: invalid register `v14`: unknown register
[INFO] [stdout]    --> src/roofline.rs:230:37
[INFO] [stdout]     |
[INFO] [stdout] 230 |         out("v12") _, out("v13") _, out("v14") _, out("v15") _,
[INFO] [stdout]     |                                     ^^^^^^^^^^^^
[INFO] [stdout] 
[INFO] [stdout] 
[INFO] [stdout] error: invalid register `v15`: unknown register
[INFO] [stdout]    --> src/roofline.rs:230:51
[INFO] [stdout]     |
[INFO] [stdout] 230 |         out("v12") _, out("v13") _, out("v14") _, out("v15") _,
[INFO] [stdout]     |                                                   ^^^^^^^^^^^^
[INFO] [stdout] 
[INFO] [stdout] 
[INFO] [stdout] error: invalid register `v16`: unknown register
[INFO] [stdout]    --> src/roofline.rs:231:9
[INFO] [stdout]     |
[INFO] [stdout] 231 |         out("v16") _, out("v17") _, out("v18") _, out("v19") _,
[INFO] [stdout]     |         ^^^^^^^^^^^^
[INFO] [stdout] 
[INFO] [stdout] 
[INFO] [stdout] error: invalid register `v17`: unknown register
[INFO] [stdout]    --> src/roofline.rs:231:23
[INFO] [stdout]     |
[INFO] [stdout] 231 |         out("v16") _, out("v17") _, out("v18") _, out("v19") _,
[INFO] [stdout]     |                       ^^^^^^^^^^^^
[INFO] [stdout] 
[INFO] [stdout] 
[INFO] [stdout] error: invalid register `v18`: unknown register
[INFO] [stdout]    --> src/roofline.rs:231:37
[INFO] [stdout]     |
[INFO] [stdout] 231 |         out("v16") _, out("v17") _, out("v18") _, out("v19") _,
[INFO] [stdout]     |                                     ^^^^^^^^^^^^
[INFO] [stdout] 
[INFO] [stdout] 
[INFO] [stdout] error: invalid register `v19`: unknown register
[INFO] [stdout]    --> src/roofline.rs:231:51
[INFO] [stdout]     |
[INFO] [stdout] 231 |         out("v16") _, out("v17") _, out("v18") _, out("v19") _,
[INFO] [stdout]     |                                                   ^^^^^^^^^^^^
[INFO] [stdout] 
[INFO] [stdout] 
[INFO] [stdout] error: invalid register `v20`: unknown register
[INFO] [stdout]    --> src/roofline.rs:232:9
[INFO] [stdout]     |
[INFO] [stdout] 232 |         out("v20") _, out("v21") _, out("v22") _, out("v23") _,
[INFO] [stdout]     |         ^^^^^^^^^^^^
[INFO] [stdout] 
[INFO] [stdout] 
[INFO] [stdout] error: invalid register `v21`: unknown register
[INFO] [stdout]    --> src/roofline.rs:232:23
[INFO] [stdout]     |
[INFO] [stdout] 232 |         out("v20") _, out("v21") _, out("v22") _, out("v23") _,
[INFO] [stdout]     |                       ^^^^^^^^^^^^
[INFO] [stdout] 
[INFO] [stdout] 
[INFO] [stdout] error: invalid register `v22`: unknown register
[INFO] [stdout]    --> src/roofline.rs:232:37
[INFO] [stdout]     |
[INFO] [stdout] 232 |         out("v20") _, out("v21") _, out("v22") _, out("v23") _,
[INFO] [stdout]     |                                     ^^^^^^^^^^^^
[INFO] [stdout] 
[INFO] [stdout] 
[INFO] [stdout] error: invalid register `v23`: unknown register
[INFO] [stdout]    --> src/roofline.rs:232:51
[INFO] [stdout]     |
[INFO] [stdout] 232 |         out("v20") _, out("v21") _, out("v22") _, out("v23") _,
[INFO] [stdout]     |                                                   ^^^^^^^^^^^^
[INFO] [stdout] 
[INFO] [stdout] 
[INFO] [stdout] error[E0635]: unknown feature `stdarch_neon_i8mm`
[INFO] [stdout]  --> src/main.rs:1:12
[INFO] [stdout]   |
[INFO] [stdout] 1 | #![feature(stdarch_neon_i8mm)]
[INFO] [stdout]   |            ^^^^^^^^^^^^^^^^^
[INFO] [stdout] 
[INFO] [stdout] 
[INFO] [stdout] error: the feature named `dotprod` is not valid for this target
[INFO] [stdout]   --> src/kernels.rs:47:18
[INFO] [stdout]    |
[INFO] [stdout] 47 | #[target_feature(enable = "dotprod")]
[INFO] [stdout]    |                  ^^^^^^^^^^^^^^^^^^ `dotprod` is not valid for this target
[INFO] [stdout]    |
[INFO] [stdout]    = help: valid names are: `movrs`, `popcnt`, `xop`, `adx`, and `aes` and 77 more
[INFO] [stdout]    = note: `dotprod` is present on the `aarch64` and `arm` target architectures. Did you mean to compile for one of those targets, or use conditional compilation?
[INFO] [stdout] 
[INFO] [stdout] 
[INFO] [stdout] error: the feature named `dotprod` is not valid for this target
[INFO] [stdout]   --> src/kernels.rs:83:18
[INFO] [stdout]    |
[INFO] [stdout] 83 | #[target_feature(enable = "dotprod")]
[INFO] [stdout]    |                  ^^^^^^^^^^^^^^^^^^ `dotprod` is not valid for this target
[INFO] [stdout]    |
[INFO] [stdout]    = help: valid names are: `movrs`, `popcnt`, `xop`, `adx`, and `aes` and 77 more
[INFO] [stdout]    = note: `dotprod` is present on the `aarch64` and `arm` target architectures. Did you mean to compile for one of those targets, or use conditional compilation?
[INFO] [stdout] 
[INFO] [stdout] 
[INFO] [stdout] error: the feature named `i8mm` is not valid for this target
[INFO] [stdout]    --> src/kernels.rs:191:18
[INFO] [stdout]     |
[INFO] [stdout] 191 | #[target_feature(enable = "i8mm")]
[INFO] [stdout]     |                  ^^^^^^^^^^^^^^^ `i8mm` is not valid for this target
[INFO] [stdout]     |
[INFO] [stdout]     = help: valid names are: `fma`, `rtm`, `sm3`, `sm4`, and `tbm` and 77 more
[INFO] [stdout]     = note: `i8mm` is present on the `aarch64` and `arm` target architectures. Did you mean to compile for one of those targets, or use conditional compilation?
[INFO] [stdout] 
[INFO] [stdout] 
[INFO] [stdout] error: the feature named `i8mm` is not valid for this target
[INFO] [stdout]    --> src/kernels.rs:426:18
[INFO] [stdout]     |
[INFO] [stdout] 426 | #[target_feature(enable = "i8mm")]
[INFO] [stdout]     |                  ^^^^^^^^^^^^^^^ `i8mm` is not valid for this target
[INFO] [stdout]     |
[INFO] [stdout]     = help: valid names are: `fma`, `rtm`, `sm3`, `sm4`, and `tbm` and 77 more
[INFO] [stdout]     = note: `i8mm` is present on the `aarch64` and `arm` target architectures. Did you mean to compile for one of those targets, or use conditional compilation?
[INFO] [stdout] 
[INFO] [stdout] 
[INFO] [stdout] error: the feature named `i8mm` is not valid for this target
[INFO] [stdout]    --> src/kernels.rs:455:18
[INFO] [stdout]     |
[INFO] [stdout] 455 | #[target_feature(enable = "i8mm")]
[INFO] [stdout]     |                  ^^^^^^^^^^^^^^^ `i8mm` is not valid for this target
[INFO] [stdout]     |
[INFO] [stdout]     = help: valid names are: `fma`, `rtm`, `sm3`, `sm4`, and `tbm` and 77 more
[INFO] [stdout]     = note: `i8mm` is present on the `aarch64` and `arm` target architectures. Did you mean to compile for one of those targets, or use conditional compilation?
[INFO] [stdout] 
[INFO] [stdout] 
[INFO] [stdout] error: the feature named `i8mm` is not valid for this target
[INFO] [stdout]    --> src/kernels.rs:468:18
[INFO] [stdout]     |
[INFO] [stdout] 468 | #[target_feature(enable = "i8mm")]
[INFO] [stdout]     |                  ^^^^^^^^^^^^^^^ `i8mm` is not valid for this target
[INFO] [stdout]     |
[INFO] [stdout]     = help: valid names are: `fma`, `rtm`, `sm3`, `sm4`, and `tbm` and 77 more
[INFO] [stdout]     = note: `i8mm` is present on the `aarch64` and `arm` target architectures. Did you mean to compile for one of those targets, or use conditional compilation?
[INFO] [stdout] 
[INFO] [stdout] 
[INFO] [stdout] error: the feature named `i8mm` is not valid for this target
[INFO] [stdout]    --> src/kernels.rs:536:18
[INFO] [stdout]     |
[INFO] [stdout] 536 | #[target_feature(enable = "i8mm")]
[INFO] [stdout]     |                  ^^^^^^^^^^^^^^^ `i8mm` is not valid for this target
[INFO] [stdout]     |
[INFO] [stdout]     = help: valid names are: `fma`, `rtm`, `sm3`, `sm4`, and `tbm` and 77 more
[INFO] [stdout]     = note: `i8mm` is present on the `aarch64` and `arm` target architectures. Did you mean to compile for one of those targets, or use conditional compilation?
[INFO] [stdout] 
[INFO] [stdout] 
[INFO] [stdout] error: the feature named `i8mm` is not valid for this target
[INFO] [stdout]    --> src/kernels.rs:622:18
[INFO] [stdout]     |
[INFO] [stdout] 622 | #[target_feature(enable = "i8mm")]
[INFO] [stdout]     |                  ^^^^^^^^^^^^^^^ `i8mm` is not valid for this target
[INFO] [stdout]     |
[INFO] [stdout]     = help: valid names are: `fma`, `rtm`, `sm3`, `sm4`, and `tbm` and 77 more
[INFO] [stdout]     = note: `i8mm` is present on the `aarch64` and `arm` target architectures. Did you mean to compile for one of those targets, or use conditional compilation?
[INFO] [stdout] 
[INFO] [stdout] 
[INFO] [stdout] error: the feature named `i8mm` is not valid for this target
[INFO] [stdout]     --> src/kernels.rs:1012:18
[INFO] [stdout]      |
[INFO] [stdout] 1012 | #[target_feature(enable = "i8mm")]
[INFO] [stdout]      |                  ^^^^^^^^^^^^^^^ `i8mm` is not valid for this target
[INFO] [stdout]      |
[INFO] [stdout]      = help: valid names are: `fma`, `rtm`, `sm3`, `sm4`, and `tbm` and 77 more
[INFO] [stdout]      = note: `i8mm` is present on the `aarch64` and `arm` target architectures. Did you mean to compile for one of those targets, or use conditional compilation?
[INFO] [stdout] 
[INFO] [stdout] 
[INFO] [stdout] error: the feature named `dotprod` is not valid for this target
[INFO] [stdout]     --> src/kernels.rs:1101:18
[INFO] [stdout]      |
[INFO] [stdout] 1101 | #[target_feature(enable = "dotprod")]
[INFO] [stdout]      |                  ^^^^^^^^^^^^^^^^^^ `dotprod` is not valid for this target
[INFO] [stdout]      |
[INFO] [stdout]      = help: valid names are: `movrs`, `popcnt`, `xop`, `adx`, and `aes` and 77 more
[INFO] [stdout]      = note: `dotprod` is present on the `aarch64` and `arm` target architectures. Did you mean to compile for one of those targets, or use conditional compilation?
[INFO] [stdout] 
[INFO] [stdout] 
[INFO] [stdout] error: the feature named `i8mm` is not valid for this target
[INFO] [stdout]   --> src/roofline.rs:63:18
[INFO] [stdout]    |
[INFO] [stdout] 63 | #[target_feature(enable = "i8mm")]
[INFO] [stdout]    |                  ^^^^^^^^^^^^^^^ `i8mm` is not valid for this target
[INFO] [stdout]    |
[INFO] [stdout]    = help: valid names are: `fma`, `rtm`, `sm3`, `sm4`, and `tbm` and 77 more
[INFO] [stdout]    = note: `i8mm` is present on the `aarch64` and `arm` target architectures. Did you mean to compile for one of those targets, or use conditional compilation?
[INFO] [stdout] 
[INFO] [stdout] 
[INFO] [stdout] error: the feature named `dotprod` is not valid for this target
[INFO] [stdout]    --> src/roofline.rs:194:18
[INFO] [stdout]     |
[INFO] [stdout] 194 | #[target_feature(enable = "dotprod")]
[INFO] [stdout]     |                  ^^^^^^^^^^^^^^^^^^ `dotprod` is not valid for this target
[INFO] [stdout]     |
[INFO] [stdout]     = help: valid names are: `movrs`, `popcnt`, `xop`, `adx`, and `aes` and 77 more
[INFO] [stdout]     = note: `dotprod` is present on the `aarch64` and `arm` target architectures. Did you mean to compile for one of those targets, or use conditional compilation?
[INFO] [stdout] 
[INFO] [stdout] 
[INFO] [stdout] error[E0432]: unresolved import `std::arch::aarch64`
[INFO] [stdout]   --> src/kernels.rs:15:16
[INFO] [stdout]    |
[INFO] [stdout] 15 | use std::arch::aarch64::*;
[INFO] [stdout]    |                ^^^^^^^ could not find `aarch64` in `arch`
[INFO] [stdout] 
[INFO] [stdout] 
[INFO] [stdout] error[E0432]: unresolved import `std::arch::aarch64`
[INFO] [stdout]   --> src/roofline.rs:35:16
[INFO] [stdout]    |
[INFO] [stdout] 35 | use std::arch::aarch64::*;
[INFO] [stdout]    |                ^^^^^^^ could not find `aarch64` in `arch`
[INFO] [stdout] 
[INFO] [stdout] 
[INFO] [stdout] error: invalid register `v0`: unknown register
[INFO] [stdout]    --> src/roofline.rs:104:9
[INFO] [stdout]     |
[INFO] [stdout] 104 |         out("v0") _, out("v1") _, out("v2") _, out("v3") _,
[INFO] [stdout]     |         ^^^^^^^^^^^
[INFO] [stdout] 
[INFO] [stdout] 
[INFO] [stdout] error: invalid register `v1`: unknown register
[INFO] [stdout]    --> src/roofline.rs:104:22
[INFO] [stdout]     |
[INFO] [stdout] 104 |         out("v0") _, out("v1") _, out("v2") _, out("v3") _,
[INFO] [stdout]     |                      ^^^^^^^^^^^
[INFO] [stdout] 
[INFO] [stdout] 
[INFO] [stdout] error: invalid register `v2`: unknown register
[INFO] [stdout]    --> src/roofline.rs:104:35
[INFO] [stdout]     |
[INFO] [stdout] 104 |         out("v0") _, out("v1") _, out("v2") _, out("v3") _,
[INFO] [stdout]     |                                   ^^^^^^^^^^^
[INFO] [stdout] 
[INFO] [stdout] 
[INFO] [stdout] error: invalid register `v3`: unknown register
[INFO] [stdout]    --> src/roofline.rs:104:48
[INFO] [stdout]     |
[INFO] [stdout] 104 |         out("v0") _, out("v1") _, out("v2") _, out("v3") _,
[INFO] [stdout]     |                                                ^^^^^^^^^^^
[INFO] [stdout] 
[INFO] [stdout] 
[INFO] [stdout] error: invalid register `v4`: unknown register
[INFO] [stdout]    --> src/roofline.rs:105:9
[INFO] [stdout]     |
[INFO] [stdout] 105 |         out("v4") _, out("v5") _, out("v6") _, out("v7") _,
[INFO] [stdout]     |         ^^^^^^^^^^^
[INFO] [stdout] 
[INFO] [stdout] 
[INFO] [stdout] error: invalid register `v5`: unknown register
[INFO] [stdout]    --> src/roofline.rs:105:22
[INFO] [stdout]     |
[INFO] [stdout] 105 |         out("v4") _, out("v5") _, out("v6") _, out("v7") _,
[INFO] [stdout]     |                      ^^^^^^^^^^^
[INFO] [stdout] 
[INFO] [stdout] 
[INFO] [stdout] error: invalid register `v6`: unknown register
[INFO] [stdout]    --> src/roofline.rs:105:35
[INFO] [stdout]     |
[INFO] [stdout] 105 |         out("v4") _, out("v5") _, out("v6") _, out("v7") _,
[INFO] [stdout]     |                                   ^^^^^^^^^^^
[INFO] [stdout] 
[INFO] [stdout] 
[INFO] [stdout] error: invalid register `v7`: unknown register
[INFO] [stdout]    --> src/roofline.rs:105:48
[INFO] [stdout]     |
[INFO] [stdout] 105 |         out("v4") _, out("v5") _, out("v6") _, out("v7") _,
[INFO] [stdout]     |                                                ^^^^^^^^^^^
[INFO] [stdout] 
[INFO] [stdout] 
[INFO] [stdout] error: invalid register `v8`: unknown register
[INFO] [stdout]    --> src/roofline.rs:106:9
[INFO] [stdout]     |
[INFO] [stdout] 106 |         out("v8") _, out("v9") _, out("v10") _, out("v11") _,
[INFO] [stdout]     |         ^^^^^^^^^^^
[INFO] [stdout] 
[INFO] [stdout] 
[INFO] [stdout] error: invalid register `v9`: unknown register
[INFO] [stdout]    --> src/roofline.rs:106:22
[INFO] [stdout]     |
[INFO] [stdout] 106 |         out("v8") _, out("v9") _, out("v10") _, out("v11") _,
[INFO] [stdout]     |                      ^^^^^^^^^^^
[INFO] [stdout] 
[INFO] [stdout] 
[INFO] [stdout] error: invalid register `v10`: unknown register
[INFO] [stdout]    --> src/roofline.rs:106:35
[INFO] [stdout]     |
[INFO] [stdout] 106 |         out("v8") _, out("v9") _, out("v10") _, out("v11") _,
[INFO] [stdout]     |                                   ^^^^^^^^^^^^
[INFO] [stdout] 
[INFO] [stdout] 
[INFO] [stdout] error: invalid register `v11`: unknown register
[INFO] [stdout]    --> src/roofline.rs:106:49
[INFO] [stdout]     |
[INFO] [stdout] 106 |         out("v8") _, out("v9") _, out("v10") _, out("v11") _,
[INFO] [stdout]     |                                                 ^^^^^^^^^^^^
[INFO] [stdout] 
[INFO] [stdout] 
[INFO] [stdout] error: invalid register `v12`: unknown register
[INFO] [stdout]    --> src/roofline.rs:107:9
[INFO] [stdout]     |
[INFO] [stdout] 107 |         out("v12") _, out("v13") _, out("v14") _, out("v15") _,
[INFO] [stdout]     |         ^^^^^^^^^^^^
[INFO] [stdout] 
[INFO] [stdout] 
[INFO] [stdout] error: invalid register `v13`: unknown register
[INFO] [stdout]    --> src/roofline.rs:107:23
[INFO] [stdout]     |
[INFO] [stdout] 107 |         out("v12") _, out("v13") _, out("v14") _, out("v15") _,
[INFO] [stdout]     |                       ^^^^^^^^^^^^
[INFO] [stdout] 
[INFO] [stdout] 
[INFO] [stdout] error: invalid register `v14`: unknown register
[INFO] [stdout]    --> src/roofline.rs:107:37
[INFO] [stdout]     |
[INFO] [stdout] 107 |         out("v12") _, out("v13") _, out("v14") _, out("v15") _,
[INFO] [stdout]     |                                     ^^^^^^^^^^^^
[INFO] [stdout] 
[INFO] [stdout] 
[INFO] [stdout] error: invalid register `v15`: unknown register
[INFO] [stdout]    --> src/roofline.rs:107:51
[INFO] [stdout]     |
[INFO] [stdout] 107 |         out("v12") _, out("v13") _, out("v14") _, out("v15") _,
[INFO] [stdout]     |                                                   ^^^^^^^^^^^^
[INFO] [stdout] 
[INFO] [stdout] 
[INFO] [stdout] error: invalid register `v16`: unknown register
[INFO] [stdout]    --> src/roofline.rs:108:9
[INFO] [stdout]     |
[INFO] [stdout] 108 |         out("v16") _, out("v17") _, out("v18") _, out("v19") _,
[INFO] [stdout]     |         ^^^^^^^^^^^^
[INFO] [stdout] 
[INFO] [stdout] 
[INFO] [stdout] error: invalid register `v17`: unknown register
[INFO] [stdout]    --> src/roofline.rs:108:23
[INFO] [stdout]     |
[INFO] [stdout] 108 |         out("v16") _, out("v17") _, out("v18") _, out("v19") _,
[INFO] [stdout]     |                       ^^^^^^^^^^^^
[INFO] [stdout] 
[INFO] [stdout] 
[INFO] [stdout] error: invalid register `v18`: unknown register
[INFO] [stdout]    --> src/roofline.rs:108:37
[INFO] [stdout]     |
[INFO] [stdout] 108 |         out("v16") _, out("v17") _, out("v18") _, out("v19") _,
[INFO] [stdout]     |                                     ^^^^^^^^^^^^
[INFO] [stdout] 
[INFO] [stdout] 
[INFO] [stdout] error: invalid register `v19`: unknown register
[INFO] [stdout]    --> src/roofline.rs:108:51
[INFO] [stdout]     |
[INFO] [stdout] 108 |         out("v16") _, out("v17") _, out("v18") _, out("v19") _,
[INFO] [stdout]     |                                                   ^^^^^^^^^^^^
[INFO] [stdout] 
[INFO] [stdout] 
[INFO] [stdout] error: invalid register `v20`: unknown register
[INFO] [stdout]    --> src/roofline.rs:109:9
[INFO] [stdout]     |
[INFO] [stdout] 109 |         out("v20") _, out("v21") _, out("v22") _, out("v23") _,
[INFO] [stdout]     |         ^^^^^^^^^^^^
[INFO] [stdout] 
[INFO] [stdout] 
[INFO] [stdout] error: invalid register `v21`: unknown register
[INFO] [stdout]    --> src/roofline.rs:109:23
[INFO] [stdout]     |
[INFO] [stdout] 109 |         out("v20") _, out("v21") _, out("v22") _, out("v23") _,
[INFO] [stdout]     |                       ^^^^^^^^^^^^
[INFO] [stdout] 
[INFO] [stdout] 
[INFO] [stdout] error: invalid register `v22`: unknown register
[INFO] [stdout]    --> src/roofline.rs:109:37
[INFO] [stdout]     |
[INFO] [stdout] 109 |         out("v20") _, out("v21") _, out("v22") _, out("v23") _,
[INFO] [stdout]     |                                     ^^^^^^^^^^^^
[INFO] [stdout] 
[INFO] [stdout] 
[INFO] [stdout] error: invalid register `v23`: unknown register
[INFO] [stdout]    --> src/roofline.rs:109:51
[INFO] [stdout]     |
[INFO] [stdout] 109 |         out("v20") _, out("v21") _, out("v22") _, out("v23") _,
[INFO] [stdout]     |                                                   ^^^^^^^^^^^^
[INFO] [stdout] 
[INFO] [stdout] 
[INFO] [stdout] error: invalid register `v0`: unknown register
[INFO] [stdout]    --> src/roofline.rs:227:9
[INFO] [stdout]     |
[INFO] [stdout] 227 |         out("v0") _, out("v1") _, out("v2") _, out("v3") _,
[INFO] [stdout]     |         ^^^^^^^^^^^
[INFO] [stdout] 
[INFO] [stdout] 
[INFO] [stdout] error: invalid register `v1`: unknown register
[INFO] [stdout]    --> src/roofline.rs:227:22
[INFO] [stdout]     |
[INFO] [stdout] 227 |         out("v0") _, out("v1") _, out("v2") _, out("v3") _,
[INFO] [stdout]     |                      ^^^^^^^^^^^
[INFO] [stdout] 
[INFO] [stdout] 
[INFO] [stdout] error: invalid register `v2`: unknown register
[INFO] [stdout]    --> src/roofline.rs:227:35
[INFO] [stdout]     |
[INFO] [stdout] 227 |         out("v0") _, out("v1") _, out("v2") _, out("v3") _,
[INFO] [stdout]     |                                   ^^^^^^^^^^^
[INFO] [stdout] 
[INFO] [stdout] 
[INFO] [stdout] error: invalid register `v3`: unknown register
[INFO] [stdout]    --> src/roofline.rs:227:48
[INFO] [stdout]     |
[INFO] [stdout] 227 |         out("v0") _, out("v1") _, out("v2") _, out("v3") _,
[INFO] [stdout]     |                                                ^^^^^^^^^^^
[INFO] [stdout] 
[INFO] [stdout] 
[INFO] [stdout] error: invalid register `v4`: unknown register
[INFO] [stdout]    --> src/roofline.rs:228:9
[INFO] [stdout]     |
[INFO] [stdout] 228 |         out("v4") _, out("v5") _, out("v6") _, out("v7") _,
[INFO] [stdout]     |         ^^^^^^^^^^^
[INFO] [stdout] 
[INFO] [stdout] 
[INFO] [stdout] error: invalid register `v5`: unknown register
[INFO] [stdout]    --> src/roofline.rs:228:22
[INFO] [stdout]     |
[INFO] [stdout] 228 |         out("v4") _, out("v5") _, out("v6") _, out("v7") _,
[INFO] [stdout]     |                      ^^^^^^^^^^^
[INFO] [stdout] 
[INFO] [stdout] 
[INFO] [stdout] error: invalid register `v6`: unknown register
[INFO] [stdout]    --> src/roofline.rs:228:35
[INFO] [stdout]     |
[INFO] [stdout] 228 |         out("v4") _, out("v5") _, out("v6") _, out("v7") _,
[INFO] [stdout]     |                                   ^^^^^^^^^^^
[INFO] [stdout] 
[INFO] [stdout] 
[INFO] [stdout] error: invalid register `v7`: unknown register
[INFO] [stdout]    --> src/roofline.rs:228:48
[INFO] [stdout]     |
[INFO] [stdout] 228 |         out("v4") _, out("v5") _, out("v6") _, out("v7") _,
[INFO] [stdout]     |                                                ^^^^^^^^^^^
[INFO] [stdout] 
[INFO] [stdout] 
[INFO] [stdout] error: invalid register `v8`: unknown register
[INFO] [stdout]    --> src/roofline.rs:229:9
[INFO] [stdout]     |
[INFO] [stdout] 229 |         out("v8") _, out("v9") _, out("v10") _, out("v11") _,
[INFO] [stdout]     |         ^^^^^^^^^^^
[INFO] [stdout] 
[INFO] [stdout] 
[INFO] [stdout] error: invalid register `v9`: unknown register
[INFO] [stdout]    --> src/roofline.rs:229:22
[INFO] [stdout]     |
[INFO] [stdout] 229 |         out("v8") _, out("v9") _, out("v10") _, out("v11") _,
[INFO] [stdout]     |                      ^^^^^^^^^^^
[INFO] [stdout] 
[INFO] [stdout] 
[INFO] [stdout] error: invalid register `v10`: unknown register
[INFO] [stdout]    --> src/roofline.rs:229:35
[INFO] [stdout]     |
[INFO] [stdout] 229 |         out("v8") _, out("v9") _, out("v10") _, out("v11") _,
[INFO] [stdout]     |                                   ^^^^^^^^^^^^
[INFO] [stdout] 
[INFO] [stdout] 
[INFO] [stdout] error: invalid register `v11`: unknown register
[INFO] [stdout]    --> src/roofline.rs:229:49
[INFO] [stdout]     |
[INFO] [stdout] 229 |         out("v8") _, out("v9") _, out("v10") _, out("v11") _,
[INFO] [stdout]     |                                                 ^^^^^^^^^^^^
[INFO] [stdout] 
[INFO] [stdout] 
[INFO] [stdout] error: invalid register `v12`: unknown register
[INFO] [stdout]    --> src/roofline.rs:230:9
[INFO] [stdout]     |
[INFO] [stdout] 230 |         out("v12") _, out("v13") _, out("v14") _, out("v15") _,
[INFO] [stdout]     |         ^^^^^^^^^^^^
[INFO] [stdout] 
[INFO] [stdout] 
[INFO] [stdout] error: invalid register `v13`: unknown register
[INFO] [stdout]    --> src/roofline.rs:230:23
[INFO] [stdout]     |
[INFO] [stdout] 230 |         out("v12") _, out("v13") _, out("v14") _, out("v15") _,
[INFO] [stdout]     |                       ^^^^^^^^^^^^
[INFO] [stdout] 
[INFO] [stdout] 
[INFO] [stdout] error: invalid register `v14`: unknown register
[INFO] [stdout]    --> src/roofline.rs:230:37
[INFO] [stdout]     |
[INFO] [stdout] 230 |         out("v12") _, out("v13") _, out("v14") _, out("v15") _,
[INFO] [stdout]     |                                     ^^^^^^^^^^^^
[INFO] [stdout] 
[INFO] [stdout] 
[INFO] [stdout] error: invalid register `v15`: unknown register
[INFO] [stdout]    --> src/roofline.rs:230:51
[INFO] [stdout]     |
[INFO] [stdout] 230 |         out("v12") _, out("v13") _, out("v14") _, out("v15") _,
[INFO] [stdout]     |                                                   ^^^^^^^^^^^^
[INFO] [stdout] 
[INFO] [stdout] 
[INFO] [stdout] error: invalid register `v16`: unknown register
[INFO] [stdout]    --> src/roofline.rs:231:9
[INFO] [stdout]     |
[INFO] [stdout] 231 |         out("v16") _, out("v17") _, out("v18") _, out("v19") _,
[INFO] [stdout]     |         ^^^^^^^^^^^^
[INFO] [stdout] 
[INFO] [stdout] 
[INFO] [stdout] error: invalid register `v17`: unknown register
[INFO] [stdout]    --> src/roofline.rs:231:23
[INFO] [stdout]     |
[INFO] [stdout] 231 |         out("v16") _, out("v17") _, out("v18") _, out("v19") _,
[INFO] [stdout]     |                       ^^^^^^^^^^^^
[INFO] [stdout] 
[INFO] [stdout] 
[INFO] [stdout] error: invalid register `v18`: unknown register
[INFO] [stdout]    --> src/roofline.rs:231:37
[INFO] [stdout]     |
[INFO] [stdout] 231 |         out("v16") _, out("v17") _, out("v18") _, out("v19") _,
[INFO] [stdout]     |                                     ^^^^^^^^^^^^
[INFO] [stdout] 
[INFO] [stdout] 
[INFO] [stdout] error: invalid register `v19`: unknown register
[INFO] [stdout]    --> src/roofline.rs:231:51
[INFO] [stdout]     |
[INFO] [stdout] 231 |         out("v16") _, out("v17") _, out("v18") _, out("v19") _,
[INFO] [stdout]     |                                                   ^^^^^^^^^^^^
[INFO] [stdout] 
[INFO] [stdout] 
[INFO] [stdout] error: invalid register `v20`: unknown register
[INFO] [stdout]    --> src/roofline.rs:232:9
[INFO] [stdout]     |
[INFO] [stdout] 232 |         out("v20") _, out("v21") _, out("v22") _, out("v23") _,
[INFO] [stdout]     |         ^^^^^^^^^^^^
[INFO] [stdout] 
[INFO] [stdout] 
[INFO] [stdout] error: invalid register `v21`: unknown register
[INFO] [stdout]    --> src/roofline.rs:232:23
[INFO] [stdout]     |
[INFO] [stdout] 232 |         out("v20") _, out("v21") _, out("v22") _, out("v23") _,
[INFO] [stdout]     |                       ^^^^^^^^^^^^
[INFO] [stdout] 
[INFO] [stdout] 
[INFO] [stdout] error: invalid register `v22`: unknown register
[INFO] [stdout]    --> src/roofline.rs:232:37
[INFO] [stdout]     |
[INFO] [stdout] 232 |         out("v20") _, out("v21") _, out("v22") _, out("v23") _,
[INFO] [stdout]     |                                     ^^^^^^^^^^^^
[INFO] [stdout] 
[INFO] [stdout] 
[INFO] [stdout] error: invalid register `v23`: unknown register
[INFO] [stdout]    --> src/roofline.rs:232:51
[INFO] [stdout]     |
[INFO] [stdout] 232 |         out("v20") _, out("v21") _, out("v22") _, out("v23") _,
[INFO] [stdout]     |                                                   ^^^^^^^^^^^^
[INFO] [stdout] 
[INFO] [stdout] 
[INFO] [stdout] error[E0635]: unknown feature `stdarch_neon_i8mm`
[INFO] [stdout]  --> src/main.rs:1:12
[INFO] [stdout]   |
[INFO] [stdout] 1 | #![feature(stdarch_neon_i8mm)]
[INFO] [stdout]   |            ^^^^^^^^^^^^^^^^^
[INFO] [stdout] 
[INFO] [stdout] 
[INFO] [stdout] error: the feature named `dotprod` is not valid for this target
[INFO] [stdout]   --> src/kernels.rs:47:18
[INFO] [stdout]    |
[INFO] [stdout] 47 | #[target_feature(enable = "dotprod")]
[INFO] [stdout]    |                  ^^^^^^^^^^^^^^^^^^ `dotprod` is not valid for this target
[INFO] [stdout]    |
[INFO] [stdout]    = help: valid names are: `movrs`, `popcnt`, `xop`, `adx`, and `aes` and 77 more
[INFO] [stdout]    = note: `dotprod` is present on the `aarch64` and `arm` target architectures. Did you mean to compile for one of those targets, or use conditional compilation?
[INFO] [stdout] 
[INFO] [stdout] 
[INFO] [stdout] error: the feature named `dotprod` is not valid for this target
[INFO] [stdout]   --> src/kernels.rs:83:18
[INFO] [stdout]    |
[INFO] [stdout] 83 | #[target_feature(enable = "dotprod")]
[INFO] [stdout]    |                  ^^^^^^^^^^^^^^^^^^ `dotprod` is not valid for this target
[INFO] [stdout]    |
[INFO] [stdout]    = help: valid names are: `movrs`, `popcnt`, `xop`, `adx`, and `aes` and 77 more
[INFO] [stdout]    = note: `dotprod` is present on the `aarch64` and `arm` target architectures. Did you mean to compile for one of those targets, or use conditional compilation?
[INFO] [stdout] 
[INFO] [stdout] 
[INFO] [stdout] error: the feature named `i8mm` is not valid for this target
[INFO] [stdout]    --> src/kernels.rs:191:18
[INFO] [stdout]     |
[INFO] [stdout] 191 | #[target_feature(enable = "i8mm")]
[INFO] [stdout]     |                  ^^^^^^^^^^^^^^^ `i8mm` is not valid for this target
[INFO] [stdout]     |
[INFO] [stdout]     = help: valid names are: `fma`, `rtm`, `sm3`, `sm4`, and `tbm` and 77 more
[INFO] [stdout]     = note: `i8mm` is present on the `aarch64` and `arm` target architectures. Did you mean to compile for one of those targets, or use conditional compilation?
[INFO] [stdout] 
[INFO] [stdout] 
[INFO] [stdout] error: the feature named `i8mm` is not valid for this target
[INFO] [stdout]    --> src/kernels.rs:426:18
[INFO] [stdout]     |
[INFO] [stdout] 426 | #[target_feature(enable = "i8mm")]
[INFO] [stdout]     |                  ^^^^^^^^^^^^^^^ `i8mm` is not valid for this target
[INFO] [stdout]     |
[INFO] [stdout]     = help: valid names are: `fma`, `rtm`, `sm3`, `sm4`, and `tbm` and 77 more
[INFO] [stdout]     = note: `i8mm` is present on the `aarch64` and `arm` target architectures. Did you mean to compile for one of those targets, or use conditional compilation?
[INFO] [stdout] 
[INFO] [stdout] 
[INFO] [stdout] error: the feature named `i8mm` is not valid for this target
[INFO] [stdout]    --> src/kernels.rs:455:18
[INFO] [stdout]     |
[INFO] [stdout] 455 | #[target_feature(enable = "i8mm")]
[INFO] [stdout]     |                  ^^^^^^^^^^^^^^^ `i8mm` is not valid for this target
[INFO] [stdout]     |
[INFO] [stdout]     = help: valid names are: `fma`, `rtm`, `sm3`, `sm4`, and `tbm` and 77 more
[INFO] [stdout]     = note: `i8mm` is present on the `aarch64` and `arm` target architectures. Did you mean to compile for one of those targets, or use conditional compilation?
[INFO] [stdout] 
[INFO] [stdout] 
[INFO] [stdout] error: the feature named `i8mm` is not valid for this target
[INFO] [stdout]    --> src/kernels.rs:468:18
[INFO] [stdout]     |
[INFO] [stdout] 468 | #[target_feature(enable = "i8mm")]
[INFO] [stdout]     |                  ^^^^^^^^^^^^^^^ `i8mm` is not valid for this target
[INFO] [stdout]     |
[INFO] [stdout]     = help: valid names are: `fma`, `rtm`, `sm3`, `sm4`, and `tbm` and 77 more
[INFO] [stdout]     = note: `i8mm` is present on the `aarch64` and `arm` target architectures. Did you mean to compile for one of those targets, or use conditional compilation?
[INFO] [stdout] 
[INFO] [stdout] 
[INFO] [stdout] error: the feature named `i8mm` is not valid for this target
[INFO] [stdout]    --> src/kernels.rs:536:18
[INFO] [stdout]     |
[INFO] [stdout] 536 | #[target_feature(enable = "i8mm")]
[INFO] [stdout]     |                  ^^^^^^^^^^^^^^^ `i8mm` is not valid for this target
[INFO] [stdout]     |
[INFO] [stdout]     = help: valid names are: `fma`, `rtm`, `sm3`, `sm4`, and `tbm` and 77 more
[INFO] [stdout]     = note: `i8mm` is present on the `aarch64` and `arm` target architectures. Did you mean to compile for one of those targets, or use conditional compilation?
[INFO] [stdout] 
[INFO] [stdout] 
[INFO] [stdout] error: the feature named `i8mm` is not valid for this target
[INFO] [stdout]    --> src/kernels.rs:622:18
[INFO] [stdout]     |
[INFO] [stdout] 622 | #[target_feature(enable = "i8mm")]
[INFO] [stdout]     |                  ^^^^^^^^^^^^^^^ `i8mm` is not valid for this target
[INFO] [stdout]     |
[INFO] [stdout]     = help: valid names are: `fma`, `rtm`, `sm3`, `sm4`, and `tbm` and 77 more
[INFO] [stdout]     = note: `i8mm` is present on the `aarch64` and `arm` target architectures. Did you mean to compile for one of those targets, or use conditional compilation?
[INFO] [stdout] 
[INFO] [stdout] 
[INFO] [stdout] error: the feature named `i8mm` is not valid for this target
[INFO] [stdout]     --> src/kernels.rs:1012:18
[INFO] [stdout]      |
[INFO] [stdout] 1012 | #[target_feature(enable = "i8mm")]
[INFO] [stdout]      |                  ^^^^^^^^^^^^^^^ `i8mm` is not valid for this target
[INFO] [stdout]      |
[INFO] [stdout]      = help: valid names are: `fma`, `rtm`, `sm3`, `sm4`, and `tbm` and 77 more
[INFO] [stdout]      = note: `i8mm` is present on the `aarch64` and `arm` target architectures. Did you mean to compile for one of those targets, or use conditional compilation?
[INFO] [stdout] 
[INFO] [stdout] 
[INFO] [stdout] error: the feature named `dotprod` is not valid for this target
[INFO] [stdout]     --> src/kernels.rs:1101:18
[INFO] [stdout]      |
[INFO] [stdout] 1101 | #[target_feature(enable = "dotprod")]
[INFO] [stdout]      |                  ^^^^^^^^^^^^^^^^^^ `dotprod` is not valid for this target
[INFO] [stdout]      |
[INFO] [stdout]      = help: valid names are: `movrs`, `popcnt`, `xop`, `adx`, and `aes` and 77 more
[INFO] [stdout]      = note: `dotprod` is present on the `aarch64` and `arm` target architectures. Did you mean to compile for one of those targets, or use conditional compilation?
[INFO] [stdout] 
[INFO] [stdout] 
[INFO] [stdout] error: the feature named `i8mm` is not valid for this target
[INFO] [stdout]   --> src/roofline.rs:63:18
[INFO] [stdout]    |
[INFO] [stdout] 63 | #[target_feature(enable = "i8mm")]
[INFO] [stdout]    |                  ^^^^^^^^^^^^^^^ `i8mm` is not valid for this target
[INFO] [stdout]    |
[INFO] [stdout]    = help: valid names are: `fma`, `rtm`, `sm3`, `sm4`, and `tbm` and 77 more
[INFO] [stdout]    = note: `i8mm` is present on the `aarch64` and `arm` target architectures. Did you mean to compile for one of those targets, or use conditional compilation?
[INFO] [stdout] 
[INFO] [stdout] 
[INFO] [stdout] error: the feature named `dotprod` is not valid for this target
[INFO] [stdout]    --> src/roofline.rs:194:18
[INFO] [stdout]     |
[INFO] [stdout] 194 | #[target_feature(enable = "dotprod")]
[INFO] [stdout]     |                  ^^^^^^^^^^^^^^^^^^ `dotprod` is not valid for this target
[INFO] [stdout]     |
[INFO] [stdout]     = help: valid names are: `movrs`, `popcnt`, `xop`, `adx`, and `aes` and 77 more
[INFO] [stdout]     = note: `dotprod` is present on the `aarch64` and `arm` target architectures. Did you mean to compile for one of those targets, or use conditional compilation?
[INFO] [stdout] 
[INFO] [stdout] 
[INFO] [stdout] Some errors have detailed explanations: E0432, E0635.
[INFO] [stdout] 
[INFO] [stdout] For more information about an error, try `rustc --explain E0432`.
[INFO] [stdout] 
[INFO] [stderr] error: could not compile `arm-quant-gemm` (bin "arm-quant-gemm") due to 63 previous errors
[INFO] [stderr] warning: build failed, waiting for other jobs to finish...
[INFO] [stdout] Some errors have detailed explanations: E0432, E0635.
[INFO] [stdout] 
[INFO] [stdout] For more information about an error, try `rustc --explain E0432`.
[INFO] [stdout] 
[INFO] [stderr] error: could not compile `arm-quant-gemm` (bin "arm-quant-gemm" test) due to 63 previous errors
[INFO] running `Command { std: "docker" "inspect" "f0c99f2788ae30ef3d0d5394260da2b272d6b937fcc0a768c08976c34df5fede", kill_on_drop: false }`
[INFO] running `Command { std: "docker" "rm" "-f" "f0c99f2788ae30ef3d0d5394260da2b272d6b937fcc0a768c08976c34df5fede", kill_on_drop: false }`
[INFO] [stdout] f0c99f2788ae30ef3d0d5394260da2b272d6b937fcc0a768c08976c34df5fede
