[INFO] cloning repository https://github.com/eggopancake1-ux/Macro-recorder
[INFO] running `Command { std: "git" "-c" "credential.helper=" "-c" "credential.helper=/workspace/cargo-home/bin/git-credential-null" "clone" "--bare" "https://github.com/eggopancake1-ux/Macro-recorder" "/workspace/cache/git-repos/https%3A%2F%2Fgithub.com%2Feggopancake1-ux%2FMacro-recorder", kill_on_drop: false }`
[INFO] [stderr] Cloning into bare repository '/workspace/cache/git-repos/https%3A%2F%2Fgithub.com%2Feggopancake1-ux%2FMacro-recorder'...
[INFO] running `Command { std: "git" "rev-parse" "HEAD", kill_on_drop: false }`
[INFO] [stdout] 8ec165c4142a4111baa2b3a914c6f0cb66a8dc58
[INFO] checking eggopancake1-ux/Macro-recorder against 3154cc1a3e6424e44f438a95007d043ed5ceaaf6+rustflags=-Znext-solver=coherence for pr-133502-30
[INFO] running `Command { std: "git" "clone" "/workspace/cache/git-repos/https%3A%2F%2Fgithub.com%2Feggopancake1-ux%2FMacro-recorder" "/workspace/builds/worker-7-tc1/source", kill_on_drop: false }`
[INFO] [stderr] Cloning into '/workspace/builds/worker-7-tc1/source'...
[INFO] [stderr] done.
[INFO] started tweaking git repo https://github.com/eggopancake1-ux/Macro-recorder
[INFO] finished tweaking git repo https://github.com/eggopancake1-ux/Macro-recorder
[INFO] tweaked toml for git repo https://github.com/eggopancake1-ux/Macro-recorder written to /workspace/builds/worker-7-tc1/source/Cargo.toml
[INFO] validating manifest of git repo https://github.com/eggopancake1-ux/Macro-recorder on toolchain 3154cc1a3e6424e44f438a95007d043ed5ceaaf6
[INFO] running `Command { std: CARGO_HOME="/workspace/cargo-home" RUSTUP_HOME="/workspace/rustup-home" "/workspace/cargo-home/bin/cargo" "+3154cc1a3e6424e44f438a95007d043ed5ceaaf6" "metadata" "--manifest-path" "Cargo.toml" "--no-deps", kill_on_drop: false }`
[INFO] crate git repo https://github.com/eggopancake1-ux/Macro-recorder already has a lockfile, it will not be regenerated
[INFO] running `Command { std: CARGO_HOME="/workspace/cargo-home" RUSTUP_HOME="/workspace/rustup-home" "/workspace/cargo-home/bin/cargo" "+3154cc1a3e6424e44f438a95007d043ed5ceaaf6" "fetch" "--manifest-path" "Cargo.toml", kill_on_drop: false }`
[INFO] running `Command { std: "docker" "create" "-v" "/var/lib/crater-agent-workspace/builds/worker-7-tc1/source:/opt/rustwide/workdir:ro,Z" "-v" "/var/lib/crater-agent-workspace/builds/worker-7-tc1/target:/opt/rustwide/target:rw,Z" "-v" "/var/lib/crater-agent-workspace/cargo-home:/opt/rustwide/cargo-home:ro,Z" "-v" "/var/lib/crater-agent-workspace/rustup-home:/opt/rustwide/rustup-home:ro,Z" "-m" "1610612736" "--network" "none" "ghcr.io/rust-lang/crates-build-env/linux@sha256:77db811e55d90add9212f6832c23229e3de5f1c1f9905e8cb07319ea15df73ac" "sleep" "infinity", kill_on_drop: false }`
[INFO] [stdout] 25332c5ffc97bdb76d103b2f10b121444f71c67813ac9b0aa841ccd09d4fad42
[INFO] running `Command { std: "docker" "start" "25332c5ffc97bdb76d103b2f10b121444f71c67813ac9b0aa841ccd09d4fad42", kill_on_drop: false }`
[INFO] running `Command { std: "docker" "inspect" "25332c5ffc97bdb76d103b2f10b121444f71c67813ac9b0aa841ccd09d4fad42", kill_on_drop: false }`
[INFO] running `Command { std: "docker" "exec" "-e" "SOURCE_DIR=/opt/rustwide/workdir" "-e" "CARGO_HOME=/opt/rustwide/cargo-home" "-e" "RUSTUP_HOME=/opt/rustwide/rustup-home" "-e" "CARGO_TARGET_DIR=/opt/rustwide/target" "-w" "/opt/rustwide/workdir" "--user" "0:0" "25332c5ffc97bdb76d103b2f10b121444f71c67813ac9b0aa841ccd09d4fad42" "/opt/rustwide/cargo-home/bin/cargo" "+3154cc1a3e6424e44f438a95007d043ed5ceaaf6" "metadata" "--no-deps" "--format-version=1", kill_on_drop: false }`
[INFO] running `Command { std: "docker" "inspect" "25332c5ffc97bdb76d103b2f10b121444f71c67813ac9b0aa841ccd09d4fad42", kill_on_drop: false }`
[INFO] running `Command { std: "docker" "exec" "-e" "SOURCE_DIR=/opt/rustwide/workdir" "-e" "CARGO_HOME=/opt/rustwide/cargo-home" "-e" "RUSTUP_HOME=/opt/rustwide/rustup-home" "-e" "CARGO_TARGET_DIR=/opt/rustwide/target" "-e" "CARGO_INCREMENTAL=0" "-e" "RUST_BACKTRACE=full" "-e" "RUSTFLAGS=--cap-lints=forbid -Znext-solver=coherence" "-e" "RUSTDOCFLAGS=--cap-lints=forbid" "-w" "/opt/rustwide/workdir" "--user" "0:0" "25332c5ffc97bdb76d103b2f10b121444f71c67813ac9b0aa841ccd09d4fad42" "/opt/rustwide/cargo-home/bin/cargo" "+3154cc1a3e6424e44f438a95007d043ed5ceaaf6" "check" "--frozen" "--all" "--all-targets" "--message-format=json", kill_on_drop: false }`
[INFO] [stderr]    Compiling smallvec v1.15.2
[INFO] [stderr]    Compiling libc v0.2.189
[INFO] [stderr]    Compiling syn v3.0.3
[INFO] [stderr]    Compiling syn v2.0.119
[INFO] [stderr]    Compiling serde_core v1.0.229
[INFO] [stderr]    Compiling serde v1.0.229
[INFO] [stderr]     Checking once_cell v1.21.4
[INFO] [stderr]    Compiling parking_lot_core v0.9.12
[INFO] [stderr]     Checking futures-core v0.3.33
[INFO] [stderr]    Compiling zmij v1.0.23
[INFO] [stderr]     Checking futures-task v0.3.33
[INFO] [stderr]     Checking slab v0.4.12
[INFO] [stderr]     Checking futures-channel v0.3.33
[INFO] [stderr]    Compiling cfg-expr v0.15.8
[INFO] [stderr]    Compiling uuid v1.24.0
[INFO] [stderr]    Compiling parking_lot v0.12.5
[INFO] [stderr]    Compiling serde_json v1.0.151
[INFO] [stderr]    Compiling string_cache v0.9.0
[INFO] [stderr]    Compiling typeid v1.0.3
[INFO] [stderr]    Compiling camino v1.2.5
[INFO] [stderr]     Checking stable_deref_trait v1.2.1
[INFO] [stderr]    Compiling toml v1.1.4+spec-1.1.0
[INFO] [stderr]    Compiling erased-serde v0.4.10
[INFO] [stderr]    Compiling thiserror v2.0.20
[INFO] [stderr]    Compiling thiserror v1.0.69
[INFO] [stderr]    Compiling cfb v0.7.3
[INFO] [stderr]     Checking itoa v1.0.18
[INFO] [stderr]    Compiling gio v0.18.4
[INFO] [stderr]     Checking futures-io v0.3.33
[INFO] [stderr]    Compiling serde-untagged v0.1.9
[INFO] [stderr]    Compiling infer v0.19.0
[INFO] [stderr]     Checking litemap v0.8.2
[INFO] [stderr]     Checking writeable v0.6.3
[INFO] [stderr]    Compiling windows_x86_64_gnu v0.52.6
[INFO] [stderr]     Checking simd-adler32 v0.3.10
[INFO] [stderr]    Compiling field-offset v0.3.6
[INFO] [stderr]    Compiling gtk v0.18.2
[INFO] [stderr]    Compiling embed-resource v3.0.11
[INFO] [stderr]    Compiling num-traits v0.2.19
[INFO] [stderr]     Checking miniz_oxide v0.8.9
[INFO] [stderr]     Checking fdeflate v0.3.7
[INFO] [stderr]     Checking windows-targets v0.52.6
[INFO] [stderr]     Checking bitflags v2.13.1
[INFO] [stderr]    Compiling tauri-winres v0.3.6
[INFO] [stderr]    Compiling crossbeam-utils v0.8.22
[INFO] [stderr]     Checking windows-result v0.2.0
[INFO] [stderr]    Compiling x11 v2.21.0
[INFO] [stderr]     Checking num-conv v0.2.2
[INFO] [stderr]     Checking powerfmt v0.2.0
[INFO] [stderr]     Checking zune-core v0.5.3
[INFO] [stderr]     Checking time-core v0.1.9
[INFO] [stderr]     Checking flate2 v1.1.9
[INFO] [stderr]     Checking log v0.4.33
[INFO] [stderr]     Checking deranged v0.5.8
[INFO] [stderr]    Compiling generic-array v0.14.7
[INFO] [stderr]     Checking zune-jpeg v0.5.15
[INFO] [stderr]    Compiling serde_derive v1.0.229
[INFO] [stderr]    Compiling displaydoc v0.2.7
[INFO] [stderr]    Compiling thiserror-impl v2.0.20
[INFO] [stderr]     Checking png v0.18.1
[INFO] [stderr]     Checking moxcms v0.8.1
[INFO] [stderr]     Checking windows-strings v0.1.0
[INFO] [stderr]     Checking form_urlencoded v1.2.2
[INFO] [stderr]     Checking aho-corasick v1.1.5
[INFO] [stderr]     Checking unic-common v0.9.0
[INFO] [stderr]     Checking time v0.3.55
[INFO] [stderr]     Checking regex-syntax v0.8.11
[INFO] [stderr]    Compiling synstructure v0.13.2
[INFO] [stderr]    Compiling darling_core v0.23.0
[INFO] [stderr]    Compiling serde_derive_internals v0.29.1
[INFO] [stderr]     Checking alloc-no-stdlib v2.0.4
[INFO] [stderr]     Checking bytes v1.12.1
[INFO] [stderr]     Checking bytemuck v1.25.2
[INFO] [stderr]     Checking unic-char-range v0.9.0
[INFO] [stderr]     Checking bitflags v1.3.2
[INFO] [stderr]     Checking unic-char-property v0.9.0
[INFO] [stderr]     Checking alloc-stdlib v0.2.4
[INFO] [stderr]     Checking unic-ucd-version v0.9.0
[INFO] [stderr]     Checking crossbeam-channel v0.5.16
[INFO] [stderr]     Checking regex-automata v0.4.18
[INFO] [stderr]    Compiling zerofrom-derive v0.1.7
[INFO] [stderr]    Compiling yoke-derive v0.8.2
[INFO] [stderr]    Compiling thiserror-impl v1.0.69
[INFO] [stderr]    Compiling zerovec-derive v0.11.3
[INFO] [stderr]    Compiling toml_datetime v0.6.3
[INFO] [stderr]    Compiling serde_spanned v0.6.9
[INFO] [stderr]    Compiling toml_edit v0.20.2
[INFO] [stderr]    Compiling zerofrom v0.1.8
[INFO] [stderr]    Compiling yoke v0.8.3
[INFO] [stderr]    Compiling phf_macros v0.13.1
[INFO] [stderr]    Compiling futures-macro v0.3.33
[INFO] [stderr]    Compiling zerotrie v0.2.4
[INFO] [stderr]    Compiling darling_macro v0.23.0
[INFO] [stderr]    Compiling darling v0.23.0
[INFO] [stderr]    Compiling derive_more-impl v2.1.1
[INFO] [stderr]    Compiling serde_with_macros v3.22.0
[INFO] [stderr]    Compiling cssparser-macros v0.6.1
[INFO] [stderr]    Compiling zerovec v0.11.6
[INFO] [stderr]    Compiling phf v0.13.1
[INFO] [stderr]    Compiling web_atoms v0.2.6
[INFO] [stderr]    Compiling cssparser v0.36.0
[INFO] [stderr]    Compiling indexmap v1.9.3
[INFO] [stderr]     Checking futures-util v0.3.33
[INFO] [stderr]    Compiling jsonptr v0.6.3
[INFO] [stderr]    Compiling cargo-platform v0.1.9
[INFO] [stderr]    Compiling tinystr v0.8.3
[INFO] [stderr]    Compiling potential_utf v0.1.5
[INFO] [stderr]    Compiling icu_collections v2.2.0
[INFO] [stderr]    Compiling derive_more v2.1.1
[INFO] [stderr]    Compiling icu_locale_core v2.2.0
[INFO] [stderr]    Compiling selectors v0.36.1
[INFO] [stderr]    Compiling markup5ever v0.38.0
[INFO] [stderr]    Compiling schemars_derive v0.8.22
[INFO] [stderr]    Compiling json-patch v3.0.1
[INFO] [stderr]    Compiling html5ever v0.38.0
[INFO] [stderr]    Compiling cargo_metadata v0.19.2
[INFO] [stderr]    Compiling toml v0.8.2
[INFO] [stderr]    Compiling proc-macro-crate v2.0.2
[INFO] [stderr]    Compiling system-deps v6.2.2
[INFO] [stderr]    Compiling icu_provider v2.2.0
[INFO] [stderr]    Compiling dom_query v0.27.0
[INFO] [stderr]    Compiling serde_with v3.22.0
[INFO] [stderr]     Checking futures-executor v0.3.33
[INFO] [stderr]    Compiling plist v1.10.0
[INFO] [stderr]    Compiling icu_normalizer v2.2.0
[INFO] [stderr]    Compiling icu_properties v2.2.0
[INFO] [stderr]    Compiling glib-sys v0.18.1
[INFO] [stderr]    Compiling gobject-sys v0.18.0
[INFO] [stderr]    Compiling gio-sys v0.18.1
[INFO] [stderr]    Compiling gdk-sys v0.18.2
[INFO] [stderr]    Compiling atk-sys v0.18.2
[INFO] [stderr]    Compiling pango-sys v0.18.0
[INFO] [stderr]    Compiling gdk-pixbuf-sys v0.18.0
[INFO] [stderr]    Compiling cairo-sys-rs v0.18.2
[INFO] [stderr]    Compiling glib-macros v0.18.5
[INFO] [stderr]    Compiling gtk-sys v0.18.2
[INFO] [stderr]    Compiling toml_edit v0.19.15
[INFO] [stderr]    Compiling soup3-sys v0.5.0
[INFO] [stderr]    Compiling idna_adapter v1.2.2
[INFO] [stderr]    Compiling idna v1.1.0
[INFO] [stderr]    Compiling javascriptcore-rs-sys v1.1.1
[INFO] [stderr]    Compiling cargo_toml v0.22.3
[INFO] [stderr]    Compiling webkit2gtk-sys v2.0.2
[INFO] [stderr]    Compiling url v2.5.8
[INFO] [stderr]    Compiling gdkx11-sys v0.18.2
[INFO] [stderr]     Checking dpi v0.1.2
[INFO] [stderr]    Compiling windows-interface v0.58.0
[INFO] [stderr]    Compiling windows-implement v0.58.0
[INFO] [stderr]    Compiling urlpattern v0.3.0
[INFO] [stderr]    Compiling schemars v0.8.22
[INFO] [stderr]    Compiling proc-macro-crate v1.3.1
[INFO] [stderr]     Checking windows-core v0.58.0
[INFO] [stderr]     Checking image v0.25.10
[INFO] [stderr]    Compiling libdbus-sys v0.2.7
[INFO] [stderr]     Checking byteorder v1.5.0
[INFO] [stderr]    Compiling gtk3-macros v0.18.2
[INFO] [stderr]     Checking option-ext v0.2.0
[INFO] [stderr]     Checking glib v0.18.5
[INFO] [stderr]     Checking fnv v1.0.7
[INFO] [stderr]     Checking winnow v1.0.4
[INFO] [stderr]     Checking hashbrown v0.17.1
[INFO] [stderr]    Compiling tauri-utils v2.9.3
[INFO] [stderr]     Checking toml_parser v1.1.3+spec-1.1.0
[INFO] [stderr]     Checking dirs-sys v0.5.0
[INFO] [stderr]     Checking indexmap v2.14.0
[INFO] [stderr]    Compiling cookie v0.18.2
[INFO] [stderr]     Checking windows v0.58.0
[INFO] [stderr]     Checking regex v1.13.1
[INFO] [stderr]     Checking unic-ucd-ident v0.9.0
[INFO] [stderr]     Checking brotli-decompressor v5.0.3
[INFO] [stderr]     Checking http v1.5.0
[INFO] [stderr]    Compiling crypto-common v0.1.7
[INFO] [stderr]    Compiling block-buffer v0.10.4
[INFO] [stderr]     Checking toml_datetime v1.1.1+spec-1.1.0
[INFO] [stderr]     Checking serde_spanned v1.1.1
[INFO] [stderr]    Compiling anyhow v1.0.104
[INFO] [stderr]     Checking quick-xml v0.41.0
[INFO] [stderr]     Checking toml_writer v1.1.2+spec-1.1.0
[INFO] [stderr]     Checking same-file v1.0.6
[INFO] [stderr]     Checking scopeguard v1.2.0
[INFO] [stderr]     Checking lock_api v0.4.14
[INFO] [stderr]    Compiling png v0.17.16
[INFO] [stderr]     Checking walkdir v2.5.0
[INFO] [stderr]     Checking keyboard-types v0.7.0
[INFO] [stderr]     Checking brotli v8.0.4
[INFO] [stderr]    Compiling digest v0.10.7
[INFO] [stderr]     Checking dirs v6.0.0
[INFO] [stderr]     Checking x11-dl v2.21.0
[INFO] [stderr]    Compiling dlopen2_derive v0.4.3
[INFO] [stderr]     Checking ctor v0.8.0
[INFO] [stderr]     Checking libloading v0.7.4
[INFO] [stderr]     Checking glob v0.3.4
[INFO] [stderr]     Checking dunce v1.0.5
[INFO] [stderr]     Checking semver v1.0.28
[INFO] [stderr]    Compiling sha2 v0.10.9
[INFO] [stderr]    Compiling wry v0.55.1
[INFO] [stderr]    Compiling zerocopy v0.8.56
[INFO] [stderr]     Checking libappindicator-sys v0.9.0
[INFO] [stderr]     Checking dlopen2 v0.8.2
[INFO] [stderr]    Compiling tauri-runtime v2.11.3
[INFO] [stderr]     Checking dbus v0.9.12
[INFO] [stderr]    Compiling ico v0.5.0
[INFO] [stderr]     Checking gdkwayland-sys v0.18.2
[INFO] [stderr]    Compiling rustix v1.1.4
[INFO] [stderr]    Compiling tauri-runtime-wry v2.11.4
[INFO] [stderr]     Checking storage v0.1.0 (/opt/rustwide/workdir/storage)
[INFO] [stderr]    Compiling serialize-to-javascript-impl v0.1.2
[INFO] [stderr]     Checking getrandom v0.2.17
[INFO] [stderr]     Checking linux-raw-sys v0.12.1
[INFO] [stderr]     Checking rand_core v0.6.4
[INFO] [stderr]     Checking serialize-to-javascript v0.1.2
[INFO] [stderr]     Checking getrandom v0.3.4
[INFO] [stderr]     Checking tokio v1.53.1
[INFO] [stderr]    Compiling serde_repr v0.1.21
[INFO] [stderr]     Checking heck v0.5.0
[INFO] [stderr]     Checking mime v0.3.17
[INFO] [stderr]     Checking windows-input v0.1.0 (/opt/rustwide/workdir/windows-input)
[INFO] [stderr]     Checking vision v0.1.0 (/opt/rustwide/workdir/vision)
[INFO] [stdout] error[E0433]: cannot find `Win32` in `windows`
[INFO] [stdout]  --> windows-input/src/hooks.rs:8:14
[INFO] [stdout]   |
[INFO] [stdout] 8 | use windows::Win32::Foundation::{HINSTANCE, LPARAM, LRESULT, WPARAM};
[INFO] [stdout]   |              ^^^^^ could not find `Win32` in `windows`
[INFO] [stdout] 
[INFO] [stdout] 
[INFO] [stdout] error[E0433]: cannot find `Win32` in `windows`
[INFO] [stdout]  --> windows-input/src/hooks.rs:9:14
[INFO] [stdout]   |
[INFO] [stdout] 9 | use windows::Win32::UI::WindowsAndMessaging::{
[INFO] [stdout]   |              ^^^^^ could not find `Win32` in `windows`
[INFO] [stdout] 
[INFO] [stdout] 
[INFO] [stdout] error[E0433]: cannot find `Win32` in `windows`
[INFO] [stdout]  --> windows-input/src/send.rs:3:14
[INFO] [stdout]   |
[INFO] [stdout] 3 | use windows::Win32::UI::Input::KeyboardAndMouse::{
[INFO] [stdout]   |              ^^^^^ could not find `Win32` in `windows`
[INFO] [stdout] 
[INFO] [stdout] 
[INFO] [stdout] error[E0433]: cannot find `Win32` in `windows`
[INFO] [stdout]   --> windows-input/src/send.rs:10:14
[INFO] [stdout]    |
[INFO] [stdout] 10 | use windows::Win32::UI::WindowsAndMessaging::{
[INFO] [stdout]    |              ^^^^^ could not find `Win32` in `windows`
[INFO] [stdout] 
[INFO] [stdout] 
[INFO] [stdout] error[E0433]: cannot find `Win32` in `windows`
[INFO] [stdout]   --> windows-input/src/send.rs:16:18
[INFO] [stdout]    |
[INFO] [stdout] 16 |     use windows::Win32::Foundation::POINT;
[INFO] [stdout]    |                  ^^^^^ could not find `Win32` in `windows`
[INFO] [stdout] 
[INFO] [stdout] 
[INFO] [stdout] error[E0433]: cannot find `Win32` in `windows`
[INFO] [stdout]   --> windows-input/src/send.rs:17:18
[INFO] [stdout]    |
[INFO] [stdout] 17 |     use windows::Win32::UI::WindowsAndMessaging::GetCursorPos;
[INFO] [stdout]    |                  ^^^^^ could not find `Win32` in `windows`
[INFO] [stdout] 
[INFO] [stdout] 
[INFO] [stdout] error[E0408]: variable `WM_SYSKEYDOWN` is not bound in all patterns
[INFO] [stdout]   --> windows-input/src/hooks.rs:99:17
[INFO] [stdout]    |
[INFO] [stdout] 99 |                 WM_KEYDOWN | WM_SYSKEYDOWN => emit(RawEvent::KeyDown { vk, scan_code, extended, at }),
[INFO] [stdout]    |                 ^^^^^^^^^^   ------------- variable not in all patterns
[INFO] [stdout]    |                 |
[INFO] [stdout]    |                 pattern doesn't bind `WM_SYSKEYDOWN`
[INFO] [stdout]    |
[INFO] [stdout] help: if you meant to match on a unit struct, unit variant or a `const` item, consider making the path in the pattern qualified: `path::to::ModOrType::WM_SYSKEYDOWN`
[INFO] [stdout]   --> windows-input/src/hooks.rs:99:30
[INFO] [stdout]    |
[INFO] [stdout] 99 |                 WM_KEYDOWN | WM_SYSKEYDOWN => emit(RawEvent::KeyDown { vk, scan_code, extended, at }),
[INFO] [stdout]    |                              ^^^^^^^^^^^^^
[INFO] [stdout] 
[INFO] [stdout] 
[INFO] [stdout] error[E0408]: variable `WM_KEYDOWN` is not bound in all patterns
[INFO] [stdout]   --> windows-input/src/hooks.rs:99:30
[INFO] [stdout]    |
[INFO] [stdout] 99 |                 WM_KEYDOWN | WM_SYSKEYDOWN => emit(RawEvent::KeyDown { vk, scan_code, extended, at }),
[INFO] [stdout]    |                 ----------   ^^^^^^^^^^^^^ pattern doesn't bind `WM_KEYDOWN`
[INFO] [stdout]    |                 |
[INFO] [stdout]    |                 variable not in all patterns
[INFO] [stdout]    |
[INFO] [stdout] help: if you meant to match on a unit struct, unit variant or a `const` item, consider making the path in the pattern qualified: `path::to::ModOrType::WM_KEYDOWN`
[INFO] [stdout]   --> windows-input/src/hooks.rs:99:17
[INFO] [stdout]    |
[INFO] [stdout] 99 |                 WM_KEYDOWN | WM_SYSKEYDOWN => emit(RawEvent::KeyDown { vk, scan_code, extended, at }),
[INFO] [stdout]    |                 ^^^^^^^^^^
[INFO] [stdout] 
[INFO] [stdout] 
[INFO] [stdout] error[E0408]: variable `WM_SYSKEYUP` is not bound in all patterns
[INFO] [stdout]    --> windows-input/src/hooks.rs:100:17
[INFO] [stdout]     |
[INFO] [stdout] 100 |                 WM_KEYUP | WM_SYSKEYUP => emit(RawEvent::KeyUp { vk, scan_code, extended, at }),
[INFO] [stdout]     |                 ^^^^^^^^   ----------- variable not in all patterns
[INFO] [stdout]     |                 |
[INFO] [stdout]     |                 pattern doesn't bind `WM_SYSKEYUP`
[INFO] [stdout]     |
[INFO] [stdout] help: if you meant to match on a unit struct, unit variant or a `const` item, consider making the path in the pattern qualified: `path::to::ModOrType::WM_SYSKEYUP`
[INFO] [stdout]    --> windows-input/src/hooks.rs:100:28
[INFO] [stdout]     |
[INFO] [stdout] 100 |                 WM_KEYUP | WM_SYSKEYUP => emit(RawEvent::KeyUp { vk, scan_code, extended, at }),
[INFO] [stdout]     |                            ^^^^^^^^^^^
[INFO] [stdout] 
[INFO] [stdout] 
[INFO] [stdout] error[E0408]: variable `WM_KEYUP` is not bound in all patterns
[INFO] [stdout]    --> windows-input/src/hooks.rs:100:28
[INFO] [stdout]     |
[INFO] [stdout] 100 |                 WM_KEYUP | WM_SYSKEYUP => emit(RawEvent::KeyUp { vk, scan_code, extended, at }),
[INFO] [stdout]     |                 --------   ^^^^^^^^^^^ pattern doesn't bind `WM_KEYUP`
[INFO] [stdout]     |                 |
[INFO] [stdout]     |                 variable not in all patterns
[INFO] [stdout]     |
[INFO] [stdout] help: if you meant to match on a unit struct, unit variant or a `const` item, consider making the path in the pattern qualified: `path::to::ModOrType::WM_KEYUP`
[INFO] [stdout]    --> windows-input/src/hooks.rs:100:17
[INFO] [stdout]     |
[INFO] [stdout] 100 |                 WM_KEYUP | WM_SYSKEYUP => emit(RawEvent::KeyUp { vk, scan_code, extended, at }),
[INFO] [stdout]     |                 ^^^^^^^^
[INFO] [stdout] 
[INFO] [stdout] 
[INFO] [stdout] error[E0433]: cannot find `Win32` in `windows`
[INFO] [stdout]  --> vision/src/capture.rs:2:14
[INFO] [stdout]   |
[INFO] [stdout] 2 | use windows::Win32::Graphics::Gdi::{
[INFO] [stdout]   |              ^^^^^ could not find `Win32` in `windows`
[INFO] [stdout] 
[INFO] [stdout] 
[INFO] [stdout] error[E0433]: cannot find `Win32` in `windows`
[INFO] [stdout]  --> vision/src/capture.rs:6:14
[INFO] [stdout]   |
[INFO] [stdout] 6 | use windows::Win32::UI::WindowsAndMessaging::{
[INFO] [stdout]   |              ^^^^^ could not find `Win32` in `windows`
[INFO] [stdout] 
[INFO] [stdout] 
[INFO] [stdout] error[E0433]: cannot find `Win32` in `windows`
[INFO] [stdout]    --> windows-input/src/hooks.rs:145:37
[INFO] [stdout]     |
[INFO] [stdout] 145 |         let _ = id_tx.send(windows::Win32::System::Threading::GetCurrentThreadId());
[INFO] [stdout]     |                                     ^^^^^ could not find `Win32` in `windows`
[INFO] [stdout] 
[INFO] [stdout] 
[INFO] [stdout] error[E0433]: cannot find `Win32` in `windows`
[INFO] [stdout]   --> windows-input/src/send.rs:40:35
[INFO] [stdout]    |
[INFO] [stdout] 40 |                 dwFlags: windows::Win32::UI::Input::KeyboardAndMouse::MOUSE_EVENT_FLAGS(flags),
[INFO] [stdout]    |                                   ^^^^^ could not find `Win32` in `windows`
[INFO] [stdout] 
[INFO] [stdout] 
[INFO] [stdout] error[E0433]: cannot find `Win32` in `windows`
[INFO] [stdout]    --> windows-input/src/send.rs:118:35
[INFO] [stdout]     |
[INFO] [stdout] 118 |                 dwFlags: windows::Win32::UI::Input::KeyboardAndMouse::KEYBD_EVENT_FLAGS(flags),
[INFO] [stdout]     |                                   ^^^^^ could not find `Win32` in `windows`
[INFO] [stdout] 
[INFO] [stdout] 
[INFO] [stdout] Some errors have detailed explanations: E0408, E0433.
[INFO] [stdout] 
[INFO] [stdout] For more information about an error, try `rustc --explain E0408`.
[INFO] [stdout] 
[INFO] [stderr] error: could not compile `windows-input` (lib) due to 13 previous errors
[INFO] [stderr] warning: build failed, waiting for other jobs to finish...
[INFO] [stdout] For more information about this error, try `rustc --explain E0433`.
[INFO] [stdout] 
[INFO] [stderr] error: could not compile `vision` (lib) due to 2 previous errors
[INFO] running `Command { std: "docker" "inspect" "25332c5ffc97bdb76d103b2f10b121444f71c67813ac9b0aa841ccd09d4fad42", kill_on_drop: false }`
[INFO] running `Command { std: "docker" "rm" "-f" "25332c5ffc97bdb76d103b2f10b121444f71c67813ac9b0aa841ccd09d4fad42", kill_on_drop: false }`
[INFO] [stdout] 25332c5ffc97bdb76d103b2f10b121444f71c67813ac9b0aa841ccd09d4fad42
