[INFO] cloning repository https://github.com/egecagintepe/ZonDPI
[INFO] running `Command { std: "git" "-c" "credential.helper=" "-c" "credential.helper=/workspace/cargo-home/bin/git-credential-null" "clone" "--bare" "https://github.com/egecagintepe/ZonDPI" "/workspace/cache/git-repos/https%3A%2F%2Fgithub.com%2Fegecagintepe%2FZonDPI", kill_on_drop: false }`
[INFO] [stderr] Cloning into bare repository '/workspace/cache/git-repos/https%3A%2F%2Fgithub.com%2Fegecagintepe%2FZonDPI'...
[INFO] running `Command { std: "git" "rev-parse" "HEAD", kill_on_drop: false }`
[INFO] [stdout] 56a8f2041002a54610231e390035db9d5f28ce4e
[INFO] checking egecagintepe/ZonDPI against 3154cc1a3e6424e44f438a95007d043ed5ceaaf6+rustflags=-Znext-solver=coherence for pr-133502-30
[INFO] running `Command { std: "git" "clone" "/workspace/cache/git-repos/https%3A%2F%2Fgithub.com%2Fegecagintepe%2FZonDPI" "/workspace/builds/worker-7-tc1/source", kill_on_drop: false }`
[INFO] [stderr] Cloning into '/workspace/builds/worker-7-tc1/source'...
[INFO] [stderr] done.
[INFO] started tweaking git repo https://github.com/egecagintepe/ZonDPI
[INFO] finished tweaking git repo https://github.com/egecagintepe/ZonDPI
[INFO] tweaked toml for git repo https://github.com/egecagintepe/ZonDPI written to /workspace/builds/worker-7-tc1/source/Cargo.toml
[INFO] validating manifest of git repo https://github.com/egecagintepe/ZonDPI on toolchain 3154cc1a3e6424e44f438a95007d043ed5ceaaf6
[INFO] running `Command { std: CARGO_HOME="/workspace/cargo-home" RUSTUP_HOME="/workspace/rustup-home" "/workspace/cargo-home/bin/cargo" "+3154cc1a3e6424e44f438a95007d043ed5ceaaf6" "metadata" "--manifest-path" "Cargo.toml" "--no-deps", kill_on_drop: false }`
[INFO] crate git repo https://github.com/egecagintepe/ZonDPI already has a lockfile, it will not be regenerated
[INFO] running `Command { std: CARGO_HOME="/workspace/cargo-home" RUSTUP_HOME="/workspace/rustup-home" "/workspace/cargo-home/bin/cargo" "+3154cc1a3e6424e44f438a95007d043ed5ceaaf6" "fetch" "--manifest-path" "Cargo.toml", kill_on_drop: false }`
[INFO] [stderr] warning: unused workspace dependency `windows`
[INFO] [stderr]   --> Cargo.toml:10:1
[INFO] [stderr]    |
[INFO] [stderr] 10 | windows = "0.58"
[INFO] [stderr]    | ^^^^^^^
[INFO] [stderr]    |
[INFO] [stderr]    = note: `cargo::unused_workspace_dependencies` is set to `warn` by default
[INFO] [stderr] help: consider removing the workspace dependency `windows`
[INFO] [stderr] warning: unused workspace dependency `zondpi-engine-byedpi`
[INFO] [stderr]   --> Cargo.toml:43:25
[INFO] [stderr]    |
[INFO] [stderr] 43 | [workspace.dependencies.zondpi-engine-byedpi]
[INFO] [stderr]    |                         ^^^^^^^^^^^^^^^^^^^^
[INFO] [stderr]    |
[INFO] [stderr] help: consider removing the workspace dependency `zondpi-engine-byedpi`
[INFO] [stderr] warning: unused workspace dependency `zondpi-engine-goodbye`
[INFO] [stderr]   --> Cargo.toml:46:25
[INFO] [stderr]    |
[INFO] [stderr] 46 | [workspace.dependencies.zondpi-engine-goodbye]
[INFO] [stderr]    |                         ^^^^^^^^^^^^^^^^^^^^^
[INFO] [stderr]    |
[INFO] [stderr] help: consider removing the workspace dependency `zondpi-engine-goodbye`
[INFO] [stderr] warning: unused workspace dependency `zondpi-flow-tracker`
[INFO] [stderr]   --> Cargo.toml:49:25
[INFO] [stderr]    |
[INFO] [stderr] 49 | [workspace.dependencies.zondpi-flow-tracker]
[INFO] [stderr]    |                         ^^^^^^^^^^^^^^^^^^^
[INFO] [stderr]    |
[INFO] [stderr] help: consider removing the workspace dependency `zondpi-flow-tracker`
[INFO] [stderr] warning: unused workspace dependency `zondpi-protocol-parsers`
[INFO] [stderr]   --> Cargo.toml:61:25
[INFO] [stderr]    |
[INFO] [stderr] 61 | [workspace.dependencies.zondpi-protocol-parsers]
[INFO] [stderr]    |                         ^^^^^^^^^^^^^^^^^^^^^^^
[INFO] [stderr]    |
[INFO] [stderr] help: consider removing the workspace dependency `zondpi-protocol-parsers`
[INFO] [stderr] warning: workspace (manifest) generated 5 warnings
[INFO] [stderr]  Downloading crates ...
[INFO] [stderr]   Downloaded tauri-plugin-shell v2.3.6
[INFO] [stderr]   Downloaded open v5.4.3
[INFO] [stderr]   Downloaded interprocess v2.4.3
[INFO] [stderr]   Downloaded windows-service v0.8.1
[INFO] running `Command { std: "docker" "create" "-v" "/var/lib/crater-agent-workspace/builds/worker-7-tc1/source:/opt/rustwide/workdir:ro,Z" "-v" "/var/lib/crater-agent-workspace/builds/worker-7-tc1/target:/opt/rustwide/target:rw,Z" "-v" "/var/lib/crater-agent-workspace/cargo-home:/opt/rustwide/cargo-home:ro,Z" "-v" "/var/lib/crater-agent-workspace/rustup-home:/opt/rustwide/rustup-home:ro,Z" "-m" "1610612736" "--network" "none" "ghcr.io/rust-lang/crates-build-env/linux@sha256:77db811e55d90add9212f6832c23229e3de5f1c1f9905e8cb07319ea15df73ac" "sleep" "infinity", kill_on_drop: false }`
[INFO] [stdout] 17cbb21745d4f90e5e28b3d2e5956910ef4d7736b90a458fc6282fb1ba6c67f8
[INFO] running `Command { std: "docker" "start" "17cbb21745d4f90e5e28b3d2e5956910ef4d7736b90a458fc6282fb1ba6c67f8", kill_on_drop: false }`
[INFO] running `Command { std: "docker" "inspect" "17cbb21745d4f90e5e28b3d2e5956910ef4d7736b90a458fc6282fb1ba6c67f8", kill_on_drop: false }`
[INFO] running `Command { std: "docker" "exec" "-e" "SOURCE_DIR=/opt/rustwide/workdir" "-e" "CARGO_HOME=/opt/rustwide/cargo-home" "-e" "RUSTUP_HOME=/opt/rustwide/rustup-home" "-e" "CARGO_TARGET_DIR=/opt/rustwide/target" "-w" "/opt/rustwide/workdir" "--user" "0:0" "17cbb21745d4f90e5e28b3d2e5956910ef4d7736b90a458fc6282fb1ba6c67f8" "/opt/rustwide/cargo-home/bin/cargo" "+3154cc1a3e6424e44f438a95007d043ed5ceaaf6" "metadata" "--no-deps" "--format-version=1", kill_on_drop: false }`
[INFO] running `Command { std: "docker" "inspect" "17cbb21745d4f90e5e28b3d2e5956910ef4d7736b90a458fc6282fb1ba6c67f8", kill_on_drop: false }`
[INFO] running `Command { std: "docker" "exec" "-e" "SOURCE_DIR=/opt/rustwide/workdir" "-e" "CARGO_HOME=/opt/rustwide/cargo-home" "-e" "RUSTUP_HOME=/opt/rustwide/rustup-home" "-e" "CARGO_TARGET_DIR=/opt/rustwide/target" "-e" "CARGO_INCREMENTAL=0" "-e" "RUST_BACKTRACE=full" "-e" "RUSTFLAGS=--cap-lints=forbid -Znext-solver=coherence" "-e" "RUSTDOCFLAGS=--cap-lints=forbid" "-w" "/opt/rustwide/workdir" "--user" "0:0" "17cbb21745d4f90e5e28b3d2e5956910ef4d7736b90a458fc6282fb1ba6c67f8" "/opt/rustwide/cargo-home/bin/cargo" "+3154cc1a3e6424e44f438a95007d043ed5ceaaf6" "check" "--frozen" "--all" "--all-targets" "--message-format=json", kill_on_drop: false }`
[INFO] [stderr] warning: unused workspace dependency `windows`
[INFO] [stderr]   --> Cargo.toml:10:1
[INFO] [stderr]    |
[INFO] [stderr] 10 | windows = "0.58"
[INFO] [stderr]    | ^^^^^^^
[INFO] [stderr]    |
[INFO] [stderr]    = note: `cargo::unused_workspace_dependencies` is set to `warn` by default
[INFO] [stderr] help: consider removing the workspace dependency `windows`
[INFO] [stderr] warning: unused workspace dependency `zondpi-engine-byedpi`
[INFO] [stderr]   --> Cargo.toml:43:25
[INFO] [stderr]    |
[INFO] [stderr] 43 | [workspace.dependencies.zondpi-engine-byedpi]
[INFO] [stderr]    |                         ^^^^^^^^^^^^^^^^^^^^
[INFO] [stderr]    |
[INFO] [stderr] help: consider removing the workspace dependency `zondpi-engine-byedpi`
[INFO] [stderr] warning: unused workspace dependency `zondpi-engine-goodbye`
[INFO] [stderr]   --> Cargo.toml:46:25
[INFO] [stderr]    |
[INFO] [stderr] 46 | [workspace.dependencies.zondpi-engine-goodbye]
[INFO] [stderr]    |                         ^^^^^^^^^^^^^^^^^^^^^
[INFO] [stderr]    |
[INFO] [stderr] help: consider removing the workspace dependency `zondpi-engine-goodbye`
[INFO] [stderr] warning: unused workspace dependency `zondpi-flow-tracker`
[INFO] [stderr]   --> Cargo.toml:49:25
[INFO] [stderr]    |
[INFO] [stderr] 49 | [workspace.dependencies.zondpi-flow-tracker]
[INFO] [stderr]    |                         ^^^^^^^^^^^^^^^^^^^
[INFO] [stderr]    |
[INFO] [stderr] help: consider removing the workspace dependency `zondpi-flow-tracker`
[INFO] [stderr] warning: unused workspace dependency `zondpi-protocol-parsers`
[INFO] [stderr]   --> Cargo.toml:61:25
[INFO] [stderr]    |
[INFO] [stderr] 61 | [workspace.dependencies.zondpi-protocol-parsers]
[INFO] [stderr]    |                         ^^^^^^^^^^^^^^^^^^^^^^^
[INFO] [stderr]    |
[INFO] [stderr] help: consider removing the workspace dependency `zondpi-protocol-parsers`
[INFO] [stderr] warning: workspace (manifest) generated 5 warnings
[INFO] [stderr]    Compiling smallvec v1.16.0
[INFO] [stderr]    Compiling quote v1.0.47
[INFO] [stderr]     Checking bitflags v2.13.1
[INFO] [stderr]     Checking mio v1.2.3
[INFO] [stderr]     Checking socket2 v0.6.5
[INFO] [stderr]    Compiling winnow v1.0.4
[INFO] [stderr]    Compiling getrandom v0.4.3
[INFO] [stderr]    Compiling uuid v1.26.0
[INFO] [stderr]    Compiling syn v3.0.4
[INFO] [stderr]    Compiling syn v2.0.119
[INFO] [stderr]     Checking parking_lot_core v0.9.12
[INFO] [stderr]    Compiling cfg-expr v0.15.8
[INFO] [stderr]    Compiling proc-macro-error-attr v1.0.4
[INFO] [stderr]     Checking parking_lot v0.12.5
[INFO] [stderr]    Compiling string_cache_codegen v0.6.1
[INFO] [stderr]    Compiling proc-macro-error v1.0.4
[INFO] [stderr]    Compiling toml_parser v1.1.3+spec-1.1.0
[INFO] [stderr]    Compiling toml_datetime v1.1.1+spec-1.1.0
[INFO] [stderr]    Compiling regex-automata v0.4.18
[INFO] [stderr]    Compiling string_cache v0.9.0
[INFO] [stderr]    Compiling cfb v0.7.3
[INFO] [stderr]    Compiling web_atoms v0.2.6
[INFO] [stderr]    Compiling gtk v0.18.2
[INFO] [stderr]    Compiling toml v1.1.5+spec-1.1.0
[INFO] [stderr]    Compiling toml v0.9.12+spec-1.1.0
[INFO] [stderr]    Compiling infer v0.19.0
[INFO] [stderr]    Compiling dirs-sys v0.5.0
[INFO] [stderr]    Compiling x11 v2.21.0
[INFO] [stderr]    Compiling doctest-file v1.1.1
[INFO] [stderr]    Compiling embed-resource v3.0.11
[INFO] [stderr]    Compiling tauri-winres v0.3.6
[INFO] [stderr]    Compiling generic-array v0.14.7
[INFO] [stderr]    Compiling dirs v6.0.0
[INFO] [stderr]     Checking form_urlencoded v1.2.2
[INFO] [stderr]    Compiling miniz_oxide v0.9.1
[INFO] [stderr]    Compiling crc32fast v1.5.1
[INFO] [stderr]    Compiling cookie v0.18.2
[INFO] [stderr]    Compiling x11-dl v2.21.0
[INFO] [stderr]    Compiling regex v1.13.1
[INFO] [stderr]    Compiling libdbus-sys v0.2.7
[INFO] [stderr]     Checking indexmap v2.14.1
[INFO] [stderr]    Compiling flate2 v1.1.10
[INFO] [stderr]    Compiling crypto-common v0.1.7
[INFO] [stderr]    Compiling block-buffer v0.10.4
[INFO] [stderr]    Compiling windows_x86_64_gnu v0.52.6
[INFO] [stderr]    Compiling digest v0.10.7
[INFO] [stderr]    Compiling png v0.17.16
[INFO] [stderr]     Checking ctor v0.8.0
[INFO] [stderr]    Compiling tauri-runtime v2.11.3
[INFO] [stderr]    Compiling wry v0.55.1
[INFO] [stderr]    Compiling signal-hook v0.3.18
[INFO] [stderr]     Checking glob v0.3.4
[INFO] [stderr]     Checking semver v1.0.28
[INFO] [stderr]    Compiling sha2 v0.10.9
[INFO] [stderr]     Checking dbus v0.9.12
[INFO] [stderr]    Compiling synstructure v0.13.2
[INFO] [stderr]    Compiling darling_core v0.23.0
[INFO] [stderr]    Compiling serde_derive_internals v0.29.1
[INFO] [stderr]    Compiling ico v0.5.0
[INFO] [stderr]    Compiling tauri-runtime-wry v2.11.4
[INFO] [stderr]     Checking png v0.18.1
[INFO] [stderr]     Checking windows-targets v0.52.6
[INFO] [stderr]    Compiling serde_derive v1.0.229
[INFO] [stderr]    Compiling zerovec-derive v0.11.6
[INFO] [stderr]    Compiling displaydoc v0.2.7
[INFO] [stderr]    Compiling tokio-macros v2.7.2
[INFO] [stderr]    Compiling futures-macro v0.3.34
[INFO] [stderr]    Compiling thiserror-impl v2.0.20
[INFO] [stderr]    Compiling thiserror-impl v1.0.69
[INFO] [stderr]    Compiling zerofrom-derive v0.1.7
[INFO] [stderr]    Compiling yoke-derive v0.8.2
[INFO] [stderr]    Compiling phf_macros v0.13.1
[INFO] [stderr]     Checking futures-util v0.3.34
[INFO] [stderr]     Checking tokio v1.53.1
[INFO] [stderr]    Compiling tracing-attributes v0.1.31
[INFO] [stderr]     Checking thiserror v1.0.69
[INFO] [stderr]    Compiling phf v0.13.1
[INFO] [stderr]    Compiling derive_more-impl v2.1.1
[INFO] [stderr]    Compiling zerofrom v0.1.8
[INFO] [stderr]    Compiling yoke v0.8.3
[INFO] [stderr]     Checking zerovec v0.11.8
[INFO] [stderr]    Compiling zerotrie v0.2.5
[INFO] [stderr]    Compiling darling_macro v0.23.0
[INFO] [stderr]    Compiling tinystr v0.8.4
[INFO] [stderr]    Compiling icu_locale_core v2.3.0
[INFO] [stderr]    Compiling potential_utf v0.1.6
[INFO] [stderr]    Compiling icu_collections v2.3.0
[INFO] [stderr]    Compiling darling v0.23.0
[INFO] [stderr]    Compiling serde_with_macros v3.22.0
[INFO] [stderr]     Checking tracing v0.1.44
[INFO] [stderr]    Compiling cssparser-macros v0.6.1
[INFO] [stderr]    Compiling derive_more v2.1.1
[INFO] [stderr]     Checking futures-executor v0.3.34
[INFO] [stderr]    Compiling serde v1.0.229
[INFO] [stderr]    Compiling cssparser v0.36.0
[INFO] [stderr]    Compiling thiserror v2.0.20
[INFO] [stderr]    Compiling icu_provider v2.3.1
[INFO] [stderr]    Compiling markup5ever v0.38.0
[INFO] [stderr]    Compiling schemars_derive v0.8.22
[INFO] [stderr]    Compiling html5ever v0.38.0
[INFO] [stderr]    Compiling serde_with v3.22.0
[INFO] [stderr]    Compiling toml_datetime v0.6.3
[INFO] [stderr]    Compiling serde_spanned v0.6.9
[INFO] [stderr]    Compiling icu_properties v2.3.0
[INFO] [stderr]    Compiling toml_edit v0.20.2
[INFO] [stderr]    Compiling icu_normalizer v2.3.0
[INFO] [stderr]    Compiling selectors v0.36.1
[INFO] [stderr]    Compiling indexmap v1.9.3
[INFO] [stderr]    Compiling jsonptr v0.6.3
[INFO] [stderr]    Compiling cargo-platform v0.1.9
[INFO] [stderr]    Compiling cargo_metadata v0.19.2
[INFO] [stderr]    Compiling json-patch v3.0.1
[INFO] [stderr]    Compiling toml_edit v0.19.15
[INFO] [stderr]    Compiling idna_adapter v1.2.2
[INFO] [stderr]    Compiling plist v1.10.0
[INFO] [stderr]    Compiling idna v1.1.0
[INFO] [stderr]    Compiling dom_query v0.27.0
[INFO] [stderr]    Compiling url v2.5.8
[INFO] [stderr]    Compiling toml v0.8.2
[INFO] [stderr]    Compiling proc-macro-crate v2.0.2
[INFO] [stderr]    Compiling system-deps v6.2.2
[INFO] [stderr]    Compiling schemars v0.8.22
[INFO] [stderr]    Compiling urlpattern v0.3.0
[INFO] [stderr]    Compiling async-trait v0.1.92
[INFO] [stderr]    Compiling proc-macro-crate v1.3.1
[INFO] [stderr]     Checking zondpi-ipc-protocol v1.0.5 (/opt/rustwide/workdir/core/ipc-protocol)
[INFO] [stderr]    Compiling glib-sys v0.18.1
[INFO] [stderr]    Compiling gobject-sys v0.18.0
[INFO] [stderr]    Compiling gio-sys v0.18.1
[INFO] [stderr]    Compiling gdk-sys v0.18.2
[INFO] [stderr]    Compiling pango-sys v0.18.0
[INFO] [stderr]    Compiling gdk-pixbuf-sys v0.18.0
[INFO] [stderr]    Compiling cairo-sys-rs v0.18.2
[INFO] [stderr]    Compiling atk-sys v0.18.2
[INFO] [stderr]    Compiling glib-macros v0.18.5
[INFO] [stderr]    Compiling gtk-sys v0.18.2
[INFO] [stderr]    Compiling tauri-utils v2.9.3
[INFO] [stderr]     Checking zondpi-packet-engine v1.0.5 (/opt/rustwide/workdir/core/packet-engine)
[INFO] [stderr]    Compiling gtk3-macros v0.18.2
[INFO] [stderr]    Compiling javascriptcore-rs-sys v1.1.1
[INFO] [stderr]    Compiling soup3-sys v0.5.0
[INFO] [stderr]    Compiling webkit2gtk-sys v2.0.2
[INFO] [stderr]    Compiling gdkx11-sys v0.18.2
[INFO] [stderr]     Checking interprocess v2.4.3
[INFO] [stderr]    Compiling cargo_toml v0.22.3
[INFO] [stderr]     Checking dpi v0.1.2
[INFO] [stderr]    Compiling dlopen2_derive v0.4.3
[INFO] [stderr]    Compiling clap_derive v4.6.4
[INFO] [stderr]     Checking dlopen2 v0.8.2
[INFO] [stderr]     Checking gdkwayland-sys v0.18.2
[INFO] [stderr]     Checking keyboard-types v0.7.0
[INFO] [stderr]     Checking zondpi-compatibility v1.0.5 (/opt/rustwide/workdir/core/compatibility)
[INFO] [stderr]    Compiling serialize-to-javascript-impl v0.1.2
[INFO] [stderr]     Checking libappindicator-sys v0.9.0
[INFO] [stderr]     Checking matchers v0.2.0
[INFO] [stderr]     Checking is-docker v0.2.0
[INFO] [stderr]     Checking os_pipe v1.2.3
[INFO] [stderr]     Checking tracing-subscriber v0.3.23
[INFO] [stderr]     Checking glib v0.18.5
[INFO] [stderr]     Checking sigchld v0.2.4
[INFO] [stderr]     Checking is-wsl v0.4.0
[INFO] [stderr]     Checking serialize-to-javascript v0.1.2
[INFO] [stderr]     Checking zondpi-profile-engine v1.0.5 (/opt/rustwide/workdir/core/profile-engine)
[INFO] [stderr]     Checking zondpi-diagnostics v1.0.5 (/opt/rustwide/workdir/core/diagnostics)
[INFO] [stderr]     Checking zondpi-dns v1.0.5 (/opt/rustwide/workdir/core/dns)
[INFO] [stderr]     Checking windows-sys v0.59.0
[INFO] [stderr]     Checking clap v4.6.6
[INFO] [stderr]    Compiling serde_repr v0.1.21
[INFO] [stderr]     Checking getrandom v0.3.4
[INFO] [stderr]     Checking windows-service v0.8.1
[INFO] [stderr]     Checking heck v0.5.0
[INFO] [stderr]     Checking open v5.4.3
[INFO] [stderr]     Checking shared_child v1.1.1
[INFO] [stderr]     Checking zondpi-cli v1.0.5 (/opt/rustwide/workdir/tools/zondpi-cli)
[INFO] [stdout] warning: unused imports: `IpcRequest`, `read_response`, and `write_request`
[INFO] [stdout]  --> tools/zondpi-cli/src/main.rs:6:15
[INFO] [stdout]   |
[INFO] [stdout] 6 |     framing::{read_response, write_request},
[INFO] [stdout]   |               ^^^^^^^^^^^^^  ^^^^^^^^^^^^^
[INFO] [stdout] 7 |     IpcCommand, IpcRequest, IpcResponse, LogEntryDto, ProfileSummaryDto, RecommendationDto,
[INFO] [stdout]   |                 ^^^^^^^^^^
[INFO] [stdout]   |
[INFO] [stdout]   = note: `#[warn(unused_imports)]` (part of `#[warn(unused)]`) on by default
[INFO] [stdout] 
[INFO] [stdout] 
[INFO] [stdout] warning: unused imports: `IpcRequest`, `read_response`, and `write_request`
[INFO] [stdout]  --> tools/zondpi-cli/src/main.rs:6:15
[INFO] [stdout]   |
[INFO] [stdout] 6 |     framing::{read_response, write_request},
[INFO] [stdout]   |               ^^^^^^^^^^^^^  ^^^^^^^^^^^^^
[INFO] [stdout] 7 |     IpcCommand, IpcRequest, IpcResponse, LogEntryDto, ProfileSummaryDto, RecommendationDto,
[INFO] [stdout]   |                 ^^^^^^^^^^
[INFO] [stdout]   |
[INFO] [stdout]   = note: `#[warn(unused_imports)]` (part of `#[warn(unused)]`) on by default
[INFO] [stdout] 
[INFO] [stdout] 
[INFO] [stderr]     Checking zondpi-engine-goodbye v1.0.5 (/opt/rustwide/workdir/engines/goodbye)
[INFO] [stderr]     Checking zondpi-engine-byedpi v1.0.5 (/opt/rustwide/workdir/engines/byedpi)
[INFO] [stderr]     Checking zondpi-protocol-parsers v1.0.5 (/opt/rustwide/workdir/core/protocol-parsers)
[INFO] [stderr]     Checking zondpi-flow-tracker v1.0.5 (/opt/rustwide/workdir/core/flow-tracker)
[INFO] [stderr]     Checking zondpi-service v1.0.5 (/opt/rustwide/workdir/service/windows-service)
[INFO] [stdout] error[E0433]: cannot find `windows` in `net`
[INFO] [stdout]    --> service/windows-service/src/ipc_server/mod.rs:6:17
[INFO] [stdout]     |
[INFO] [stdout]   6 | use tokio::net::windows::named_pipe::{NamedPipeServer, ServerOptions};
[INFO] [stdout]     |                 ^^^^^^^ could not find `windows` in `net`
[INFO] [stdout]     |
[INFO] [stdout] note: found an item that was configured out
[INFO] [stdout]    --> /opt/rustwide/cargo-home/registry/src/index.crates.io-1949cf8c6b5b557f/tokio-1.53.1/src/net/mod.rs:63:13
[INFO] [stdout]     |
[INFO] [stdout]  63 |     pub mod windows;
[INFO] [stdout]     |             ^^^^^^^
[INFO] [stdout]     |
[INFO] [stdout]    ::: /opt/rustwide/cargo-home/registry/src/index.crates.io-1949cf8c6b5b557f/tokio-1.53.1/src/macros/cfg.rs:387:26
[INFO] [stdout]     |
[INFO] [stdout] 387 |             #[cfg(all(any(all(doc, docsrs), windows), feature = "net"))]
[INFO] [stdout]     |                          --------------------------- the item is gated here
[INFO] [stdout] 
[INFO] [stdout] 
[INFO] [stdout] error[E0432]: unresolved imports `windows_service::define_windows_service`, `windows_service::service`, `windows_service::service_control_handler`, `windows_service::service_dispatcher`
[INFO] [stdout]   --> service/windows-service/src/hosts/service.rs:7:5
[INFO] [stdout]    |
[INFO] [stdout]  7 |     define_windows_service,
[INFO] [stdout]    |     ^^^^^^^^^^^^^^^^^^^^^^ no `define_windows_service` in the root
[INFO] [stdout]  8 |     service::{
[INFO] [stdout]    |     ^^^^^^^ could not find `service` in `windows_service`
[INFO] [stdout] ...
[INFO] [stdout] 12 |     service_control_handler::{self, ServiceControlHandlerResult},
[INFO] [stdout]    |     ^^^^^^^^^^^^^^^^^^^^^^^ could not find `service_control_handler` in `windows_service`
[INFO] [stdout] 13 |     service_dispatcher,
[INFO] [stdout]    |     ^^^^^^^^^^^^^^^^^^ no `service_dispatcher` in the root
[INFO] [stdout] 
[INFO] [stdout] 
[INFO] [stdout] error[E0432]: unresolved import `windows_service::service`
[INFO] [stdout]  --> service/windows-service/src/service_scm.rs:6:22
[INFO] [stdout]   |
[INFO] [stdout] 6 | use windows_service::service::{
[INFO] [stdout]   |                      ^^^^^^^ could not find `service` in `windows_service`
[INFO] [stdout] 
[INFO] [stdout] 
[INFO] [stdout] error[E0432]: unresolved import `windows_service::service_manager`
[INFO] [stdout]   --> service/windows-service/src/service_scm.rs:10:22
[INFO] [stdout]    |
[INFO] [stdout] 10 | use windows_service::service_manager::{ServiceManager, ServiceManagerAccess};
[INFO] [stdout]    |                      ^^^^^^^^^^^^^^^ could not find `service_manager` in `windows_service`
[INFO] [stdout] 
[INFO] [stdout] 
[INFO] [stdout] error[E0433]: cannot find `windows` in `net`
[INFO] [stdout]    --> service/windows-service/src/ipc_server/mod.rs:6:17
[INFO] [stdout]     |
[INFO] [stdout]   6 | use tokio::net::windows::named_pipe::{NamedPipeServer, ServerOptions};
[INFO] [stdout]     |                 ^^^^^^^ could not find `windows` in `net`
[INFO] [stdout]     |
[INFO] [stdout] note: found an item that was configured out
[INFO] [stdout]    --> /opt/rustwide/cargo-home/registry/src/index.crates.io-1949cf8c6b5b557f/tokio-1.53.1/src/net/mod.rs:63:13
[INFO] [stdout]     |
[INFO] [stdout]  63 |     pub mod windows;
[INFO] [stdout]     |             ^^^^^^^
[INFO] [stdout]     |
[INFO] [stdout]    ::: /opt/rustwide/cargo-home/registry/src/index.crates.io-1949cf8c6b5b557f/tokio-1.53.1/src/macros/cfg.rs:387:26
[INFO] [stdout]     |
[INFO] [stdout] 387 |             #[cfg(all(any(all(doc, docsrs), windows), feature = "net"))]
[INFO] [stdout]     |                          --------------------------- the item is gated here
[INFO] [stdout] 
[INFO] [stdout] 
[INFO] [stdout] error[E0432]: unresolved imports `windows_service::define_windows_service`, `windows_service::service`, `windows_service::service_control_handler`, `windows_service::service_dispatcher`
[INFO] [stdout]   --> service/windows-service/src/hosts/service.rs:7:5
[INFO] [stdout]    |
[INFO] [stdout]  7 |     define_windows_service,
[INFO] [stdout]    |     ^^^^^^^^^^^^^^^^^^^^^^ no `define_windows_service` in the root
[INFO] [stdout]  8 |     service::{
[INFO] [stdout]    |     ^^^^^^^ could not find `service` in `windows_service`
[INFO] [stdout] ...
[INFO] [stdout] 12 |     service_control_handler::{self, ServiceControlHandlerResult},
[INFO] [stdout]    |     ^^^^^^^^^^^^^^^^^^^^^^^ could not find `service_control_handler` in `windows_service`
[INFO] [stdout] 13 |     service_dispatcher,
[INFO] [stdout]    |     ^^^^^^^^^^^^^^^^^^ no `service_dispatcher` in the root
[INFO] [stdout] 
[INFO] [stdout] 
[INFO] [stdout] error[E0432]: unresolved import `windows_service::service`
[INFO] [stdout]  --> service/windows-service/src/service_scm.rs:6:22
[INFO] [stdout]   |
[INFO] [stdout] 6 | use windows_service::service::{
[INFO] [stdout]   |                      ^^^^^^^ could not find `service` in `windows_service`
[INFO] [stdout] 
[INFO] [stdout] 
[INFO] [stdout] error[E0432]: unresolved import `windows_service::service_manager`
[INFO] [stdout]   --> service/windows-service/src/service_scm.rs:10:22
[INFO] [stdout]    |
[INFO] [stdout] 10 | use windows_service::service_manager::{ServiceManager, ServiceManagerAccess};
[INFO] [stdout]    |                      ^^^^^^^^^^^^^^^ could not find `service_manager` in `windows_service`
[INFO] [stdout] 
[INFO] [stdout] 
[INFO] [stdout] error[E0425]: cannot find type `Error` in crate `windows_service`
[INFO] [stdout]   --> service/windows-service/src/hosts/service.rs:24:53
[INFO] [stdout]    |
[INFO] [stdout] 24 | pub fn run_service() -> Result<(), windows_service::Error> {
[INFO] [stdout]    |                                                     ^^^^^ not found in `windows_service`
[INFO] [stdout]    |
[INFO] [stdout] help: consider importing one of these items
[INFO] [stdout]    |
[INFO] [stdout]  3 + use std::error::Error;
[INFO] [stdout]    |
[INFO] [stdout]  3 + use std::fmt::Error;
[INFO] [stdout]    |
[INFO] [stdout]  3 + use std::io::Error;
[INFO] [stdout]    |
[INFO] [stdout]  3 + use clap::Error;
[INFO] [stdout]    |
[INFO] [stdout]    = and 8 other candidates
[INFO] [stdout] help: if you import `Error`, refer to it directly
[INFO] [stdout]    |
[INFO] [stdout] 24 - pub fn run_service() -> Result<(), windows_service::Error> {
[INFO] [stdout] 24 + pub fn run_service() -> Result<(), Error> {
[INFO] [stdout]    |
[INFO] [stdout] 
[INFO] [stdout] 
[INFO] [stdout] error[E0425]: cannot find value `ffi_service_main` in this scope
[INFO] [stdout]   --> service/windows-service/src/hosts/service.rs:25:45
[INFO] [stdout]    |
[INFO] [stdout] 25 |     service_dispatcher::start(SERVICE_NAME, ffi_service_main)
[INFO] [stdout]    |                                             ^^^^^^^^^^^^^^^^ not found in this scope
[INFO] [stdout]    |
[INFO] [stdout] note: similarly named function `service_main` defined here
[INFO] [stdout]   --> service/windows-service/src/hosts/service.rs:28:1
[INFO] [stdout]    |
[INFO] [stdout] 28 | fn service_main(_arguments: Vec<OsString>) {
[INFO] [stdout]    | ^^^^^^^^^^^^^^^^^^^^^^^^^^^^^^^^^^^^^^^^^^
[INFO] [stdout] help: a function with a similar name exists
[INFO] [stdout]    |
[INFO] [stdout] 25 -     service_dispatcher::start(SERVICE_NAME, ffi_service_main)
[INFO] [stdout] 25 +     service_dispatcher::start(SERVICE_NAME, service_main)
[INFO] [stdout]    |
[INFO] [stdout] 
[INFO] [stdout] 
[INFO] [stdout] error[E0425]: cannot find type `Error` in crate `windows_service`
[INFO] [stdout]   --> service/windows-service/src/service_scm.rs:21:45
[INFO] [stdout]    |
[INFO] [stdout] 21 |     WindowsService(#[from] windows_service::Error),
[INFO] [stdout]    |                                             ^^^^^ not found in `windows_service`
[INFO] [stdout]    |
[INFO] [stdout] help: consider importing one of these items
[INFO] [stdout]    |
[INFO] [stdout]  3 + use std::error::Error;
[INFO] [stdout]    |
[INFO] [stdout]  3 + use std::fmt::Error;
[INFO] [stdout]    |
[INFO] [stdout]  3 + use std::io::Error;
[INFO] [stdout]    |
[INFO] [stdout]  3 + use clap::Error;
[INFO] [stdout]    |
[INFO] [stdout]    = and 8 other candidates
[INFO] [stdout] help: if you import `Error`, refer to it directly
[INFO] [stdout]    |
[INFO] [stdout] 21 -     WindowsService(#[from] windows_service::Error),
[INFO] [stdout] 21 +     WindowsService(#[from] Error),
[INFO] [stdout]    |
[INFO] [stdout] 
[INFO] [stdout] 
[INFO] [stdout] error[E0425]: cannot find type `Error` in crate `windows_service`
[INFO] [stdout]   --> service/windows-service/src/service_scm.rs:21:45
[INFO] [stdout]    |
[INFO] [stdout] 18 | #[derive(Error, Debug)]
[INFO] [stdout]    |          ----- in this derive macro
[INFO] [stdout] ...
[INFO] [stdout] 21 |     WindowsService(#[from] windows_service::Error),
[INFO] [stdout]    |                                             ^^^^^ not found in `windows_service`
[INFO] [stdout]    |
[INFO] [stdout] help: consider importing one of these items
[INFO] [stdout]    |
[INFO] [stdout]  3 + use std::error::Error;
[INFO] [stdout]    |
[INFO] [stdout]  3 + use std::fmt::Error;
[INFO] [stdout]    |
[INFO] [stdout]  3 + use std::io::Error;
[INFO] [stdout]    |
[INFO] [stdout]  3 + use clap::Error;
[INFO] [stdout]    |
[INFO] [stdout]    = and 8 other candidates
[INFO] [stdout] help: if you import `Error`, refer to it directly
[INFO] [stdout]    |
[INFO] [stdout] 21 -     WindowsService(#[from] windows_service::Error),
[INFO] [stdout] 21 +     WindowsService(#[from] Error),
[INFO] [stdout]    |
[INFO] [stdout] 
[INFO] [stdout] 
[INFO] [stdout] error[E0433]: cannot find `Error` in `windows_service`
[INFO] [stdout]   --> service/windows-service/src/service_scm.rs:67:30
[INFO] [stdout]    |
[INFO] [stdout] 67 |         Err(windows_service::Error::Winapi(ref io_err)) if io_err.raw_os_error() == Some(1073) => {
[INFO] [stdout]    |                              ^^^^^ could not find `Error` in `windows_service`
[INFO] [stdout]    |
[INFO] [stdout] help: consider importing one of these items
[INFO] [stdout]    |
[INFO] [stdout]  3 + use std::error::Error;
[INFO] [stdout]    |
[INFO] [stdout]  3 + use std::fmt::Error;
[INFO] [stdout]    |
[INFO] [stdout]  3 + use std::io::Error;
[INFO] [stdout]    |
[INFO] [stdout]  3 + use clap::Error;
[INFO] [stdout]    |
[INFO] [stdout]    = and 8 other candidates
[INFO] [stdout] help: if you import `Error`, refer to it directly
[INFO] [stdout]    |
[INFO] [stdout] 67 -         Err(windows_service::Error::Winapi(ref io_err)) if io_err.raw_os_error() == Some(1073) => {
[INFO] [stdout] 67 +         Err(Error::Winapi(ref io_err)) if io_err.raw_os_error() == Some(1073) => {
[INFO] [stdout]    |
[INFO] [stdout] 
[INFO] [stdout] 
[INFO] [stdout] error[E0433]: cannot find `Error` in `windows_service`
[INFO] [stdout]    --> service/windows-service/src/service_scm.rs:274:30
[INFO] [stdout]     |
[INFO] [stdout] 274 |         Err(windows_service::Error::Winapi(ref io_err)) if io_err.raw_os_error() == Some(1060) => {
[INFO] [stdout]     |                              ^^^^^ could not find `Error` in `windows_service`
[INFO] [stdout]     |
[INFO] [stdout] help: consider importing one of these items
[INFO] [stdout]     |
[INFO] [stdout]   3 + use std::error::Error;
[INFO] [stdout]     |
[INFO] [stdout]   3 + use std::fmt::Error;
[INFO] [stdout]     |
[INFO] [stdout]   3 + use std::io::Error;
[INFO] [stdout]     |
[INFO] [stdout]   3 + use clap::Error;
[INFO] [stdout]     |
[INFO] [stdout]     = and 8 other candidates
[INFO] [stdout] help: if you import `Error`, refer to it directly
[INFO] [stdout]     |
[INFO] [stdout] 274 -         Err(windows_service::Error::Winapi(ref io_err)) if io_err.raw_os_error() == Some(1060) => {
[INFO] [stdout] 274 +         Err(Error::Winapi(ref io_err)) if io_err.raw_os_error() == Some(1060) => {
[INFO] [stdout]     |
[INFO] [stdout] 
[INFO] [stdout] 
[INFO] [stdout] error[E0433]: cannot find `Error` in `windows_service`
[INFO] [stdout]    --> service/windows-service/src/service_scm.rs:312:30
[INFO] [stdout]     |
[INFO] [stdout] 312 |         Err(windows_service::Error::Winapi(ref io_err)) if io_err.raw_os_error() == Some(1072) => {
[INFO] [stdout]     |                              ^^^^^ could not find `Error` in `windows_service`
[INFO] [stdout]     |
[INFO] [stdout] help: consider importing one of these items
[INFO] [stdout]     |
[INFO] [stdout]   3 + use std::error::Error;
[INFO] [stdout]     |
[INFO] [stdout]   3 + use std::fmt::Error;
[INFO] [stdout]     |
[INFO] [stdout]   3 + use std::io::Error;
[INFO] [stdout]     |
[INFO] [stdout]   3 + use clap::Error;
[INFO] [stdout]     |
[INFO] [stdout]     = and 8 other candidates
[INFO] [stdout] help: if you import `Error`, refer to it directly
[INFO] [stdout]     |
[INFO] [stdout] 312 -         Err(windows_service::Error::Winapi(ref io_err)) if io_err.raw_os_error() == Some(1072) => {
[INFO] [stdout] 312 +         Err(Error::Winapi(ref io_err)) if io_err.raw_os_error() == Some(1072) => {
[INFO] [stdout]     |
[INFO] [stdout] 
[INFO] [stdout] 
[INFO] [stdout] error[E0425]: cannot find type `Error` in crate `windows_service`
[INFO] [stdout]   --> service/windows-service/src/hosts/service.rs:24:53
[INFO] [stdout]    |
[INFO] [stdout] 24 | pub fn run_service() -> Result<(), windows_service::Error> {
[INFO] [stdout]    |                                                     ^^^^^ not found in `windows_service`
[INFO] [stdout]    |
[INFO] [stdout] help: consider importing one of these items
[INFO] [stdout]    |
[INFO] [stdout]  3 + use std::error::Error;
[INFO] [stdout]    |
[INFO] [stdout]  3 + use std::fmt::Error;
[INFO] [stdout]    |
[INFO] [stdout]  3 + use std::io::Error;
[INFO] [stdout]    |
[INFO] [stdout]  3 + use clap::Error;
[INFO] [stdout]    |
[INFO] [stdout]    = and 8 other candidates
[INFO] [stdout] help: if you import `Error`, refer to it directly
[INFO] [stdout]    |
[INFO] [stdout] 24 - pub fn run_service() -> Result<(), windows_service::Error> {
[INFO] [stdout] 24 + pub fn run_service() -> Result<(), Error> {
[INFO] [stdout]    |
[INFO] [stdout] 
[INFO] [stdout] 
[INFO] [stdout] error[E0425]: cannot find value `ffi_service_main` in this scope
[INFO] [stdout]   --> service/windows-service/src/hosts/service.rs:25:45
[INFO] [stdout]    |
[INFO] [stdout] 25 |     service_dispatcher::start(SERVICE_NAME, ffi_service_main)
[INFO] [stdout]    |                                             ^^^^^^^^^^^^^^^^ not found in this scope
[INFO] [stdout]    |
[INFO] [stdout] note: similarly named function `service_main` defined here
[INFO] [stdout]   --> service/windows-service/src/hosts/service.rs:28:1
[INFO] [stdout]    |
[INFO] [stdout] 28 | fn service_main(_arguments: Vec<OsString>) {
[INFO] [stdout]    | ^^^^^^^^^^^^^^^^^^^^^^^^^^^^^^^^^^^^^^^^^^
[INFO] [stdout] help: a function with a similar name exists
[INFO] [stdout]    |
[INFO] [stdout] 25 -     service_dispatcher::start(SERVICE_NAME, ffi_service_main)
[INFO] [stdout] 25 +     service_dispatcher::start(SERVICE_NAME, service_main)
[INFO] [stdout]    |
[INFO] [stdout] 
[INFO] [stdout] 
[INFO] [stdout] error[E0425]: cannot find type `Error` in crate `windows_service`
[INFO] [stdout]   --> service/windows-service/src/service_scm.rs:21:45
[INFO] [stdout]    |
[INFO] [stdout] 21 |     WindowsService(#[from] windows_service::Error),
[INFO] [stdout]    |                                             ^^^^^ not found in `windows_service`
[INFO] [stdout]    |
[INFO] [stdout] help: consider importing one of these items
[INFO] [stdout]    |
[INFO] [stdout]  3 + use std::error::Error;
[INFO] [stdout]    |
[INFO] [stdout]  3 + use std::fmt::Error;
[INFO] [stdout]    |
[INFO] [stdout]  3 + use std::io::Error;
[INFO] [stdout]    |
[INFO] [stdout]  3 + use clap::Error;
[INFO] [stdout]    |
[INFO] [stdout]    = and 8 other candidates
[INFO] [stdout] help: if you import `Error`, refer to it directly
[INFO] [stdout]    |
[INFO] [stdout] 21 -     WindowsService(#[from] windows_service::Error),
[INFO] [stdout] 21 +     WindowsService(#[from] Error),
[INFO] [stdout]    |
[INFO] [stdout] 
[INFO] [stdout] 
[INFO] [stdout] error[E0425]: cannot find type `Error` in crate `windows_service`
[INFO] [stdout]   --> service/windows-service/src/service_scm.rs:21:45
[INFO] [stdout]    |
[INFO] [stdout] 18 | #[derive(Error, Debug)]
[INFO] [stdout]    |          ----- in this derive macro
[INFO] [stdout] ...
[INFO] [stdout] 21 |     WindowsService(#[from] windows_service::Error),
[INFO] [stdout]    |                                             ^^^^^ not found in `windows_service`
[INFO] [stdout]    |
[INFO] [stdout] help: consider importing one of these items
[INFO] [stdout]    |
[INFO] [stdout]  3 + use std::error::Error;
[INFO] [stdout]    |
[INFO] [stdout]  3 + use std::fmt::Error;
[INFO] [stdout]    |
[INFO] [stdout]  3 + use std::io::Error;
[INFO] [stdout]    |
[INFO] [stdout]  3 + use clap::Error;
[INFO] [stdout]    |
[INFO] [stdout]    = and 8 other candidates
[INFO] [stdout] help: if you import `Error`, refer to it directly
[INFO] [stdout]    |
[INFO] [stdout] 21 -     WindowsService(#[from] windows_service::Error),
[INFO] [stdout] 21 +     WindowsService(#[from] Error),
[INFO] [stdout]    |
[INFO] [stdout] 
[INFO] [stdout] 
[INFO] [stdout] error[E0433]: cannot find `Error` in `windows_service`
[INFO] [stdout]   --> service/windows-service/src/service_scm.rs:67:30
[INFO] [stdout]    |
[INFO] [stdout] 67 |         Err(windows_service::Error::Winapi(ref io_err)) if io_err.raw_os_error() == Some(1073) => {
[INFO] [stdout]    |                              ^^^^^ could not find `Error` in `windows_service`
[INFO] [stdout]    |
[INFO] [stdout] help: consider importing one of these items
[INFO] [stdout]    |
[INFO] [stdout]  3 + use std::error::Error;
[INFO] [stdout]    |
[INFO] [stdout]  3 + use std::fmt::Error;
[INFO] [stdout]    |
[INFO] [stdout]  3 + use std::io::Error;
[INFO] [stdout]    |
[INFO] [stdout]  3 + use clap::Error;
[INFO] [stdout]    |
[INFO] [stdout]    = and 8 other candidates
[INFO] [stdout] help: if you import `Error`, refer to it directly
[INFO] [stdout]    |
[INFO] [stdout] 67 -         Err(windows_service::Error::Winapi(ref io_err)) if io_err.raw_os_error() == Some(1073) => {
[INFO] [stdout] 67 +         Err(Error::Winapi(ref io_err)) if io_err.raw_os_error() == Some(1073) => {
[INFO] [stdout]    |
[INFO] [stdout] 
[INFO] [stdout] 
[INFO] [stdout] error[E0433]: cannot find `Error` in `windows_service`
[INFO] [stdout]    --> service/windows-service/src/service_scm.rs:274:30
[INFO] [stdout]     |
[INFO] [stdout] 274 |         Err(windows_service::Error::Winapi(ref io_err)) if io_err.raw_os_error() == Some(1060) => {
[INFO] [stdout]     |                              ^^^^^ could not find `Error` in `windows_service`
[INFO] [stdout]     |
[INFO] [stdout] help: consider importing one of these items
[INFO] [stdout]     |
[INFO] [stdout]   3 + use std::error::Error;
[INFO] [stdout]     |
[INFO] [stdout]   3 + use std::fmt::Error;
[INFO] [stdout]     |
[INFO] [stdout]   3 + use std::io::Error;
[INFO] [stdout]     |
[INFO] [stdout]   3 + use clap::Error;
[INFO] [stdout]     |
[INFO] [stdout]     = and 8 other candidates
[INFO] [stdout] help: if you import `Error`, refer to it directly
[INFO] [stdout]     |
[INFO] [stdout] 274 -         Err(windows_service::Error::Winapi(ref io_err)) if io_err.raw_os_error() == Some(1060) => {
[INFO] [stdout] 274 +         Err(Error::Winapi(ref io_err)) if io_err.raw_os_error() == Some(1060) => {
[INFO] [stdout]     |
[INFO] [stdout] 
[INFO] [stdout] 
[INFO] [stdout] error[E0433]: cannot find `Error` in `windows_service`
[INFO] [stdout]    --> service/windows-service/src/service_scm.rs:312:30
[INFO] [stdout]     |
[INFO] [stdout] 312 |         Err(windows_service::Error::Winapi(ref io_err)) if io_err.raw_os_error() == Some(1072) => {
[INFO] [stdout]     |                              ^^^^^ could not find `Error` in `windows_service`
[INFO] [stdout]     |
[INFO] [stdout] help: consider importing one of these items
[INFO] [stdout]     |
[INFO] [stdout]   3 + use std::error::Error;
[INFO] [stdout]     |
[INFO] [stdout]   3 + use std::fmt::Error;
[INFO] [stdout]     |
[INFO] [stdout]   3 + use std::io::Error;
[INFO] [stdout]     |
[INFO] [stdout]   3 + use clap::Error;
[INFO] [stdout]     |
[INFO] [stdout]     = and 8 other candidates
[INFO] [stdout] help: if you import `Error`, refer to it directly
[INFO] [stdout]     |
[INFO] [stdout] 312 -         Err(windows_service::Error::Winapi(ref io_err)) if io_err.raw_os_error() == Some(1072) => {
[INFO] [stdout] 312 +         Err(Error::Winapi(ref io_err)) if io_err.raw_os_error() == Some(1072) => {
[INFO] [stdout]     |
[INFO] [stdout] 
[INFO] [stdout] 
[INFO] [stdout] warning: method call on a diverging inference variable
[INFO] [stdout]    --> service/windows-service/src/service_scm.rs:291:33
[INFO] [stdout]     |
[INFO] [stdout] 291 |     if let Ok(status) = service.query_status() {
[INFO] [stdout]     |                                 ^^^^^^^^^^^^
[INFO] [stdout]     |
[INFO] [stdout]     = help: consider providing a type annotation
[INFO] [stdout]     = warning: this was previously accepted by the compiler but is being phased out; it will become a hard error in a future release!
[INFO] [stdout]     = note: for more information, see issue #156047 <https://github.com/rust-lang/rust/issues/156047>
[INFO] [stdout]     = note: `#[warn(method_call_on_diverging_infer_var)]` (part of `#[warn(future_incompatible)]`) on by default
[INFO] [stdout] 
[INFO] [stdout] 
[INFO] [stdout] error[E0599]: no method named `query_status` found for type `!` in the current scope
[INFO] [stdout]    --> service/windows-service/src/service_scm.rs:291:33
[INFO] [stdout]     |
[INFO] [stdout] 291 |     if let Ok(status) = service.query_status() {
[INFO] [stdout]     |                                 ^^^^^^^^^^^^ method not found in `!`
[INFO] [stdout] 
[INFO] [stdout] 
[INFO] [stdout] error[E0599]: no method named `stop` found for type `!` in the current scope
[INFO] [stdout]    --> service/windows-service/src/service_scm.rs:294:29
[INFO] [stdout]     |
[INFO] [stdout] 294 |             let _ = service.stop();
[INFO] [stdout]     |                             ^^^^ method not found in `!`
[INFO] [stdout] 
[INFO] [stdout] 
[INFO] [stdout] warning: unreachable call
[INFO] [stdout]    --> service/windows-service/src/service_scm.rs:294:29
[INFO] [stdout]     |
[INFO] [stdout] 294 |             let _ = service.stop();
[INFO] [stdout]     |                     ------- ^^^^ unreachable call
[INFO] [stdout]     |                     |
[INFO] [stdout]     |                     any code following this expression is unreachable
[INFO] [stdout]     |
[INFO] [stdout]     = note: `#[warn(unreachable_code)]` (part of `#[warn(unused)]`) on by default
[INFO] [stdout] 
[INFO] [stdout] 
[INFO] [stdout] error[E0599]: no method named `query_status` found for type `!` in the current scope
[INFO] [stdout]    --> service/windows-service/src/service_scm.rs:299:41
[INFO] [stdout]     |
[INFO] [stdout] 299 |                 if let Ok(st) = service.query_status() {
[INFO] [stdout]     |                                         ^^^^^^^^^^^^ method not found in `!`
[INFO] [stdout] 
[INFO] [stdout] 
[INFO] [stdout] warning: unreachable call
[INFO] [stdout]    --> service/windows-service/src/service_scm.rs:299:41
[INFO] [stdout]     |
[INFO] [stdout] 299 |                 if let Ok(st) = service.query_status() {
[INFO] [stdout]     |                                 ------- ^^^^^^^^^^^^ unreachable call
[INFO] [stdout]     |                                 |
[INFO] [stdout]     |                                 any code following this expression is unreachable
[INFO] [stdout] 
[INFO] [stdout] 
[INFO] [stdout] error[E0599]: no method named `delete` found for type `!` in the current scope
[INFO] [stdout]    --> service/windows-service/src/service_scm.rs:310:19
[INFO] [stdout]     |
[INFO] [stdout] 310 |     match service.delete() {
[INFO] [stdout]     |                   ^^^^^^ method not found in `!`
[INFO] [stdout] 
[INFO] [stdout] 
[INFO] [stdout] warning: unreachable call
[INFO] [stdout]    --> service/windows-service/src/service_scm.rs:310:19
[INFO] [stdout]     |
[INFO] [stdout] 310 |     match service.delete() {
[INFO] [stdout]     |           ------- ^^^^^^ unreachable call
[INFO] [stdout]     |           |
[INFO] [stdout]     |           any code following this expression is unreachable
[INFO] [stdout] 
[INFO] [stdout] 
[INFO] [stdout] warning: method call on a diverging inference variable
[INFO] [stdout]    --> service/windows-service/src/service_scm.rs:291:33
[INFO] [stdout]     |
[INFO] [stdout] 291 |     if let Ok(status) = service.query_status() {
[INFO] [stdout]     |                                 ^^^^^^^^^^^^
[INFO] [stdout]     |
[INFO] [stdout]     = help: consider providing a type annotation
[INFO] [stdout]     = warning: this was previously accepted by the compiler but is being phased out; it will become a hard error in a future release!
[INFO] [stdout]     = note: for more information, see issue #156047 <https://github.com/rust-lang/rust/issues/156047>
[INFO] [stdout]     = note: `#[warn(method_call_on_diverging_infer_var)]` (part of `#[warn(future_incompatible)]`) on by default
[INFO] [stdout] 
[INFO] [stdout] 
[INFO] [stdout] error[E0599]: no method named `query_status` found for type `!` in the current scope
[INFO] [stdout]    --> service/windows-service/src/service_scm.rs:291:33
[INFO] [stdout]     |
[INFO] [stdout] 291 |     if let Ok(status) = service.query_status() {
[INFO] [stdout]     |                                 ^^^^^^^^^^^^ method not found in `!`
[INFO] [stdout] 
[INFO] [stdout] 
[INFO] [stdout] error[E0599]: no method named `stop` found for type `!` in the current scope
[INFO] [stdout]    --> service/windows-service/src/service_scm.rs:294:29
[INFO] [stdout]     |
[INFO] [stdout] 294 |             let _ = service.stop();
[INFO] [stdout]     |                             ^^^^ method not found in `!`
[INFO] [stdout] 
[INFO] [stdout] 
[INFO] [stdout] warning: unreachable call
[INFO] [stdout]    --> service/windows-service/src/service_scm.rs:294:29
[INFO] [stdout]     |
[INFO] [stdout] 294 |             let _ = service.stop();
[INFO] [stdout]     |                     ------- ^^^^ unreachable call
[INFO] [stdout]     |                     |
[INFO] [stdout]     |                     any code following this expression is unreachable
[INFO] [stdout]     |
[INFO] [stdout]     = note: `#[warn(unreachable_code)]` (part of `#[warn(unused)]`) on by default
[INFO] [stdout] 
[INFO] [stdout] 
[INFO] [stdout] error[E0599]: no method named `query_status` found for type `!` in the current scope
[INFO] [stdout]    --> service/windows-service/src/service_scm.rs:299:41
[INFO] [stdout]     |
[INFO] [stdout] 299 |                 if let Ok(st) = service.query_status() {
[INFO] [stdout]     |                                         ^^^^^^^^^^^^ method not found in `!`
[INFO] [stdout] 
[INFO] [stdout] 
[INFO] [stdout] warning: unreachable call
[INFO] [stdout]    --> service/windows-service/src/service_scm.rs:299:41
[INFO] [stdout]     |
[INFO] [stdout] 299 |                 if let Ok(st) = service.query_status() {
[INFO] [stdout]     |                                 ------- ^^^^^^^^^^^^ unreachable call
[INFO] [stdout]     |                                 |
[INFO] [stdout]     |                                 any code following this expression is unreachable
[INFO] [stdout] 
[INFO] [stdout] 
[INFO] [stdout] error[E0599]: no method named `delete` found for type `!` in the current scope
[INFO] [stdout]    --> service/windows-service/src/service_scm.rs:310:19
[INFO] [stdout]     |
[INFO] [stdout] 310 |     match service.delete() {
[INFO] [stdout]     |                   ^^^^^^ method not found in `!`
[INFO] [stdout] 
[INFO] [stdout] 
[INFO] [stdout] warning: unreachable call
[INFO] [stdout]    --> service/windows-service/src/service_scm.rs:310:19
[INFO] [stdout]     |
[INFO] [stdout] 310 |     match service.delete() {
[INFO] [stdout]     |           ------- ^^^^^^ unreachable call
[INFO] [stdout]     |           |
[INFO] [stdout]     |           any code following this expression is unreachable
[INFO] [stdout] 
[INFO] [stdout] 
[INFO] [stdout] Some errors have detailed explanations: E0425, E0432, E0433, E0599.
[INFO] [stdout] 
[INFO] [stdout] For more information about an error, try `rustc --explain E0425`.
[INFO] [stdout] 
[INFO] [stderr] error: could not compile `zondpi-service` (lib) due to 15 previous errors; 5 warnings emitted
[INFO] [stderr] warning: build failed, waiting for other jobs to finish...
[INFO] [stdout] Some errors have detailed explanations: E0425, E0432, E0433, E0599.
[INFO] [stdout] 
[INFO] [stdout] For more information about an error, try `rustc --explain E0425`.
[INFO] [stdout] 
[INFO] [stderr] error: could not compile `zondpi-service` (lib test) due to 15 previous errors; 5 warnings emitted
[INFO] [stderr] warning: unused dependency `interprocess`
[INFO] [stderr]   --> tools/zondpi-cli/Cargo.toml:13:1
[INFO] [stderr]    |
[INFO] [stderr] 13 | interprocess = { workspace = true }
[INFO] [stderr]    | ^^^^^^^^^^^^^^^^^^^^^^^^^^^^^^^^^^^
[INFO] [stderr]    |
[INFO] [stderr]    = note: `cargo::unused_dependencies` is set to `warn` by default
[INFO] [stderr] help: consider removing the dependency on `interprocess`
[INFO] [stderr] warning: `zondpi-cli` (manifest) generated 1 warning
[INFO] [stderr] warning: unused dependency `serde_json`
[INFO] [stderr]  --> core/diagnostics/Cargo.toml:9:1
[INFO] [stderr]   |
[INFO] [stderr] 9 | serde_json = { workspace = true }
[INFO] [stderr]   | ^^^^^^^^^^^^^^^^^^^^^^^^^^^^^^^^^
[INFO] [stderr]   |
[INFO] [stderr]   = note: `cargo::unused_dependencies` is set to `warn` by default
[INFO] [stderr] help: consider removing the dependency on `serde_json`
[INFO] [stderr] warning: unused dependency `thiserror`
[INFO] [stderr]   --> core/diagnostics/Cargo.toml:10:1
[INFO] [stderr]    |
[INFO] [stderr] 10 | thiserror = { workspace = true }
[INFO] [stderr]    | ^^^^^^^^^^^^^^^^^^^^^^^^^^^^^^^^
[INFO] [stderr]    |
[INFO] [stderr] help: consider removing the dependency on `thiserror`
[INFO] [stderr] warning: unused dependency `tokio`
[INFO] [stderr]   --> core/diagnostics/Cargo.toml:11:1
[INFO] [stderr]    |
[INFO] [stderr] 11 | tokio = { workspace = true }
[INFO] [stderr]    | ^^^^^^^^^^^^^^^^^^^^^^^^^^^^
[INFO] [stderr]    |
[INFO] [stderr] help: consider removing the dependency on `tokio`
[INFO] [stderr] warning: `zondpi-diagnostics` (manifest) generated 3 warnings
[INFO] [stderr] warning: unused dependency `serde_json`
[INFO] [stderr]  --> core/packet-engine/Cargo.toml:9:1
[INFO] [stderr]   |
[INFO] [stderr] 9 | serde_json = { workspace = true }
[INFO] [stderr]   | ^^^^^^^^^^^^^^^^^^^^^^^^^^^^^^^^^
[INFO] [stderr]   |
[INFO] [stderr]   = note: `cargo::unused_dependencies` is set to `warn` by default
[INFO] [stderr] help: consider removing the dependency on `serde_json`
[INFO] [stderr] warning: unused dependency `tracing`
[INFO] [stderr]   --> core/packet-engine/Cargo.toml:12:1
[INFO] [stderr]    |
[INFO] [stderr] 12 | tracing = { workspace = true }
[INFO] [stderr]    | ^^^^^^^^^^^^^^^^^^^^^^^^^^^^^^
[INFO] [stderr]    |
[INFO] [stderr] help: consider removing the dependency on `tracing`
[INFO] [stderr] warning: `zondpi-packet-engine` (manifest) generated 2 warnings
[INFO] running `Command { std: "docker" "inspect" "17cbb21745d4f90e5e28b3d2e5956910ef4d7736b90a458fc6282fb1ba6c67f8", kill_on_drop: false }`
[INFO] running `Command { std: "docker" "rm" "-f" "17cbb21745d4f90e5e28b3d2e5956910ef4d7736b90a458fc6282fb1ba6c67f8", kill_on_drop: false }`
[INFO] [stdout] 17cbb21745d4f90e5e28b3d2e5956910ef4d7736b90a458fc6282fb1ba6c67f8
