[INFO] cloning repository https://github.com/eerieaerial/rust_embedded
[INFO] running `Command { std: "git" "-c" "credential.helper=" "-c" "credential.helper=/workspace/cargo-home/bin/git-credential-null" "clone" "--bare" "https://github.com/eerieaerial/rust_embedded" "/workspace/cache/git-repos/https%3A%2F%2Fgithub.com%2Feerieaerial%2Frust_embedded", kill_on_drop: false }`
[INFO] [stderr] Cloning into bare repository '/workspace/cache/git-repos/https%3A%2F%2Fgithub.com%2Feerieaerial%2Frust_embedded'...
[INFO] running `Command { std: "git" "rev-parse" "HEAD", kill_on_drop: false }`
[INFO] [stdout] b4ed3eca10ee81b415a9f2d7ad58a46da24c52f0
[INFO] checking eerieaerial/rust_embedded against 3154cc1a3e6424e44f438a95007d043ed5ceaaf6 for pr-133502-30
[INFO] running `Command { std: "git" "clone" "/workspace/cache/git-repos/https%3A%2F%2Fgithub.com%2Feerieaerial%2Frust_embedded" "/workspace/builds/worker-6-tc2/source", kill_on_drop: false }`
[INFO] [stderr] Cloning into '/workspace/builds/worker-6-tc2/source'...
[INFO] [stderr] done.
[INFO] removed /workspace/builds/worker-6-tc2/source/.cargo/config.toml
[INFO] started tweaking git repo https://github.com/eerieaerial/rust_embedded
[INFO] finished tweaking git repo https://github.com/eerieaerial/rust_embedded
[INFO] tweaked toml for git repo https://github.com/eerieaerial/rust_embedded written to /workspace/builds/worker-6-tc2/source/Cargo.toml
[INFO] validating manifest of git repo https://github.com/eerieaerial/rust_embedded on toolchain 3154cc1a3e6424e44f438a95007d043ed5ceaaf6
[INFO] running `Command { std: CARGO_HOME="/workspace/cargo-home" RUSTUP_HOME="/workspace/rustup-home" "/workspace/cargo-home/bin/cargo" "+3154cc1a3e6424e44f438a95007d043ed5ceaaf6" "metadata" "--manifest-path" "Cargo.toml" "--no-deps", kill_on_drop: false }`
[INFO] crate git repo https://github.com/eerieaerial/rust_embedded already has a lockfile, it will not be regenerated
[INFO] running `Command { std: CARGO_HOME="/workspace/cargo-home" RUSTUP_HOME="/workspace/rustup-home" "/workspace/cargo-home/bin/cargo" "+3154cc1a3e6424e44f438a95007d043ed5ceaaf6" "fetch" "--manifest-path" "Cargo.toml", kill_on_drop: false }`
[INFO] running `Command { std: "docker" "create" "-v" "/var/lib/crater-agent-workspace/builds/worker-6-tc2/source:/opt/rustwide/workdir:ro,Z" "-v" "/var/lib/crater-agent-workspace/builds/worker-6-tc2/target:/opt/rustwide/target:rw,Z" "-v" "/var/lib/crater-agent-workspace/cargo-home:/opt/rustwide/cargo-home:ro,Z" "-v" "/var/lib/crater-agent-workspace/rustup-home:/opt/rustwide/rustup-home:ro,Z" "-m" "1610612736" "--network" "none" "ghcr.io/rust-lang/crates-build-env/linux@sha256:77db811e55d90add9212f6832c23229e3de5f1c1f9905e8cb07319ea15df73ac" "sleep" "infinity", kill_on_drop: false }`
[INFO] [stdout] 600be112a69a77f4036539ef09a6bed3ac668353167e0b0e37d665fc427be959
[INFO] running `Command { std: "docker" "start" "600be112a69a77f4036539ef09a6bed3ac668353167e0b0e37d665fc427be959", kill_on_drop: false }`
[INFO] running `Command { std: "docker" "inspect" "600be112a69a77f4036539ef09a6bed3ac668353167e0b0e37d665fc427be959", kill_on_drop: false }`
[INFO] running `Command { std: "docker" "exec" "-e" "SOURCE_DIR=/opt/rustwide/workdir" "-e" "CARGO_HOME=/opt/rustwide/cargo-home" "-e" "RUSTUP_HOME=/opt/rustwide/rustup-home" "-e" "CARGO_TARGET_DIR=/opt/rustwide/target" "-w" "/opt/rustwide/workdir" "--user" "0:0" "600be112a69a77f4036539ef09a6bed3ac668353167e0b0e37d665fc427be959" "/opt/rustwide/cargo-home/bin/cargo" "+3154cc1a3e6424e44f438a95007d043ed5ceaaf6" "metadata" "--no-deps" "--format-version=1", kill_on_drop: false }`
[INFO] running `Command { std: "docker" "inspect" "600be112a69a77f4036539ef09a6bed3ac668353167e0b0e37d665fc427be959", kill_on_drop: false }`
[INFO] running `Command { std: "docker" "exec" "-e" "SOURCE_DIR=/opt/rustwide/workdir" "-e" "CARGO_HOME=/opt/rustwide/cargo-home" "-e" "RUSTUP_HOME=/opt/rustwide/rustup-home" "-e" "CARGO_TARGET_DIR=/opt/rustwide/target" "-e" "CARGO_INCREMENTAL=0" "-e" "RUST_BACKTRACE=full" "-e" "RUSTFLAGS=--cap-lints=forbid" "-e" "RUSTDOCFLAGS=--cap-lints=forbid" "-w" "/opt/rustwide/workdir" "--user" "0:0" "600be112a69a77f4036539ef09a6bed3ac668353167e0b0e37d665fc427be959" "/opt/rustwide/cargo-home/bin/cargo" "+3154cc1a3e6424e44f438a95007d043ed5ceaaf6" "check" "--frozen" "--all" "--all-targets" "--message-format=json", kill_on_drop: false }`
[INFO] [stderr]    Compiling first_embed v0.1.0 (/opt/rustwide/workdir)
[INFO] [stdout] error[E0425]: cannot find value `mem_manage_handler` in this scope
[INFO] [stdout]  --> src/startup_stm32.rs:5:10
[INFO] [stdout]   |
[INFO] [stdout] 5 |     Some(mem_manage_handler),
[INFO] [stdout]   |          ^^^^^^^^^^^^^^^^^^ not found in this scope
[INFO] [stdout] 
[INFO] [stdout] 
[INFO] [stdout] error[E0425]: cannot find value `busfault_handler` in this scope
[INFO] [stdout]    --> src/startup_stm32.rs:6:10
[INFO] [stdout]     |
[INFO] [stdout]   6 |     Some(busfault_handler),
[INFO] [stdout]     |          ^^^^^^^^^^^^^^^^ not found in this scope
[INFO] [stdout]     |
[INFO] [stdout] note: similarly named function `default_handler` defined here
[INFO] [stdout]    --> src/startup_stm32.rs:113:1
[INFO] [stdout]     |
[INFO] [stdout] 113 | fn default_handler() {
[INFO] [stdout]     | ^^^^^^^^^^^^^^^^^^^^
[INFO] [stdout] help: a function with a similar name exists
[INFO] [stdout]     |
[INFO] [stdout]   6 -     Some(busfault_handler),
[INFO] [stdout]   6 +     Some(default_handler),
[INFO] [stdout]     |
[INFO] [stdout] 
[INFO] [stdout] 
[INFO] [stdout] error[E0425]: cannot find value `usagefault_handler` in this scope
[INFO] [stdout]    --> src/startup_stm32.rs:7:10
[INFO] [stdout]     |
[INFO] [stdout]   7 |     Some(usagefault_handler),
[INFO] [stdout]     |          ^^^^^^^^^^^^^^^^^^ not found in this scope
[INFO] [stdout]     |
[INFO] [stdout] note: similarly named function `default_handler` defined here
[INFO] [stdout]    --> src/startup_stm32.rs:113:1
[INFO] [stdout]     |
[INFO] [stdout] 113 | fn default_handler() {
[INFO] [stdout]     | ^^^^^^^^^^^^^^^^^^^^
[INFO] [stdout] help: a function with a similar name exists
[INFO] [stdout]     |
[INFO] [stdout]   7 -     Some(usagefault_handler),
[INFO] [stdout]   7 +     Some(default_handler),
[INFO] [stdout]     |
[INFO] [stdout] 
[INFO] [stdout] 
[INFO] [stdout] error[E0425]: cannot find value `SVCall_Handler` in this scope
[INFO] [stdout]   --> src/startup_stm32.rs:12:10
[INFO] [stdout]    |
[INFO] [stdout] 12 |     Some(SVCall_Handler),
[INFO] [stdout]    |          ^^^^^^^^^^^^^^ not found in this scope
[INFO] [stdout] 
[INFO] [stdout] 
[INFO] [stdout] error[E0425]: cannot find value `PendSV_Handler` in this scope
[INFO] [stdout]   --> src/startup_stm32.rs:13:10
[INFO] [stdout]    |
[INFO] [stdout] 13 |     Some(PendSV_Handler),
[INFO] [stdout]    |          ^^^^^^^^^^^^^^ not found in this scope
[INFO] [stdout] 
[INFO] [stdout] 
[INFO] [stdout] error[E0425]: cannot find value `SysTick_Handler` in this scope
[INFO] [stdout]   --> src/startup_stm32.rs:14:10
[INFO] [stdout]    |
[INFO] [stdout] 14 |     Some(SysTick_Handler),
[INFO] [stdout]    |          ^^^^^^^^^^^^^^^ not found in this scope
[INFO] [stdout] 
[INFO] [stdout] 
[INFO] [stdout] error[E0425]: cannot find value `WWDG_Handler` in this scope
[INFO] [stdout]   --> src/startup_stm32.rs:15:10
[INFO] [stdout]    |
[INFO] [stdout] 15 |     Some(WWDG_Handler),
[INFO] [stdout]    |          ^^^^^^^^^^^^ not found in this scope
[INFO] [stdout] 
[INFO] [stdout] 
[INFO] [stdout] error[E0425]: cannot find value `PVD_Handler` in this scope
[INFO] [stdout]   --> src/startup_stm32.rs:16:10
[INFO] [stdout]    |
[INFO] [stdout] 16 |     Some(PVD_Handler),
[INFO] [stdout]    |          ^^^^^^^^^^^ not found in this scope
[INFO] [stdout] 
[INFO] [stdout] 
[INFO] [stdout] error[E0425]: cannot find value `TAMPER_STAMP_Handler` in this scope
[INFO] [stdout]   --> src/startup_stm32.rs:17:10
[INFO] [stdout]    |
[INFO] [stdout] 17 |     Some(TAMPER_STAMP_Handler),
[INFO] [stdout]    |          ^^^^^^^^^^^^^^^^^^^^ not found in this scope
[INFO] [stdout] 
[INFO] [stdout] 
[INFO] [stdout] error[E0425]: cannot find value `RTC_WKUP_Handler` in this scope
[INFO] [stdout]   --> src/startup_stm32.rs:18:10
[INFO] [stdout]    |
[INFO] [stdout] 18 |     Some(RTC_WKUP_Handler),
[INFO] [stdout]    |          ^^^^^^^^^^^^^^^^ not found in this scope
[INFO] [stdout] 
[INFO] [stdout] 
[INFO] [stdout] error[E0425]: cannot find value `FLASH_Handler` in this scope
[INFO] [stdout]   --> src/startup_stm32.rs:19:10
[INFO] [stdout]    |
[INFO] [stdout] 19 |     Some(FLASH_Handler),
[INFO] [stdout]    |          ^^^^^^^^^^^^^ not found in this scope
[INFO] [stdout] 
[INFO] [stdout] 
[INFO] [stdout] error[E0425]: cannot find value `RCC_Handler` in this scope
[INFO] [stdout]   --> src/startup_stm32.rs:20:10
[INFO] [stdout]    |
[INFO] [stdout] 20 |     Some(RCC_Handler),
[INFO] [stdout]    |          ^^^^^^^^^^^ not found in this scope
[INFO] [stdout] 
[INFO] [stdout] 
[INFO] [stdout] error[E0425]: cannot find value `EXTI0_Handler` in this scope
[INFO] [stdout]   --> src/startup_stm32.rs:21:10
[INFO] [stdout]    |
[INFO] [stdout] 21 |     Some(EXTI0_Handler),
[INFO] [stdout]    |          ^^^^^^^^^^^^^ not found in this scope
[INFO] [stdout] 
[INFO] [stdout] 
[INFO] [stdout] error[E0425]: cannot find value `EXTI1_Handler` in this scope
[INFO] [stdout]   --> src/startup_stm32.rs:22:10
[INFO] [stdout]    |
[INFO] [stdout] 22 |     Some(EXTI1_Handler),
[INFO] [stdout]    |          ^^^^^^^^^^^^^ not found in this scope
[INFO] [stdout] 
[INFO] [stdout] 
[INFO] [stdout] error[E0425]: cannot find value `EXTI2_TS_Handler` in this scope
[INFO] [stdout]   --> src/startup_stm32.rs:23:10
[INFO] [stdout]    |
[INFO] [stdout] 23 |     Some(EXTI2_TS_Handler),
[INFO] [stdout]    |          ^^^^^^^^^^^^^^^^ not found in this scope
[INFO] [stdout] 
[INFO] [stdout] 
[INFO] [stdout] error[E0425]: cannot find value `EXTI3_Handler` in this scope
[INFO] [stdout]   --> src/startup_stm32.rs:24:10
[INFO] [stdout]    |
[INFO] [stdout] 24 |     Some(EXTI3_Handler),
[INFO] [stdout]    |          ^^^^^^^^^^^^^ not found in this scope
[INFO] [stdout] 
[INFO] [stdout] 
[INFO] [stdout] error[E0425]: cannot find value `mem_manage_handler` in this scope
[INFO] [stdout]  --> src/startup_stm32.rs:5:10
[INFO] [stdout]   |
[INFO] [stdout] 5 |     Some(mem_manage_handler),
[INFO] [stdout]   |          ^^^^^^^^^^^^^^^^^^ not found in this scope
[INFO] [stdout] 
[INFO] [stdout] 
[INFO] [stdout] error[E0425]: cannot find value `EXTI4_Handler` in this scope
[INFO] [stdout]   --> src/startup_stm32.rs:25:10
[INFO] [stdout]    |
[INFO] [stdout] 25 |     Some(EXTI4_Handler),
[INFO] [stdout]    |          ^^^^^^^^^^^^^ not found in this scope
[INFO] [stdout] 
[INFO] [stdout] 
[INFO] [stdout] error[E0425]: cannot find value `DMA1_Channel1_Handler` in this scope
[INFO] [stdout]   --> src/startup_stm32.rs:26:10
[INFO] [stdout]    |
[INFO] [stdout] 26 |     Some(DMA1_Channel1_Handler),
[INFO] [stdout]    |          ^^^^^^^^^^^^^^^^^^^^^ not found in this scope
[INFO] [stdout] 
[INFO] [stdout] 
[INFO] [stdout] error[E0425]: cannot find value `DMA1_Channel2_Handler` in this scope
[INFO] [stdout]   --> src/startup_stm32.rs:27:10
[INFO] [stdout]    |
[INFO] [stdout] 27 |     Some(DMA1_Channel2_Handler),
[INFO] [stdout]    |          ^^^^^^^^^^^^^^^^^^^^^ not found in this scope
[INFO] [stdout] 
[INFO] [stdout] 
[INFO] [stdout] error[E0425]: cannot find value `DMA1_Channel3_Handler` in this scope
[INFO] [stdout]   --> src/startup_stm32.rs:28:10
[INFO] [stdout]    |
[INFO] [stdout] 28 |     Some(DMA1_Channel3_Handler),
[INFO] [stdout]    |          ^^^^^^^^^^^^^^^^^^^^^ not found in this scope
[INFO] [stdout] 
[INFO] [stdout] 
[INFO] [stdout] error[E0425]: cannot find value `DMA1_Channel4_Handler` in this scope
[INFO] [stdout]   --> src/startup_stm32.rs:29:10
[INFO] [stdout]    |
[INFO] [stdout] 29 |     Some(DMA1_Channel4_Handler),
[INFO] [stdout]    |          ^^^^^^^^^^^^^^^^^^^^^ not found in this scope
[INFO] [stdout] 
[INFO] [stdout] 
[INFO] [stdout] error[E0425]: cannot find value `DMA1_Channel5_Handler` in this scope
[INFO] [stdout]   --> src/startup_stm32.rs:30:10
[INFO] [stdout]    |
[INFO] [stdout] 30 |     Some(DMA1_Channel5_Handler),
[INFO] [stdout]    |          ^^^^^^^^^^^^^^^^^^^^^ not found in this scope
[INFO] [stdout] 
[INFO] [stdout] 
[INFO] [stdout] error[E0425]: cannot find value `DMA1_Channel6_Handler` in this scope
[INFO] [stdout]   --> src/startup_stm32.rs:31:10
[INFO] [stdout]    |
[INFO] [stdout] 31 |     Some(DMA1_Channel6_Handler),
[INFO] [stdout]    |          ^^^^^^^^^^^^^^^^^^^^^ not found in this scope
[INFO] [stdout] 
[INFO] [stdout] 
[INFO] [stdout] error[E0425]: cannot find value `DMA1_Channel7_Handler` in this scope
[INFO] [stdout]   --> src/startup_stm32.rs:32:10
[INFO] [stdout]    |
[INFO] [stdout] 32 |     Some(DMA1_Channel7_Handler),
[INFO] [stdout]    |          ^^^^^^^^^^^^^^^^^^^^^ not found in this scope
[INFO] [stdout] 
[INFO] [stdout] 
[INFO] [stdout] error[E0425]: cannot find value `ADC1_2_Handler` in this scope
[INFO] [stdout]   --> src/startup_stm32.rs:33:10
[INFO] [stdout]    |
[INFO] [stdout] 33 |     Some(ADC1_2_Handler),
[INFO] [stdout]    |          ^^^^^^^^^^^^^^ not found in this scope
[INFO] [stdout] 
[INFO] [stdout] 
[INFO] [stdout] error[E0425]: cannot find value `USB_HP_CAN_TX_Handler` in this scope
[INFO] [stdout]   --> src/startup_stm32.rs:34:10
[INFO] [stdout]    |
[INFO] [stdout] 34 |     Some(USB_HP_CAN_TX_Handler),
[INFO] [stdout]    |          ^^^^^^^^^^^^^^^^^^^^^ not found in this scope
[INFO] [stdout] 
[INFO] [stdout] 
[INFO] [stdout] error[E0425]: cannot find value `USB_LP_CAN_RX0_Handler` in this scope
[INFO] [stdout]   --> src/startup_stm32.rs:35:11
[INFO] [stdout]    |
[INFO] [stdout] 35 |     Some( USB_LP_CAN_RX0_Handler),
[INFO] [stdout]    |           ^^^^^^^^^^^^^^^^^^^^^^ not found in this scope
[INFO] [stdout] 
[INFO] [stdout] 
[INFO] [stdout] error[E0425]: cannot find value `CAN_RX1_Handler` in this scope
[INFO] [stdout]   --> src/startup_stm32.rs:36:10
[INFO] [stdout]    |
[INFO] [stdout] 36 |     Some(CAN_RX1_Handler),
[INFO] [stdout]    |          ^^^^^^^^^^^^^^^ not found in this scope
[INFO] [stdout] 
[INFO] [stdout] 
[INFO] [stdout] error[E0425]: cannot find value `CAN_SCE_Handler` in this scope
[INFO] [stdout]   --> src/startup_stm32.rs:37:10
[INFO] [stdout]    |
[INFO] [stdout] 37 |     Some(CAN_SCE_Handler),
[INFO] [stdout]    |          ^^^^^^^^^^^^^^^ not found in this scope
[INFO] [stdout] 
[INFO] [stdout] 
[INFO] [stdout] error[E0425]: cannot find value `EXTI9_5_Handler` in this scope
[INFO] [stdout]   --> src/startup_stm32.rs:38:10
[INFO] [stdout]    |
[INFO] [stdout] 38 |     Some(EXTI9_5_Handler),
[INFO] [stdout]    |          ^^^^^^^^^^^^^^^ not found in this scope
[INFO] [stdout] 
[INFO] [stdout] 
[INFO] [stdout] error[E0425]: cannot find value `TIM1_BRK_TIM15_Handler` in this scope
[INFO] [stdout]   --> src/startup_stm32.rs:39:10
[INFO] [stdout]    |
[INFO] [stdout] 39 |     Some(TIM1_BRK_TIM15_Handler),
[INFO] [stdout]    |          ^^^^^^^^^^^^^^^^^^^^^^ not found in this scope
[INFO] [stdout] 
[INFO] [stdout] 
[INFO] [stdout] error[E0425]: cannot find value `TIM1_UP_TIM16_Handler` in this scope
[INFO] [stdout]   --> src/startup_stm32.rs:40:10
[INFO] [stdout]    |
[INFO] [stdout] 40 |     Some(TIM1_UP_TIM16_Handler),
[INFO] [stdout]    |          ^^^^^^^^^^^^^^^^^^^^^ not found in this scope
[INFO] [stdout] 
[INFO] [stdout] 
[INFO] [stdout] error[E0425]: cannot find value `TIM1_TRG_COM_TIM17_Handler` in this scope
[INFO] [stdout]   --> src/startup_stm32.rs:41:10
[INFO] [stdout]    |
[INFO] [stdout] 41 |     Some(TIM1_TRG_COM_TIM17_Handler),
[INFO] [stdout]    |          ^^^^^^^^^^^^^^^^^^^^^^^^^^ not found in this scope
[INFO] [stdout] 
[INFO] [stdout] 
[INFO] [stdout] error[E0425]: cannot find value `TIM1_CC_Handler` in this scope
[INFO] [stdout]   --> src/startup_stm32.rs:42:10
[INFO] [stdout]    |
[INFO] [stdout] 42 |     Some(TIM1_CC_Handler),
[INFO] [stdout]    |          ^^^^^^^^^^^^^^^ not found in this scope
[INFO] [stdout] 
[INFO] [stdout] 
[INFO] [stdout] error[E0425]: cannot find value `TIM2_Handler` in this scope
[INFO] [stdout]   --> src/startup_stm32.rs:43:10
[INFO] [stdout]    |
[INFO] [stdout] 43 |     Some(TIM2_Handler),
[INFO] [stdout]    |          ^^^^^^^^^^^^ not found in this scope
[INFO] [stdout] 
[INFO] [stdout] 
[INFO] [stdout] error[E0425]: cannot find value `TIM3_Handler` in this scope
[INFO] [stdout]   --> src/startup_stm32.rs:44:10
[INFO] [stdout]    |
[INFO] [stdout] 44 |     Some(TIM3_Handler),
[INFO] [stdout]    |          ^^^^^^^^^^^^ not found in this scope
[INFO] [stdout] 
[INFO] [stdout] 
[INFO] [stdout] error[E0425]: cannot find value `TIM4_Handler` in this scope
[INFO] [stdout]   --> src/startup_stm32.rs:45:10
[INFO] [stdout]    |
[INFO] [stdout] 45 |     Some(TIM4_Handler),
[INFO] [stdout]    |          ^^^^^^^^^^^^ not found in this scope
[INFO] [stdout] 
[INFO] [stdout] 
[INFO] [stdout] error[E0425]: cannot find value `I2C1_EV_Handler` in this scope
[INFO] [stdout]   --> src/startup_stm32.rs:46:10
[INFO] [stdout]    |
[INFO] [stdout] 46 |     Some(I2C1_EV_Handler),
[INFO] [stdout]    |          ^^^^^^^^^^^^^^^ not found in this scope
[INFO] [stdout] 
[INFO] [stdout] 
[INFO] [stdout] error[E0425]: cannot find value `I2C1_ER_Handler` in this scope
[INFO] [stdout]   --> src/startup_stm32.rs:47:10
[INFO] [stdout]    |
[INFO] [stdout] 47 |     Some(I2C1_ER_Handler),
[INFO] [stdout]    |          ^^^^^^^^^^^^^^^ not found in this scope
[INFO] [stdout] 
[INFO] [stdout] 
[INFO] [stdout] error[E0425]: cannot find value `I2C2_EV_Handler` in this scope
[INFO] [stdout]   --> src/startup_stm32.rs:48:10
[INFO] [stdout]    |
[INFO] [stdout] 48 |     Some(I2C2_EV_Handler),
[INFO] [stdout]    |          ^^^^^^^^^^^^^^^ not found in this scope
[INFO] [stdout] 
[INFO] [stdout] 
[INFO] [stdout] error[E0425]: cannot find value `I2C2_ER_Handler` in this scope
[INFO] [stdout]   --> src/startup_stm32.rs:49:10
[INFO] [stdout]    |
[INFO] [stdout] 49 |     Some(I2C2_ER_Handler),
[INFO] [stdout]    |          ^^^^^^^^^^^^^^^ not found in this scope
[INFO] [stdout] 
[INFO] [stdout] 
[INFO] [stdout] error[E0425]: cannot find value `SPI1_Handler` in this scope
[INFO] [stdout]   --> src/startup_stm32.rs:50:10
[INFO] [stdout]    |
[INFO] [stdout] 50 |     Some(SPI1_Handler),
[INFO] [stdout]    |          ^^^^^^^^^^^^ not found in this scope
[INFO] [stdout] 
[INFO] [stdout] 
[INFO] [stdout] error[E0425]: cannot find value `SPI2_Handler` in this scope
[INFO] [stdout]   --> src/startup_stm32.rs:51:10
[INFO] [stdout]    |
[INFO] [stdout] 51 |     Some(SPI2_Handler),
[INFO] [stdout]    |          ^^^^^^^^^^^^ not found in this scope
[INFO] [stdout] 
[INFO] [stdout] 
[INFO] [stdout] error[E0425]: cannot find value `USART1_Handler` in this scope
[INFO] [stdout]   --> src/startup_stm32.rs:52:10
[INFO] [stdout]    |
[INFO] [stdout] 52 |     Some(USART1_Handler),
[INFO] [stdout]    |          ^^^^^^^^^^^^^^ not found in this scope
[INFO] [stdout] 
[INFO] [stdout] 
[INFO] [stdout] error[E0425]: cannot find value `USART2_Handler` in this scope
[INFO] [stdout]   --> src/startup_stm32.rs:53:10
[INFO] [stdout]    |
[INFO] [stdout] 53 |     Some(USART2_Handler),
[INFO] [stdout]    |          ^^^^^^^^^^^^^^ not found in this scope
[INFO] [stdout] 
[INFO] [stdout] 
[INFO] [stdout] error[E0425]: cannot find value `USART3_Handler` in this scope
[INFO] [stdout]   --> src/startup_stm32.rs:54:10
[INFO] [stdout]    |
[INFO] [stdout] 54 |     Some(USART3_Handler),
[INFO] [stdout]    |          ^^^^^^^^^^^^^^ not found in this scope
[INFO] [stdout] 
[INFO] [stdout] 
[INFO] [stdout] error[E0425]: cannot find value `EXTI15_10_Handler` in this scope
[INFO] [stdout]   --> src/startup_stm32.rs:55:10
[INFO] [stdout]    |
[INFO] [stdout] 55 |     Some(EXTI15_10_Handler),
[INFO] [stdout]    |          ^^^^^^^^^^^^^^^^^ not found in this scope
[INFO] [stdout] 
[INFO] [stdout] 
[INFO] [stdout] error[E0425]: cannot find value `busfault_handler` in this scope
[INFO] [stdout]    --> src/startup_stm32.rs:6:10
[INFO] [stdout]     |
[INFO] [stdout]   6 |     Some(busfault_handler),
[INFO] [stdout]     |          ^^^^^^^^^^^^^^^^ not found in this scope
[INFO] [stdout]     |
[INFO] [stdout] note: similarly named function `default_handler` defined here
[INFO] [stdout]    --> src/startup_stm32.rs:113:1
[INFO] [stdout]     |
[INFO] [stdout] 113 | fn default_handler() {
[INFO] [stdout]     | ^^^^^^^^^^^^^^^^^^^^
[INFO] [stdout] help: a function with a similar name exists
[INFO] [stdout]     |
[INFO] [stdout]   6 -     Some(busfault_handler),
[INFO] [stdout]   6 +     Some(default_handler),
[INFO] [stdout]     |
[INFO] [stdout] 
[INFO] [stdout] 
[INFO] [stdout] error[E0425]: cannot find value `usagefault_handler` in this scope
[INFO] [stdout]    --> src/startup_stm32.rs:7:10
[INFO] [stdout]     |
[INFO] [stdout]   7 |     Some(usagefault_handler),
[INFO] [stdout]     |          ^^^^^^^^^^^^^^^^^^ not found in this scope
[INFO] [stdout]     |
[INFO] [stdout] note: similarly named function `default_handler` defined here
[INFO] [stdout]    --> src/startup_stm32.rs:113:1
[INFO] [stdout]     |
[INFO] [stdout] 113 | fn default_handler() {
[INFO] [stdout]     | ^^^^^^^^^^^^^^^^^^^^
[INFO] [stdout] help: a function with a similar name exists
[INFO] [stdout]     |
[INFO] [stdout]   7 -     Some(usagefault_handler),
[INFO] [stdout]   7 +     Some(default_handler),
[INFO] [stdout]     |
[INFO] [stdout] 
[INFO] [stdout] 
[INFO] [stdout] error[E0425]: cannot find value `SVCall_Handler` in this scope
[INFO] [stdout]   --> src/startup_stm32.rs:12:10
[INFO] [stdout]    |
[INFO] [stdout] 12 |     Some(SVCall_Handler),
[INFO] [stdout]    |          ^^^^^^^^^^^^^^ not found in this scope
[INFO] [stdout] 
[INFO] [stdout] 
[INFO] [stdout] error[E0425]: cannot find value `PendSV_Handler` in this scope
[INFO] [stdout]   --> src/startup_stm32.rs:13:10
[INFO] [stdout]    |
[INFO] [stdout] 13 |     Some(PendSV_Handler),
[INFO] [stdout]    |          ^^^^^^^^^^^^^^ not found in this scope
[INFO] [stdout] 
[INFO] [stdout] 
[INFO] [stdout] error[E0425]: cannot find value `SysTick_Handler` in this scope
[INFO] [stdout]   --> src/startup_stm32.rs:14:10
[INFO] [stdout]    |
[INFO] [stdout] 14 |     Some(SysTick_Handler),
[INFO] [stdout]    |          ^^^^^^^^^^^^^^^ not found in this scope
[INFO] [stdout] 
[INFO] [stdout] 
[INFO] [stdout] error[E0425]: cannot find value `WWDG_Handler` in this scope
[INFO] [stdout]   --> src/startup_stm32.rs:15:10
[INFO] [stdout]    |
[INFO] [stdout] 15 |     Some(WWDG_Handler),
[INFO] [stdout]    |          ^^^^^^^^^^^^ not found in this scope
[INFO] [stdout] 
[INFO] [stdout] 
[INFO] [stdout] error[E0425]: cannot find value `PVD_Handler` in this scope
[INFO] [stdout]   --> src/startup_stm32.rs:16:10
[INFO] [stdout]    |
[INFO] [stdout] 16 |     Some(PVD_Handler),
[INFO] [stdout]    |          ^^^^^^^^^^^ not found in this scope
[INFO] [stdout] 
[INFO] [stdout] 
[INFO] [stdout] error[E0425]: cannot find value `TAMPER_STAMP_Handler` in this scope
[INFO] [stdout]   --> src/startup_stm32.rs:17:10
[INFO] [stdout]    |
[INFO] [stdout] 17 |     Some(TAMPER_STAMP_Handler),
[INFO] [stdout]    |          ^^^^^^^^^^^^^^^^^^^^ not found in this scope
[INFO] [stdout] 
[INFO] [stdout] 
[INFO] [stdout] error[E0425]: cannot find value `RTC_WKUP_Handler` in this scope
[INFO] [stdout]   --> src/startup_stm32.rs:18:10
[INFO] [stdout]    |
[INFO] [stdout] 18 |     Some(RTC_WKUP_Handler),
[INFO] [stdout]    |          ^^^^^^^^^^^^^^^^ not found in this scope
[INFO] [stdout] 
[INFO] [stdout] 
[INFO] [stdout] error[E0425]: cannot find value `FLASH_Handler` in this scope
[INFO] [stdout]   --> src/startup_stm32.rs:19:10
[INFO] [stdout]    |
[INFO] [stdout] 19 |     Some(FLASH_Handler),
[INFO] [stdout]    |          ^^^^^^^^^^^^^ not found in this scope
[INFO] [stdout] 
[INFO] [stdout] 
[INFO] [stdout] error[E0425]: cannot find value `RCC_Handler` in this scope
[INFO] [stdout]   --> src/startup_stm32.rs:20:10
[INFO] [stdout]    |
[INFO] [stdout] 20 |     Some(RCC_Handler),
[INFO] [stdout]    |          ^^^^^^^^^^^ not found in this scope
[INFO] [stdout] 
[INFO] [stdout] 
[INFO] [stdout] error[E0425]: cannot find value `EXTI0_Handler` in this scope
[INFO] [stdout]   --> src/startup_stm32.rs:21:10
[INFO] [stdout]    |
[INFO] [stdout] 21 |     Some(EXTI0_Handler),
[INFO] [stdout]    |          ^^^^^^^^^^^^^ not found in this scope
[INFO] [stdout] 
[INFO] [stdout] 
[INFO] [stdout] error[E0425]: cannot find value `EXTI1_Handler` in this scope
[INFO] [stdout]   --> src/startup_stm32.rs:22:10
[INFO] [stdout]    |
[INFO] [stdout] 22 |     Some(EXTI1_Handler),
[INFO] [stdout]    |          ^^^^^^^^^^^^^ not found in this scope
[INFO] [stdout] 
[INFO] [stdout] 
[INFO] [stdout] error[E0425]: cannot find value `EXTI2_TS_Handler` in this scope
[INFO] [stdout]   --> src/startup_stm32.rs:23:10
[INFO] [stdout]    |
[INFO] [stdout] 23 |     Some(EXTI2_TS_Handler),
[INFO] [stdout]    |          ^^^^^^^^^^^^^^^^ not found in this scope
[INFO] [stdout] 
[INFO] [stdout] 
[INFO] [stdout] error[E0425]: cannot find value `EXTI3_Handler` in this scope
[INFO] [stdout]   --> src/startup_stm32.rs:24:10
[INFO] [stdout]    |
[INFO] [stdout] 24 |     Some(EXTI3_Handler),
[INFO] [stdout]    |          ^^^^^^^^^^^^^ not found in this scope
[INFO] [stdout] 
[INFO] [stdout] 
[INFO] [stdout] error[E0425]: cannot find value `EXTI4_Handler` in this scope
[INFO] [stdout]   --> src/startup_stm32.rs:25:10
[INFO] [stdout]    |
[INFO] [stdout] 25 |     Some(EXTI4_Handler),
[INFO] [stdout]    |          ^^^^^^^^^^^^^ not found in this scope
[INFO] [stdout] 
[INFO] [stdout] 
[INFO] [stdout] error[E0425]: cannot find value `DMA1_Channel1_Handler` in this scope
[INFO] [stdout]   --> src/startup_stm32.rs:26:10
[INFO] [stdout]    |
[INFO] [stdout] 26 |     Some(DMA1_Channel1_Handler),
[INFO] [stdout]    |          ^^^^^^^^^^^^^^^^^^^^^ not found in this scope
[INFO] [stdout] 
[INFO] [stdout] 
[INFO] [stdout] error[E0425]: cannot find value `DMA1_Channel2_Handler` in this scope
[INFO] [stdout]   --> src/startup_stm32.rs:27:10
[INFO] [stdout]    |
[INFO] [stdout] 27 |     Some(DMA1_Channel2_Handler),
[INFO] [stdout]    |          ^^^^^^^^^^^^^^^^^^^^^ not found in this scope
[INFO] [stdout] 
[INFO] [stdout] 
[INFO] [stdout] error[E0425]: cannot find value `DMA1_Channel3_Handler` in this scope
[INFO] [stdout]   --> src/startup_stm32.rs:28:10
[INFO] [stdout]    |
[INFO] [stdout] 28 |     Some(DMA1_Channel3_Handler),
[INFO] [stdout]    |          ^^^^^^^^^^^^^^^^^^^^^ not found in this scope
[INFO] [stdout] 
[INFO] [stdout] 
[INFO] [stdout] error[E0425]: cannot find value `DMA1_Channel4_Handler` in this scope
[INFO] [stdout]   --> src/startup_stm32.rs:29:10
[INFO] [stdout]    |
[INFO] [stdout] 29 |     Some(DMA1_Channel4_Handler),
[INFO] [stdout]    |          ^^^^^^^^^^^^^^^^^^^^^ not found in this scope
[INFO] [stdout] 
[INFO] [stdout] 
[INFO] [stdout] error[E0425]: cannot find value `DMA1_Channel5_Handler` in this scope
[INFO] [stdout]   --> src/startup_stm32.rs:30:10
[INFO] [stdout]    |
[INFO] [stdout] 30 |     Some(DMA1_Channel5_Handler),
[INFO] [stdout]    |          ^^^^^^^^^^^^^^^^^^^^^ not found in this scope
[INFO] [stdout] 
[INFO] [stdout] 
[INFO] [stdout] error[E0425]: cannot find value `DMA1_Channel6_Handler` in this scope
[INFO] [stdout]   --> src/startup_stm32.rs:31:10
[INFO] [stdout]    |
[INFO] [stdout] 31 |     Some(DMA1_Channel6_Handler),
[INFO] [stdout]    |          ^^^^^^^^^^^^^^^^^^^^^ not found in this scope
[INFO] [stdout] 
[INFO] [stdout] 
[INFO] [stdout] error[E0425]: cannot find value `DMA1_Channel7_Handler` in this scope
[INFO] [stdout]   --> src/startup_stm32.rs:32:10
[INFO] [stdout]    |
[INFO] [stdout] 32 |     Some(DMA1_Channel7_Handler),
[INFO] [stdout]    |          ^^^^^^^^^^^^^^^^^^^^^ not found in this scope
[INFO] [stdout] 
[INFO] [stdout] 
[INFO] [stdout] error[E0425]: cannot find value `ADC1_2_Handler` in this scope
[INFO] [stdout]   --> src/startup_stm32.rs:33:10
[INFO] [stdout]    |
[INFO] [stdout] 33 |     Some(ADC1_2_Handler),
[INFO] [stdout]    |          ^^^^^^^^^^^^^^ not found in this scope
[INFO] [stdout] 
[INFO] [stdout] 
[INFO] [stdout] error[E0425]: cannot find value `USB_HP_CAN_TX_Handler` in this scope
[INFO] [stdout]   --> src/startup_stm32.rs:34:10
[INFO] [stdout]    |
[INFO] [stdout] 34 |     Some(USB_HP_CAN_TX_Handler),
[INFO] [stdout]    |          ^^^^^^^^^^^^^^^^^^^^^ not found in this scope
[INFO] [stdout] 
[INFO] [stdout] 
[INFO] [stdout] error[E0425]: cannot find value `USB_LP_CAN_RX0_Handler` in this scope
[INFO] [stdout]   --> src/startup_stm32.rs:35:11
[INFO] [stdout]    |
[INFO] [stdout] 35 |     Some( USB_LP_CAN_RX0_Handler),
[INFO] [stdout]    |           ^^^^^^^^^^^^^^^^^^^^^^ not found in this scope
[INFO] [stdout] 
[INFO] [stdout] 
[INFO] [stdout] error[E0425]: cannot find value `CAN_RX1_Handler` in this scope
[INFO] [stdout]   --> src/startup_stm32.rs:36:10
[INFO] [stdout]    |
[INFO] [stdout] 36 |     Some(CAN_RX1_Handler),
[INFO] [stdout]    |          ^^^^^^^^^^^^^^^ not found in this scope
[INFO] [stdout] 
[INFO] [stdout] 
[INFO] [stdout] error[E0425]: cannot find value `CAN_SCE_Handler` in this scope
[INFO] [stdout]   --> src/startup_stm32.rs:37:10
[INFO] [stdout]    |
[INFO] [stdout] 37 |     Some(CAN_SCE_Handler),
[INFO] [stdout]    |          ^^^^^^^^^^^^^^^ not found in this scope
[INFO] [stdout] 
[INFO] [stdout] 
[INFO] [stdout] error[E0425]: cannot find value `EXTI9_5_Handler` in this scope
[INFO] [stdout]   --> src/startup_stm32.rs:38:10
[INFO] [stdout]    |
[INFO] [stdout] 38 |     Some(EXTI9_5_Handler),
[INFO] [stdout]    |          ^^^^^^^^^^^^^^^ not found in this scope
[INFO] [stdout] 
[INFO] [stdout] 
[INFO] [stdout] error[E0425]: cannot find value `TIM1_BRK_TIM15_Handler` in this scope
[INFO] [stdout]   --> src/startup_stm32.rs:39:10
[INFO] [stdout]    |
[INFO] [stdout] 39 |     Some(TIM1_BRK_TIM15_Handler),
[INFO] [stdout]    |          ^^^^^^^^^^^^^^^^^^^^^^ not found in this scope
[INFO] [stdout] 
[INFO] [stdout] 
[INFO] [stdout] error[E0425]: cannot find value `TIM1_UP_TIM16_Handler` in this scope
[INFO] [stdout]   --> src/startup_stm32.rs:40:10
[INFO] [stdout]    |
[INFO] [stdout] 40 |     Some(TIM1_UP_TIM16_Handler),
[INFO] [stdout]    |          ^^^^^^^^^^^^^^^^^^^^^ not found in this scope
[INFO] [stdout] 
[INFO] [stdout] 
[INFO] [stdout] error[E0425]: cannot find value `TIM1_TRG_COM_TIM17_Handler` in this scope
[INFO] [stdout]   --> src/startup_stm32.rs:41:10
[INFO] [stdout]    |
[INFO] [stdout] 41 |     Some(TIM1_TRG_COM_TIM17_Handler),
[INFO] [stdout]    |          ^^^^^^^^^^^^^^^^^^^^^^^^^^ not found in this scope
[INFO] [stdout] 
[INFO] [stdout] 
[INFO] [stdout] error[E0425]: cannot find value `TIM1_CC_Handler` in this scope
[INFO] [stdout]   --> src/startup_stm32.rs:42:10
[INFO] [stdout]    |
[INFO] [stdout] 42 |     Some(TIM1_CC_Handler),
[INFO] [stdout]    |          ^^^^^^^^^^^^^^^ not found in this scope
[INFO] [stdout] 
[INFO] [stdout] 
[INFO] [stdout] error[E0425]: cannot find value `TIM2_Handler` in this scope
[INFO] [stdout]   --> src/startup_stm32.rs:43:10
[INFO] [stdout]    |
[INFO] [stdout] 43 |     Some(TIM2_Handler),
[INFO] [stdout]    |          ^^^^^^^^^^^^ not found in this scope
[INFO] [stdout] 
[INFO] [stdout] 
[INFO] [stdout] error[E0425]: cannot find value `TIM3_Handler` in this scope
[INFO] [stdout]   --> src/startup_stm32.rs:44:10
[INFO] [stdout]    |
[INFO] [stdout] 44 |     Some(TIM3_Handler),
[INFO] [stdout]    |          ^^^^^^^^^^^^ not found in this scope
[INFO] [stdout] 
[INFO] [stdout] 
[INFO] [stdout] error[E0425]: cannot find value `TIM4_Handler` in this scope
[INFO] [stdout]   --> src/startup_stm32.rs:45:10
[INFO] [stdout]    |
[INFO] [stdout] 45 |     Some(TIM4_Handler),
[INFO] [stdout]    |          ^^^^^^^^^^^^ not found in this scope
[INFO] [stdout] 
[INFO] [stdout] 
[INFO] [stdout] error[E0425]: cannot find value `I2C1_EV_Handler` in this scope
[INFO] [stdout]   --> src/startup_stm32.rs:46:10
[INFO] [stdout]    |
[INFO] [stdout] 46 |     Some(I2C1_EV_Handler),
[INFO] [stdout]    |          ^^^^^^^^^^^^^^^ not found in this scope
[INFO] [stdout] 
[INFO] [stdout] 
[INFO] [stdout] error[E0425]: cannot find value `I2C1_ER_Handler` in this scope
[INFO] [stdout]   --> src/startup_stm32.rs:47:10
[INFO] [stdout]    |
[INFO] [stdout] 47 |     Some(I2C1_ER_Handler),
[INFO] [stdout]    |          ^^^^^^^^^^^^^^^ not found in this scope
[INFO] [stdout] 
[INFO] [stdout] 
[INFO] [stdout] error[E0425]: cannot find value `I2C2_EV_Handler` in this scope
[INFO] [stdout]   --> src/startup_stm32.rs:48:10
[INFO] [stdout]    |
[INFO] [stdout] 48 |     Some(I2C2_EV_Handler),
[INFO] [stdout]    |          ^^^^^^^^^^^^^^^ not found in this scope
[INFO] [stdout] 
[INFO] [stdout] 
[INFO] [stdout] error[E0425]: cannot find value `I2C2_ER_Handler` in this scope
[INFO] [stdout]   --> src/startup_stm32.rs:49:10
[INFO] [stdout]    |
[INFO] [stdout] 49 |     Some(I2C2_ER_Handler),
[INFO] [stdout]    |          ^^^^^^^^^^^^^^^ not found in this scope
[INFO] [stdout] 
[INFO] [stdout] 
[INFO] [stdout] error[E0425]: cannot find value `SPI1_Handler` in this scope
[INFO] [stdout]   --> src/startup_stm32.rs:50:10
[INFO] [stdout]    |
[INFO] [stdout] 50 |     Some(SPI1_Handler),
[INFO] [stdout]    |          ^^^^^^^^^^^^ not found in this scope
[INFO] [stdout] 
[INFO] [stdout] 
[INFO] [stdout] error[E0425]: cannot find value `SPI2_Handler` in this scope
[INFO] [stdout]   --> src/startup_stm32.rs:51:10
[INFO] [stdout]    |
[INFO] [stdout] 51 |     Some(SPI2_Handler),
[INFO] [stdout]    |          ^^^^^^^^^^^^ not found in this scope
[INFO] [stdout] 
[INFO] [stdout] 
[INFO] [stdout] error[E0425]: cannot find value `USART1_Handler` in this scope
[INFO] [stdout]   --> src/startup_stm32.rs:52:10
[INFO] [stdout]    |
[INFO] [stdout] 52 |     Some(USART1_Handler),
[INFO] [stdout]    |          ^^^^^^^^^^^^^^ not found in this scope
[INFO] [stdout] 
[INFO] [stdout] 
[INFO] [stdout] error[E0425]: cannot find value `USART2_Handler` in this scope
[INFO] [stdout]   --> src/startup_stm32.rs:53:10
[INFO] [stdout]    |
[INFO] [stdout] 53 |     Some(USART2_Handler),
[INFO] [stdout]    |          ^^^^^^^^^^^^^^ not found in this scope
[INFO] [stdout] 
[INFO] [stdout] 
[INFO] [stdout] error[E0425]: cannot find value `USART3_Handler` in this scope
[INFO] [stdout]   --> src/startup_stm32.rs:54:10
[INFO] [stdout]    |
[INFO] [stdout] 54 |     Some(USART3_Handler),
[INFO] [stdout]    |          ^^^^^^^^^^^^^^ not found in this scope
[INFO] [stdout] 
[INFO] [stdout] 
[INFO] [stdout] error[E0425]: cannot find value `EXTI15_10_Handler` in this scope
[INFO] [stdout]   --> src/startup_stm32.rs:55:10
[INFO] [stdout]    |
[INFO] [stdout] 55 |     Some(EXTI15_10_Handler),
[INFO] [stdout]    |          ^^^^^^^^^^^^^^^^^ not found in this scope
[INFO] [stdout] 
[INFO] [stdout] 
[INFO] [stdout] error[E0425]: cannot find value `RTC_Alarm_Handler` in this scope
[INFO] [stdout]   --> src/startup_stm32.rs:56:11
[INFO] [stdout]    |
[INFO] [stdout] 56 |     Some( RTC_Alarm_Handler),
[INFO] [stdout]    |           ^^^^^^^^^^^^^^^^^ not found in this scope
[INFO] [stdout] 
[INFO] [stdout] 
[INFO] [stdout] error[E0425]: cannot find value `USBWakeUp_Handler` in this scope
[INFO] [stdout]   --> src/startup_stm32.rs:57:10
[INFO] [stdout]    |
[INFO] [stdout] 57 |     Some(USBWakeUp_Handler),
[INFO] [stdout]    |          ^^^^^^^^^^^^^^^^^ not found in this scope
[INFO] [stdout] 
[INFO] [stdout] 
[INFO] [stdout] error[E0425]: cannot find value `TIM8_BRK_Handler` in this scope
[INFO] [stdout]   --> src/startup_stm32.rs:58:10
[INFO] [stdout]    |
[INFO] [stdout] 58 |     Some(TIM8_BRK_Handler),
[INFO] [stdout]    |          ^^^^^^^^^^^^^^^^ not found in this scope
[INFO] [stdout] 
[INFO] [stdout] 
[INFO] [stdout] error[E0425]: cannot find value `TIM8_UP_Handler` in this scope
[INFO] [stdout]   --> src/startup_stm32.rs:59:10
[INFO] [stdout]    |
[INFO] [stdout] 59 |     Some(TIM8_UP_Handler),
[INFO] [stdout]    |          ^^^^^^^^^^^^^^^ not found in this scope
[INFO] [stdout] 
[INFO] [stdout] 
[INFO] [stdout] error[E0425]: cannot find value `TIM8_TRG_COM_Handler` in this scope
[INFO] [stdout]   --> src/startup_stm32.rs:60:10
[INFO] [stdout]    |
[INFO] [stdout] 60 |     Some(TIM8_TRG_COM_Handler),
[INFO] [stdout]    |          ^^^^^^^^^^^^^^^^^^^^ not found in this scope
[INFO] [stdout] 
[INFO] [stdout] 
[INFO] [stdout] error[E0425]: cannot find value `TIM8_CC_Handler` in this scope
[INFO] [stdout]   --> src/startup_stm32.rs:61:10
[INFO] [stdout]    |
[INFO] [stdout] 61 |     Some(TIM8_CC_Handler),
[INFO] [stdout]    |          ^^^^^^^^^^^^^^^ not found in this scope
[INFO] [stdout] 
[INFO] [stdout] 
[INFO] [stdout] error[E0425]: cannot find value `ADC3_Handler` in this scope
[INFO] [stdout]   --> src/startup_stm32.rs:62:10
[INFO] [stdout]    |
[INFO] [stdout] 62 |     Some(ADC3_Handler),
[INFO] [stdout]    |          ^^^^^^^^^^^^ not found in this scope
[INFO] [stdout] 
[INFO] [stdout] 
[INFO] [stdout] error[E0425]: cannot find value `SPI3_Handler` in this scope
[INFO] [stdout]   --> src/startup_stm32.rs:66:10
[INFO] [stdout]    |
[INFO] [stdout] 66 |     Some(SPI3_Handler),
[INFO] [stdout]    |          ^^^^^^^^^^^^ not found in this scope
[INFO] [stdout] 
[INFO] [stdout] 
[INFO] [stdout] error[E0425]: cannot find value `RTC_Alarm_Handler` in this scope
[INFO] [stdout]   --> src/startup_stm32.rs:56:11
[INFO] [stdout]    |
[INFO] [stdout] 56 |     Some( RTC_Alarm_Handler),
[INFO] [stdout]    |           ^^^^^^^^^^^^^^^^^ not found in this scope
[INFO] [stdout] 
[INFO] [stdout] 
[INFO] [stdout] error[E0425]: cannot find value `USBWakeUp_Handler` in this scope
[INFO] [stdout]   --> src/startup_stm32.rs:57:10
[INFO] [stdout]    |
[INFO] [stdout] 57 |     Some(USBWakeUp_Handler),
[INFO] [stdout]    |          ^^^^^^^^^^^^^^^^^ not found in this scope
[INFO] [stdout] 
[INFO] [stdout] 
[INFO] [stdout] error[E0425]: cannot find value `TIM8_BRK_Handler` in this scope
[INFO] [stdout]   --> src/startup_stm32.rs:58:10
[INFO] [stdout]    |
[INFO] [stdout] 58 |     Some(TIM8_BRK_Handler),
[INFO] [stdout]    |          ^^^^^^^^^^^^^^^^ not found in this scope
[INFO] [stdout] 
[INFO] [stdout] 
[INFO] [stdout] error[E0425]: cannot find value `TIM8_UP_Handler` in this scope
[INFO] [stdout]   --> src/startup_stm32.rs:59:10
[INFO] [stdout]    |
[INFO] [stdout] 59 |     Some(TIM8_UP_Handler),
[INFO] [stdout]    |          ^^^^^^^^^^^^^^^ not found in this scope
[INFO] [stdout] 
[INFO] [stdout] 
[INFO] [stdout] error[E0425]: cannot find value `TIM8_TRG_COM_Handler` in this scope
[INFO] [stdout]   --> src/startup_stm32.rs:60:10
[INFO] [stdout]    |
[INFO] [stdout] 60 |     Some(TIM8_TRG_COM_Handler),
[INFO] [stdout]    |          ^^^^^^^^^^^^^^^^^^^^ not found in this scope
[INFO] [stdout] 
[INFO] [stdout] 
[INFO] [stdout] error[E0425]: cannot find value `TIM8_CC_Handler` in this scope
[INFO] [stdout]   --> src/startup_stm32.rs:61:10
[INFO] [stdout]    |
[INFO] [stdout] 61 |     Some(TIM8_CC_Handler),
[INFO] [stdout]    |          ^^^^^^^^^^^^^^^ not found in this scope
[INFO] [stdout] 
[INFO] [stdout] 
[INFO] [stdout] error[E0425]: cannot find value `ADC3_Handler` in this scope
[INFO] [stdout]   --> src/startup_stm32.rs:62:10
[INFO] [stdout]    |
[INFO] [stdout] 62 |     Some(ADC3_Handler),
[INFO] [stdout]    |          ^^^^^^^^^^^^ not found in this scope
[INFO] [stdout] 
[INFO] [stdout] 
[INFO] [stdout] error[E0425]: cannot find value `SPI3_Handler` in this scope
[INFO] [stdout]   --> src/startup_stm32.rs:66:10
[INFO] [stdout]    |
[INFO] [stdout] 66 |     Some(SPI3_Handler),
[INFO] [stdout]    |          ^^^^^^^^^^^^ not found in this scope
[INFO] [stdout] 
[INFO] [stdout] 
[INFO] [stdout] error[E0425]: cannot find value `UART4_Handler` in this scope
[INFO] [stdout]   --> src/startup_stm32.rs:67:10
[INFO] [stdout]    |
[INFO] [stdout] 67 |     Some(UART4_Handler),
[INFO] [stdout]    |          ^^^^^^^^^^^^^ not found in this scope
[INFO] [stdout] 
[INFO] [stdout] 
[INFO] [stdout] error[E0425]: cannot find value `UART5_Handler` in this scope
[INFO] [stdout]   --> src/startup_stm32.rs:68:10
[INFO] [stdout]    |
[INFO] [stdout] 68 |     Some(UART5_Handler),
[INFO] [stdout]    |          ^^^^^^^^^^^^^ not found in this scope
[INFO] [stdout] 
[INFO] [stdout] 
[INFO] [stdout] error[E0425]: cannot find value `TIM6_DAC_Handler` in this scope
[INFO] [stdout]   --> src/startup_stm32.rs:69:10
[INFO] [stdout]    |
[INFO] [stdout] 69 |     Some(TIM6_DAC_Handler),
[INFO] [stdout]    |          ^^^^^^^^^^^^^^^^ not found in this scope
[INFO] [stdout] 
[INFO] [stdout] 
[INFO] [stdout] error[E0425]: cannot find value `TIM7_Handler` in this scope
[INFO] [stdout]   --> src/startup_stm32.rs:70:10
[INFO] [stdout]    |
[INFO] [stdout] 70 |     Some(TIM7_Handler),
[INFO] [stdout]    |          ^^^^^^^^^^^^ not found in this scope
[INFO] [stdout] 
[INFO] [stdout] 
[INFO] [stdout] error[E0425]: cannot find value `DMA2_Channel1_Handler` in this scope
[INFO] [stdout]   --> src/startup_stm32.rs:71:10
[INFO] [stdout]    |
[INFO] [stdout] 71 |     Some(DMA2_Channel1_Handler),
[INFO] [stdout]    |          ^^^^^^^^^^^^^^^^^^^^^ not found in this scope
[INFO] [stdout] 
[INFO] [stdout] 
[INFO] [stdout] error[E0425]: cannot find value `DMA2_Channel2_Handler` in this scope
[INFO] [stdout]   --> src/startup_stm32.rs:72:10
[INFO] [stdout]    |
[INFO] [stdout] 72 |     Some(DMA2_Channel2_Handler),
[INFO] [stdout]    |          ^^^^^^^^^^^^^^^^^^^^^ not found in this scope
[INFO] [stdout] 
[INFO] [stdout] 
[INFO] [stdout] error[E0425]: cannot find value `DMA2_Channel3_Handler` in this scope
[INFO] [stdout]   --> src/startup_stm32.rs:73:10
[INFO] [stdout]    |
[INFO] [stdout] 73 |     Some(DMA2_Channel3_Handler),
[INFO] [stdout]    |          ^^^^^^^^^^^^^^^^^^^^^ not found in this scope
[INFO] [stdout] 
[INFO] [stdout] 
[INFO] [stdout] error[E0425]: cannot find value `DMA2_Channel4_Handler` in this scope
[INFO] [stdout]   --> src/startup_stm32.rs:74:10
[INFO] [stdout]    |
[INFO] [stdout] 74 |     Some(DMA2_Channel4_Handler),
[INFO] [stdout]    |          ^^^^^^^^^^^^^^^^^^^^^ not found in this scope
[INFO] [stdout] 
[INFO] [stdout] 
[INFO] [stdout] error[E0425]: cannot find value `DMA2_Channel5_Handler` in this scope
[INFO] [stdout]   --> src/startup_stm32.rs:75:10
[INFO] [stdout]    |
[INFO] [stdout] 75 |     Some(DMA2_Channel5_Handler),
[INFO] [stdout]    |          ^^^^^^^^^^^^^^^^^^^^^ not found in this scope
[INFO] [stdout] 
[INFO] [stdout] 
[INFO] [stdout] error[E0425]: cannot find value `ADC4_Handler` in this scope
[INFO] [stdout]   --> src/startup_stm32.rs:76:10
[INFO] [stdout]    |
[INFO] [stdout] 76 |     Some(ADC4_Handler),
[INFO] [stdout]    |          ^^^^^^^^^^^^ not found in this scope
[INFO] [stdout] 
[INFO] [stdout] 
[INFO] [stdout] error[E0425]: cannot find value `COMP1_2_3_Handler` in this scope
[INFO] [stdout]   --> src/startup_stm32.rs:79:10
[INFO] [stdout]    |
[INFO] [stdout] 79 |     Some(COMP1_2_3_Handler),
[INFO] [stdout]    |          ^^^^^^^^^^^^^^^^^ not found in this scope
[INFO] [stdout] 
[INFO] [stdout] 
[INFO] [stdout] error[E0425]: cannot find value `COMP4_5_6_Handler` in this scope
[INFO] [stdout]   --> src/startup_stm32.rs:80:10
[INFO] [stdout]    |
[INFO] [stdout] 80 |     Some(COMP4_5_6_Handler),
[INFO] [stdout]    |          ^^^^^^^^^^^^^^^^^ not found in this scope
[INFO] [stdout] 
[INFO] [stdout] 
[INFO] [stdout] error[E0425]: cannot find value `COMP7_Handler` in this scope
[INFO] [stdout]   --> src/startup_stm32.rs:81:10
[INFO] [stdout]    |
[INFO] [stdout] 81 |     Some(COMP7_Handler),
[INFO] [stdout]    |          ^^^^^^^^^^^^^ not found in this scope
[INFO] [stdout] 
[INFO] [stdout] 
[INFO] [stdout] error[E0425]: cannot find value `USB_HP_Handler` in this scope
[INFO] [stdout]   --> src/startup_stm32.rs:89:10
[INFO] [stdout]    |
[INFO] [stdout] 89 |     Some(USB_HP_Handler),
[INFO] [stdout]    |          ^^^^^^^^^^^^^^ not found in this scope
[INFO] [stdout] 
[INFO] [stdout] 
[INFO] [stdout] error[E0425]: cannot find value `USB_LP_Handler` in this scope
[INFO] [stdout]   --> src/startup_stm32.rs:90:10
[INFO] [stdout]    |
[INFO] [stdout] 90 |     Some(USB_LP_Handler),
[INFO] [stdout]    |          ^^^^^^^^^^^^^^ not found in this scope
[INFO] [stdout] 
[INFO] [stdout] 
[INFO] [stdout] error[E0425]: cannot find value `USB_WakeUp_RMP_Handler` in this scope
[INFO] [stdout]   --> src/startup_stm32.rs:91:10
[INFO] [stdout]    |
[INFO] [stdout] 91 |     Some(USB_WakeUp_RMP_Handler),
[INFO] [stdout]    |          ^^^^^^^^^^^^^^^^^^^^^^ not found in this scope
[INFO] [stdout] 
[INFO] [stdout] 
[INFO] [stdout] error[E0425]: cannot find value `FPU_Handler` in this scope
[INFO] [stdout]   --> src/startup_stm32.rs:96:10
[INFO] [stdout]    |
[INFO] [stdout] 96 |     Some(FPU_Handler),
[INFO] [stdout]    |          ^^^^^^^^^^^ not found in this scope
[INFO] [stdout] 
[INFO] [stdout] 
[INFO] [stdout] error[E0152]: found duplicate lang item `panic_impl`
[INFO] [stdout]   --> src/main.rs:34:1
[INFO] [stdout]    |
[INFO] [stdout] 34 | / fn panic_handler(_info: &PanicInfo) -> ! {
[INFO] [stdout] 35 | |     loop {
[INFO] [stdout] ...  |
[INFO] [stdout] 38 | | }
[INFO] [stdout]    | |_^
[INFO] [stdout]    |
[INFO] [stdout]    = note: the lang item is first defined in crate `std` (which `test` depends on)
[INFO] [stdout]    = note: first definition in `std` loaded from /opt/rustwide/rustup-home/toolchains/3154cc1a3e6424e44f438a95007d043ed5ceaaf6/lib/rustlib/x86_64-unknown-linux-gnu/lib/libstd-6ee2a0f0126c8a50.rmeta
[INFO] [stdout]    = note: second definition in the local crate (`first_embed`)
[INFO] [stdout] 
[INFO] [stdout] 
[INFO] [stdout] Some errors have detailed explanations: E0152, E0425.
[INFO] [stdout] 
[INFO] [stdout] For more information about an error, try `rustc --explain E0152`.
[INFO] [stdout] 
[INFO] [stdout] error[E0425]: cannot find value `UART4_Handler` in this scope
[INFO] [stdout]   --> src/startup_stm32.rs:67:10
[INFO] [stdout]    |
[INFO] [stdout] 67 |     Some(UART4_Handler),
[INFO] [stdout]    |          ^^^^^^^^^^^^^ not found in this scope
[INFO] [stdout] 
[INFO] [stdout] 
[INFO] [stdout] error[E0425]: cannot find value `UART5_Handler` in this scope
[INFO] [stdout]   --> src/startup_stm32.rs:68:10
[INFO] [stdout]    |
[INFO] [stdout] 68 |     Some(UART5_Handler),
[INFO] [stdout]    |          ^^^^^^^^^^^^^ not found in this scope
[INFO] [stdout] 
[INFO] [stdout] 
[INFO] [stdout] error[E0425]: cannot find value `TIM6_DAC_Handler` in this scope
[INFO] [stdout]   --> src/startup_stm32.rs:69:10
[INFO] [stdout]    |
[INFO] [stdout] 69 |     Some(TIM6_DAC_Handler),
[INFO] [stdout]    |          ^^^^^^^^^^^^^^^^ not found in this scope
[INFO] [stdout] 
[INFO] [stdout] 
[INFO] [stdout] error[E0425]: cannot find value `TIM7_Handler` in this scope
[INFO] [stdout]   --> src/startup_stm32.rs:70:10
[INFO] [stdout]    |
[INFO] [stdout] 70 |     Some(TIM7_Handler),
[INFO] [stdout]    |          ^^^^^^^^^^^^ not found in this scope
[INFO] [stdout] 
[INFO] [stdout] 
[INFO] [stdout] error[E0425]: cannot find value `DMA2_Channel1_Handler` in this scope
[INFO] [stdout]   --> src/startup_stm32.rs:71:10
[INFO] [stdout]    |
[INFO] [stdout] 71 |     Some(DMA2_Channel1_Handler),
[INFO] [stdout]    |          ^^^^^^^^^^^^^^^^^^^^^ not found in this scope
[INFO] [stdout] 
[INFO] [stdout] 
[INFO] [stdout] error[E0425]: cannot find value `DMA2_Channel2_Handler` in this scope
[INFO] [stdout]   --> src/startup_stm32.rs:72:10
[INFO] [stdout]    |
[INFO] [stdout] 72 |     Some(DMA2_Channel2_Handler),
[INFO] [stdout]    |          ^^^^^^^^^^^^^^^^^^^^^ not found in this scope
[INFO] [stdout] 
[INFO] [stdout] 
[INFO] [stdout] error[E0425]: cannot find value `DMA2_Channel3_Handler` in this scope
[INFO] [stdout]   --> src/startup_stm32.rs:73:10
[INFO] [stdout]    |
[INFO] [stdout] 73 |     Some(DMA2_Channel3_Handler),
[INFO] [stdout]    |          ^^^^^^^^^^^^^^^^^^^^^ not found in this scope
[INFO] [stdout] 
[INFO] [stdout] 
[INFO] [stdout] error[E0425]: cannot find value `DMA2_Channel4_Handler` in this scope
[INFO] [stdout]   --> src/startup_stm32.rs:74:10
[INFO] [stdout]    |
[INFO] [stdout] 74 |     Some(DMA2_Channel4_Handler),
[INFO] [stdout]    |          ^^^^^^^^^^^^^^^^^^^^^ not found in this scope
[INFO] [stdout] 
[INFO] [stdout] 
[INFO] [stdout] error[E0425]: cannot find value `DMA2_Channel5_Handler` in this scope
[INFO] [stdout]   --> src/startup_stm32.rs:75:10
[INFO] [stdout]    |
[INFO] [stdout] 75 |     Some(DMA2_Channel5_Handler),
[INFO] [stdout]    |          ^^^^^^^^^^^^^^^^^^^^^ not found in this scope
[INFO] [stdout] 
[INFO] [stdout] 
[INFO] [stdout] error[E0425]: cannot find value `ADC4_Handler` in this scope
[INFO] [stdout]   --> src/startup_stm32.rs:76:10
[INFO] [stdout]    |
[INFO] [stdout] 76 |     Some(ADC4_Handler),
[INFO] [stdout]    |          ^^^^^^^^^^^^ not found in this scope
[INFO] [stdout] 
[INFO] [stdout] 
[INFO] [stdout] error[E0425]: cannot find value `COMP1_2_3_Handler` in this scope
[INFO] [stdout]   --> src/startup_stm32.rs:79:10
[INFO] [stdout]    |
[INFO] [stdout] 79 |     Some(COMP1_2_3_Handler),
[INFO] [stdout]    |          ^^^^^^^^^^^^^^^^^ not found in this scope
[INFO] [stdout] 
[INFO] [stdout] 
[INFO] [stdout] error[E0425]: cannot find value `COMP4_5_6_Handler` in this scope
[INFO] [stdout]   --> src/startup_stm32.rs:80:10
[INFO] [stdout]    |
[INFO] [stdout] 80 |     Some(COMP4_5_6_Handler),
[INFO] [stdout]    |          ^^^^^^^^^^^^^^^^^ not found in this scope
[INFO] [stdout] 
[INFO] [stdout] 
[INFO] [stdout] error[E0425]: cannot find value `COMP7_Handler` in this scope
[INFO] [stdout]   --> src/startup_stm32.rs:81:10
[INFO] [stdout]    |
[INFO] [stdout] 81 |     Some(COMP7_Handler),
[INFO] [stdout]    |          ^^^^^^^^^^^^^ not found in this scope
[INFO] [stdout] 
[INFO] [stdout] 
[INFO] [stdout] error[E0425]: cannot find value `USB_HP_Handler` in this scope
[INFO] [stdout]   --> src/startup_stm32.rs:89:10
[INFO] [stdout]    |
[INFO] [stdout] 89 |     Some(USB_HP_Handler),
[INFO] [stdout]    |          ^^^^^^^^^^^^^^ not found in this scope
[INFO] [stdout] 
[INFO] [stdout] 
[INFO] [stdout] error[E0425]: cannot find value `USB_LP_Handler` in this scope
[INFO] [stdout]   --> src/startup_stm32.rs:90:10
[INFO] [stdout]    |
[INFO] [stdout] 90 |     Some(USB_LP_Handler),
[INFO] [stdout]    |          ^^^^^^^^^^^^^^ not found in this scope
[INFO] [stdout] 
[INFO] [stdout] 
[INFO] [stdout] error[E0425]: cannot find value `USB_WakeUp_RMP_Handler` in this scope
[INFO] [stdout]   --> src/startup_stm32.rs:91:10
[INFO] [stdout]    |
[INFO] [stdout] 91 |     Some(USB_WakeUp_RMP_Handler),
[INFO] [stdout]    |          ^^^^^^^^^^^^^^^^^^^^^^ not found in this scope
[INFO] [stdout] 
[INFO] [stdout] 
[INFO] [stdout] error[E0425]: cannot find value `FPU_Handler` in this scope
[INFO] [stdout]   --> src/startup_stm32.rs:96:10
[INFO] [stdout]    |
[INFO] [stdout] 96 |     Some(FPU_Handler),
[INFO] [stdout]    |          ^^^^^^^^^^^ not found in this scope
[INFO] [stdout] 
[INFO] [stdout] 
[INFO] [stdout] error: unwinding panics are not supported without std
[INFO] [stdout]   |
[INFO] [stdout]   = help: using nightly cargo, use -Zbuild-std with panic="abort" to avoid unwinding
[INFO] [stdout]   = note: since the core library is usually precompiled with panic="unwind", rebuilding your crate with panic="abort" may not be enough to fix the problem
[INFO] [stdout] 
[INFO] [stdout] 
[INFO] [stdout] For more information about this error, try `rustc --explain E0425`.
[INFO] [stdout] 
[INFO] [stderr] error: could not compile `first_embed` (bin "first_embed") due to 73 previous errors
[INFO] [stderr] warning: build failed, waiting for other jobs to finish...
[INFO] [stderr] error: could not compile `first_embed` (bin "first_embed" test) due to 73 previous errors
[INFO] running `Command { std: "docker" "inspect" "600be112a69a77f4036539ef09a6bed3ac668353167e0b0e37d665fc427be959", kill_on_drop: false }`
[INFO] running `Command { std: "docker" "rm" "-f" "600be112a69a77f4036539ef09a6bed3ac668353167e0b0e37d665fc427be959", kill_on_drop: false }`
[INFO] [stdout] 600be112a69a77f4036539ef09a6bed3ac668353167e0b0e37d665fc427be959
