[INFO] cloning repository https://github.com/edemaine/cygshim
[INFO] running `Command { std: "git" "-c" "credential.helper=" "-c" "credential.helper=/workspace/cargo-home/bin/git-credential-null" "clone" "--bare" "https://github.com/edemaine/cygshim" "/workspace/cache/git-repos/https%3A%2F%2Fgithub.com%2Fedemaine%2Fcygshim", kill_on_drop: false }`
[INFO] [stderr] Cloning into bare repository '/workspace/cache/git-repos/https%3A%2F%2Fgithub.com%2Fedemaine%2Fcygshim'...
[INFO] running `Command { std: "git" "rev-parse" "HEAD", kill_on_drop: false }`
[INFO] [stdout] 174a2a86f2ba1d087a3c52e4a27f38bdd8fdc375
[INFO] checking edemaine/cygshim against 3154cc1a3e6424e44f438a95007d043ed5ceaaf6 for pr-133502-30
[INFO] running `Command { std: "git" "clone" "/workspace/cache/git-repos/https%3A%2F%2Fgithub.com%2Fedemaine%2Fcygshim" "/workspace/builds/worker-1-tc2/source", kill_on_drop: false }`
[INFO] [stderr] Cloning into '/workspace/builds/worker-1-tc2/source'...
[INFO] [stderr] done.
[INFO] removed /workspace/builds/worker-1-tc2/source/.cargo/config.toml
[INFO] started tweaking git repo https://github.com/edemaine/cygshim
[INFO] finished tweaking git repo https://github.com/edemaine/cygshim
[INFO] tweaked toml for git repo https://github.com/edemaine/cygshim written to /workspace/builds/worker-1-tc2/source/Cargo.toml
[INFO] validating manifest of git repo https://github.com/edemaine/cygshim on toolchain 3154cc1a3e6424e44f438a95007d043ed5ceaaf6
[INFO] running `Command { std: CARGO_HOME="/workspace/cargo-home" RUSTUP_HOME="/workspace/rustup-home" "/workspace/cargo-home/bin/cargo" "+3154cc1a3e6424e44f438a95007d043ed5ceaaf6" "metadata" "--manifest-path" "Cargo.toml" "--no-deps", kill_on_drop: false }`
[INFO] crate git repo https://github.com/edemaine/cygshim already has a lockfile, it will not be regenerated
[INFO] running `Command { std: CARGO_HOME="/workspace/cargo-home" RUSTUP_HOME="/workspace/rustup-home" "/workspace/cargo-home/bin/cargo" "+3154cc1a3e6424e44f438a95007d043ed5ceaaf6" "fetch" "--manifest-path" "Cargo.toml", kill_on_drop: false }`
[INFO] running `Command { std: "docker" "create" "-v" "/var/lib/crater-agent-workspace/builds/worker-1-tc2/source:/opt/rustwide/workdir:ro,Z" "-v" "/var/lib/crater-agent-workspace/builds/worker-1-tc2/target:/opt/rustwide/target:rw,Z" "-v" "/var/lib/crater-agent-workspace/cargo-home:/opt/rustwide/cargo-home:ro,Z" "-v" "/var/lib/crater-agent-workspace/rustup-home:/opt/rustwide/rustup-home:ro,Z" "-m" "1610612736" "--network" "none" "ghcr.io/rust-lang/crates-build-env/linux@sha256:77db811e55d90add9212f6832c23229e3de5f1c1f9905e8cb07319ea15df73ac" "sleep" "infinity", kill_on_drop: false }`
[INFO] [stdout] 24239215f539785c6faee39dbbcc555fd704f9a3e8a924b1d4c1b0b04235fabe
[INFO] running `Command { std: "docker" "start" "24239215f539785c6faee39dbbcc555fd704f9a3e8a924b1d4c1b0b04235fabe", kill_on_drop: false }`
[INFO] running `Command { std: "docker" "inspect" "24239215f539785c6faee39dbbcc555fd704f9a3e8a924b1d4c1b0b04235fabe", kill_on_drop: false }`
[INFO] running `Command { std: "docker" "exec" "-e" "SOURCE_DIR=/opt/rustwide/workdir" "-e" "CARGO_HOME=/opt/rustwide/cargo-home" "-e" "RUSTUP_HOME=/opt/rustwide/rustup-home" "-e" "CARGO_TARGET_DIR=/opt/rustwide/target" "-w" "/opt/rustwide/workdir" "--user" "0:0" "24239215f539785c6faee39dbbcc555fd704f9a3e8a924b1d4c1b0b04235fabe" "/opt/rustwide/cargo-home/bin/cargo" "+3154cc1a3e6424e44f438a95007d043ed5ceaaf6" "metadata" "--no-deps" "--format-version=1", kill_on_drop: false }`
[INFO] running `Command { std: "docker" "inspect" "24239215f539785c6faee39dbbcc555fd704f9a3e8a924b1d4c1b0b04235fabe", kill_on_drop: false }`
[INFO] running `Command { std: "docker" "exec" "-e" "SOURCE_DIR=/opt/rustwide/workdir" "-e" "CARGO_HOME=/opt/rustwide/cargo-home" "-e" "RUSTUP_HOME=/opt/rustwide/rustup-home" "-e" "CARGO_TARGET_DIR=/opt/rustwide/target" "-e" "CARGO_INCREMENTAL=0" "-e" "RUST_BACKTRACE=full" "-e" "RUSTFLAGS=--cap-lints=forbid" "-e" "RUSTDOCFLAGS=--cap-lints=forbid" "-w" "/opt/rustwide/workdir" "--user" "0:0" "24239215f539785c6faee39dbbcc555fd704f9a3e8a924b1d4c1b0b04235fabe" "/opt/rustwide/cargo-home/bin/cargo" "+3154cc1a3e6424e44f438a95007d043ed5ceaaf6" "check" "--frozen" "--all" "--all-targets" "--message-format=json", kill_on_drop: false }`
[INFO] [stderr]     Checking flate2 v1.1.9
[INFO] [stderr]     Checking cygshim v0.1.0 (/opt/rustwide/workdir)
[INFO] [stdout] error[E0433]: cannot find `windows` in `os`
[INFO] [stdout]  --> src/bin/../bridge.rs:4:14
[INFO] [stdout]   |
[INFO] [stdout] 4 | use std::os::windows::process::CommandExt;
[INFO] [stdout]   |              ^^^^^^^ could not find `windows` in `os`
[INFO] [stdout]   |
[INFO] [stdout] note: found an item that was configured out
[INFO] [stdout]  --> /rustc/3154cc1a3e6424e44f438a95007d043ed5ceaaf6/library/std/src/os/mod.rs:62:4
[INFO] [stdout]   |
[INFO] [stdout]   = note: the item is gated behind the `windows` feature
[INFO] [stdout] 
[INFO] [stdout] 
[INFO] [stdout] error[E0433]: cannot find `windows` in `os`
[INFO] [stdout]   --> src/bin/../tex.rs:10:14
[INFO] [stdout]    |
[INFO] [stdout] 10 | use std::os::windows::ffi::{OsStrExt, OsStringExt};
[INFO] [stdout]    |              ^^^^^^^ could not find `windows` in `os`
[INFO] [stdout]    |
[INFO] [stdout] note: found an item that was configured out
[INFO] [stdout]   --> /rustc/3154cc1a3e6424e44f438a95007d043ed5ceaaf6/library/std/src/os/mod.rs:62:4
[INFO] [stdout]    |
[INFO] [stdout]    = note: the item is gated behind the `windows` feature
[INFO] [stdout] 
[INFO] [stdout] 
[INFO] [stdout] error[E0433]: cannot find `windows` in `os`
[INFO] [stdout]   --> src/bin/../tex.rs:11:14
[INFO] [stdout]    |
[INFO] [stdout] 11 | use std::os::windows::process::CommandExt;
[INFO] [stdout]    |              ^^^^^^^ could not find `windows` in `os`
[INFO] [stdout]    |
[INFO] [stdout] note: found an item that was configured out
[INFO] [stdout]   --> /rustc/3154cc1a3e6424e44f438a95007d043ed5ceaaf6/library/std/src/os/mod.rs:62:4
[INFO] [stdout]    |
[INFO] [stdout]    = note: the item is gated behind the `windows` feature
[INFO] [stdout] 
[INFO] [stdout] 
[INFO] [stdout] error[E0433]: cannot find `windows` in `os`
[INFO] [stdout]  --> src/bin/../bridge.rs:4:14
[INFO] [stdout]   |
[INFO] [stdout] 4 | use std::os::windows::process::CommandExt;
[INFO] [stdout]   |              ^^^^^^^ could not find `windows` in `os`
[INFO] [stdout]   |
[INFO] [stdout] note: found an item that was configured out
[INFO] [stdout]  --> /rustc/3154cc1a3e6424e44f438a95007d043ed5ceaaf6/library/std/src/os/mod.rs:62:4
[INFO] [stdout]   |
[INFO] [stdout]   = note: the item is gated behind the `windows` feature
[INFO] [stdout] 
[INFO] [stdout] 
[INFO] [stdout] error[E0433]: cannot find `windows` in `os`
[INFO] [stdout]   --> src/bin/../tex.rs:10:14
[INFO] [stdout]    |
[INFO] [stdout] 10 | use std::os::windows::ffi::{OsStrExt, OsStringExt};
[INFO] [stdout]    |              ^^^^^^^ could not find `windows` in `os`
[INFO] [stdout]    |
[INFO] [stdout] note: found an item that was configured out
[INFO] [stdout]   --> /rustc/3154cc1a3e6424e44f438a95007d043ed5ceaaf6/library/std/src/os/mod.rs:62:4
[INFO] [stdout]    |
[INFO] [stdout]    = note: the item is gated behind the `windows` feature
[INFO] [stdout] 
[INFO] [stdout] 
[INFO] [stdout] error[E0433]: cannot find `windows` in `os`
[INFO] [stdout]   --> src/bin/../tex.rs:11:14
[INFO] [stdout]    |
[INFO] [stdout] 11 | use std::os::windows::process::CommandExt;
[INFO] [stdout]    |              ^^^^^^^ could not find `windows` in `os`
[INFO] [stdout]    |
[INFO] [stdout] note: found an item that was configured out
[INFO] [stdout]   --> /rustc/3154cc1a3e6424e44f438a95007d043ed5ceaaf6/library/std/src/os/mod.rs:62:4
[INFO] [stdout]    |
[INFO] [stdout]    = note: the item is gated behind the `windows` feature
[INFO] [stdout] 
[INFO] [stdout] 
[INFO] [stdout] error[E0433]: cannot find `windows` in `os`
[INFO] [stdout]  --> src/bin/../bridge.rs:4:14
[INFO] [stdout]   |
[INFO] [stdout] 4 | use std::os::windows::process::CommandExt;
[INFO] [stdout]   |              ^^^^^^^ could not find `windows` in `os`
[INFO] [stdout]   |
[INFO] [stdout] note: found an item that was configured out
[INFO] [stdout]  --> /rustc/3154cc1a3e6424e44f438a95007d043ed5ceaaf6/library/std/src/os/mod.rs:62:4
[INFO] [stdout]   |
[INFO] [stdout]   = note: the item is gated behind the `windows` feature
[INFO] [stdout] 
[INFO] [stdout] 
[INFO] [stdout] error[E0599]: no method named `creation_flags` found for struct `Command` in the current scope
[INFO] [stdout]    --> src/bin/../bridge.rs:115:17
[INFO] [stdout]     |
[INFO] [stdout] 115 |         command.creation_flags(CREATE_NO_WINDOW);
[INFO] [stdout]     |                 ^^^^^^^^^^^^^^ method not found in `Command`
[INFO] [stdout] 
[INFO] [stdout] 
[INFO] [stdout] error[E0433]: cannot find `windows` in `os`
[INFO] [stdout]  --> src/bin/../bridge.rs:4:14
[INFO] [stdout]   |
[INFO] [stdout] 4 | use std::os::windows::process::CommandExt;
[INFO] [stdout]   |              ^^^^^^^ could not find `windows` in `os`
[INFO] [stdout]   |
[INFO] [stdout] note: found an item that was configured out
[INFO] [stdout]  --> /rustc/3154cc1a3e6424e44f438a95007d043ed5ceaaf6/library/std/src/os/mod.rs:62:4
[INFO] [stdout]   |
[INFO] [stdout]   = note: the item is gated behind the `windows` feature
[INFO] [stdout] 
[INFO] [stdout] 
[INFO] [stdout] error[E0599]: no method named `creation_flags` found for mutable reference `&mut Command` in the current scope
[INFO] [stdout]    --> src/bin/../bridge.rs:169:10
[INFO] [stdout]     |
[INFO] [stdout] 167 |     command
[INFO] [stdout] 168 |         .args(["-C", "UTF8", "-w", "/"])
[INFO] [stdout] 169 |         .creation_flags(CREATE_NO_WINDOW);
[INFO] [stdout]     |          ^^^^^^^^^^^^^^ method not found in `&mut Command`
[INFO] [stdout] 
[INFO] [stdout] 
[INFO] [stdout] error[E0433]: cannot find `windows` in `os`
[INFO] [stdout]  --> src/bin/../bridge.rs:4:14
[INFO] [stdout]   |
[INFO] [stdout] 4 | use std::os::windows::process::CommandExt;
[INFO] [stdout]   |              ^^^^^^^ could not find `windows` in `os`
[INFO] [stdout]   |
[INFO] [stdout] note: found an item that was configured out
[INFO] [stdout]  --> /rustc/3154cc1a3e6424e44f438a95007d043ed5ceaaf6/library/std/src/os/mod.rs:62:4
[INFO] [stdout]   |
[INFO] [stdout]   = note: the item is gated behind the `windows` feature
[INFO] [stdout] 
[INFO] [stdout] 
[INFO] [stdout] error[E0433]: cannot find `windows` in `os`
[INFO] [stdout]   --> src/bin/../tex.rs:10:14
[INFO] [stdout]    |
[INFO] [stdout] 10 | use std::os::windows::ffi::{OsStrExt, OsStringExt};
[INFO] [stdout]    |              ^^^^^^^ could not find `windows` in `os`
[INFO] [stdout]    |
[INFO] [stdout] note: found an item that was configured out
[INFO] [stdout]   --> /rustc/3154cc1a3e6424e44f438a95007d043ed5ceaaf6/library/std/src/os/mod.rs:62:4
[INFO] [stdout]    |
[INFO] [stdout]    = note: the item is gated behind the `windows` feature
[INFO] [stdout] 
[INFO] [stdout] 
[INFO] [stdout] error[E0433]: cannot find `windows` in `os`
[INFO] [stdout]   --> src/bin/../tex.rs:11:14
[INFO] [stdout]    |
[INFO] [stdout] 11 | use std::os::windows::process::CommandExt;
[INFO] [stdout]    |              ^^^^^^^ could not find `windows` in `os`
[INFO] [stdout]    |
[INFO] [stdout] note: found an item that was configured out
[INFO] [stdout]   --> /rustc/3154cc1a3e6424e44f438a95007d043ed5ceaaf6/library/std/src/os/mod.rs:62:4
[INFO] [stdout]    |
[INFO] [stdout]    = note: the item is gated behind the `windows` feature
[INFO] [stdout] 
[INFO] [stdout] 
[INFO] [stdout] error[E0433]: cannot find `windows` in `os`
[INFO] [stdout]  --> src/bin/../bridge.rs:4:14
[INFO] [stdout]   |
[INFO] [stdout] 4 | use std::os::windows::process::CommandExt;
[INFO] [stdout]   |              ^^^^^^^ could not find `windows` in `os`
[INFO] [stdout]   |
[INFO] [stdout] note: found an item that was configured out
[INFO] [stdout]  --> /rustc/3154cc1a3e6424e44f438a95007d043ed5ceaaf6/library/std/src/os/mod.rs:62:4
[INFO] [stdout]   |
[INFO] [stdout]   = note: the item is gated behind the `windows` feature
[INFO] [stdout] 
[INFO] [stdout] 
[INFO] [stdout] error[E0599]: no method named `creation_flags` found for mutable reference `&mut Command` in the current scope
[INFO] [stdout]    --> src/bin/../tex.rs:301:10
[INFO] [stdout]     |
[INFO] [stdout] 296 |     command
[INFO] [stdout] 297 |         .args([mode, "-f", "-"])
[INFO] [stdout] 298 |         .stdin(Stdio::piped())
[INFO] [stdout] 299 |         .stdout(Stdio::piped())
[INFO] [stdout] 300 |         .stderr(Stdio::piped())
[INFO] [stdout] 301 |         .creation_flags(CREATE_NO_WINDOW);
[INFO] [stdout]     |          ^^^^^^^^^^^^^^ method not found in `&mut Command`
[INFO] [stdout] 
[INFO] [stdout] 
[INFO] [stdout] error[E0433]: cannot find `windows` in `os`
[INFO] [stdout]   --> src/bin/../tex.rs:10:14
[INFO] [stdout]    |
[INFO] [stdout] 10 | use std::os::windows::ffi::{OsStrExt, OsStringExt};
[INFO] [stdout]    |              ^^^^^^^ could not find `windows` in `os`
[INFO] [stdout]    |
[INFO] [stdout] note: found an item that was configured out
[INFO] [stdout]   --> /rustc/3154cc1a3e6424e44f438a95007d043ed5ceaaf6/library/std/src/os/mod.rs:62:4
[INFO] [stdout]    |
[INFO] [stdout]    = note: the item is gated behind the `windows` feature
[INFO] [stdout] 
[INFO] [stdout] 
[INFO] [stdout] error[E0433]: cannot find `windows` in `os`
[INFO] [stdout]   --> src/bin/../tex.rs:11:14
[INFO] [stdout]    |
[INFO] [stdout] 11 | use std::os::windows::process::CommandExt;
[INFO] [stdout]    |              ^^^^^^^ could not find `windows` in `os`
[INFO] [stdout]    |
[INFO] [stdout] note: found an item that was configured out
[INFO] [stdout]   --> /rustc/3154cc1a3e6424e44f438a95007d043ed5ceaaf6/library/std/src/os/mod.rs:62:4
[INFO] [stdout]    |
[INFO] [stdout]    = note: the item is gated behind the `windows` feature
[INFO] [stdout] 
[INFO] [stdout] 
[INFO] [stdout] error[E0599]: no method named `creation_flags` found for struct `Command` in the current scope
[INFO] [stdout]    --> src/bin/../bridge.rs:115:17
[INFO] [stdout]     |
[INFO] [stdout] 115 |         command.creation_flags(CREATE_NO_WINDOW);
[INFO] [stdout]     |                 ^^^^^^^^^^^^^^ method not found in `Command`
[INFO] [stdout] 
[INFO] [stdout] 
[INFO] [stdout] error[E0599]: no method named `creation_flags` found for mutable reference `&mut Command` in the current scope
[INFO] [stdout]    --> src/bin/../bridge.rs:169:10
[INFO] [stdout]     |
[INFO] [stdout] 167 |     command
[INFO] [stdout] 168 |         .args(["-C", "UTF8", "-w", "/"])
[INFO] [stdout] 169 |         .creation_flags(CREATE_NO_WINDOW);
[INFO] [stdout]     |          ^^^^^^^^^^^^^^ method not found in `&mut Command`
[INFO] [stdout] 
[INFO] [stdout] 
[INFO] [stdout] error[E0599]: no method named `creation_flags` found for struct `Command` in the current scope
[INFO] [stdout]    --> src/bin/../bridge.rs:115:17
[INFO] [stdout]     |
[INFO] [stdout] 115 |         command.creation_flags(CREATE_NO_WINDOW);
[INFO] [stdout]     |                 ^^^^^^^^^^^^^^ method not found in `Command`
[INFO] [stdout] 
[INFO] [stdout] 
[INFO] [stdout] error[E0599]: no method named `creation_flags` found for mutable reference `&mut Command` in the current scope
[INFO] [stdout]    --> src/bin/../bridge.rs:169:10
[INFO] [stdout]     |
[INFO] [stdout] 167 |     command
[INFO] [stdout] 168 |         .args(["-C", "UTF8", "-w", "/"])
[INFO] [stdout] 169 |         .creation_flags(CREATE_NO_WINDOW);
[INFO] [stdout]     |          ^^^^^^^^^^^^^^ method not found in `&mut Command`
[INFO] [stdout] 
[INFO] [stdout] 
[INFO] [stdout] error[E0599]: no method named `creation_flags` found for mutable reference `&mut Command` in the current scope
[INFO] [stdout]    --> src/bin/../tex.rs:301:10
[INFO] [stdout]     |
[INFO] [stdout] 296 |     command
[INFO] [stdout] 297 |         .args([mode, "-f", "-"])
[INFO] [stdout] 298 |         .stdin(Stdio::piped())
[INFO] [stdout] 299 |         .stdout(Stdio::piped())
[INFO] [stdout] 300 |         .stderr(Stdio::piped())
[INFO] [stdout] 301 |         .creation_flags(CREATE_NO_WINDOW);
[INFO] [stdout]     |          ^^^^^^^^^^^^^^ method not found in `&mut Command`
[INFO] [stdout] 
[INFO] [stdout] 
[INFO] [stdout] error[E0599]: no method named `creation_flags` found for struct `Command` in the current scope
[INFO] [stdout]    --> src/bin/../bridge.rs:115:17
[INFO] [stdout]     |
[INFO] [stdout] 115 |         command.creation_flags(CREATE_NO_WINDOW);
[INFO] [stdout]     |                 ^^^^^^^^^^^^^^ method not found in `Command`
[INFO] [stdout] 
[INFO] [stdout] 
[INFO] [stdout] error[E0599]: no method named `creation_flags` found for mutable reference `&mut Command` in the current scope
[INFO] [stdout]    --> src/bin/../tex.rs:301:10
[INFO] [stdout]     |
[INFO] [stdout] 296 |     command
[INFO] [stdout] 297 |         .args([mode, "-f", "-"])
[INFO] [stdout] 298 |         .stdin(Stdio::piped())
[INFO] [stdout] 299 |         .stdout(Stdio::piped())
[INFO] [stdout] 300 |         .stderr(Stdio::piped())
[INFO] [stdout] 301 |         .creation_flags(CREATE_NO_WINDOW);
[INFO] [stdout]     |          ^^^^^^^^^^^^^^ method not found in `&mut Command`
[INFO] [stdout] 
[INFO] [stdout] 
[INFO] [stdout] error[E0599]: no method named `creation_flags` found for struct `Command` in the current scope
[INFO] [stdout]    --> src/bin/../bridge.rs:115:17
[INFO] [stdout]     |
[INFO] [stdout] 115 |         command.creation_flags(CREATE_NO_WINDOW);
[INFO] [stdout]     |                 ^^^^^^^^^^^^^^ method not found in `Command`
[INFO] [stdout] 
[INFO] [stdout] 
[INFO] [stdout] error[E0599]: no method named `encode_wide` found for reference `&std::ffi::OsStr` in the current scope
[INFO] [stdout]    --> src/bin/../tex.rs:626:11
[INFO] [stdout]     |
[INFO] [stdout] 626 |     value.encode_wide().chain([0]).collect()
[INFO] [stdout]     |           ^^^^^^^^^^^ method not found in `&std::ffi::OsStr`
[INFO] [stdout] 
[INFO] [stdout] 
[INFO] [stdout] error[E0599]: no method named `encode_wide` found for reference `&std::ffi::OsStr` in the current scope
[INFO] [stdout]    --> src/bin/../tex.rs:626:11
[INFO] [stdout]     |
[INFO] [stdout] 626 |     value.encode_wide().chain([0]).collect()
[INFO] [stdout]     |           ^^^^^^^^^^^ method not found in `&std::ffi::OsStr`
[INFO] [stdout] 
[INFO] [stdout] 
[INFO] [stdout] error[E0599]: no method named `creation_flags` found for mutable reference `&mut Command` in the current scope
[INFO] [stdout]    --> src/bin/../bridge.rs:169:10
[INFO] [stdout]     |
[INFO] [stdout] 167 |     command
[INFO] [stdout] 168 |         .args(["-C", "UTF8", "-w", "/"])
[INFO] [stdout] 169 |         .creation_flags(CREATE_NO_WINDOW);
[INFO] [stdout]     |          ^^^^^^^^^^^^^^ method not found in `&mut Command`
[INFO] [stdout] 
[INFO] [stdout] 
[INFO] [stdout] error[E0599]: no method named `encode_wide` found for reference `&OsStr` in the current scope
[INFO] [stdout]    --> src/bin/../tex.rs:626:11
[INFO] [stdout]     |
[INFO] [stdout] 626 |     value.encode_wide().chain([0]).collect()
[INFO] [stdout]     |           ^^^^^^^^^^^ method not found in `&OsStr`
[INFO] [stdout] 
[INFO] [stdout] 
[INFO] [stdout] error[E0599]: no associated function or constant named `from_wide` found for struct `std::ffi::OsString` in the current scope
[INFO] [stdout]    --> src/bin/../tex.rs:851:49
[INFO] [stdout]     |
[INFO] [stdout] 851 |             return Some(PathBuf::from(OsString::from_wide(&output)));
[INFO] [stdout]     |                                                 ^^^^^^^^^ associated function or constant not found in `std::ffi::OsString`
[INFO] [stdout]     |
[INFO] [stdout] note: if you're trying to build a new `std::ffi::OsString` consider using one of the following associated functions:
[INFO] [stdout]       std::ffi::OsString::new
[INFO] [stdout]       std::ffi::OsString::from_encoded_bytes_unchecked
[INFO] [stdout]       std::ffi::OsString::with_capacity
[INFO] [stdout]    --> /rustc/3154cc1a3e6424e44f438a95007d043ed5ceaaf6/library/std/src/ffi/os_str.rs:134:4
[INFO] [stdout] help: there is an associated function `from_iter` with a similar name
[INFO] [stdout]     |
[INFO] [stdout] 851 -             return Some(PathBuf::from(OsString::from_wide(&output)));
[INFO] [stdout] 851 +             return Some(PathBuf::from(OsString::from_iter(&output)));
[INFO] [stdout]     |
[INFO] [stdout] 
[INFO] [stdout] 
[INFO] [stdout] error[E0599]: no associated function or constant named `from_wide` found for struct `std::ffi::OsString` in the current scope
[INFO] [stdout]    --> src/bin/../tex.rs:851:49
[INFO] [stdout]     |
[INFO] [stdout] 851 |             return Some(PathBuf::from(OsString::from_wide(&output)));
[INFO] [stdout]     |                                                 ^^^^^^^^^ associated function or constant not found in `std::ffi::OsString`
[INFO] [stdout]     |
[INFO] [stdout] note: if you're trying to build a new `std::ffi::OsString` consider using one of the following associated functions:
[INFO] [stdout]       std::ffi::OsString::new
[INFO] [stdout]       std::ffi::OsString::from_encoded_bytes_unchecked
[INFO] [stdout]       std::ffi::OsString::with_capacity
[INFO] [stdout]    --> /rustc/3154cc1a3e6424e44f438a95007d043ed5ceaaf6/library/std/src/ffi/os_str.rs:134:4
[INFO] [stdout] help: there is an associated function `from_iter` with a similar name
[INFO] [stdout]     |
[INFO] [stdout] 851 -             return Some(PathBuf::from(OsString::from_wide(&output)));
[INFO] [stdout] 851 +             return Some(PathBuf::from(OsString::from_iter(&output)));
[INFO] [stdout]     |
[INFO] [stdout] 
[INFO] [stdout] 
[INFO] [stdout] error[E0599]: no method named `creation_flags` found for struct `Command` in the current scope
[INFO] [stdout]    --> src/bin/../bridge.rs:115:17
[INFO] [stdout]     |
[INFO] [stdout] 115 |         command.creation_flags(CREATE_NO_WINDOW);
[INFO] [stdout]     |                 ^^^^^^^^^^^^^^ method not found in `Command`
[INFO] [stdout] 
[INFO] [stdout] 
[INFO] [stdout] error[E0599]: no method named `creation_flags` found for mutable reference `&mut Command` in the current scope
[INFO] [stdout]    --> src/bin/../bridge.rs:169:10
[INFO] [stdout]     |
[INFO] [stdout] 167 |     command
[INFO] [stdout] 168 |         .args(["-C", "UTF8", "-w", "/"])
[INFO] [stdout] 169 |         .creation_flags(CREATE_NO_WINDOW);
[INFO] [stdout]     |          ^^^^^^^^^^^^^^ method not found in `&mut Command`
[INFO] [stdout] 
[INFO] [stdout] 
[INFO] [stdout] error[E0599]: no associated function or constant named `from_wide` found for struct `OsString` in the current scope
[INFO] [stdout]    --> src/bin/../tex.rs:851:49
[INFO] [stdout]     |
[INFO] [stdout] 851 |             return Some(PathBuf::from(OsString::from_wide(&output)));
[INFO] [stdout]     |                                                 ^^^^^^^^^ associated function or constant not found in `OsString`
[INFO] [stdout]     |
[INFO] [stdout] note: if you're trying to build a new `OsString` consider using one of the following associated functions:
[INFO] [stdout]       OsString::new
[INFO] [stdout]       OsString::from_encoded_bytes_unchecked
[INFO] [stdout]       OsString::with_capacity
[INFO] [stdout]    --> /rustc/3154cc1a3e6424e44f438a95007d043ed5ceaaf6/library/std/src/ffi/os_str.rs:134:4
[INFO] [stdout] help: there is an associated function `from_iter` with a similar name
[INFO] [stdout]     |
[INFO] [stdout] 851 -             return Some(PathBuf::from(OsString::from_wide(&output)));
[INFO] [stdout] 851 +             return Some(PathBuf::from(OsString::from_iter(&output)));
[INFO] [stdout]     |
[INFO] [stdout] 
[INFO] [stdout] 
[INFO] [stdout] Some errors have detailed explanations: E0433, E0599.
[INFO] [stdout] 
[INFO] [stdout] For more information about an error, try `rustc --explain E0433`.
[INFO] [stdout] 
[INFO] [stderr] error: could not compile `cygshim` (bin "git") due to 3 previous errors
[INFO] [stderr] warning: build failed, waiting for other jobs to finish...
[INFO] [stdout] error[E0599]: no method named `creation_flags` found for mutable reference `&mut Command` in the current scope
[INFO] [stdout]    --> src/bin/../bridge.rs:169:10
[INFO] [stdout]     |
[INFO] [stdout] 167 |     command
[INFO] [stdout] 168 |         .args(["-C", "UTF8", "-w", "/"])
[INFO] [stdout] 169 |         .creation_flags(CREATE_NO_WINDOW);
[INFO] [stdout]     |          ^^^^^^^^^^^^^^ method not found in `&mut Command`
[INFO] [stdout] 
[INFO] [stdout] 
[INFO] [stdout] Some errors have detailed explanations: E0433, E0599.
[INFO] [stdout] 
[INFO] [stdout] For more information about an error, try `rustc --explain E0433`.
[INFO] [stdout] 
[INFO] [stderr] error: could not compile `cygshim` (bin "git" test) due to 3 previous errors
[INFO] [stdout] Some errors have detailed explanations: E0433, E0599.
[INFO] [stdout] 
[INFO] [stdout] For more information about an error, try `rustc --explain E0433`.
[INFO] [stdout] 
[INFO] [stdout] error[E0599]: no method named `creation_flags` found for mutable reference `&mut Command` in the current scope
[INFO] [stdout]    --> src/bin/../tex.rs:301:10
[INFO] [stdout]     |
[INFO] [stdout] 296 |     command
[INFO] [stdout] 297 |         .args([mode, "-f", "-"])
[INFO] [stdout] 298 |         .stdin(Stdio::piped())
[INFO] [stdout] 299 |         .stdout(Stdio::piped())
[INFO] [stdout] 300 |         .stderr(Stdio::piped())
[INFO] [stdout] 301 |         .creation_flags(CREATE_NO_WINDOW);
[INFO] [stdout]     |          ^^^^^^^^^^^^^^ method not found in `&mut Command`
[INFO] [stdout] 
[INFO] [stdout] 
[INFO] [stderr] error: could not compile `cygshim` (bin "latexmk") due to 8 previous errors
[INFO] [stdout] Some errors have detailed explanations: E0433, E0599.
[INFO] [stdout] 
[INFO] [stdout] For more information about an error, try `rustc --explain E0433`.
[INFO] [stdout] 
[INFO] [stderr] error: could not compile `cygshim` (bin "pdflatex" test) due to 8 previous errors
[INFO] [stdout] error[E0599]: no method named `encode_wide` found for reference `&OsStr` in the current scope
[INFO] [stdout]    --> src/bin/../tex.rs:626:11
[INFO] [stdout]     |
[INFO] [stdout] 626 |     value.encode_wide().chain([0]).collect()
[INFO] [stdout]     |           ^^^^^^^^^^^ method not found in `&OsStr`
[INFO] [stdout] 
[INFO] [stdout] 
[INFO] [stderr] error: could not compile `cygshim` (bin "latexmk" test) due to 8 previous errors
[INFO] [stdout] error[E0599]: no associated function or constant named `from_wide` found for struct `OsString` in the current scope
[INFO] [stdout]    --> src/bin/../tex.rs:851:49
[INFO] [stdout]     |
[INFO] [stdout] 851 |             return Some(PathBuf::from(OsString::from_wide(&output)));
[INFO] [stdout]     |                                                 ^^^^^^^^^ associated function or constant not found in `OsString`
[INFO] [stdout]     |
[INFO] [stdout] note: if you're trying to build a new `OsString` consider using one of the following associated functions:
[INFO] [stdout]       OsString::new
[INFO] [stdout]       OsString::from_encoded_bytes_unchecked
[INFO] [stdout]       OsString::with_capacity
[INFO] [stdout]    --> /rustc/3154cc1a3e6424e44f438a95007d043ed5ceaaf6/library/std/src/ffi/os_str.rs:134:4
[INFO] [stdout] help: there is an associated function `from_iter` with a similar name
[INFO] [stdout]     |
[INFO] [stdout] 851 -             return Some(PathBuf::from(OsString::from_wide(&output)));
[INFO] [stdout] 851 +             return Some(PathBuf::from(OsString::from_iter(&output)));
[INFO] [stdout]     |
[INFO] [stdout] 
[INFO] [stdout] 
[INFO] [stdout] Some errors have detailed explanations: E0433, E0599.
[INFO] [stdout] 
[INFO] [stdout] For more information about an error, try `rustc --explain E0433`.
[INFO] [stdout] 
[INFO] [stdout] Some errors have detailed explanations: E0433, E0599.
[INFO] [stdout] 
[INFO] [stdout] For more information about an error, try `rustc --explain E0433`.
[INFO] [stdout] 
[INFO] [stderr] error: could not compile `cygshim` (bin "pdflatex") due to 8 previous errors
[INFO] running `Command { std: "docker" "inspect" "24239215f539785c6faee39dbbcc555fd704f9a3e8a924b1d4c1b0b04235fabe", kill_on_drop: false }`
[INFO] running `Command { std: "docker" "rm" "-f" "24239215f539785c6faee39dbbcc555fd704f9a3e8a924b1d4c1b0b04235fabe", kill_on_drop: false }`
[INFO] [stdout] 24239215f539785c6faee39dbbcc555fd704f9a3e8a924b1d4c1b0b04235fabe
