[INFO] cloning repository https://github.com/ech0o/editor-server
[INFO] running `Command { std: "git" "-c" "credential.helper=" "-c" "credential.helper=/workspace/cargo-home/bin/git-credential-null" "clone" "--bare" "https://github.com/ech0o/editor-server" "/workspace/cache/git-repos/https%3A%2F%2Fgithub.com%2Fech0o%2Feditor-server", kill_on_drop: false }`
[INFO] [stderr] Cloning into bare repository '/workspace/cache/git-repos/https%3A%2F%2Fgithub.com%2Fech0o%2Feditor-server'...
[INFO] running `Command { std: "git" "rev-parse" "HEAD", kill_on_drop: false }`
[INFO] [stdout] 68247dc7f7b02cbfe31fa63de107b511f0ff2b42
[INFO] checking ech0o/editor-server against 3154cc1a3e6424e44f438a95007d043ed5ceaaf6+rustflags=-Znext-solver=coherence for pr-133502-30
[INFO] running `Command { std: "git" "clone" "/workspace/cache/git-repos/https%3A%2F%2Fgithub.com%2Fech0o%2Feditor-server" "/workspace/builds/worker-5-tc1/source", kill_on_drop: false }`
[INFO] [stderr] Cloning into '/workspace/builds/worker-5-tc1/source'...
[INFO] [stderr] done.
[INFO] started tweaking git repo https://github.com/ech0o/editor-server
[INFO] finished tweaking git repo https://github.com/ech0o/editor-server
[INFO] tweaked toml for git repo https://github.com/ech0o/editor-server written to /workspace/builds/worker-5-tc1/source/Cargo.toml
[INFO] validating manifest of git repo https://github.com/ech0o/editor-server on toolchain 3154cc1a3e6424e44f438a95007d043ed5ceaaf6
[INFO] running `Command { std: CARGO_HOME="/workspace/cargo-home" RUSTUP_HOME="/workspace/rustup-home" "/workspace/cargo-home/bin/cargo" "+3154cc1a3e6424e44f438a95007d043ed5ceaaf6" "metadata" "--manifest-path" "Cargo.toml" "--no-deps", kill_on_drop: false }`
[INFO] crate git repo https://github.com/ech0o/editor-server already has a lockfile, it will not be regenerated
[INFO] running `Command { std: CARGO_HOME="/workspace/cargo-home" RUSTUP_HOME="/workspace/rustup-home" "/workspace/cargo-home/bin/cargo" "+3154cc1a3e6424e44f438a95007d043ed5ceaaf6" "fetch" "--manifest-path" "Cargo.toml", kill_on_drop: false }`
[INFO] [stderr]     Updating crates.io index
[INFO] [stderr]  Downloading crates ...
[INFO] [stderr]   Downloaded crossbeam-queue v0.3.14
[INFO] [stderr]   Downloaded rdkafka v0.38.0
[INFO] [stderr]   Downloaded nonempty v0.7.0
[INFO] [stderr]   Downloaded forwarded-header-value v0.1.1
[INFO] [stderr]   Downloaded jsonwebtoken v11.0.0
[INFO] [stderr]   Downloaded axum-governor v2.1.0
[INFO] [stderr]   Downloaded web-sys v0.3.72
[INFO] [stderr]   Downloaded rdkafka-sys v4.10.0+2.12.1
[INFO] running `Command { std: "docker" "create" "-v" "/var/lib/crater-agent-workspace/builds/worker-5-tc1/source:/opt/rustwide/workdir:ro,Z" "-v" "/var/lib/crater-agent-workspace/builds/worker-5-tc1/target:/opt/rustwide/target:rw,Z" "-v" "/var/lib/crater-agent-workspace/cargo-home:/opt/rustwide/cargo-home:ro,Z" "-v" "/var/lib/crater-agent-workspace/rustup-home:/opt/rustwide/rustup-home:ro,Z" "-m" "1610612736" "--network" "none" "ghcr.io/rust-lang/crates-build-env/linux@sha256:77db811e55d90add9212f6832c23229e3de5f1c1f9905e8cb07319ea15df73ac" "sleep" "infinity", kill_on_drop: false }`
[INFO] [stdout] 4c70a42dceb1feec86c11ffb141fda85a08b4439ae2546c93096f9a6f492142d
[INFO] running `Command { std: "docker" "start" "4c70a42dceb1feec86c11ffb141fda85a08b4439ae2546c93096f9a6f492142d", kill_on_drop: false }`
[INFO] running `Command { std: "docker" "inspect" "4c70a42dceb1feec86c11ffb141fda85a08b4439ae2546c93096f9a6f492142d", kill_on_drop: false }`
[INFO] running `Command { std: "docker" "exec" "-e" "SOURCE_DIR=/opt/rustwide/workdir" "-e" "CARGO_HOME=/opt/rustwide/cargo-home" "-e" "RUSTUP_HOME=/opt/rustwide/rustup-home" "-e" "CARGO_TARGET_DIR=/opt/rustwide/target" "-w" "/opt/rustwide/workdir" "--user" "0:0" "4c70a42dceb1feec86c11ffb141fda85a08b4439ae2546c93096f9a6f492142d" "/opt/rustwide/cargo-home/bin/cargo" "+3154cc1a3e6424e44f438a95007d043ed5ceaaf6" "metadata" "--no-deps" "--format-version=1", kill_on_drop: false }`
[INFO] running `Command { std: "docker" "inspect" "4c70a42dceb1feec86c11ffb141fda85a08b4439ae2546c93096f9a6f492142d", kill_on_drop: false }`
[INFO] running `Command { std: "docker" "exec" "-e" "SOURCE_DIR=/opt/rustwide/workdir" "-e" "CARGO_HOME=/opt/rustwide/cargo-home" "-e" "RUSTUP_HOME=/opt/rustwide/rustup-home" "-e" "CARGO_TARGET_DIR=/opt/rustwide/target" "-e" "CARGO_INCREMENTAL=0" "-e" "RUST_BACKTRACE=full" "-e" "RUSTFLAGS=--cap-lints=forbid -Znext-solver=coherence" "-e" "RUSTDOCFLAGS=--cap-lints=forbid" "-w" "/opt/rustwide/workdir" "--user" "0:0" "4c70a42dceb1feec86c11ffb141fda85a08b4439ae2546c93096f9a6f492142d" "/opt/rustwide/cargo-home/bin/cargo" "+3154cc1a3e6424e44f438a95007d043ed5ceaaf6" "check" "--frozen" "--all" "--all-targets" "--message-format=json", kill_on_drop: false }`
[INFO] [stderr]    Compiling proc-macro2 v1.0.107
[INFO] [stderr]    Compiling serde_core v1.0.229
[INFO] [stderr]     Checking typenum v1.20.1
[INFO] [stderr]     Checking subtle v2.6.1
[INFO] [stderr]     Checking const-oid v0.9.6
[INFO] [stderr]    Compiling quote v1.0.47
[INFO] [stderr]    Compiling generic-array v0.14.7
[INFO] [stderr]    Compiling zerocopy v0.8.56
[INFO] [stderr]    Compiling stable_deref_trait v1.2.1
[INFO] [stderr]     Checking getrandom v0.2.17
[INFO] [stderr]     Checking mio v1.2.3
[INFO] [stderr]     Checking socket2 v0.6.5
[INFO] [stderr]     Checking futures-sink v0.3.34
[INFO] [stderr]    Compiling libc v0.2.189
[INFO] [stderr]    Compiling find-msvc-tools v0.1.12
[INFO] [stderr]     Checking log v0.4.34
[INFO] [stderr]    Compiling serde_json v1.0.151
[INFO] [stderr]     Checking percent-encoding v2.3.2
[INFO] [stderr]     Checking base64ct v1.8.3
[INFO] [stderr]    Compiling num-traits v0.2.19
[INFO] [stderr]    Compiling cfg-if v1.0.4
[INFO] [stderr]     Checking rand_core v0.6.4
[INFO] [stderr]     Checking futures-util v0.3.34
[INFO] [stderr]    Compiling writeable v0.6.4
[INFO] [stderr]    Compiling cc v1.4.5
[INFO] [stderr]     Checking pem-rfc7468 v0.7.0
[INFO] [stderr]    Compiling litemap v0.8.3
[INFO] [stderr]    Compiling indexmap v2.14.2
[INFO] [stderr]    Compiling utf8_iter v1.0.4
[INFO] [stderr]     Checking form_urlencoded v1.2.2
[INFO] [stderr]     Checking futures-channel v0.3.34
[INFO] [stderr]    Compiling crossbeam-utils v0.8.23
[INFO] [stderr]     Checking tower-service v0.3.3
[INFO] [stderr]    Compiling pin-project-lite v0.2.17
[INFO] [stderr]    Compiling icu_normalizer_data v2.3.0
[INFO] [stderr]    Compiling icu_properties_data v2.3.0
[INFO] [stderr]    Compiling futures-core v0.3.34
[INFO] [stderr]     Checking bitflags v2.13.1
[INFO] [stderr]    Compiling httparse v1.10.1
[INFO] [stderr]     Checking try-lock v0.2.5
[INFO] [stderr]     Checking tower-layer v0.3.3
[INFO] [stderr]     Checking allocator-api2 v0.2.21
[INFO] [stderr]    Compiling syn v2.0.119
[INFO] [stderr]    Compiling syn v3.0.5
[INFO] [stderr]     Checking httpdate v1.0.3
[INFO] [stderr]    Compiling lock_api v0.4.14
[INFO] [stderr]     Checking want v0.3.1
[INFO] [stderr]     Checking ff v0.13.1
[INFO] [stderr]     Checking sync_wrapper v1.0.2
[INFO] [stderr]     Checking rand_core v0.10.1
[INFO] [stderr]    Compiling bytes v1.12.1
[INFO] [stderr]    Compiling tinyvec_macros v0.1.1
[INFO] [stderr]    Compiling pkg-config v0.3.34
[INFO] [stderr]    Compiling getrandom v0.4.3
[INFO] [stderr]     Checking base16ct v0.2.0
[INFO] [stderr]    Compiling once_cell v1.21.4
[INFO] [stderr]    Compiling getrandom v0.3.4
[INFO] [stderr]    Compiling foldhash v0.1.5
[INFO] [stderr]    Compiling tracing-core v0.1.36
[INFO] [stderr]    Compiling hashbrown v0.15.5
[INFO] [stderr]    Compiling tinyvec v1.13.2
[INFO] [stderr]    Compiling crypto-common v0.1.7
[INFO] [stderr]    Compiling block-buffer v0.10.4
[INFO] [stderr]     Checking group v0.13.0
[INFO] [stderr]     Checking num-integer v0.1.47
[INFO] [stderr]    Compiling digest v0.10.7
[INFO] [stderr]     Checking http-body-util v0.1.5
[INFO] [stderr]    Compiling tokio v1.53.1
[INFO] [stderr]    Compiling parking v2.2.1
[INFO] [stderr]    Compiling ring v0.17.14
[INFO] [stderr]    Compiling slab v0.4.12
[INFO] [stderr]    Compiling time-core v0.1.9
[INFO] [stderr]    Compiling futures-task v0.3.34
[INFO] [stderr]     Checking untrusted v0.9.0
[INFO] [stderr]    Compiling iana-time-zone v0.1.65
[INFO] [stderr]    Compiling cpufeatures v0.2.17
[INFO] [stderr]    Compiling crc-catalog v2.5.0
[INFO] [stderr]    Compiling futures-io v0.3.34
[INFO] [stderr]    Compiling num-conv v0.2.2
[INFO] [stderr]     Checking spin v0.9.9
[INFO] [stderr]     Checking ipnet v2.12.2
[INFO] [stderr]    Compiling toml_datetime v1.1.1+spec-1.1.0
[INFO] [stderr]    Compiling time-macros v0.2.32
[INFO] [stderr]     Checking lazy_static v1.5.0
[INFO] [stderr]    Compiling chrono v0.4.45
[INFO] [stderr]    Compiling crc v3.4.0
[INFO] [stderr]    Compiling crossbeam-queue v0.3.14
[INFO] [stderr]    Compiling toml_edit v0.25.13+spec-1.1.0
[INFO] [stderr]    Compiling sha2 v0.10.9
[INFO] [stderr]    Compiling libz-sys v1.1.29
[INFO] [stderr]    Compiling unicode-normalization v0.1.25
[INFO] [stderr]    Compiling hashlink v0.10.0
[INFO] [stderr]    Compiling event-listener v5.4.2
[INFO] [stderr]    Compiling hmac v0.12.1
[INFO] [stderr]    Compiling base64 v0.22.1
[INFO] [stderr]     Checking powerfmt v0.2.0
[INFO] [stderr]    Compiling unicode-properties v0.1.4
[INFO] [stderr]    Compiling unicode-bidi v0.3.18
[INFO] [stderr]    Compiling uuid v1.26.0
[INFO] [stderr]    Compiling rustls v0.23.44
[INFO] [stderr]     Checking deranged v0.5.8
[INFO] [stderr]    Compiling proc-macro-crate v3.5.0
[INFO] [stderr]     Checking rand_core v0.9.5
[INFO] [stderr]    Compiling stringprep v0.1.5
[INFO] [stderr]    Compiling hkdf v0.12.4
[INFO] [stderr]    Compiling curve25519-dalek v4.1.3
[INFO] [stderr]    Compiling md-5 v0.10.6
[INFO] [stderr]    Compiling atoi v2.0.0
[INFO] [stderr]     Checking hybrid-array v0.4.15
[INFO] [stderr]    Compiling byteorder v1.5.0
[INFO] [stderr]    Compiling hex v0.4.3
[INFO] [stderr]    Compiling home v0.5.12
[INFO] [stderr]    Compiling dotenvy v0.15.7
[INFO] [stderr]    Compiling whoami v1.6.1
[INFO] [stderr]    Compiling portable-atomic v1.15.0
[INFO] [stderr]    Compiling num-bigint-dig v0.8.6
[INFO] [stderr]     Checking ppv-lite86 v0.2.21
[INFO] [stderr]     Checking serde_path_to_error v0.1.20
[INFO] [stderr]     Checking num-iter v0.1.46
[INFO] [stderr]    Compiling rdkafka-sys v4.10.0+2.12.1
[INFO] [stderr]     Checking raw-cpuid v11.6.0
[INFO] [stderr]    Compiling cookie v0.18.2
[INFO] [stderr]     Checking rand_chacha v0.3.1
[INFO] [stderr]     Checking rand_chacha v0.9.0
[INFO] [stderr]     Checking hashbrown v0.14.5
[INFO] [stderr]     Checking matchit v0.8.4
[INFO] [stderr]     Checking time v0.3.55
[INFO] [stderr]     Checking cpufeatures v0.3.1
[INFO] [stderr]     Checking hashbrown v0.16.1
[INFO] [stderr]     Checking rand v0.9.5
[INFO] [stderr]     Checking rand v0.8.8
[INFO] [stderr]     Checking crypto-common v0.2.2
[INFO] [stderr]     Checking block-buffer v0.12.1
[INFO] [stderr]     Checking num-bigint v0.4.8
[INFO] [stderr]    Compiling synstructure v0.13.2
[INFO] [stderr]     Checking headers-core v0.3.0
[INFO] [stderr]     Checking spinning_top v0.3.0
[INFO] [stderr]     Checking nonempty v0.7.0
[INFO] [stderr]     Checking futures-timer v3.0.4
[INFO] [stderr]     Checking nonzero_ext v0.3.0
[INFO] [stderr]     Checking const-oid v0.10.2
[INFO] [stderr]     Checking chacha20 v0.10.2
[INFO] [stderr]     Checking sharded-slab v0.1.7
[INFO] [stderr]     Checking pem v3.0.6
[INFO] [stderr]     Checking tracing-log v0.2.0
[INFO] [stderr]     Checking digest v0.11.3
[INFO] [stderr]     Checking tower-http v0.7.1
[INFO] [stderr]     Checking rand v0.10.2
[INFO] [stderr]     Checking urlencoding v2.1.3
[INFO] [stderr]     Checking sha2 v0.11.0
[INFO] [stderr]     Checking base64 v0.23.1
[INFO] [stderr]    Compiling serde_derive v1.0.229
[INFO] [stderr]    Compiling zerovec-derive v0.11.6
[INFO] [stderr]    Compiling displaydoc v0.2.7
[INFO] [stderr]    Compiling tokio-macros v2.7.2
[INFO] [stderr]    Compiling thiserror-impl v2.0.20
[INFO] [stderr]    Compiling zeroize_derive v1.5.0
[INFO] [stderr]    Compiling zerofrom-derive v0.1.7
[INFO] [stderr]    Compiling yoke-derive v0.8.2
[INFO] [stderr]    Compiling tracing-attributes v0.1.31
[INFO] [stderr]    Compiling num_enum_derive v0.7.6
[INFO] [stderr]    Compiling thiserror-impl v1.0.69
[INFO] [stderr]    Compiling tokio-stream v0.1.19
[INFO] [stderr]     Checking zeroize v1.9.0
[INFO] [stderr]    Compiling curve25519-dalek-derive v0.1.1
[INFO] [stderr]     Checking quanta v0.12.6
[INFO] [stderr]     Checking der v0.7.10
[INFO] [stderr]     Checking tracing v0.1.44
[INFO] [stderr]     Checking rustls-pki-types v1.15.1
[INFO] [stderr]     Checking axum-core v0.5.6
[INFO] [stderr]     Checking num_enum v0.7.6
[INFO] [stderr]     Checking thiserror v2.0.20
[INFO] [stderr]     Checking thiserror v1.0.69
[INFO] [stderr]     Checking crypto-bigint v0.5.5
[INFO] [stderr]     Checking zerofrom v0.1.8
[INFO] [stderr]     Checking simple_asn1 v0.6.4
[INFO] [stderr]     Checking rustls-webpki v0.103.15
[INFO] [stderr]     Checking webpki-roots v1.0.9
[INFO] [stderr]     Checking forwarded-header-value v0.1.1
[INFO] [stderr]    Compiling yoke v0.8.3
[INFO] [stderr]     Checking spki v0.7.3
[INFO] [stderr]     Checking pkcs8 v0.10.2
[INFO] [stderr]    Compiling zerovec v0.11.8
[INFO] [stderr]    Compiling zerotrie v0.2.5
[INFO] [stderr]     Checking sec1 v0.7.3
[INFO] [stderr]     Checking pkcs1 v0.7.5
[INFO] [stderr]     Checking signature v2.2.0
[INFO] [stderr]     Checking sha1 v0.10.7
[INFO] [stderr]     Checking rfc6979 v0.4.0
[INFO] [stderr]     Checking ed25519 v2.2.3
[INFO] [stderr]     Checking headers v0.4.1
[INFO] [stderr]    Compiling tinystr v0.8.4
[INFO] [stderr]    Compiling potential_utf v0.1.6
[INFO] [stderr]    Compiling icu_collections v2.3.0
[INFO] [stderr]     Checking icu_locale_core v2.3.0
[INFO] [stderr]     Checking ed25519-dalek v2.2.0
[INFO] [stderr]     Checking elliptic-curve v0.13.8
[INFO] [stderr]     Checking serde v1.0.229
[INFO] [stderr]     Checking smallvec v1.16.0
[INFO] [stderr]     Checking icu_provider v2.3.1
[INFO] [stderr]     Checking icu_properties v2.3.0
[INFO] [stderr]     Checking serde_urlencoded v0.7.1
[INFO] [stderr]     Checking parking_lot_core v0.9.12
[INFO] [stderr]     Checking icu_normalizer v2.3.0
[INFO] [stderr]     Checking primeorder v0.13.6
[INFO] [stderr]     Checking parking_lot v0.12.5
[INFO] [stderr]     Checking ecdsa v0.16.9
[INFO] [stderr]     Checking futures-intrusive v0.5.0
[INFO] [stderr]     Checking either v1.18.0
[INFO] [stderr]     Checking dashmap v6.2.1
[INFO] [stderr]     Checking governor v0.10.4
[INFO] [stderr]     Checking p384 v0.13.1
[INFO] [stderr]     Checking p256 v0.13.2
[INFO] [stderr]     Checking idna_adapter v1.2.2
[INFO] [stderr]     Checking tracing-subscriber v0.3.23
[INFO] [stderr]     Checking idna v1.1.0
[INFO] [stderr]     Checking url v2.5.8
[INFO] [stderr]     Checking rsa v0.9.10
[INFO] [stderr]     Checking jsonwebtoken v11.0.0
[INFO] [stderr]    Compiling sqlx-core v0.8.6
[INFO] [stderr]     Checking hyper v1.11.1
[INFO] [stderr]     Checking tokio-util v0.7.19
[INFO] [stderr]     Checking tokio-rustls v0.26.5
[INFO] [stderr]     Checking tower v0.5.3
[INFO] [stderr]    Compiling sqlx-postgres v0.8.6
[INFO] [stderr]     Checking hyper-util v0.1.20
[INFO] [stderr]     Checking tower-http v0.6.11
[INFO] [stderr]     Checking axum v0.8.9
[INFO] [stderr]     Checking hyper-rustls v0.27.9
[INFO] [stderr]     Checking reqwest v0.12.28
[INFO] [stderr]    Compiling sqlx-macros-core v0.8.6
[INFO] [stderr]     Checking axum-governor v2.1.0
[INFO] [stderr]     Checking axum-extra v0.10.3
[INFO] [stderr]    Compiling sqlx-macros v0.8.6
[INFO] [stderr]     Checking sqlx v0.8.6
[INFO] [stderr]     Checking rdkafka v0.38.0
[INFO] [stderr]     Checking editor-server v0.1.0 (/opt/rustwide/workdir)
[INFO] [stdout] error: error communicating with database: Connection refused (os error 111)
[INFO] [stdout]   --> src/jobs.rs:72:9
[INFO] [stdout]    |
[INFO] [stdout] 72 | /         sqlx::query!(
[INFO] [stdout] 73 | |             r#"
[INFO] [stdout] 74 | |             SELECT pg_advisory_xact_lock($1);"#,
[INFO] [stdout] 75 | |             JOB_ADMISSION_LOCK
[INFO] [stdout] 76 | |         )
[INFO] [stdout]    | |_________^
[INFO] [stdout]    |
[INFO] [stdout]    = note: this error originates in the macro `$crate::sqlx_macros::expand_query` which comes from the expansion of the macro `sqlx::query` (in Nightly builds, run with -Z macro-backtrace for more info)
[INFO] [stdout] 
[INFO] [stdout] 
[INFO] [stdout] error: error communicating with database: Connection refused (os error 111)
[INFO] [stdout]   --> src/jobs.rs:72:9
[INFO] [stdout]    |
[INFO] [stdout] 72 | /         sqlx::query!(
[INFO] [stdout] 73 | |             r#"
[INFO] [stdout] 74 | |             SELECT pg_advisory_xact_lock($1);"#,
[INFO] [stdout] 75 | |             JOB_ADMISSION_LOCK
[INFO] [stdout] 76 | |         )
[INFO] [stdout]    | |_________^
[INFO] [stdout]    |
[INFO] [stdout]    = note: this error originates in the macro `$crate::sqlx_macros::expand_query` which comes from the expansion of the macro `sqlx::query` (in Nightly builds, run with -Z macro-backtrace for more info)
[INFO] [stdout] 
[INFO] [stdout] 
[INFO] [stdout] error: error communicating with database: Connection refused (os error 111)
[INFO] [stdout]   --> src/jobs.rs:80:28
[INFO] [stdout]    |
[INFO] [stdout] 80 |           let active_count = sqlx::query_scalar!(
[INFO] [stdout]    |  ____________________________^
[INFO] [stdout] 81 | |             r#"
[INFO] [stdout] 82 | |              SELECT COUNT(*) FROM jobs
[INFO] [stdout] 83 | |              WHERE status IN ('Queued', 'Running')
[INFO] [stdout] 84 | |              "#
[INFO] [stdout] 85 | |         )
[INFO] [stdout]    | |_________^
[INFO] [stdout]    |
[INFO] [stdout]    = note: this error originates in the macro `$crate::sqlx_macros::expand_query` which comes from the expansion of the macro `sqlx::query_scalar` (in Nightly builds, run with -Z macro-backtrace for more info)
[INFO] [stdout] 
[INFO] [stdout] 
[INFO] [stdout] error: error communicating with database: Connection refused (os error 111)
[INFO] [stdout]    --> src/jobs.rs:94:22
[INFO] [stdout]     |
[INFO] [stdout]  94 |           let result = sqlx::query_as!(
[INFO] [stdout]     |  ______________________^
[INFO] [stdout]  95 | |             Job,
[INFO] [stdout]  96 | |             r#"
[INFO] [stdout]  97 | |             INSERT INTO jobs (
[INFO] [stdout] ...   |
[INFO] [stdout] 134 | |             job.api_key_id
[INFO] [stdout] 135 | |         )
[INFO] [stdout]     | |_________^
[INFO] [stdout]     |
[INFO] [stdout]     = note: this error originates in the macro `$crate::sqlx_macros::expand_query` which comes from the expansion of the macro `sqlx::query_as` (in Nightly builds, run with -Z macro-backtrace for more info)
[INFO] [stdout] 
[INFO] [stdout] 
[INFO] [stdout] error: error communicating with database: Connection refused (os error 111)
[INFO] [stdout]   --> src/jobs.rs:80:28
[INFO] [stdout]    |
[INFO] [stdout] 80 |           let active_count = sqlx::query_scalar!(
[INFO] [stdout]    |  ____________________________^
[INFO] [stdout] 81 | |             r#"
[INFO] [stdout] 82 | |              SELECT COUNT(*) FROM jobs
[INFO] [stdout] 83 | |              WHERE status IN ('Queued', 'Running')
[INFO] [stdout] 84 | |              "#
[INFO] [stdout] 85 | |         )
[INFO] [stdout]    | |_________^
[INFO] [stdout]    |
[INFO] [stdout]    = note: this error originates in the macro `$crate::sqlx_macros::expand_query` which comes from the expansion of the macro `sqlx::query_scalar` (in Nightly builds, run with -Z macro-backtrace for more info)
[INFO] [stdout] 
[INFO] [stdout] 
[INFO] [stdout] error: error communicating with database: Connection refused (os error 111)
[INFO] [stdout]    --> src/jobs.rs:94:22
[INFO] [stdout]     |
[INFO] [stdout]  94 |           let result = sqlx::query_as!(
[INFO] [stdout]     |  ______________________^
[INFO] [stdout]  95 | |             Job,
[INFO] [stdout]  96 | |             r#"
[INFO] [stdout]  97 | |             INSERT INTO jobs (
[INFO] [stdout] ...   |
[INFO] [stdout] 134 | |             job.api_key_id
[INFO] [stdout] 135 | |         )
[INFO] [stdout]     | |_________^
[INFO] [stdout]     |
[INFO] [stdout]     = note: this error originates in the macro `$crate::sqlx_macros::expand_query` which comes from the expansion of the macro `sqlx::query_as` (in Nightly builds, run with -Z macro-backtrace for more info)
[INFO] [stdout] 
[INFO] [stdout] 
[INFO] [stdout] error: error communicating with database: Connection refused (os error 111)
[INFO] [stdout]    --> src/jobs.rs:162:19
[INFO] [stdout]     |
[INFO] [stdout] 162 |           let row = sqlx::query_as!(
[INFO] [stdout]     |  ___________________^
[INFO] [stdout] 163 | |             Job,
[INFO] [stdout] 164 | |             r#"
[INFO] [stdout] 165 | |         SELECT
[INFO] [stdout] ...   |
[INFO] [stdout] 184 | |             id
[INFO] [stdout] 185 | |         )
[INFO] [stdout]     | |_________^
[INFO] [stdout]     |
[INFO] [stdout]     = note: this error originates in the macro `$crate::sqlx_macros::expand_query` which comes from the expansion of the macro `sqlx::query_as` (in Nightly builds, run with -Z macro-backtrace for more info)
[INFO] [stdout] 
[INFO] [stdout] 
[INFO] [stdout] error: error communicating with database: Connection refused (os error 111)
[INFO] [stdout]    --> src/jobs.rs:196:22
[INFO] [stdout]     |
[INFO] [stdout] 196 |           let result = sqlx::query!(
[INFO] [stdout]     |  ______________________^
[INFO] [stdout] 197 | |             r#"
[INFO] [stdout] 198 | |             UPDATE jobs
[INFO] [stdout] 199 | |             SET 
[INFO] [stdout] ...   |
[INFO] [stdout] 205 | |             job_id
[INFO] [stdout] 206 | |         )
[INFO] [stdout]     | |_________^
[INFO] [stdout]     |
[INFO] [stdout]     = note: this error originates in the macro `$crate::sqlx_macros::expand_query` which comes from the expansion of the macro `sqlx::query` (in Nightly builds, run with -Z macro-backtrace for more info)
[INFO] [stdout] 
[INFO] [stdout] 
[INFO] [stdout] error: error communicating with database: Connection refused (os error 111)
[INFO] [stdout]    --> src/jobs.rs:217:19
[INFO] [stdout]     |
[INFO] [stdout] 217 |           let row = sqlx::query_as!(
[INFO] [stdout]     |  ___________________^
[INFO] [stdout] 218 | |             Job,
[INFO] [stdout] 219 | |             r#"
[INFO] [stdout] 220 | |             SELECT
[INFO] [stdout] ...   |
[INFO] [stdout] 241 | |             user_id
[INFO] [stdout] 242 | |         )
[INFO] [stdout]     | |_________^
[INFO] [stdout]     |
[INFO] [stdout]     = note: this error originates in the macro `$crate::sqlx_macros::expand_query` which comes from the expansion of the macro `sqlx::query_as` (in Nightly builds, run with -Z macro-backtrace for more info)
[INFO] [stdout] 
[INFO] [stdout] 
[INFO] [stdout] error: error communicating with database: Connection refused (os error 111)
[INFO] [stdout]    --> src/jobs.rs:162:19
[INFO] [stdout]     |
[INFO] [stdout] 162 |           let row = sqlx::query_as!(
[INFO] [stdout]     |  ___________________^
[INFO] [stdout] 163 | |             Job,
[INFO] [stdout] 164 | |             r#"
[INFO] [stdout] 165 | |         SELECT
[INFO] [stdout] ...   |
[INFO] [stdout] 184 | |             id
[INFO] [stdout] 185 | |         )
[INFO] [stdout]     | |_________^
[INFO] [stdout]     |
[INFO] [stdout]     = note: this error originates in the macro `$crate::sqlx_macros::expand_query` which comes from the expansion of the macro `sqlx::query_as` (in Nightly builds, run with -Z macro-backtrace for more info)
[INFO] [stdout] 
[INFO] [stdout] 
[INFO] [stdout] error: error communicating with database: Connection refused (os error 111)
[INFO] [stdout]    --> src/jobs.rs:257:19
[INFO] [stdout]     |
[INFO] [stdout] 257 |           let row = sqlx::query_as!(
[INFO] [stdout]     |  ___________________^
[INFO] [stdout] 258 | |             Job,
[INFO] [stdout] 259 | |             r#"
[INFO] [stdout] 260 | |                 SELECT
[INFO] [stdout] ...   |
[INFO] [stdout] 281 | |             api_key
[INFO] [stdout] 282 | |         )
[INFO] [stdout]     | |_________^
[INFO] [stdout]     |
[INFO] [stdout]     = note: this error originates in the macro `$crate::sqlx_macros::expand_query` which comes from the expansion of the macro `sqlx::query_as` (in Nightly builds, run with -Z macro-backtrace for more info)
[INFO] [stdout] 
[INFO] [stdout] 
[INFO] [stdout] error: error communicating with database: Connection refused (os error 111)
[INFO] [stdout]    --> src/jobs.rs:196:22
[INFO] [stdout]     |
[INFO] [stdout] 196 |           let result = sqlx::query!(
[INFO] [stdout]     |  ______________________^
[INFO] [stdout] 197 | |             r#"
[INFO] [stdout] 198 | |             UPDATE jobs
[INFO] [stdout] 199 | |             SET 
[INFO] [stdout] ...   |
[INFO] [stdout] 205 | |             job_id
[INFO] [stdout] 206 | |         )
[INFO] [stdout]     | |_________^
[INFO] [stdout]     |
[INFO] [stdout]     = note: this error originates in the macro `$crate::sqlx_macros::expand_query` which comes from the expansion of the macro `sqlx::query` (in Nightly builds, run with -Z macro-backtrace for more info)
[INFO] [stdout] 
[INFO] [stdout] 
[INFO] [stdout] error: error communicating with database: Connection refused (os error 111)
[INFO] [stdout]    --> src/jobs.rs:217:19
[INFO] [stdout]     |
[INFO] [stdout] 217 |           let row = sqlx::query_as!(
[INFO] [stdout]     |  ___________________^
[INFO] [stdout] 218 | |             Job,
[INFO] [stdout] 219 | |             r#"
[INFO] [stdout] 220 | |             SELECT
[INFO] [stdout] ...   |
[INFO] [stdout] 241 | |             user_id
[INFO] [stdout] 242 | |         )
[INFO] [stdout]     | |_________^
[INFO] [stdout]     |
[INFO] [stdout]     = note: this error originates in the macro `$crate::sqlx_macros::expand_query` which comes from the expansion of the macro `sqlx::query_as` (in Nightly builds, run with -Z macro-backtrace for more info)
[INFO] [stdout] 
[INFO] [stdout] 
[INFO] [stdout] error: error communicating with database: Connection refused (os error 111)
[INFO] [stdout]    --> src/jobs.rs:257:19
[INFO] [stdout]     |
[INFO] [stdout] 257 |           let row = sqlx::query_as!(
[INFO] [stdout]     |  ___________________^
[INFO] [stdout] 258 | |             Job,
[INFO] [stdout] 259 | |             r#"
[INFO] [stdout] 260 | |                 SELECT
[INFO] [stdout] ...   |
[INFO] [stdout] 281 | |             api_key
[INFO] [stdout] 282 | |         )
[INFO] [stdout]     | |_________^
[INFO] [stdout]     |
[INFO] [stdout]     = note: this error originates in the macro `$crate::sqlx_macros::expand_query` which comes from the expansion of the macro `sqlx::query_as` (in Nightly builds, run with -Z macro-backtrace for more info)
[INFO] [stdout] 
[INFO] [stdout] 
[INFO] [stdout] error: error communicating with database: Connection refused (os error 111)
[INFO] [stdout]   --> src/apikey_store.rs:27:23
[INFO] [stdout]    |
[INFO] [stdout] 27 |           let api_key = sqlx::query_as!(
[INFO] [stdout]    |  _______________________^
[INFO] [stdout] 28 | |             ApiKey,
[INFO] [stdout] 29 | |             r#"
[INFO] [stdout] 30 | |                 INSERT INTO api_keys(
[INFO] [stdout] ...  |
[INFO] [stdout] 48 | |             &key_hash,
[INFO] [stdout] 49 | |         )
[INFO] [stdout]    | |_________^
[INFO] [stdout]    |
[INFO] [stdout]    = note: this error originates in the macro `$crate::sqlx_macros::expand_query` which comes from the expansion of the macro `sqlx::query_as` (in Nightly builds, run with -Z macro-backtrace for more info)
[INFO] [stdout] 
[INFO] [stdout] 
[INFO] [stdout] error: error communicating with database: Connection refused (os error 111)
[INFO] [stdout]   --> src/apikey_store.rs:27:23
[INFO] [stdout]    |
[INFO] [stdout] 27 |           let api_key = sqlx::query_as!(
[INFO] [stdout]    |  _______________________^
[INFO] [stdout] 28 | |             ApiKey,
[INFO] [stdout] 29 | |             r#"
[INFO] [stdout] 30 | |                 INSERT INTO api_keys(
[INFO] [stdout] ...  |
[INFO] [stdout] 48 | |             &key_hash,
[INFO] [stdout] 49 | |         )
[INFO] [stdout]    | |_________^
[INFO] [stdout]    |
[INFO] [stdout]    = note: this error originates in the macro `$crate::sqlx_macros::expand_query` which comes from the expansion of the macro `sqlx::query_as` (in Nightly builds, run with -Z macro-backtrace for more info)
[INFO] [stdout] 
[INFO] [stdout] 
[INFO] [stdout] error: error communicating with database: Connection refused (os error 111)
[INFO] [stdout]   --> src/apikey_store.rs:56:9
[INFO] [stdout]    |
[INFO] [stdout] 56 | /         sqlx::query_as!(
[INFO] [stdout] 57 | |             ApiKey,
[INFO] [stdout] 58 | |             r#"
[INFO] [stdout] 59 | |                 SELECT id, name, key_hash, user_id, created_at, revoked_at
[INFO] [stdout] ...  |
[INFO] [stdout] 64 | |             hash
[INFO] [stdout] 65 | |         )
[INFO] [stdout]    | |_________^
[INFO] [stdout]    |
[INFO] [stdout]    = note: this error originates in the macro `$crate::sqlx_macros::expand_query` which comes from the expansion of the macro `sqlx::query_as` (in Nightly builds, run with -Z macro-backtrace for more info)
[INFO] [stdout] 
[INFO] [stdout] 
[INFO] [stdout] error: error communicating with database: Connection refused (os error 111)
[INFO] [stdout]   --> src/apikey_store.rs:56:9
[INFO] [stdout]    |
[INFO] [stdout] 56 | /         sqlx::query_as!(
[INFO] [stdout] 57 | |             ApiKey,
[INFO] [stdout] 58 | |             r#"
[INFO] [stdout] 59 | |                 SELECT id, name, key_hash, user_id, created_at, revoked_at
[INFO] [stdout] ...  |
[INFO] [stdout] 64 | |             hash
[INFO] [stdout] 65 | |         )
[INFO] [stdout]    | |_________^
[INFO] [stdout]    |
[INFO] [stdout]    = note: this error originates in the macro `$crate::sqlx_macros::expand_query` which comes from the expansion of the macro `sqlx::query_as` (in Nightly builds, run with -Z macro-backtrace for more info)
[INFO] [stdout] 
[INFO] [stdout] 
[INFO] [stdout] error: error communicating with database: Connection refused (os error 111)
[INFO] [stdout]   --> src/apikey_store.rs:71:22
[INFO] [stdout]    |
[INFO] [stdout] 71 |           let result = sqlx::query!(
[INFO] [stdout]    |  ______________________^
[INFO] [stdout] 72 | |             r#"
[INFO] [stdout] 73 | |                 UPDATE  api_keys
[INFO] [stdout] 74 | |                 SET revoked_at = NOW()
[INFO] [stdout] ...  |
[INFO] [stdout] 80 | |             user_id
[INFO] [stdout] 81 | |         )
[INFO] [stdout]    | |_________^
[INFO] [stdout]    |
[INFO] [stdout]    = note: this error originates in the macro `$crate::sqlx_macros::expand_query` which comes from the expansion of the macro `sqlx::query` (in Nightly builds, run with -Z macro-backtrace for more info)
[INFO] [stdout] 
[INFO] [stdout] 
[INFO] [stdout] error: error communicating with database: Connection refused (os error 111)
[INFO] [stdout]   --> src/apikey_store.rs:71:22
[INFO] [stdout]    |
[INFO] [stdout] 71 |           let result = sqlx::query!(
[INFO] [stdout]    |  ______________________^
[INFO] [stdout] 72 | |             r#"
[INFO] [stdout] 73 | |                 UPDATE  api_keys
[INFO] [stdout] 74 | |                 SET revoked_at = NOW()
[INFO] [stdout] ...  |
[INFO] [stdout] 80 | |             user_id
[INFO] [stdout] 81 | |         )
[INFO] [stdout]    | |_________^
[INFO] [stdout]    |
[INFO] [stdout]    = note: this error originates in the macro `$crate::sqlx_macros::expand_query` which comes from the expansion of the macro `sqlx::query` (in Nightly builds, run with -Z macro-backtrace for more info)
[INFO] [stdout] 
[INFO] [stdout] 
[INFO] [stdout] error: error communicating with database: Connection refused (os error 111)
[INFO] [stdout]   --> src/apikey_store.rs:88:9
[INFO] [stdout]    |
[INFO] [stdout] 88 | /         sqlx::query_as!(
[INFO] [stdout] 89 | |             ApiKeysResponse,
[INFO] [stdout] 90 | |             r#"
[INFO] [stdout] 91 | |                 SELECT id, name, created_at, revoked_at
[INFO] [stdout] ...  |
[INFO] [stdout] 96 | |             user_id
[INFO] [stdout] 97 | |         )
[INFO] [stdout]    | |_________^
[INFO] [stdout]    |
[INFO] [stdout]    = note: this error originates in the macro `$crate::sqlx_macros::expand_query` which comes from the expansion of the macro `sqlx::query_as` (in Nightly builds, run with -Z macro-backtrace for more info)
[INFO] [stdout] 
[INFO] [stdout] 
[INFO] [stdout] error: error communicating with database: Connection refused (os error 111)
[INFO] [stdout]   --> src/apikey_store.rs:88:9
[INFO] [stdout]    |
[INFO] [stdout] 88 | /         sqlx::query_as!(
[INFO] [stdout] 89 | |             ApiKeysResponse,
[INFO] [stdout] 90 | |             r#"
[INFO] [stdout] 91 | |                 SELECT id, name, created_at, revoked_at
[INFO] [stdout] ...  |
[INFO] [stdout] 96 | |             user_id
[INFO] [stdout] 97 | |         )
[INFO] [stdout]    | |_________^
[INFO] [stdout]    |
[INFO] [stdout]    = note: this error originates in the macro `$crate::sqlx_macros::expand_query` which comes from the expansion of the macro `sqlx::query_as` (in Nightly builds, run with -Z macro-backtrace for more info)
[INFO] [stdout] 
[INFO] [stdout] 
[INFO] [stdout] error: error communicating with database: Connection refused (os error 111)
[INFO] [stdout]   --> src/oauth_code_store.rs:18:9
[INFO] [stdout]    |
[INFO] [stdout] 18 | /         sqlx::query!(
[INFO] [stdout] 19 | |             r#"
[INFO] [stdout] 20 | |             INSERT INTO oauth_codes (code_hash, user_id, expires_at)
[INFO] [stdout] 21 | |             VALUES ($1, $2, NOW() + INTERVAL '60 seconds')
[INFO] [stdout] ...  |
[INFO] [stdout] 24 | |             user_id,
[INFO] [stdout] 25 | |         )
[INFO] [stdout]    | |_________^
[INFO] [stdout]    |
[INFO] [stdout]    = note: this error originates in the macro `$crate::sqlx_macros::expand_query` which comes from the expansion of the macro `sqlx::query` (in Nightly builds, run with -Z macro-backtrace for more info)
[INFO] [stdout] 
[INFO] [stdout] 
[INFO] [stdout] error: error communicating with database: Connection refused (os error 111)
[INFO] [stdout]   --> src/oauth_code_store.rs:18:9
[INFO] [stdout]    |
[INFO] [stdout] 18 | /         sqlx::query!(
[INFO] [stdout] 19 | |             r#"
[INFO] [stdout] 20 | |             INSERT INTO oauth_codes (code_hash, user_id, expires_at)
[INFO] [stdout] 21 | |             VALUES ($1, $2, NOW() + INTERVAL '60 seconds')
[INFO] [stdout] ...  |
[INFO] [stdout] 24 | |             user_id,
[INFO] [stdout] 25 | |         )
[INFO] [stdout]    | |_________^
[INFO] [stdout]    |
[INFO] [stdout]    = note: this error originates in the macro `$crate::sqlx_macros::expand_query` which comes from the expansion of the macro `sqlx::query` (in Nightly builds, run with -Z macro-backtrace for more info)
[INFO] [stdout] 
[INFO] [stdout] 
[INFO] [stdout] error: error communicating with database: Connection refused (os error 111)
[INFO] [stdout]   --> src/oauth_code_store.rs:34:23
[INFO] [stdout]    |
[INFO] [stdout] 34 |           let user_id = sqlx::query_scalar!(
[INFO] [stdout]    |  _______________________^
[INFO] [stdout] 35 | |             r#"
[INFO] [stdout] 36 | |              UPDATE oauth_codes
[INFO] [stdout] 37 | |              SET used_at = NOW()
[INFO] [stdout] ...  |
[INFO] [stdout] 43 | |             code_hash.as_slice()
[INFO] [stdout] 44 | |         )
[INFO] [stdout]    | |_________^
[INFO] [stdout]    |
[INFO] [stdout]    = note: this error originates in the macro `$crate::sqlx_macros::expand_query` which comes from the expansion of the macro `sqlx::query_scalar` (in Nightly builds, run with -Z macro-backtrace for more info)
[INFO] [stdout] 
[INFO] [stdout] 
[INFO] [stdout] error: error communicating with database: Connection refused (os error 111)
[INFO] [stdout]   --> src/oauth_code_store.rs:34:23
[INFO] [stdout]    |
[INFO] [stdout] 34 |           let user_id = sqlx::query_scalar!(
[INFO] [stdout]    |  _______________________^
[INFO] [stdout] 35 | |             r#"
[INFO] [stdout] 36 | |              UPDATE oauth_codes
[INFO] [stdout] 37 | |              SET used_at = NOW()
[INFO] [stdout] ...  |
[INFO] [stdout] 43 | |             code_hash.as_slice()
[INFO] [stdout] 44 | |         )
[INFO] [stdout]    | |_________^
[INFO] [stdout]    |
[INFO] [stdout]    = note: this error originates in the macro `$crate::sqlx_macros::expand_query` which comes from the expansion of the macro `sqlx::query_scalar` (in Nightly builds, run with -Z macro-backtrace for more info)
[INFO] [stdout] 
[INFO] [stdout] 
[INFO] [stdout] error: error communicating with database: Connection refused (os error 111)
[INFO] [stdout]   --> src/session_store.rs:52:23
[INFO] [stdout]    |
[INFO] [stdout] 52 |           let session = sqlx::query_as!(Session,
[INFO] [stdout]    |  _______________________^
[INFO] [stdout] 53 | |             r#"
[INFO] [stdout] 54 | |         INSERT INTO sessions (
[INFO] [stdout] 55 | |             id,
[INFO] [stdout] ...  |
[INFO] [stdout] 75 | |             token_hash
[INFO] [stdout] 76 | |         )
[INFO] [stdout]    | |_________^
[INFO] [stdout]    |
[INFO] [stdout]    = note: this error originates in the macro `$crate::sqlx_macros::expand_query` which comes from the expansion of the macro `sqlx::query_as` (in Nightly builds, run with -Z macro-backtrace for more info)
[INFO] [stdout] 
[INFO] [stdout] 
[INFO] [stdout] error: error communicating with database: Connection refused (os error 111)
[INFO] [stdout]   --> src/session_store.rs:52:23
[INFO] [stdout]    |
[INFO] [stdout] 52 |           let session = sqlx::query_as!(Session,
[INFO] [stdout]    |  _______________________^
[INFO] [stdout] 53 | |             r#"
[INFO] [stdout] 54 | |         INSERT INTO sessions (
[INFO] [stdout] 55 | |             id,
[INFO] [stdout] ...  |
[INFO] [stdout] 75 | |             token_hash
[INFO] [stdout] 76 | |         )
[INFO] [stdout]    | |_________^
[INFO] [stdout]    |
[INFO] [stdout]    = note: this error originates in the macro `$crate::sqlx_macros::expand_query` which comes from the expansion of the macro `sqlx::query_as` (in Nightly builds, run with -Z macro-backtrace for more info)
[INFO] [stdout] 
[INFO] [stdout] 
[INFO] [stdout] error: error communicating with database: Connection refused (os error 111)
[INFO] [stdout]   --> src/session_store.rs:85:9
[INFO] [stdout]    |
[INFO] [stdout] 85 | /         sqlx::query_as!(Session,
[INFO] [stdout] 86 | |             r#"
[INFO] [stdout] 87 | |                 SELECT
[INFO] [stdout] 88 | |                     id,
[INFO] [stdout] ...  |
[INFO] [stdout] 97 | |             token_hash
[INFO] [stdout] 98 | |         )
[INFO] [stdout]    | |_________^
[INFO] [stdout]    |
[INFO] [stdout]    = note: this error originates in the macro `$crate::sqlx_macros::expand_query` which comes from the expansion of the macro `sqlx::query_as` (in Nightly builds, run with -Z macro-backtrace for more info)
[INFO] [stdout] 
[INFO] [stdout] 
[INFO] [stdout] error: error communicating with database: Connection refused (os error 111)
[INFO] [stdout]    --> src/session_store.rs:105:19
[INFO] [stdout]     |
[INFO] [stdout] 105 |           let res = sqlx::query!(
[INFO] [stdout]     |  ___________________^
[INFO] [stdout] 106 | |             r#"
[INFO] [stdout] 107 | |                 DELETE FROM sessions
[INFO] [stdout] 108 | |                 WHERE token_hash = $1
[INFO] [stdout] 109 | |             "#,
[INFO] [stdout] 110 | |             token_hash
[INFO] [stdout] 111 | |         ).execute(&self.pool).await?;
[INFO] [stdout]     | |_________^
[INFO] [stdout]     |
[INFO] [stdout]     = note: this error originates in the macro `$crate::sqlx_macros::expand_query` which comes from the expansion of the macro `sqlx::query` (in Nightly builds, run with -Z macro-backtrace for more info)
[INFO] [stdout] 
[INFO] [stdout] 
[INFO] [stdout] error: error communicating with database: Connection refused (os error 111)
[INFO] [stdout]   --> src/session_store.rs:85:9
[INFO] [stdout]    |
[INFO] [stdout] 85 | /         sqlx::query_as!(Session,
[INFO] [stdout] 86 | |             r#"
[INFO] [stdout] 87 | |                 SELECT
[INFO] [stdout] 88 | |                     id,
[INFO] [stdout] ...  |
[INFO] [stdout] 97 | |             token_hash
[INFO] [stdout] 98 | |         )
[INFO] [stdout]    | |_________^
[INFO] [stdout]    |
[INFO] [stdout]    = note: this error originates in the macro `$crate::sqlx_macros::expand_query` which comes from the expansion of the macro `sqlx::query_as` (in Nightly builds, run with -Z macro-backtrace for more info)
[INFO] [stdout] 
[INFO] [stdout] 
[INFO] [stdout] error: error communicating with database: Connection refused (os error 111)
[INFO] [stdout]   --> src/user_store.rs:30:22
[INFO] [stdout]    |
[INFO] [stdout] 30 |           let result = sqlx::query_as!(
[INFO] [stdout]    |  ______________________^
[INFO] [stdout] 31 | |             User,
[INFO] [stdout] 32 | |             r#"INSERT INTO users (
[INFO] [stdout] 33 | |                        id,
[INFO] [stdout] ...  |
[INFO] [stdout] 60 | |             github_user.avatar_url,
[INFO] [stdout] 61 | |         )
[INFO] [stdout]    | |_________^
[INFO] [stdout]    |
[INFO] [stdout]    = note: this error originates in the macro `$crate::sqlx_macros::expand_query` which comes from the expansion of the macro `sqlx::query_as` (in Nightly builds, run with -Z macro-backtrace for more info)
[INFO] [stdout] 
[INFO] [stdout] 
[INFO] [stdout] error: error communicating with database: Connection refused (os error 111)
[INFO] [stdout]   --> src/user_store.rs:68:9
[INFO] [stdout]    |
[INFO] [stdout] 68 | /         sqlx::query_as!(
[INFO] [stdout] 69 | |             User,
[INFO] [stdout] 70 | |             r#"
[INFO] [stdout] 71 | |             SELECT  
[INFO] [stdout] ...  |
[INFO] [stdout] 83 | |             user_id
[INFO] [stdout] 84 | |         )
[INFO] [stdout]    | |_________^
[INFO] [stdout]    |
[INFO] [stdout]    = note: this error originates in the macro `$crate::sqlx_macros::expand_query` which comes from the expansion of the macro `sqlx::query_as` (in Nightly builds, run with -Z macro-backtrace for more info)
[INFO] [stdout] 
[INFO] [stdout] 
[INFO] [stdout] error: error communicating with database: Connection refused (os error 111)
[INFO] [stdout]    --> src/session_store.rs:105:19
[INFO] [stdout]     |
[INFO] [stdout] 105 |           let res = sqlx::query!(
[INFO] [stdout]     |  ___________________^
[INFO] [stdout] 106 | |             r#"
[INFO] [stdout] 107 | |                 DELETE FROM sessions
[INFO] [stdout] 108 | |                 WHERE token_hash = $1
[INFO] [stdout] 109 | |             "#,
[INFO] [stdout] 110 | |             token_hash
[INFO] [stdout] 111 | |         ).execute(&self.pool).await?;
[INFO] [stdout]     | |_________^
[INFO] [stdout]     |
[INFO] [stdout]     = note: this error originates in the macro `$crate::sqlx_macros::expand_query` which comes from the expansion of the macro `sqlx::query` (in Nightly builds, run with -Z macro-backtrace for more info)
[INFO] [stdout] 
[INFO] [stdout] 
[INFO] [stdout] error: error communicating with database: Connection refused (os error 111)
[INFO] [stdout]   --> src/user_store.rs:30:22
[INFO] [stdout]    |
[INFO] [stdout] 30 |           let result = sqlx::query_as!(
[INFO] [stdout]    |  ______________________^
[INFO] [stdout] 31 | |             User,
[INFO] [stdout] 32 | |             r#"INSERT INTO users (
[INFO] [stdout] 33 | |                        id,
[INFO] [stdout] ...  |
[INFO] [stdout] 60 | |             github_user.avatar_url,
[INFO] [stdout] 61 | |         )
[INFO] [stdout]    | |_________^
[INFO] [stdout]    |
[INFO] [stdout]    = note: this error originates in the macro `$crate::sqlx_macros::expand_query` which comes from the expansion of the macro `sqlx::query_as` (in Nightly builds, run with -Z macro-backtrace for more info)
[INFO] [stdout] 
[INFO] [stdout] 
[INFO] [stdout] error: error communicating with database: Connection refused (os error 111)
[INFO] [stdout]   --> src/user_store.rs:68:9
[INFO] [stdout]    |
[INFO] [stdout] 68 | /         sqlx::query_as!(
[INFO] [stdout] 69 | |             User,
[INFO] [stdout] 70 | |             r#"
[INFO] [stdout] 71 | |             SELECT  
[INFO] [stdout] ...  |
[INFO] [stdout] 83 | |             user_id
[INFO] [stdout] 84 | |         )
[INFO] [stdout]    | |_________^
[INFO] [stdout]    |
[INFO] [stdout]    = note: this error originates in the macro `$crate::sqlx_macros::expand_query` which comes from the expansion of the macro `sqlx::query_as` (in Nightly builds, run with -Z macro-backtrace for more info)
[INFO] [stdout] 
[INFO] [stdout] 
[INFO] [stdout] warning: unused import: `std::num::NonZeroU32`
[INFO] [stdout]   --> src/main.rs:12:5
[INFO] [stdout]    |
[INFO] [stdout] 12 | use std::num::NonZeroU32;
[INFO] [stdout]    |     ^^^^^^^^^^^^^^^^^^^^
[INFO] [stdout]    |
[INFO] [stdout]    = note: `#[warn(unused_imports)]` (part of `#[warn(unused)]`) on by default
[INFO] [stdout] 
[INFO] [stdout] 
[INFO] [stdout] warning: unused import: `Any`
[INFO] [stdout]   --> src/main.rs:15:24
[INFO] [stdout]    |
[INFO] [stdout] 15 | use tower_http::cors::{Any, CorsLayer};
[INFO] [stdout]    |                        ^^^
[INFO] [stdout] 
[INFO] [stdout] 
[INFO] [stdout] warning: unused import: `require_session`
[INFO] [stdout]   --> src/main.rs:22:68
[INFO] [stdout]    |
[INFO] [stdout] 22 | use crate::middleware::{AuthUser, auth_middleware, jwt_middleware, require_session};
[INFO] [stdout]    |                                                                    ^^^^^^^^^^^^^^^
[INFO] [stdout] 
[INFO] [stdout] 
[INFO] [stdout] warning: unused import: `AuthenticatedUser`
[INFO] [stdout]   --> src/main.rs:27:28
[INFO] [stdout]    |
[INFO] [stdout] 27 | use crate::session_store::{AuthenticatedUser, SessionStore};
[INFO] [stdout]    |                            ^^^^^^^^^^^^^^^^^
[INFO] [stdout] 
[INFO] [stdout] 
[INFO] [stdout] warning: unused import: `anyhow::anyhow`
[INFO] [stdout]  --> src/jobs.rs:1:5
[INFO] [stdout]   |
[INFO] [stdout] 1 | use anyhow::anyhow;
[INFO] [stdout]   |     ^^^^^^^^^^^^^^
[INFO] [stdout] 
[INFO] [stdout] 
[INFO] [stdout] warning: unused import: `crate::user_store::User`
[INFO] [stdout]  --> src/jobs.rs:8:5
[INFO] [stdout]   |
[INFO] [stdout] 8 | use crate::user_store::User;
[INFO] [stdout]   |     ^^^^^^^^^^^^^^^^^^^^^^^
[INFO] [stdout] 
[INFO] [stdout] 
[INFO] [stdout] warning: unused import: `crate::apikey::ApiKey`
[INFO] [stdout]  --> src/state.rs:3:5
[INFO] [stdout]   |
[INFO] [stdout] 3 | use crate::apikey::ApiKey;
[INFO] [stdout]   |     ^^^^^^^^^^^^^^^^^^^^^
[INFO] [stdout] 
[INFO] [stdout] 
[INFO] [stdout] warning: unused imports: `ApiKey` and `hash_api_key`
[INFO] [stdout]  --> src/routes.rs:1:21
[INFO] [stdout]   |
[INFO] [stdout] 1 | use crate::apikey::{ApiKey, hash_api_key};
[INFO] [stdout]   |                     ^^^^^^  ^^^^^^^^^^^^
[INFO] [stdout] 
[INFO] [stdout] 
[INFO] [stdout] warning: unused imports: `JobStoreError` and `NewJob`
[INFO] [stdout]  --> src/routes.rs:5:19
[INFO] [stdout]   |
[INFO] [stdout] 5 | use crate::jobs::{JobStoreError, NewJob};
[INFO] [stdout]   |                   ^^^^^^^^^^^^^  ^^^^^^
[INFO] [stdout] 
[INFO] [stdout] 
[INFO] [stdout] warning: unused import: `crate::oauth_code_store::OauthCodeStore`
[INFO] [stdout]   --> src/routes.rs:12:5
[INFO] [stdout]    |
[INFO] [stdout] 12 | use crate::oauth_code_store::OauthCodeStore;
[INFO] [stdout]    |     ^^^^^^^^^^^^^^^^^^^^^^^^^^^^^^^^^^^^^^^
[INFO] [stdout] 
[INFO] [stdout] 
[INFO] [stdout] warning: unused imports: `RunStatus`, `jobs::Job`, and `producer::JobMessage`
[INFO] [stdout]   --> src/routes.rs:16:5
[INFO] [stdout]    |
[INFO] [stdout] 16 |     jobs::Job,
[INFO] [stdout]    |     ^^^^^^^^^
[INFO] [stdout] 17 |     model::{JobIdResponse, JobResponse, RunRequest, RunStatus},
[INFO] [stdout]    |                                                     ^^^^^^^^^
[INFO] [stdout] 18 |     producer::JobMessage,
[INFO] [stdout]    |     ^^^^^^^^^^^^^^^^^^^^
[INFO] [stdout] 
[INFO] [stdout] 
[INFO] [stdout] warning: unused import: `Request`
[INFO] [stdout]   --> src/routes.rs:22:28
[INFO] [stdout]    |
[INFO] [stdout] 22 | use axum::extract::{Query, Request};
[INFO] [stdout]    |                            ^^^^^^^
[INFO] [stdout] 
[INFO] [stdout] 
[INFO] [stdout] warning: unused import: `Next`
[INFO] [stdout]   --> src/routes.rs:23:24
[INFO] [stdout]    |
[INFO] [stdout] 23 | use axum::middleware::{Next, from_fn_with_state};
[INFO] [stdout]    |                        ^^^^
[INFO] [stdout] 
[INFO] [stdout] 
[INFO] [stdout] warning: unused import: `Response`
[INFO] [stdout]   --> src/routes.rs:24:32
[INFO] [stdout]    |
[INFO] [stdout] 24 | use axum::response::{Redirect, Response};
[INFO] [stdout]    |                                ^^^^^^^^
[INFO] [stdout] 
[INFO] [stdout] 
[INFO] [stdout] warning: unused import: `axum_extra::TypedHeader`
[INFO] [stdout]   --> src/routes.rs:32:5
[INFO] [stdout]    |
[INFO] [stdout] 32 | use axum_extra::TypedHeader;
[INFO] [stdout]    |     ^^^^^^^^^^^^^^^^^^^^^^^
[INFO] [stdout] 
[INFO] [stdout] 
[INFO] [stdout] warning: unused import: `headers::Authorization`
[INFO] [stdout]   --> src/routes.rs:35:5
[INFO] [stdout]    |
[INFO] [stdout] 35 | use headers::Authorization;
[INFO] [stdout]    |     ^^^^^^^^^^^^^^^^^^^^^^
[INFO] [stdout] 
[INFO] [stdout] 
[INFO] [stdout] warning: unused import: `headers::authorization::Bearer`
[INFO] [stdout]   --> src/routes.rs:36:5
[INFO] [stdout]    |
[INFO] [stdout] 36 | use headers::authorization::Bearer;
[INFO] [stdout]    |     ^^^^^^^^^^^^^^^^^^^^^^^^^^^^^^
[INFO] [stdout] 
[INFO] [stdout] 
[INFO] [stdout] warning: unused import: `rdkafka::client`
[INFO] [stdout]   --> src/routes.rs:37:5
[INFO] [stdout]    |
[INFO] [stdout] 37 | use rdkafka::client;
[INFO] [stdout]    |     ^^^^^^^^^^^^^^^
[INFO] [stdout] 
[INFO] [stdout] 
[INFO] [stdout] warning: unused import: `std::num::NonZeroU32`
[INFO] [stdout]   --> src/main.rs:12:5
[INFO] [stdout]    |
[INFO] [stdout] 12 | use std::num::NonZeroU32;
[INFO] [stdout]    |     ^^^^^^^^^^^^^^^^^^^^
[INFO] [stdout]    |
[INFO] [stdout]    = note: `#[warn(unused_imports)]` (part of `#[warn(unused)]`) on by default
[INFO] [stdout] 
[INFO] [stdout] 
[INFO] [stdout] warning: unused import: `Any`
[INFO] [stdout]   --> src/main.rs:15:24
[INFO] [stdout]    |
[INFO] [stdout] 15 | use tower_http::cors::{Any, CorsLayer};
[INFO] [stdout]    |                        ^^^
[INFO] [stdout] 
[INFO] [stdout] 
[INFO] [stdout] warning: unused import: `require_session`
[INFO] [stdout]   --> src/main.rs:22:68
[INFO] [stdout]    |
[INFO] [stdout] 22 | use crate::middleware::{AuthUser, auth_middleware, jwt_middleware, require_session};
[INFO] [stdout]    |                                                                    ^^^^^^^^^^^^^^^
[INFO] [stdout] 
[INFO] [stdout] 
[INFO] [stdout] warning: unused import: `AuthenticatedUser`
[INFO] [stdout]   --> src/main.rs:27:28
[INFO] [stdout]    |
[INFO] [stdout] 27 | use crate::session_store::{AuthenticatedUser, SessionStore};
[INFO] [stdout]    |                            ^^^^^^^^^^^^^^^^^
[INFO] [stdout] 
[INFO] [stdout] 
[INFO] [stdout] warning: unused import: `anyhow::anyhow`
[INFO] [stdout]  --> src/jobs.rs:1:5
[INFO] [stdout]   |
[INFO] [stdout] 1 | use anyhow::anyhow;
[INFO] [stdout]   |     ^^^^^^^^^^^^^^
[INFO] [stdout] 
[INFO] [stdout] 
[INFO] [stdout] warning: unused import: `crate::user_store::User`
[INFO] [stdout]  --> src/jobs.rs:8:5
[INFO] [stdout]   |
[INFO] [stdout] 8 | use crate::user_store::User;
[INFO] [stdout]   |     ^^^^^^^^^^^^^^^^^^^^^^^
[INFO] [stdout] 
[INFO] [stdout] 
[INFO] [stdout] warning: unused import: `crate::apikey::ApiKey`
[INFO] [stdout]  --> src/state.rs:3:5
[INFO] [stdout]   |
[INFO] [stdout] 3 | use crate::apikey::ApiKey;
[INFO] [stdout]   |     ^^^^^^^^^^^^^^^^^^^^^
[INFO] [stdout] 
[INFO] [stdout] 
[INFO] [stdout] warning: unused imports: `ApiKey` and `hash_api_key`
[INFO] [stdout]  --> src/routes.rs:1:21
[INFO] [stdout]   |
[INFO] [stdout] 1 | use crate::apikey::{ApiKey, hash_api_key};
[INFO] [stdout]   |                     ^^^^^^  ^^^^^^^^^^^^
[INFO] [stdout] 
[INFO] [stdout] 
[INFO] [stdout] warning: unused imports: `JobStoreError` and `NewJob`
[INFO] [stdout]  --> src/routes.rs:5:19
[INFO] [stdout]   |
[INFO] [stdout] 5 | use crate::jobs::{JobStoreError, NewJob};
[INFO] [stdout]   |                   ^^^^^^^^^^^^^  ^^^^^^
[INFO] [stdout] 
[INFO] [stdout] 
[INFO] [stdout] warning: unused import: `crate::oauth_code_store::OauthCodeStore`
[INFO] [stdout]   --> src/routes.rs:12:5
[INFO] [stdout]    |
[INFO] [stdout] 12 | use crate::oauth_code_store::OauthCodeStore;
[INFO] [stdout]    |     ^^^^^^^^^^^^^^^^^^^^^^^^^^^^^^^^^^^^^^^
[INFO] [stdout] 
[INFO] [stdout] 
[INFO] [stdout] warning: unused imports: `RunStatus`, `jobs::Job`, and `producer::JobMessage`
[INFO] [stdout]   --> src/routes.rs:16:5
[INFO] [stdout]    |
[INFO] [stdout] 16 |     jobs::Job,
[INFO] [stdout]    |     ^^^^^^^^^
[INFO] [stdout] 17 |     model::{JobIdResponse, JobResponse, RunRequest, RunStatus},
[INFO] [stdout]    |                                                     ^^^^^^^^^
[INFO] [stdout] 18 |     producer::JobMessage,
[INFO] [stdout]    |     ^^^^^^^^^^^^^^^^^^^^
[INFO] [stdout] 
[INFO] [stdout] 
[INFO] [stdout] warning: unused import: `Request`
[INFO] [stdout]   --> src/routes.rs:22:28
[INFO] [stdout]    |
[INFO] [stdout] 22 | use axum::extract::{Query, Request};
[INFO] [stdout]    |                            ^^^^^^^
[INFO] [stdout] 
[INFO] [stdout] 
[INFO] [stdout] warning: unused import: `Next`
[INFO] [stdout]   --> src/routes.rs:23:24
[INFO] [stdout]    |
[INFO] [stdout] 23 | use axum::middleware::{Next, from_fn_with_state};
[INFO] [stdout]    |                        ^^^^
[INFO] [stdout] 
[INFO] [stdout] 
[INFO] [stdout] warning: unused import: `Response`
[INFO] [stdout]   --> src/routes.rs:24:32
[INFO] [stdout]    |
[INFO] [stdout] 24 | use axum::response::{Redirect, Response};
[INFO] [stdout]    |                                ^^^^^^^^
[INFO] [stdout] 
[INFO] [stdout] 
[INFO] [stdout] warning: unused import: `axum_extra::TypedHeader`
[INFO] [stdout]   --> src/routes.rs:32:5
[INFO] [stdout]    |
[INFO] [stdout] 32 | use axum_extra::TypedHeader;
[INFO] [stdout]    |     ^^^^^^^^^^^^^^^^^^^^^^^
[INFO] [stdout] 
[INFO] [stdout] 
[INFO] [stdout] warning: unused import: `headers::Authorization`
[INFO] [stdout]   --> src/routes.rs:35:5
[INFO] [stdout]    |
[INFO] [stdout] 35 | use headers::Authorization;
[INFO] [stdout]    |     ^^^^^^^^^^^^^^^^^^^^^^
[INFO] [stdout] 
[INFO] [stdout] 
[INFO] [stdout] warning: unused import: `headers::authorization::Bearer`
[INFO] [stdout]   --> src/routes.rs:36:5
[INFO] [stdout]    |
[INFO] [stdout] 36 | use headers::authorization::Bearer;
[INFO] [stdout]    |     ^^^^^^^^^^^^^^^^^^^^^^^^^^^^^^
[INFO] [stdout] 
[INFO] [stdout] 
[INFO] [stdout] warning: unused import: `rdkafka::client`
[INFO] [stdout]   --> src/routes.rs:37:5
[INFO] [stdout]    |
[INFO] [stdout] 37 | use rdkafka::client;
[INFO] [stdout]    |     ^^^^^^^^^^^^^^^
[INFO] [stdout] 
[INFO] [stdout] 
[INFO] [stdout] warning: unused import: `sqlx::PgPool`
[INFO] [stdout]  --> src/apikey.rs:4:5
[INFO] [stdout]   |
[INFO] [stdout] 4 | use sqlx::PgPool;
[INFO] [stdout]   |     ^^^^^^^^^^^^
[INFO] [stdout] 
[INFO] [stdout] 
[INFO] [stdout] warning: unused import: `sqlx::PgPool`
[INFO] [stdout]  --> src/apikey.rs:4:5
[INFO] [stdout]   |
[INFO] [stdout] 4 | use sqlx::PgPool;
[INFO] [stdout]   |     ^^^^^^^^^^^^
[INFO] [stdout] 
[INFO] [stdout] 
[INFO] [stdout] warning: unused import: `std::ptr::hash`
[INFO] [stdout]  --> src/apikey_store.rs:4:5
[INFO] [stdout]   |
[INFO] [stdout] 4 | use std::ptr::hash;
[INFO] [stdout]   |     ^^^^^^^^^^^^^^
[INFO] [stdout] 
[INFO] [stdout] 
[INFO] [stdout] warning: unused import: `std::ptr::hash`
[INFO] [stdout]  --> src/apikey_store.rs:4:5
[INFO] [stdout]   |
[INFO] [stdout] 4 | use std::ptr::hash;
[INFO] [stdout]   |     ^^^^^^^^^^^^^^
[INFO] [stdout] 
[INFO] [stdout] 
[INFO] [stdout] warning: unused import: `std::sync::Arc`
[INFO] [stdout]  --> src/apikey_store.rs:5:5
[INFO] [stdout]   |
[INFO] [stdout] 5 | use std::sync::Arc;
[INFO] [stdout]   |     ^^^^^^^^^^^^^^
[INFO] [stdout] 
[INFO] [stdout] 
[INFO] [stdout] warning: unused import: `crate::state::AppState`
[INFO] [stdout]  --> src/authenticated.rs:1:5
[INFO] [stdout]   |
[INFO] [stdout] 1 | use crate::state::AppState;
[INFO] [stdout]   |     ^^^^^^^^^^^^^^^^^^^^^^
[INFO] [stdout] 
[INFO] [stdout] 
[INFO] [stdout] warning: unused import: `std::sync::Arc`
[INFO] [stdout]  --> src/apikey_store.rs:5:5
[INFO] [stdout]   |
[INFO] [stdout] 5 | use std::sync::Arc;
[INFO] [stdout]   |     ^^^^^^^^^^^^^^
[INFO] [stdout] 
[INFO] [stdout] 
[INFO] [stdout] warning: unused import: `axum::extract::State`
[INFO] [stdout]  --> src/authenticated.rs:2:5
[INFO] [stdout]   |
[INFO] [stdout] 2 | use axum::extract::State;
[INFO] [stdout]   |     ^^^^^^^^^^^^^^^^^^^^
[INFO] [stdout] 
[INFO] [stdout] 
[INFO] [stdout] warning: unused import: `std::sync::Arc`
[INFO] [stdout]  --> src/authenticated.rs:6:5
[INFO] [stdout]   |
[INFO] [stdout] 6 | use std::sync::Arc;
[INFO] [stdout]   |     ^^^^^^^^^^^^^^
[INFO] [stdout] 
[INFO] [stdout] 
[INFO] [stdout] warning: unused import: `time::Duration`
[INFO] [stdout]  --> src/authenticated.rs:7:5
[INFO] [stdout]   |
[INFO] [stdout] 7 | use time::Duration;
[INFO] [stdout]   |     ^^^^^^^^^^^^^^
[INFO] [stdout] 
[INFO] [stdout] 
[INFO] [stdout] warning: unused import: `crate::state::AppState`
[INFO] [stdout]  --> src/authenticated.rs:1:5
[INFO] [stdout]   |
[INFO] [stdout] 1 | use crate::state::AppState;
[INFO] [stdout]   |     ^^^^^^^^^^^^^^^^^^^^^^
[INFO] [stdout] 
[INFO] [stdout] 
[INFO] [stdout] warning: unused import: `std::env`
[INFO] [stdout]  --> src/config.rs:3:5
[INFO] [stdout]   |
[INFO] [stdout] 3 | use std::env;
[INFO] [stdout]   |     ^^^^^^^^
[INFO] [stdout] 
[INFO] [stdout] 
[INFO] [stdout] warning: unused import: `std::error::Error`
[INFO] [stdout]  --> src/error.rs:9:5
[INFO] [stdout]   |
[INFO] [stdout] 9 | use std::error::Error;
[INFO] [stdout]   |     ^^^^^^^^^^^^^^^^^
[INFO] [stdout] 
[INFO] [stdout] 
[INFO] [stdout] warning: unused import: `axum::extract::State`
[INFO] [stdout]  --> src/authenticated.rs:2:5
[INFO] [stdout]   |
[INFO] [stdout] 2 | use axum::extract::State;
[INFO] [stdout]   |     ^^^^^^^^^^^^^^^^^^^^
[INFO] [stdout] 
[INFO] [stdout] 
[INFO] [stdout] warning: unused import: `sha2::digest::typenum::U`
[INFO] [stdout]  --> src/job_service.rs:3:5
[INFO] [stdout]   |
[INFO] [stdout] 3 | use sha2::digest::typenum::U;
[INFO] [stdout]   |     ^^^^^^^^^^^^^^^^^^^^^^^^
[INFO] [stdout] 
[INFO] [stdout] 
[INFO] [stdout] warning: unused import: `std::sync::Arc`
[INFO] [stdout]  --> src/authenticated.rs:6:5
[INFO] [stdout]   |
[INFO] [stdout] 6 | use std::sync::Arc;
[INFO] [stdout]   |     ^^^^^^^^^^^^^^
[INFO] [stdout] 
[INFO] [stdout] 
[INFO] [stdout] warning: unused import: `sqlx::encode::IsNull::No`
[INFO] [stdout]  --> src/job_service.rs:4:5
[INFO] [stdout]   |
[INFO] [stdout] 4 | use sqlx::encode::IsNull::No;
[INFO] [stdout]   |     ^^^^^^^^^^^^^^^^^^^^^^^^
[INFO] [stdout] 
[INFO] [stdout] 
[INFO] [stdout] warning: unused import: `time::Duration`
[INFO] [stdout]  --> src/authenticated.rs:7:5
[INFO] [stdout]   |
[INFO] [stdout] 7 | use time::Duration;
[INFO] [stdout]   |     ^^^^^^^^^^^^^^
[INFO] [stdout] 
[INFO] [stdout] 
[INFO] [stdout] warning: unused imports: `Job` and `RunResponse`
[INFO] [stdout]   --> src/job_service.rs:10:12
[INFO] [stdout]    |
[INFO] [stdout] 10 |     jobs::{Job, JobStore, NewJob},
[INFO] [stdout]    |            ^^^
[INFO] [stdout] 11 |     model::{JobIdResponse, RunRequest, RunResponse},
[INFO] [stdout]    |                                        ^^^^^^^^^^^
[INFO] [stdout] 
[INFO] [stdout] 
[INFO] [stdout] warning: unused import: `std::env`
[INFO] [stdout]  --> src/config.rs:3:5
[INFO] [stdout]   |
[INFO] [stdout] 3 | use std::env;
[INFO] [stdout]   |     ^^^^^^^^
[INFO] [stdout] 
[INFO] [stdout] 
[INFO] [stdout] warning: unused import: `std::error::Error`
[INFO] [stdout]  --> src/error.rs:9:5
[INFO] [stdout]   |
[INFO] [stdout] 9 | use std::error::Error;
[INFO] [stdout]   |     ^^^^^^^^^^^^^^^^^
[INFO] [stdout] 
[INFO] [stdout] 
[INFO] [stdout] warning: unused import: `sha2::digest::typenum::U`
[INFO] [stdout]  --> src/job_service.rs:3:5
[INFO] [stdout]   |
[INFO] [stdout] 3 | use sha2::digest::typenum::U;
[INFO] [stdout]   |     ^^^^^^^^^^^^^^^^^^^^^^^^
[INFO] [stdout] 
[INFO] [stdout] 
[INFO] [stdout] warning: unused import: `sqlx::encode::IsNull::No`
[INFO] [stdout]  --> src/job_service.rs:4:5
[INFO] [stdout]   |
[INFO] [stdout] 4 | use sqlx::encode::IsNull::No;
[INFO] [stdout]   |     ^^^^^^^^^^^^^^^^^^^^^^^^
[INFO] [stdout] 
[INFO] [stdout] 
[INFO] [stdout] warning: unused imports: `Job` and `RunResponse`
[INFO] [stdout]   --> src/job_service.rs:10:12
[INFO] [stdout]    |
[INFO] [stdout] 10 |     jobs::{Job, JobStore, NewJob},
[INFO] [stdout]    |            ^^^
[INFO] [stdout] 11 |     model::{JobIdResponse, RunRequest, RunResponse},
[INFO] [stdout]    |                                        ^^^^^^^^^^^
[INFO] [stdout] 
[INFO] [stdout] 
[INFO] [stdout] warning: unused import: `std::result`
[INFO] [stdout]  --> src/user_store.rs:4:5
[INFO] [stdout]   |
[INFO] [stdout] 4 | use std::result;
[INFO] [stdout]   |     ^^^^^^^^^^^
[INFO] [stdout] 
[INFO] [stdout] 
[INFO] [stdout] warning: unused import: `std::result`
[INFO] [stdout]  --> src/user_store.rs:4:5
[INFO] [stdout]   |
[INFO] [stdout] 4 | use std::result;
[INFO] [stdout]   |     ^^^^^^^^^^^
[INFO] [stdout] 
[INFO] [stdout] 
[INFO] [stdout] warning: method call on a diverging inference variable
[INFO] [stdout]   --> src/jobs.rs:88:10
[INFO] [stdout]    |
[INFO] [stdout] 88 |         .unwrap_or(0);
[INFO] [stdout]    |          ^^^^^^^^^
[INFO] [stdout]    |
[INFO] [stdout]    = help: consider providing a type annotation
[INFO] [stdout]    = warning: this was previously accepted by the compiler but is being phased out; it will become a hard error in a future release!
[INFO] [stdout]    = note: for more information, see issue #156047 <https://github.com/rust-lang/rust/issues/156047>
[INFO] [stdout]    = note: `#[warn(method_call_on_diverging_infer_var)]` (part of `#[warn(future_incompatible)]`) on by default
[INFO] [stdout] 
[INFO] [stdout] 
[INFO] [stdout] warning: method call on a diverging inference variable
[INFO] [stdout]   --> src/jobs.rs:88:10
[INFO] [stdout]    |
[INFO] [stdout] 88 |         .unwrap_or(0);
[INFO] [stdout]    |          ^^^^^^^^^
[INFO] [stdout]    |
[INFO] [stdout]    = help: consider providing a type annotation
[INFO] [stdout]    = warning: this was previously accepted by the compiler but is being phased out; it will become a hard error in a future release!
[INFO] [stdout]    = note: for more information, see issue #156047 <https://github.com/rust-lang/rust/issues/156047>
[INFO] [stdout]    = note: `#[warn(method_call_on_diverging_infer_var)]` (part of `#[warn(future_incompatible)]`) on by default
[INFO] [stdout] 
[INFO] [stdout] 
[INFO] [stdout] error[E0599]: no method named `unwrap_or` found for type `!` in the current scope
[INFO] [stdout]   --> src/jobs.rs:88:10
[INFO] [stdout]    |
[INFO] [stdout] 80 |         let active_count = sqlx::query_scalar!(
[INFO] [stdout] 81 |             r#"
[INFO] [stdout] 82 |              SELECT COUNT(*) FROM jobs
[INFO] [stdout] 83 |              WHERE status IN ('Queued', 'Running')
[INFO] [stdout] 84 |              "#
[INFO] [stdout] 85 |         )
[INFO] [stdout] 86 |         .fetch_one(&mut *tx)
[INFO] [stdout] 87 |         .await?
[INFO] [stdout] 88 |         .unwrap_or(0);
[INFO] [stdout]    |          ^^^^^^^^^ method not found in `!`
[INFO] [stdout] 
[INFO] [stdout] 
[INFO] [stdout] error[E0599]: no method named `unwrap_or` found for type `!` in the current scope
[INFO] [stdout]   --> src/jobs.rs:88:10
[INFO] [stdout]    |
[INFO] [stdout] 80 |         let active_count = sqlx::query_scalar!(
[INFO] [stdout] 81 |             r#"
[INFO] [stdout] 82 |              SELECT COUNT(*) FROM jobs
[INFO] [stdout] 83 |              WHERE status IN ('Queued', 'Running')
[INFO] [stdout] 84 |              "#
[INFO] [stdout] 85 |         )
[INFO] [stdout] 86 |         .fetch_one(&mut *tx)
[INFO] [stdout] 87 |         .await?
[INFO] [stdout] 88 |         .unwrap_or(0);
[INFO] [stdout]    |          ^^^^^^^^^ method not found in `!`
[INFO] [stdout] 
[INFO] [stdout] 
[INFO] [stdout] warning: method call on a diverging inference variable
[INFO] [stdout]    --> src/jobs.rs:209:19
[INFO] [stdout]     |
[INFO] [stdout] 209 |         Ok(result.rows_affected() == 1)
[INFO] [stdout]     |                   ^^^^^^^^^^^^^
[INFO] [stdout]     |
[INFO] [stdout]     = help: consider providing a type annotation
[INFO] [stdout]     = warning: this was previously accepted by the compiler but is being phased out; it will become a hard error in a future release!
[INFO] [stdout]     = note: for more information, see issue #156047 <https://github.com/rust-lang/rust/issues/156047>
[INFO] [stdout] 
[INFO] [stdout] 
[INFO] [stdout] warning: method call on a diverging inference variable
[INFO] [stdout]    --> src/jobs.rs:209:19
[INFO] [stdout]     |
[INFO] [stdout] 209 |         Ok(result.rows_affected() == 1)
[INFO] [stdout]     |                   ^^^^^^^^^^^^^
[INFO] [stdout]     |
[INFO] [stdout]     = help: consider providing a type annotation
[INFO] [stdout]     = warning: this was previously accepted by the compiler but is being phased out; it will become a hard error in a future release!
[INFO] [stdout]     = note: for more information, see issue #156047 <https://github.com/rust-lang/rust/issues/156047>
[INFO] [stdout] 
[INFO] [stdout] 
[INFO] [stdout] error[E0599]: no method named `rows_affected` found for type `!` in the current scope
[INFO] [stdout]    --> src/jobs.rs:209:19
[INFO] [stdout]     |
[INFO] [stdout] 209 |         Ok(result.rows_affected() == 1)
[INFO] [stdout]     |                   ^^^^^^^^^^^^^ method not found in `!`
[INFO] [stdout] 
[INFO] [stdout] 
[INFO] [stdout] error[E0599]: no method named `rows_affected` found for type `!` in the current scope
[INFO] [stdout]    --> src/jobs.rs:209:19
[INFO] [stdout]     |
[INFO] [stdout] 209 |         Ok(result.rows_affected() == 1)
[INFO] [stdout]     |                   ^^^^^^^^^^^^^ method not found in `!`
[INFO] [stdout] 
[INFO] [stdout] 
[INFO] [stdout] warning: method call on a diverging inference variable
[INFO] [stdout]   --> src/apikey_store.rs:84:19
[INFO] [stdout]    |
[INFO] [stdout] 84 |         Ok(result.rows_affected() == 1)
[INFO] [stdout]    |                   ^^^^^^^^^^^^^
[INFO] [stdout]    |
[INFO] [stdout]    = help: consider providing a type annotation
[INFO] [stdout]    = warning: this was previously accepted by the compiler but is being phased out; it will become a hard error in a future release!
[INFO] [stdout]    = note: for more information, see issue #156047 <https://github.com/rust-lang/rust/issues/156047>
[INFO] [stdout] 
[INFO] [stdout] 
[INFO] [stdout] error[E0599]: no method named `rows_affected` found for type `!` in the current scope
[INFO] [stdout]   --> src/apikey_store.rs:84:19
[INFO] [stdout]    |
[INFO] [stdout] 84 |         Ok(result.rows_affected() == 1)
[INFO] [stdout]    |                   ^^^^^^^^^^^^^ method not found in `!`
[INFO] [stdout] 
[INFO] [stdout] 
[INFO] [stdout] warning: method call on a diverging inference variable
[INFO] [stdout]   --> src/apikey_store.rs:84:19
[INFO] [stdout]    |
[INFO] [stdout] 84 |         Ok(result.rows_affected() == 1)
[INFO] [stdout]    |                   ^^^^^^^^^^^^^
[INFO] [stdout]    |
[INFO] [stdout]    = help: consider providing a type annotation
[INFO] [stdout]    = warning: this was previously accepted by the compiler but is being phased out; it will become a hard error in a future release!
[INFO] [stdout]    = note: for more information, see issue #156047 <https://github.com/rust-lang/rust/issues/156047>
[INFO] [stdout] 
[INFO] [stdout] 
[INFO] [stdout] error[E0599]: no method named `rows_affected` found for type `!` in the current scope
[INFO] [stdout]   --> src/apikey_store.rs:84:19
[INFO] [stdout]    |
[INFO] [stdout] 84 |         Ok(result.rows_affected() == 1)
[INFO] [stdout]    |                   ^^^^^^^^^^^^^ method not found in `!`
[INFO] [stdout] 
[INFO] [stdout] 
[INFO] [stdout] warning: method call on a diverging inference variable
[INFO] [stdout]    --> src/session_store.rs:112:16
[INFO] [stdout]     |
[INFO] [stdout] 112 |         Ok(res.rows_affected() == 1)
[INFO] [stdout]     |                ^^^^^^^^^^^^^
[INFO] [stdout]     |
[INFO] [stdout]     = help: consider providing a type annotation
[INFO] [stdout]     = warning: this was previously accepted by the compiler but is being phased out; it will become a hard error in a future release!
[INFO] [stdout]     = note: for more information, see issue #156047 <https://github.com/rust-lang/rust/issues/156047>
[INFO] [stdout] 
[INFO] [stdout] 
[INFO] [stdout] error[E0599]: no method named `rows_affected` found for type `!` in the current scope
[INFO] [stdout]    --> src/session_store.rs:112:16
[INFO] [stdout]     |
[INFO] [stdout] 112 |         Ok(res.rows_affected() == 1)
[INFO] [stdout]     |                ^^^^^^^^^^^^^ method not found in `!`
[INFO] [stdout] 
[INFO] [stdout] 
[INFO] [stdout] warning: method call on a diverging inference variable
[INFO] [stdout]    --> src/session_store.rs:112:16
[INFO] [stdout]     |
[INFO] [stdout] 112 |         Ok(res.rows_affected() == 1)
[INFO] [stdout]     |                ^^^^^^^^^^^^^
[INFO] [stdout]     |
[INFO] [stdout]     = help: consider providing a type annotation
[INFO] [stdout]     = warning: this was previously accepted by the compiler but is being phased out; it will become a hard error in a future release!
[INFO] [stdout]     = note: for more information, see issue #156047 <https://github.com/rust-lang/rust/issues/156047>
[INFO] [stdout] 
[INFO] [stdout] 
[INFO] [stdout] error[E0599]: no method named `rows_affected` found for type `!` in the current scope
[INFO] [stdout]    --> src/session_store.rs:112:16
[INFO] [stdout]     |
[INFO] [stdout] 112 |         Ok(res.rows_affected() == 1)
[INFO] [stdout]     |                ^^^^^^^^^^^^^ method not found in `!`
[INFO] [stdout] 
[INFO] [stdout] 
[INFO] [stdout] warning: unused import: `tower::ServiceExt`
[INFO] [stdout]   --> src/routes.rs:39:5
[INFO] [stdout]    |
[INFO] [stdout] 39 | use tower::ServiceExt;
[INFO] [stdout]    |     ^^^^^^^^^^^^^^^^^
[INFO] [stdout] 
[INFO] [stdout] 
[INFO] [stdout] warning: unused import: `axum::handler::HandlerWithoutStateExt`
[INFO] [stdout]  --> src/main.rs:3:5
[INFO] [stdout]   |
[INFO] [stdout] 3 | use axum::handler::HandlerWithoutStateExt;
[INFO] [stdout]   |     ^^^^^^^^^^^^^^^^^^^^^^^^^^^^^^^^^^^^^
[INFO] [stdout] 
[INFO] [stdout] 
[INFO] [stdout] warning: unused import: `tower::ServiceExt`
[INFO] [stdout]   --> src/routes.rs:39:5
[INFO] [stdout]    |
[INFO] [stdout] 39 | use tower::ServiceExt;
[INFO] [stdout]    |     ^^^^^^^^^^^^^^^^^
[INFO] [stdout] 
[INFO] [stdout] 
[INFO] [stdout] warning: unused import: `axum::handler::HandlerWithoutStateExt`
[INFO] [stdout]  --> src/main.rs:3:5
[INFO] [stdout]   |
[INFO] [stdout] 3 | use axum::handler::HandlerWithoutStateExt;
[INFO] [stdout]   |     ^^^^^^^^^^^^^^^^^^^^^^^^^^^^^^^^^^^^^
[INFO] [stdout] 
[INFO] [stdout] 
[INFO] [stdout] warning: unused variable: `revoked`
[INFO] [stdout]    --> src/routes.rs:357:9
[INFO] [stdout]     |
[INFO] [stdout] 357 |     let revoked = state
[INFO] [stdout]     |         ^^^^^^^ help: if this is intentional, prefix it with an underscore: `_revoked`
[INFO] [stdout]     |
[INFO] [stdout]     = note: `#[warn(unused_variables)]` (part of `#[warn(unused)]`) on by default
[INFO] [stdout] 
[INFO] [stdout] 
[INFO] [stdout] warning: unused variable: `revoked`
[INFO] [stdout]    --> src/routes.rs:357:9
[INFO] [stdout]     |
[INFO] [stdout] 357 |     let revoked = state
[INFO] [stdout]     |         ^^^^^^^ help: if this is intentional, prefix it with an underscore: `_revoked`
[INFO] [stdout]     |
[INFO] [stdout]     = note: `#[warn(unused_variables)]` (part of `#[warn(unused)]`) on by default
[INFO] [stdout] 
[INFO] [stdout] 
[INFO] [stdout] warning: unused variable: `err`
[INFO] [stdout]    --> src/error.rs:119:32
[INFO] [stdout]     |
[INFO] [stdout] 119 |             ApiError::JobStore(err) => (
[INFO] [stdout]     |                                ^^^ help: if this is intentional, prefix it with an underscore: `_err`
[INFO] [stdout] 
[INFO] [stdout] 
[INFO] [stdout] warning: unused variable: `err`
[INFO] [stdout]    --> src/error.rs:146:32
[INFO] [stdout]     |
[INFO] [stdout] 146 |             ApiError::DataBase(err) => (
[INFO] [stdout]     |                                ^^^ help: if this is intentional, prefix it with an underscore: `_err`
[INFO] [stdout] 
[INFO] [stdout] 
[INFO] [stdout] warning: unused variable: `err`
[INFO] [stdout]    --> src/error.rs:119:32
[INFO] [stdout]     |
[INFO] [stdout] 119 |             ApiError::JobStore(err) => (
[INFO] [stdout]     |                                ^^^ help: if this is intentional, prefix it with an underscore: `_err`
[INFO] [stdout] 
[INFO] [stdout] 
[INFO] [stdout] warning: unused variable: `err`
[INFO] [stdout]    --> src/error.rs:146:32
[INFO] [stdout]     |
[INFO] [stdout] 146 |             ApiError::DataBase(err) => (
[INFO] [stdout]     |                                ^^^ help: if this is intentional, prefix it with an underscore: `_err`
[INFO] [stdout] 
[INFO] [stdout] 
[INFO] [stdout] For more information about this error, try `rustc --explain E0599`.
[INFO] [stdout] 
[INFO] [stderr] error: could not compile `editor-server` (bin "editor-server" test) due to 22 previous errors; 44 warnings emitted
[INFO] [stderr] warning: build failed, waiting for other jobs to finish...
[INFO] [stdout] For more information about this error, try `rustc --explain E0599`.
[INFO] [stdout] 
[INFO] [stderr] error: could not compile `editor-server` (bin "editor-server") due to 22 previous errors; 44 warnings emitted
[INFO] running `Command { std: "docker" "inspect" "4c70a42dceb1feec86c11ffb141fda85a08b4439ae2546c93096f9a6f492142d", kill_on_drop: false }`
[INFO] running `Command { std: "docker" "rm" "-f" "4c70a42dceb1feec86c11ffb141fda85a08b4439ae2546c93096f9a6f492142d", kill_on_drop: false }`
[INFO] [stdout] 4c70a42dceb1feec86c11ffb141fda85a08b4439ae2546c93096f9a6f492142d
