[INFO] cloning repository https://github.com/ebina4yaka/livetop
[INFO] running `Command { std: "git" "-c" "credential.helper=" "-c" "credential.helper=/workspace/cargo-home/bin/git-credential-null" "clone" "--bare" "https://github.com/ebina4yaka/livetop" "/workspace/cache/git-repos/https%3A%2F%2Fgithub.com%2Febina4yaka%2Flivetop", kill_on_drop: false }`
[INFO] [stderr] Cloning into bare repository '/workspace/cache/git-repos/https%3A%2F%2Fgithub.com%2Febina4yaka%2Flivetop'...
[INFO] running `Command { std: "git" "rev-parse" "HEAD", kill_on_drop: false }`
[INFO] [stdout] 3dc0ccfcac61c22ad8e5173da3d00401d942c829
[INFO] checking ebina4yaka/livetop against 3154cc1a3e6424e44f438a95007d043ed5ceaaf6+rustflags=-Znext-solver=coherence for pr-133502-30
[INFO] running `Command { std: "git" "clone" "/workspace/cache/git-repos/https%3A%2F%2Fgithub.com%2Febina4yaka%2Flivetop" "/workspace/builds/worker-7-tc1/source", kill_on_drop: false }`
[INFO] [stderr] Cloning into '/workspace/builds/worker-7-tc1/source'...
[INFO] [stderr] done.
[INFO] started tweaking git repo https://github.com/ebina4yaka/livetop
[INFO] finished tweaking git repo https://github.com/ebina4yaka/livetop
[INFO] tweaked toml for git repo https://github.com/ebina4yaka/livetop written to /workspace/builds/worker-7-tc1/source/Cargo.toml
[INFO] validating manifest of git repo https://github.com/ebina4yaka/livetop on toolchain 3154cc1a3e6424e44f438a95007d043ed5ceaaf6
[INFO] running `Command { std: CARGO_HOME="/workspace/cargo-home" RUSTUP_HOME="/workspace/rustup-home" "/workspace/cargo-home/bin/cargo" "+3154cc1a3e6424e44f438a95007d043ed5ceaaf6" "metadata" "--manifest-path" "Cargo.toml" "--no-deps", kill_on_drop: false }`
[INFO] crate git repo https://github.com/ebina4yaka/livetop already has a lockfile, it will not be regenerated
[INFO] running `Command { std: CARGO_HOME="/workspace/cargo-home" RUSTUP_HOME="/workspace/rustup-home" "/workspace/cargo-home/bin/cargo" "+3154cc1a3e6424e44f438a95007d043ed5ceaaf6" "fetch" "--manifest-path" "Cargo.toml", kill_on_drop: false }`
[INFO] running `Command { std: "docker" "create" "-v" "/var/lib/crater-agent-workspace/builds/worker-7-tc1/source:/opt/rustwide/workdir:ro,Z" "-v" "/var/lib/crater-agent-workspace/builds/worker-7-tc1/target:/opt/rustwide/target:rw,Z" "-v" "/var/lib/crater-agent-workspace/cargo-home:/opt/rustwide/cargo-home:ro,Z" "-v" "/var/lib/crater-agent-workspace/rustup-home:/opt/rustwide/rustup-home:ro,Z" "-m" "1610612736" "--network" "none" "ghcr.io/rust-lang/crates-build-env/linux@sha256:77db811e55d90add9212f6832c23229e3de5f1c1f9905e8cb07319ea15df73ac" "sleep" "infinity", kill_on_drop: false }`
[INFO] [stdout] c5a9d3cbf26da94c36031de17fe870f9b5cc704ad54b9299a8026d02351309ac
[INFO] running `Command { std: "docker" "start" "c5a9d3cbf26da94c36031de17fe870f9b5cc704ad54b9299a8026d02351309ac", kill_on_drop: false }`
[INFO] running `Command { std: "docker" "inspect" "c5a9d3cbf26da94c36031de17fe870f9b5cc704ad54b9299a8026d02351309ac", kill_on_drop: false }`
[INFO] running `Command { std: "docker" "exec" "-e" "SOURCE_DIR=/opt/rustwide/workdir" "-e" "CARGO_HOME=/opt/rustwide/cargo-home" "-e" "RUSTUP_HOME=/opt/rustwide/rustup-home" "-e" "CARGO_TARGET_DIR=/opt/rustwide/target" "-w" "/opt/rustwide/workdir" "--user" "0:0" "c5a9d3cbf26da94c36031de17fe870f9b5cc704ad54b9299a8026d02351309ac" "/opt/rustwide/cargo-home/bin/cargo" "+3154cc1a3e6424e44f438a95007d043ed5ceaaf6" "metadata" "--no-deps" "--format-version=1", kill_on_drop: false }`
[INFO] running `Command { std: "docker" "inspect" "c5a9d3cbf26da94c36031de17fe870f9b5cc704ad54b9299a8026d02351309ac", kill_on_drop: false }`
[INFO] running `Command { std: "docker" "exec" "-e" "SOURCE_DIR=/opt/rustwide/workdir" "-e" "CARGO_HOME=/opt/rustwide/cargo-home" "-e" "RUSTUP_HOME=/opt/rustwide/rustup-home" "-e" "CARGO_TARGET_DIR=/opt/rustwide/target" "-e" "CARGO_INCREMENTAL=0" "-e" "RUST_BACKTRACE=full" "-e" "RUSTFLAGS=--cap-lints=forbid -Znext-solver=coherence" "-e" "RUSTDOCFLAGS=--cap-lints=forbid" "-w" "/opt/rustwide/workdir" "--user" "0:0" "c5a9d3cbf26da94c36031de17fe870f9b5cc704ad54b9299a8026d02351309ac" "/opt/rustwide/cargo-home/bin/cargo" "+3154cc1a3e6424e44f438a95007d043ed5ceaaf6" "check" "--frozen" "--all" "--all-targets" "--message-format=json", kill_on_drop: false }`
[INFO] [stderr]    Compiling proc-macro2 v1.0.107
[INFO] [stderr]    Compiling serde_core v1.0.229
[INFO] [stderr]    Compiling quote v1.0.47
[INFO] [stderr]     Checking smallvec v1.15.2
[INFO] [stderr]     Checking bitflags v2.13.1
[INFO] [stderr]    Compiling wayland-sys v0.31.11
[INFO] [stderr]    Compiling find-msvc-tools v0.1.11
[INFO] [stderr]     Checking unicode-ident v1.0.24
[INFO] [stderr]    Compiling cc v1.4.3
[INFO] [stderr]    Compiling num-traits v0.2.19
[INFO] [stderr]    Compiling cfg-expr v0.15.8
[INFO] [stderr]    Compiling cfg_aliases v0.2.2
[INFO] [stderr]     Checking rustix v1.1.4
[INFO] [stderr]    Compiling crossbeam-utils v0.8.22
[INFO] [stderr]    Compiling syn v3.0.3
[INFO] [stderr]    Compiling syn v2.0.119
[INFO] [stderr]    Compiling quick-xml v0.41.0
[INFO] [stderr]    Compiling wayland-client v0.31.15
[INFO] [stderr]     Checking arrayvec v0.7.8
[INFO] [stderr]    Compiling zerocopy v0.8.56
[INFO] [stderr]     Checking winnow v1.0.4
[INFO] [stderr]    Compiling wayland-backend v0.3.17
[INFO] [stderr]     Checking concurrent-queue v2.5.0
[INFO] [stderr]     Checking event-listener v5.4.2
[INFO] [stderr]    Compiling wayland-scanner v0.31.11
[INFO] [stderr]     Checking hashbrown v0.17.1
[INFO] [stderr]    Compiling endi v1.1.1
[INFO] [stderr]     Checking event-listener-strategy v0.5.4
[INFO] [stderr]    Compiling proc-macro-error-attr v1.0.4
[INFO] [stderr]    Compiling syn v1.0.109
[INFO] [stderr]     Checking futures-lite v2.6.1
[INFO] [stderr]    Compiling async-io v2.6.0
[INFO] [stderr]     Checking uuid v1.24.1
[INFO] [stderr]    Compiling proc-macro-error v1.0.4
[INFO] [stderr]     Checking async-task v4.7.1
[INFO] [stderr]     Checking parking_lot_core v0.9.12
[INFO] [stderr]     Checking async-channel v2.5.0
[INFO] [stderr]     Checking piper v0.2.5
[INFO] [stderr]     Checking indexmap v2.14.0
[INFO] [stderr]     Checking parking_lot v0.12.5
[INFO] [stderr]     Checking async-lock v3.4.2
[INFO] [stderr]     Checking xcursor v0.3.11
[INFO] [stderr]     Checking rustc-hash v1.1.0
[INFO] [stderr]     Checking windows-link v0.2.1
[INFO] [stderr]     Checking rustix v0.38.44
[INFO] [stderr]     Checking blocking v1.6.2
[INFO] [stderr]     Checking async-executor v1.14.0
[INFO] [stderr]     Checking async-broadcast v0.7.2
[INFO] [stderr]     Checking polycool v0.4.0
[INFO] [stderr]    Compiling naga v30.0.0
[INFO] [stderr]     Checking ordered-stream v0.2.0
[INFO] [stderr]     Checking memmap2 v0.9.11
[INFO] [stderr]     Checking unicode-width v0.2.2
[INFO] [stderr]     Checking bit-vec v0.9.1
[INFO] [stderr]    Compiling gio v0.18.4
[INFO] [stderr]    Compiling phf_shared v0.13.1
[INFO] [stderr]     Checking bit-set v0.10.0
[INFO] [stderr]     Checking codespan-reporting v0.13.1
[INFO] [stderr]    Compiling synstructure v0.13.2
[INFO] [stderr]     Checking kurbo v0.13.1
[INFO] [stderr]     Checking polling v3.11.0
[INFO] [stderr]     Checking getrandom v0.3.4
[INFO] [stderr]     Checking accesskit v0.24.1
[INFO] [stderr]     Checking euclid v0.22.14
[INFO] [stderr]     Checking async-signal v0.2.14
[INFO] [stderr]     Checking async-process v2.5.0
[INFO] [stderr]     Checking spirv v0.4.0+sdk-1.4.341.0
[INFO] [stderr]     Checking linebender_resource_handle v0.1.1
[INFO] [stderr]     Checking wayland-csd-frame v0.3.0
[INFO] [stderr]    Compiling phf_generator v0.13.1
[INFO] [stderr]     Checking gethostname v1.1.0
[INFO] [stderr]    Compiling wgpu-hal v30.0.0
[INFO] [stderr]    Compiling unicode-general-category v1.1.0
[INFO] [stderr]     Checking guillotiere v0.7.0
[INFO] [stderr]     Checking presser v0.3.1
[INFO] [stderr]     Checking fearless_simd v0.4.1
[INFO] [stderr]     Checking x11rb v0.13.2
[INFO] [stderr]    Compiling thiserror-impl v1.0.69
[INFO] [stderr]    Compiling serde_derive v1.0.229
[INFO] [stderr]    Compiling bytemuck_derive v1.12.0
[INFO] [stderr]    Compiling thiserror-impl v2.0.20
[INFO] [stderr]    Compiling enumflags2_derive v0.7.12
[INFO] [stderr]     Checking thiserror v1.0.69
[INFO] [stderr]    Compiling futures-macro v0.3.34
[INFO] [stderr]    Compiling zerofrom-derive v0.1.7
[INFO] [stderr]    Compiling yoke-derive v0.8.2
[INFO] [stderr]     Checking bytemuck v1.25.2
[INFO] [stderr]    Compiling tracing-attributes v0.1.31
[INFO] [stderr]    Compiling zerocopy-derive v0.8.56
[INFO] [stderr]     Checking futures-util v0.3.34
[INFO] [stderr]     Checking thiserror v2.0.20
[INFO] [stderr]     Checking wayland-protocols v0.32.13
[INFO] [stderr]    Compiling zerovec-derive v0.11.5
[INFO] [stderr]     Checking zerofrom v0.1.8
[INFO] [stderr]     Checking yoke v0.8.3
[INFO] [stderr]    Compiling displaydoc v0.2.7
[INFO] [stderr]     Checking tracing v0.1.44
[INFO] [stderr]     Checking naga-types v30.0.0
[INFO] [stderr]     Checking wayland-cursor v0.31.14
[INFO] [stderr]    Compiling async-trait v0.1.92
[INFO] [stderr]     Checking zerotrie v0.2.5
[INFO] [stderr]     Checking zerovec v0.11.8
[INFO] [stderr]    Compiling serde v1.0.229
[INFO] [stderr]     Checking futures-executor v0.3.34
[INFO] [stderr]    Compiling serde_repr v0.1.21
[INFO] [stderr]    Compiling async-recursion v1.1.1
[INFO] [stderr]     Checking tinystr v0.8.4
[INFO] [stderr]     Checking icu_locale_core v2.3.0
[INFO] [stderr]    Compiling toml_datetime v0.6.3
[INFO] [stderr]    Compiling serde_spanned v0.6.9
[INFO] [stderr]    Compiling zvariant_utils v4.2.0
[INFO] [stderr]    Compiling zcheapstr v1.1.0
[INFO] [stderr]    Compiling toml_edit v0.20.2
[INFO] [stderr]    Compiling enumflags2 v0.7.12
[INFO] [stderr]     Checking potential_utf v0.1.6
[INFO] [stderr]     Checking color v0.3.3
[INFO] [stderr]     Checking icu_collections v2.3.0
[INFO] [stderr]     Checking icu_provider v2.3.0
[INFO] [stderr]     Checking font-types v0.12.3
[INFO] [stderr]     Checking calloop v0.13.0
[INFO] [stderr]     Checking peniko v0.6.1
[INFO] [stderr]     Checking wgpu-types v30.0.0
[INFO] [stderr]     Checking tiny-skia-path v0.11.4
[INFO] [stderr]     Checking read-fonts v0.41.0
[INFO] [stderr]     Checking calloop-wayland-source v0.3.0
[INFO] [stderr]     Checking vello_common v0.1.0
[INFO] [stderr]    Compiling zvariant_derive v5.15.0
[INFO] [stderr]    Compiling zvariant v5.15.0
[INFO] [stderr]    Compiling toml v0.8.2
[INFO] [stderr]    Compiling system-deps v6.2.2
[INFO] [stderr]    Compiling proc-macro-crate v2.0.2
[INFO] [stderr]     Checking wayland-protocols-wlr v0.3.12
[INFO] [stderr]    Compiling glib-sys v0.18.1
[INFO] [stderr]    Compiling gobject-sys v0.18.0
[INFO] [stderr]    Compiling gio-sys v0.18.1
[INFO] [stderr]    Compiling glib-macros v0.18.5
[INFO] [stderr]    Compiling cairo-sys-rs v0.18.2
[INFO] [stderr]    Compiling atk-sys v0.18.2
[INFO] [stderr]     Checking zbus_names v4.3.4
[INFO] [stderr]    Compiling gdk-pixbuf-sys v0.18.0
[INFO] [stderr]    Compiling pango-sys v0.18.0
[INFO] [stderr]    Compiling gdk-sys v0.18.2
[INFO] [stderr]     Checking zbus_xml v5.2.1
[INFO] [stderr]     Checking half v2.7.1
[INFO] [stderr]    Compiling gtk-sys v0.18.2
[INFO] [stderr]    Compiling zbus_macros v5.19.0
[INFO] [stderr]     Checking ahash v0.8.12
[INFO] [stderr]     Checking zbus-lockstep v0.5.2
[INFO] [stderr]     Checking smithay-client-toolkit v0.19.2
[INFO] [stderr]     Checking tiny-skia v0.11.4
[INFO] [stderr]     Checking icu_normalizer v2.3.0
[INFO] [stderr]     Checking icu_properties v2.3.0
[INFO] [stderr]    Compiling zbus-lockstep-macros v0.5.2
[INFO] [stderr]    Compiling toml_edit v0.19.15
[INFO] [stderr]     Checking gpu-allocator v0.28.0
[INFO] [stderr]     Checking emath v0.36.1
[INFO] [stderr]    Compiling phf_macros v0.13.1
[INFO] [stderr]     Checking glib v0.18.5
[INFO] [stderr]     Checking flate2 v1.1.9
[INFO] [stderr]    Compiling field-offset v0.3.6
[INFO] [stderr]     Checking khronos-egl v6.0.0
[INFO] [stderr]     Checking ordered-float v5.3.0
[INFO] [stderr]    Compiling winit v0.30.13
[INFO] [stderr]     Checking glow v0.17.0
[INFO] [stderr]     Checking phf v0.13.1
[INFO] [stderr]     Checking png v0.18.1
[INFO] [stderr]     Checking idna_adapter v1.2.2
[INFO] [stderr]     Checking sctk-adwaita v0.10.1
[INFO] [stderr]     Checking ecolor v0.36.1
[INFO] [stderr]     Checking zbus v5.19.0
[INFO] [stderr]    Compiling proc-macro-crate v1.3.1
[INFO] [stderr]     Checking skrifa v0.44.0
[INFO] [stderr]     Checking harfrust v0.12.0
[INFO] [stderr]     Checking wayland-protocols-plasma v0.3.12
[INFO] [stderr]     Checking vello_cpu v0.1.0
[INFO] [stderr]     Checking calloop v0.14.4
[INFO] [stderr]    Compiling windows-interface v0.59.3
[INFO] [stderr]    Compiling windows-implement v0.60.2
[INFO] [stderr]     Checking accesskit_consumer v0.36.0
[INFO] [stderr]     Checking windows-result v0.4.1
[INFO] [stderr]     Checking windows-strings v0.5.1
[INFO] [stderr]     Checking xkbcommon-dl v0.4.2
[INFO] [stderr]    Compiling wgpu-core v30.0.0
[INFO] [stderr]    Compiling gtk v0.18.2
[INFO] [stderr]    Compiling smithay-client-toolkit v0.20.0
[INFO] [stderr]     Checking nohash-hasher v0.2.0
[INFO] [stderr]     Checking either v1.18.0
[INFO] [stderr]     Checking self_cell v1.3.0
[INFO] [stderr]     Checking epaint_default_fonts v0.36.1
[INFO] [stderr]     Checking moxcms v0.8.1
[INFO] [stderr]     Checking epaint v0.36.1
[INFO] [stderr]     Checking itertools v0.15.0
[INFO] [stderr]     Checking windows-core v0.62.2
[INFO] [stderr]     Checking calloop-wayland-source v0.4.1
[INFO] [stderr]    Compiling gtk3-macros v0.18.2
[INFO] [stderr]     Checking idna v1.1.0
[INFO] [stderr]     Checking cairo-rs v0.18.5
[INFO] [stderr]     Checking atk v0.18.2
[INFO] [stderr]     Checking wayland-protocols-misc v0.3.12
[INFO] [stderr]     Checking wayland-protocols-experimental v20250721.0.1
[INFO] [stderr]    Compiling wgpu v30.0.0
[INFO] [stderr]     Checking atspi-common v0.13.0
[INFO] [stderr]     Checking url v2.5.8
[INFO] [stderr]     Checking libxdo-sys v0.11.0
[INFO] [stderr]     Checking wgpu-naga-bridge v30.0.0
[INFO] [stderr]     Checking egui v0.36.1
[INFO] [stderr]     Checking libloading v0.7.4
[INFO] [stderr]     Checking web-time v1.1.0
[INFO] [stderr]     Checking rustc-hash v2.1.3
[INFO] [stderr]     Checking libappindicator-sys v0.9.0
[INFO] [stderr]     Checking type-map v0.5.1
[INFO] [stderr]     Checking webbrowser v1.2.4
[INFO] [stderr]     Checking libxdo v0.6.0
[INFO] [stderr]     Checking keyboard-types v0.7.0
[INFO] [stderr]     Checking smithay-clipboard v0.7.3
[INFO] [stderr]     Checking windows-threading v0.2.1
[INFO] [stderr]     Checking crossbeam-channel v0.5.16
[INFO] [stderr]    Compiling rfd v0.17.2
[INFO] [stderr]     Checking windows-future v0.3.2
[INFO] [stderr]     Checking image v0.25.10
[INFO] [stderr]     Checking windows-collections v0.3.2
[INFO] [stdout] error[E0425]: cannot find type `IMarshal` in module `windows_core::imp`
[INFO] [stdout]   --> /opt/rustwide/cargo-home/registry/src/index.crates.io-1949cf8c6b5b557f/windows-future-0.3.2/src/bindings.rs:87:51
[INFO] [stdout]    |
[INFO] [stdout] 87 |             } else if *iid == <windows_core::imp::IMarshal as windows_core::Interface>::IID {
[INFO] [stdout]    |                                                   ^^^^^^^^ not found in `windows_core::imp`
[INFO] [stdout] 
[INFO] [stdout] 
[INFO] [stdout] error[E0425]: cannot find function `marshaler` in module `windows_core::imp`
[INFO] [stdout]   --> /opt/rustwide/cargo-home/registry/src/index.crates.io-1949cf8c6b5b557f/windows-future-0.3.2/src/bindings.rs:89:43
[INFO] [stdout]    |
[INFO] [stdout] 89 |                 return windows_core::imp::marshaler(
[INFO] [stdout]    |                                           ^^^^^^^^^ not found in `windows_core::imp`
[INFO] [stdout] 
[INFO] [stdout] 
[INFO] [stdout] error[E0425]: cannot find type `IMarshal` in module `windows_core::imp`
[INFO] [stdout]    --> /opt/rustwide/cargo-home/registry/src/index.crates.io-1949cf8c6b5b557f/windows-future-0.3.2/src/bindings.rs:255:51
[INFO] [stdout]     |
[INFO] [stdout] 255 |             } else if *iid == <windows_core::imp::IMarshal as windows_core::Interface>::IID {
[INFO] [stdout]     |                                                   ^^^^^^^^ not found in `windows_core::imp`
[INFO] [stdout] 
[INFO] [stdout] 
[INFO] [stdout] error[E0425]: cannot find function `marshaler` in module `windows_core::imp`
[INFO] [stdout]    --> /opt/rustwide/cargo-home/registry/src/index.crates.io-1949cf8c6b5b557f/windows-future-0.3.2/src/bindings.rs:257:43
[INFO] [stdout]     |
[INFO] [stdout] 257 |                 return windows_core::imp::marshaler(
[INFO] [stdout]     |                                           ^^^^^^^^^ not found in `windows_core::imp`
[INFO] [stdout] 
[INFO] [stdout] 
[INFO] [stdout] error[E0425]: cannot find type `IMarshal` in module `windows_core::imp`
[INFO] [stdout]    --> /opt/rustwide/cargo-home/registry/src/index.crates.io-1949cf8c6b5b557f/windows-future-0.3.2/src/bindings.rs:422:364
[INFO] [stdout]     |
[INFO] [stdout] 422 | ... _ } else if * iid == < windows_core::imp::IMarshal as windows_core::Interface >::IID { ( * this ) . count . add_ref ( ) ; retur...
[INFO] [stdout]     |                                               ^^^^^^^^ not found in `windows_core::imp`
[INFO] [stdout] 
[INFO] [stdout] 
[INFO] [stdout] error[E0425]: cannot find function `marshaler` in module `windows_core::imp`
[INFO] [stdout]    --> /opt/rustwide/cargo-home/registry/src/index.crates.io-1949cf8c6b5b557f/windows-future-0.3.2/src/bindings.rs:422:470
[INFO] [stdout]     |
[INFO] [stdout] 422 | ... . add_ref ( ) ; return windows_core::imp::marshaler ( core::mem::transmute ( & mut ( * this ) . vtable as * mut _ as * mut core...
[INFO] [stdout]     |                                               ^^^^^^^^^ not found in `windows_core::imp`
[INFO] [stdout] 
[INFO] [stdout] 
[INFO] [stdout] error[E0425]: cannot find type `IMarshal` in module `windows_core::imp`
[INFO] [stdout]    --> /opt/rustwide/cargo-home/registry/src/index.crates.io-1949cf8c6b5b557f/windows-future-0.3.2/src/bindings.rs:572:51
[INFO] [stdout]     |
[INFO] [stdout] 572 |             } else if *iid == <windows_core::imp::IMarshal as windows_core::Interface>::IID {
[INFO] [stdout]     |                                                   ^^^^^^^^ not found in `windows_core::imp`
[INFO] [stdout] 
[INFO] [stdout] 
[INFO] [stdout] error[E0425]: cannot find function `marshaler` in module `windows_core::imp`
[INFO] [stdout]    --> /opt/rustwide/cargo-home/registry/src/index.crates.io-1949cf8c6b5b557f/windows-future-0.3.2/src/bindings.rs:574:43
[INFO] [stdout]     |
[INFO] [stdout] 574 |                 return windows_core::imp::marshaler(
[INFO] [stdout]     |                                           ^^^^^^^^^ not found in `windows_core::imp`
[INFO] [stdout] 
[INFO] [stdout] 
[INFO] [stdout] error[E0425]: cannot find type `IMarshal` in module `windows_core::imp`
[INFO] [stdout]    --> /opt/rustwide/cargo-home/registry/src/index.crates.io-1949cf8c6b5b557f/windows-future-0.3.2/src/bindings.rs:752:364
[INFO] [stdout]     |
[INFO] [stdout] 752 | ... _ } else if * iid == < windows_core::imp::IMarshal as windows_core::Interface >::IID { ( * this ) . count . add_ref ( ) ; retur...
[INFO] [stdout]     |                                               ^^^^^^^^ not found in `windows_core::imp`
[INFO] [stdout] 
[INFO] [stdout] 
[INFO] [stdout] error[E0425]: cannot find function `marshaler` in module `windows_core::imp`
[INFO] [stdout]    --> /opt/rustwide/cargo-home/registry/src/index.crates.io-1949cf8c6b5b557f/windows-future-0.3.2/src/bindings.rs:752:470
[INFO] [stdout]     |
[INFO] [stdout] 752 | ... . add_ref ( ) ; return windows_core::imp::marshaler ( core::mem::transmute ( & mut ( * this ) . vtable as * mut _ as * mut core...
[INFO] [stdout]     |                                               ^^^^^^^^^ not found in `windows_core::imp`
[INFO] [stdout] 
[INFO] [stdout] 
[INFO] [stdout] error[E0425]: cannot find type `IMarshal` in module `windows_core::imp`
[INFO] [stdout]    --> /opt/rustwide/cargo-home/registry/src/index.crates.io-1949cf8c6b5b557f/windows-future-0.3.2/src/bindings.rs:927:377
[INFO] [stdout]     |
[INFO] [stdout] 927 | ... _ } else if * iid == < windows_core::imp::IMarshal as windows_core::Interface >::IID { ( * this ) . count . add_ref ( ) ; retur...
[INFO] [stdout]     |                                               ^^^^^^^^ not found in `windows_core::imp`
[INFO] [stdout] 
[INFO] [stdout] 
[INFO] [stdout] error[E0425]: cannot find function `marshaler` in module `windows_core::imp`
[INFO] [stdout]    --> /opt/rustwide/cargo-home/registry/src/index.crates.io-1949cf8c6b5b557f/windows-future-0.3.2/src/bindings.rs:927:483
[INFO] [stdout]     |
[INFO] [stdout] 927 | ... . add_ref ( ) ; return windows_core::imp::marshaler ( core::mem::transmute ( & mut ( * this ) . vtable as * mut _ as * mut core...
[INFO] [stdout]     |                                               ^^^^^^^^^ not found in `windows_core::imp`
[INFO] [stdout] 
[INFO] [stdout] 
[INFO] [stdout] error[E0425]: cannot find function `submit` in crate `windows_threading`
[INFO] [stdout]    --> /opt/rustwide/cargo-home/registry/src/index.crates.io-1949cf8c6b5b557f/windows-future-0.3.2/src/async_spawn.rs:264:28
[INFO] [stdout]     |
[INFO] [stdout] 264 |         windows_threading::submit(move || {
[INFO] [stdout]     |                            ^^^^^^ not found in `windows_threading`
[INFO] [stdout] 
[INFO] [stdout] 
[INFO] [stdout] error[E0425]: cannot find function `submit` in crate `windows_threading`
[INFO] [stdout]    --> /opt/rustwide/cargo-home/registry/src/index.crates.io-1949cf8c6b5b557f/windows-future-0.3.2/src/async_spawn.rs:281:28
[INFO] [stdout]     |
[INFO] [stdout] 281 |         windows_threading::submit(move || {
[INFO] [stdout]     |                            ^^^^^^ not found in `windows_threading`
[INFO] [stdout] 
[INFO] [stdout] 
[INFO] [stdout] error[E0425]: cannot find function `submit` in crate `windows_threading`
[INFO] [stdout]    --> /opt/rustwide/cargo-home/registry/src/index.crates.io-1949cf8c6b5b557f/windows-future-0.3.2/src/async_spawn.rs:298:28
[INFO] [stdout]     |
[INFO] [stdout] 298 |         windows_threading::submit(move || {
[INFO] [stdout]     |                            ^^^^^^ not found in `windows_threading`
[INFO] [stdout] 
[INFO] [stdout] 
[INFO] [stdout] error[E0425]: cannot find function `submit` in crate `windows_threading`
[INFO] [stdout]    --> /opt/rustwide/cargo-home/registry/src/index.crates.io-1949cf8c6b5b557f/windows-future-0.3.2/src/async_spawn.rs:315:28
[INFO] [stdout]     |
[INFO] [stdout] 315 |         windows_threading::submit(move || {
[INFO] [stdout]     |                            ^^^^^^ not found in `windows_threading`
[INFO] [stdout] 
[INFO] [stdout] 
[INFO] [stdout] For more information about this error, try `rustc --explain E0425`.
[INFO] [stdout] 
[INFO] [stderr] error: could not compile `windows-future` (lib) due to 16 previous errors
[INFO] [stderr] warning: build failed, waiting for other jobs to finish...
[INFO] running `Command { std: "docker" "inspect" "c5a9d3cbf26da94c36031de17fe870f9b5cc704ad54b9299a8026d02351309ac", kill_on_drop: false }`
[INFO] running `Command { std: "docker" "rm" "-f" "c5a9d3cbf26da94c36031de17fe870f9b5cc704ad54b9299a8026d02351309ac", kill_on_drop: false }`
[INFO] [stdout] c5a9d3cbf26da94c36031de17fe870f9b5cc704ad54b9299a8026d02351309ac
