[INFO] cloning repository https://github.com/easayliu/refund
[INFO] running `Command { std: "git" "-c" "credential.helper=" "-c" "credential.helper=/workspace/cargo-home/bin/git-credential-null" "clone" "--bare" "https://github.com/easayliu/refund" "/workspace/cache/git-repos/https%3A%2F%2Fgithub.com%2Feasayliu%2Frefund", kill_on_drop: false }`
[INFO] [stderr] Cloning into bare repository '/workspace/cache/git-repos/https%3A%2F%2Fgithub.com%2Feasayliu%2Frefund'...
[INFO] running `Command { std: "git" "rev-parse" "HEAD", kill_on_drop: false }`
[INFO] [stdout] 5ece0dc0d257385633db6d4809f2af6d07ee461d
[INFO] checking easayliu/refund against 3154cc1a3e6424e44f438a95007d043ed5ceaaf6 for pr-133502-30
[INFO] running `Command { std: "git" "clone" "/workspace/cache/git-repos/https%3A%2F%2Fgithub.com%2Feasayliu%2Frefund" "/workspace/builds/worker-1-tc2/source", kill_on_drop: false }`
[INFO] [stderr] Cloning into '/workspace/builds/worker-1-tc2/source'...
[INFO] [stderr] done.
[INFO] started tweaking git repo https://github.com/easayliu/refund
[INFO] finished tweaking git repo https://github.com/easayliu/refund
[INFO] tweaked toml for git repo https://github.com/easayliu/refund written to /workspace/builds/worker-1-tc2/source/Cargo.toml
[INFO] validating manifest of git repo https://github.com/easayliu/refund on toolchain 3154cc1a3e6424e44f438a95007d043ed5ceaaf6
[INFO] running `Command { std: CARGO_HOME="/workspace/cargo-home" RUSTUP_HOME="/workspace/rustup-home" "/workspace/cargo-home/bin/cargo" "+3154cc1a3e6424e44f438a95007d043ed5ceaaf6" "metadata" "--manifest-path" "Cargo.toml" "--no-deps", kill_on_drop: false }`
[INFO] crate git repo https://github.com/easayliu/refund already has a lockfile, it will not be regenerated
[INFO] running `Command { std: CARGO_HOME="/workspace/cargo-home" RUSTUP_HOME="/workspace/rustup-home" "/workspace/cargo-home/bin/cargo" "+3154cc1a3e6424e44f438a95007d043ed5ceaaf6" "fetch" "--manifest-path" "Cargo.toml", kill_on_drop: false }`
[INFO] running `Command { std: "docker" "create" "-v" "/var/lib/crater-agent-workspace/builds/worker-1-tc2/source:/opt/rustwide/workdir:ro,Z" "-v" "/var/lib/crater-agent-workspace/builds/worker-1-tc2/target:/opt/rustwide/target:rw,Z" "-v" "/var/lib/crater-agent-workspace/cargo-home:/opt/rustwide/cargo-home:ro,Z" "-v" "/var/lib/crater-agent-workspace/rustup-home:/opt/rustwide/rustup-home:ro,Z" "-m" "1610612736" "--network" "none" "ghcr.io/rust-lang/crates-build-env/linux@sha256:77db811e55d90add9212f6832c23229e3de5f1c1f9905e8cb07319ea15df73ac" "sleep" "infinity", kill_on_drop: false }`
[INFO] [stdout] 39d5414d3543479e39cffd88d2cdd16dfe7a0cc36e98ad62d0c0c3657a705db1
[INFO] running `Command { std: "docker" "start" "39d5414d3543479e39cffd88d2cdd16dfe7a0cc36e98ad62d0c0c3657a705db1", kill_on_drop: false }`
[INFO] running `Command { std: "docker" "inspect" "39d5414d3543479e39cffd88d2cdd16dfe7a0cc36e98ad62d0c0c3657a705db1", kill_on_drop: false }`
[INFO] running `Command { std: "docker" "exec" "-e" "SOURCE_DIR=/opt/rustwide/workdir" "-e" "CARGO_HOME=/opt/rustwide/cargo-home" "-e" "RUSTUP_HOME=/opt/rustwide/rustup-home" "-e" "CARGO_TARGET_DIR=/opt/rustwide/target" "-w" "/opt/rustwide/workdir" "--user" "0:0" "39d5414d3543479e39cffd88d2cdd16dfe7a0cc36e98ad62d0c0c3657a705db1" "/opt/rustwide/cargo-home/bin/cargo" "+3154cc1a3e6424e44f438a95007d043ed5ceaaf6" "metadata" "--no-deps" "--format-version=1", kill_on_drop: false }`
[INFO] running `Command { std: "docker" "inspect" "39d5414d3543479e39cffd88d2cdd16dfe7a0cc36e98ad62d0c0c3657a705db1", kill_on_drop: false }`
[INFO] running `Command { std: "docker" "exec" "-e" "SOURCE_DIR=/opt/rustwide/workdir" "-e" "CARGO_HOME=/opt/rustwide/cargo-home" "-e" "RUSTUP_HOME=/opt/rustwide/rustup-home" "-e" "CARGO_TARGET_DIR=/opt/rustwide/target" "-e" "CARGO_INCREMENTAL=0" "-e" "RUST_BACKTRACE=full" "-e" "RUSTFLAGS=--cap-lints=forbid" "-e" "RUSTDOCFLAGS=--cap-lints=forbid" "-w" "/opt/rustwide/workdir" "--user" "0:0" "39d5414d3543479e39cffd88d2cdd16dfe7a0cc36e98ad62d0c0c3657a705db1" "/opt/rustwide/cargo-home/bin/cargo" "+3154cc1a3e6424e44f438a95007d043ed5ceaaf6" "check" "--frozen" "--all" "--all-targets" "--message-format=json", kill_on_drop: false }`
[INFO] [stderr]     Checking smallvec v1.16.1
[INFO] [stderr]    Compiling libc v0.2.189
[INFO] [stderr]    Compiling yoke-derive v0.8.3
[INFO] [stderr]     Checking tracing v0.1.44
[INFO] [stderr]    Compiling openssl-sys v0.9.117
[INFO] [stderr]    Compiling rustversion v1.0.23
[INFO] [stderr]     Checking indexmap v2.14.2
[INFO] [stderr]    Compiling serde_core v1.0.229
[INFO] [stderr]     Checking bitflags v2.13.2
[INFO] [stderr]     Checking futures-task v0.3.34
[INFO] [stderr]    Compiling openssl v0.10.81
[INFO] [stderr]     Checking futures-util v0.3.34
[INFO] [stderr]    Compiling openssl-macros v0.1.1
[INFO] [stderr]     Checking futures-channel v0.3.34
[INFO] [stderr]    Compiling serde v1.0.229
[INFO] [stderr]    Compiling native-tls v0.2.18
[INFO] [stderr]    Compiling num-traits v0.2.19
[INFO] [stderr]    Compiling mime_guess v2.0.5
[INFO] [stderr]    Compiling serde_json v1.0.151
[INFO] [stderr]     Checking digest v0.11.3
[INFO] [stderr]    Compiling encoding_rs v0.8.41
[INFO] [stderr]    Compiling multiversion-macros v0.9.0
[INFO] [stderr]    Compiling libsqlite3-sys v0.32.0
[INFO] [stderr]     Checking regex-syntax v0.8.11
[INFO] [stderr]     Checking yoke v0.8.3
[INFO] [stderr]     Checking parking_lot_core v0.9.12
[INFO] [stderr]     Checking errno v0.3.14
[INFO] [stderr]     Checking zerovec v0.11.8
[INFO] [stderr]     Checking signal-hook-registry v1.4.8
[INFO] [stderr]     Checking parking_lot v0.12.5
[INFO] [stderr]     Checking socket2 v0.6.5
[INFO] [stderr]     Checking mio v1.2.3
[INFO] [stderr]     Checking zerotrie v0.2.5
[INFO] [stderr]     Checking tinystr v0.8.4
[INFO] [stderr]     Checking tokio v1.53.1
[INFO] [stderr]     Checking potential_utf v0.1.6
[INFO] [stderr]     Checking icu_collections v2.3.0
[INFO] [stderr]     Checking icu_locale_core v2.3.0
[INFO] [stderr]     Checking regex-automata v0.4.18
[INFO] [stderr]     Checking multiversion v0.9.0
[INFO] [stderr]     Checking hashbrown v0.15.5
[INFO] [stderr]     Checking sha2 v0.11.0
[INFO] [stderr]     Checking icu_provider v2.3.1
[INFO] [stderr]     Checking icu_normalizer v2.3.0
[INFO] [stderr]     Checking icu_properties v2.3.0
[INFO] [stderr]     Checking serde_urlencoded v0.7.1
[INFO] [stderr]     Checking core_detect v1.0.0
[INFO] [stderr]     Checking simdutf8 v0.1.5
[INFO] [stderr]    Compiling multiversion_no_op v1.0.0
[INFO] [stderr]     Checking clap_builder v4.6.7
[INFO] [stderr]     Checking matchers v0.2.0
[INFO] [stderr]     Checking dirs-sys v0.5.0
[INFO] [stderr]    Compiling rust-embed-impl v8.12.0
[INFO] [stderr]     Checking chrono v0.4.45
[INFO] [stderr]     Checking idna_adapter v1.2.2
[INFO] [stderr]     Checking idna v1.1.0
[INFO] [stderr]     Checking url v2.5.8
[INFO] [stderr]     Checking rust-embed-utils v8.12.0
[INFO] [stderr]     Checking hashlink v0.10.0
[INFO] [stderr]     Checking serde_path_to_error v0.1.20
[INFO] [stderr]     Checking axum-core v0.5.6
[INFO] [stderr]     Checking tracing-subscriber v0.3.23
[INFO] [stderr]     Checking rust-embed v8.12.0
[INFO] [stderr]     Checking dirs v6.0.0
[INFO] [stderr]     Checking clap v4.6.7
[INFO] [stderr]     Checking tokio-util v0.7.19
[INFO] [stderr]     Checking tower v0.5.3
[INFO] [stderr]     Checking tokio-native-tls v0.3.1
[INFO] [stderr]     Checking tower-http v0.6.11
[INFO] [stderr]     Checking h2 v0.4.19
[INFO] [stderr]     Checking rusqlite v0.34.0
[INFO] [stderr]     Checking hyper v1.11.1
[INFO] [stderr]     Checking hyper-util v0.1.20
[INFO] [stderr]     Checking hyper-tls v0.6.0
[INFO] [stderr]     Checking axum v0.8.9
[INFO] [stderr]     Checking reqwest v0.12.28
[INFO] [stderr]     Checking refund v0.2.0 (/opt/rustwide/workdir)
[INFO] [stdout] error: #[derive(RustEmbed)] folder '/opt/rustwide/workdir/admin-ui/dist' does not exist. cwd: '/opt/rustwide/workdir'
[INFO] [stdout]   --> src/admin_ui.rs:12:1
[INFO] [stdout]    |
[INFO] [stdout] 12 | / /// 内嵌前端构建产物（编译期从 `admin-ui/dist` 读取）。
[INFO] [stdout] 13 | | #[derive(Embed)]
[INFO] [stdout] 14 | | #[folder = "admin-ui/dist"]
[INFO] [stdout] 15 | | struct Asset;
[INFO] [stdout]    | |_____________^
[INFO] [stdout] 
[INFO] [stdout] 
[INFO] [stdout] error: #[derive(RustEmbed)] folder '/opt/rustwide/workdir/admin-ui/dist' does not exist. cwd: '/opt/rustwide/workdir'
[INFO] [stdout]   --> src/admin_ui.rs:12:1
[INFO] [stdout]    |
[INFO] [stdout] 12 | / /// 内嵌前端构建产物（编译期从 `admin-ui/dist` 读取）。
[INFO] [stdout] 13 | | #[derive(Embed)]
[INFO] [stdout] 14 | | #[folder = "admin-ui/dist"]
[INFO] [stdout] 15 | | struct Asset;
[INFO] [stdout]    | |_____________^
[INFO] [stdout] 
[INFO] [stdout] 
[INFO] [stdout] error[E0599]: no associated function or constant named `get` found for struct `Asset` in the current scope
[INFO] [stdout]   --> src/admin_ui.rs:33:35
[INFO] [stdout]    |
[INFO] [stdout] 15 | struct Asset;
[INFO] [stdout]    | ------------ associated function or constant `get` not found for this struct
[INFO] [stdout] ...
[INFO] [stdout] 33 |     if let Some(content) = Asset::get(path) {
[INFO] [stdout]    |                                   ^^^ associated function or constant not found in `Asset`
[INFO] [stdout]    |
[INFO] [stdout]    = help: items from traits can only be used if the trait is implemented and in scope
[INFO] [stdout]    = note: the following traits define an item `get`, perhaps you need to implement one of them:
[INFO] [stdout]            candidate #1: `Embed`
[INFO] [stdout]            candidate #2: `FallibleStreamingIterator`
[INFO] [stdout]            candidate #3: `SliceIndex`
[INFO] [stdout]            candidate #4: `icu_collections::codepointtrie::cptrie::TypedCodePointTrie`
[INFO] [stdout]            candidate #5: `icu_properties::names::PropertyEnumToValueNameLookup`
[INFO] [stdout]            candidate #6: `icu_provider::baked::DataStore`
[INFO] [stdout] 
[INFO] [stdout] 
[INFO] [stdout] error[E0599]: no associated function or constant named `get` found for struct `Asset` in the current scope
[INFO] [stdout]   --> src/admin_ui.rs:33:35
[INFO] [stdout]    |
[INFO] [stdout] 15 | struct Asset;
[INFO] [stdout]    | ------------ associated function or constant `get` not found for this struct
[INFO] [stdout] ...
[INFO] [stdout] 33 |     if let Some(content) = Asset::get(path) {
[INFO] [stdout]    |                                   ^^^ associated function or constant not found in `Asset`
[INFO] [stdout]    |
[INFO] [stdout]    = help: items from traits can only be used if the trait is implemented and in scope
[INFO] [stdout]    = note: the following traits define an item `get`, perhaps you need to implement one of them:
[INFO] [stdout]            candidate #1: `Embed`
[INFO] [stdout]            candidate #2: `FallibleStreamingIterator`
[INFO] [stdout]            candidate #3: `SliceIndex`
[INFO] [stdout]            candidate #4: `icu_collections::codepointtrie::cptrie::TypedCodePointTrie`
[INFO] [stdout]            candidate #5: `icu_properties::names::PropertyEnumToValueNameLookup`
[INFO] [stdout]            candidate #6: `icu_provider::baked::DataStore`
[INFO] [stdout] 
[INFO] [stdout] 
[INFO] [stdout] error[E0599]: no associated function or constant named `get` found for struct `Asset` in the current scope
[INFO] [stdout]   --> src/admin_ui.rs:55:18
[INFO] [stdout]    |
[INFO] [stdout] 15 | struct Asset;
[INFO] [stdout]    | ------------ associated function or constant `get` not found for this struct
[INFO] [stdout] ...
[INFO] [stdout] 55 |     match Asset::get("index.html") {
[INFO] [stdout]    |                  ^^^ associated function or constant not found in `Asset`
[INFO] [stdout]    |
[INFO] [stdout]    = help: items from traits can only be used if the trait is implemented and in scope
[INFO] [stdout]    = note: the following traits define an item `get`, perhaps you need to implement one of them:
[INFO] [stdout]            candidate #1: `Embed`
[INFO] [stdout]            candidate #2: `FallibleStreamingIterator`
[INFO] [stdout]            candidate #3: `SliceIndex`
[INFO] [stdout]            candidate #4: `icu_collections::codepointtrie::cptrie::TypedCodePointTrie`
[INFO] [stdout]            candidate #5: `icu_properties::names::PropertyEnumToValueNameLookup`
[INFO] [stdout]            candidate #6: `icu_provider::baked::DataStore`
[INFO] [stdout] 
[INFO] [stdout] 
[INFO] [stdout] error[E0599]: no associated function or constant named `get` found for struct `Asset` in the current scope
[INFO] [stdout]   --> src/admin_ui.rs:55:18
[INFO] [stdout]    |
[INFO] [stdout] 15 | struct Asset;
[INFO] [stdout]    | ------------ associated function or constant `get` not found for this struct
[INFO] [stdout] ...
[INFO] [stdout] 55 |     match Asset::get("index.html") {
[INFO] [stdout]    |                  ^^^ associated function or constant not found in `Asset`
[INFO] [stdout]    |
[INFO] [stdout]    = help: items from traits can only be used if the trait is implemented and in scope
[INFO] [stdout]    = note: the following traits define an item `get`, perhaps you need to implement one of them:
[INFO] [stdout]            candidate #1: `Embed`
[INFO] [stdout]            candidate #2: `FallibleStreamingIterator`
[INFO] [stdout]            candidate #3: `SliceIndex`
[INFO] [stdout]            candidate #4: `icu_collections::codepointtrie::cptrie::TypedCodePointTrie`
[INFO] [stdout]            candidate #5: `icu_properties::names::PropertyEnumToValueNameLookup`
[INFO] [stdout]            candidate #6: `icu_provider::baked::DataStore`
[INFO] [stdout] 
[INFO] [stdout] 
[INFO] [stdout] For more information about this error, try `rustc --explain E0599`.
[INFO] [stdout] 
[INFO] [stderr] error: could not compile `refund` (bin "refund") due to 3 previous errors
[INFO] [stderr] warning: build failed, waiting for other jobs to finish...
[INFO] [stdout] For more information about this error, try `rustc --explain E0599`.
[INFO] [stdout] 
[INFO] [stderr] error: could not compile `refund` (bin "refund" test) due to 3 previous errors
[INFO] running `Command { std: "docker" "inspect" "39d5414d3543479e39cffd88d2cdd16dfe7a0cc36e98ad62d0c0c3657a705db1", kill_on_drop: false }`
[INFO] running `Command { std: "docker" "rm" "-f" "39d5414d3543479e39cffd88d2cdd16dfe7a0cc36e98ad62d0c0c3657a705db1", kill_on_drop: false }`
[INFO] [stdout] 39d5414d3543479e39cffd88d2cdd16dfe7a0cc36e98ad62d0c0c3657a705db1
