[INFO] cloning repository https://github.com/easayliu/opdash
[INFO] running `Command { std: "git" "-c" "credential.helper=" "-c" "credential.helper=/workspace/cargo-home/bin/git-credential-null" "clone" "--bare" "https://github.com/easayliu/opdash" "/workspace/cache/git-repos/https%3A%2F%2Fgithub.com%2Feasayliu%2Fopdash", kill_on_drop: false }`
[INFO] [stderr] Cloning into bare repository '/workspace/cache/git-repos/https%3A%2F%2Fgithub.com%2Feasayliu%2Fopdash'...
[INFO] running `Command { std: "git" "rev-parse" "HEAD", kill_on_drop: false }`
[INFO] [stdout] 36e351a2faba678cee7300261e970a7417314388
[INFO] checking easayliu/opdash against 3154cc1a3e6424e44f438a95007d043ed5ceaaf6 for pr-133502-30
[INFO] running `Command { std: "git" "clone" "/workspace/cache/git-repos/https%3A%2F%2Fgithub.com%2Feasayliu%2Fopdash" "/workspace/builds/worker-3-tc2/source", kill_on_drop: false }`
[INFO] [stderr] Cloning into '/workspace/builds/worker-3-tc2/source'...
[INFO] [stderr] done.
[INFO] started tweaking git repo https://github.com/easayliu/opdash
[INFO] finished tweaking git repo https://github.com/easayliu/opdash
[INFO] tweaked toml for git repo https://github.com/easayliu/opdash written to /workspace/builds/worker-3-tc2/source/Cargo.toml
[INFO] validating manifest of git repo https://github.com/easayliu/opdash on toolchain 3154cc1a3e6424e44f438a95007d043ed5ceaaf6
[INFO] running `Command { std: CARGO_HOME="/workspace/cargo-home" RUSTUP_HOME="/workspace/rustup-home" "/workspace/cargo-home/bin/cargo" "+3154cc1a3e6424e44f438a95007d043ed5ceaaf6" "metadata" "--manifest-path" "Cargo.toml" "--no-deps", kill_on_drop: false }`
[INFO] crate git repo https://github.com/easayliu/opdash already has a lockfile, it will not be regenerated
[INFO] running `Command { std: CARGO_HOME="/workspace/cargo-home" RUSTUP_HOME="/workspace/rustup-home" "/workspace/cargo-home/bin/cargo" "+3154cc1a3e6424e44f438a95007d043ed5ceaaf6" "fetch" "--manifest-path" "Cargo.toml", kill_on_drop: false }`
[INFO] running `Command { std: "docker" "create" "-v" "/var/lib/crater-agent-workspace/builds/worker-3-tc2/source:/opt/rustwide/workdir:ro,Z" "-v" "/var/lib/crater-agent-workspace/builds/worker-3-tc2/target:/opt/rustwide/target:rw,Z" "-v" "/var/lib/crater-agent-workspace/cargo-home:/opt/rustwide/cargo-home:ro,Z" "-v" "/var/lib/crater-agent-workspace/rustup-home:/opt/rustwide/rustup-home:ro,Z" "-m" "1610612736" "--network" "none" "ghcr.io/rust-lang/crates-build-env/linux@sha256:77db811e55d90add9212f6832c23229e3de5f1c1f9905e8cb07319ea15df73ac" "sleep" "infinity", kill_on_drop: false }`
[INFO] [stdout] 3ecec4fb30a399039b588472e4727eed7a3c68926beafe64385eea84caaaf4e0
[INFO] running `Command { std: "docker" "start" "3ecec4fb30a399039b588472e4727eed7a3c68926beafe64385eea84caaaf4e0", kill_on_drop: false }`
[INFO] running `Command { std: "docker" "inspect" "3ecec4fb30a399039b588472e4727eed7a3c68926beafe64385eea84caaaf4e0", kill_on_drop: false }`
[INFO] running `Command { std: "docker" "exec" "-e" "SOURCE_DIR=/opt/rustwide/workdir" "-e" "CARGO_HOME=/opt/rustwide/cargo-home" "-e" "RUSTUP_HOME=/opt/rustwide/rustup-home" "-e" "CARGO_TARGET_DIR=/opt/rustwide/target" "-w" "/opt/rustwide/workdir" "--user" "0:0" "3ecec4fb30a399039b588472e4727eed7a3c68926beafe64385eea84caaaf4e0" "/opt/rustwide/cargo-home/bin/cargo" "+3154cc1a3e6424e44f438a95007d043ed5ceaaf6" "metadata" "--no-deps" "--format-version=1", kill_on_drop: false }`
[INFO] running `Command { std: "docker" "inspect" "3ecec4fb30a399039b588472e4727eed7a3c68926beafe64385eea84caaaf4e0", kill_on_drop: false }`
[INFO] running `Command { std: "docker" "exec" "-e" "SOURCE_DIR=/opt/rustwide/workdir" "-e" "CARGO_HOME=/opt/rustwide/cargo-home" "-e" "RUSTUP_HOME=/opt/rustwide/rustup-home" "-e" "CARGO_TARGET_DIR=/opt/rustwide/target" "-e" "CARGO_INCREMENTAL=0" "-e" "RUST_BACKTRACE=full" "-e" "RUSTFLAGS=--cap-lints=forbid" "-e" "RUSTDOCFLAGS=--cap-lints=forbid" "-w" "/opt/rustwide/workdir" "--user" "0:0" "3ecec4fb30a399039b588472e4727eed7a3c68926beafe64385eea84caaaf4e0" "/opt/rustwide/cargo-home/bin/cargo" "+3154cc1a3e6424e44f438a95007d043ed5ceaaf6" "check" "--frozen" "--all" "--all-targets" "--message-format=json", kill_on_drop: false }`
[INFO] [stderr]     Checking smallvec v1.16.0
[INFO] [stderr]    Compiling syn v3.0.5
[INFO] [stderr]    Compiling ring v0.17.14
[INFO] [stderr]     Checking tracing v0.1.44
[INFO] [stderr]    Compiling hybrid-array v0.4.14
[INFO] [stderr]    Compiling rustls v0.23.44
[INFO] [stderr]    Compiling unicase v2.9.0
[INFO] [stderr]     Checking flate2 v1.1.10
[INFO] [stderr]    Compiling serde_json v1.0.151
[INFO] [stderr]    Compiling const-oid v0.10.2
[INFO] [stderr]     Checking hashbrown v0.17.1
[INFO] [stderr]     Checking brotli v8.0.4
[INFO] [stderr]     Checking digest v0.10.7
[INFO] [stderr]     Checking ipnet v2.12.2
[INFO] [stderr]    Compiling cpufeatures v0.3.1
[INFO] [stderr]     Checking compression-core v0.4.33
[INFO] [stderr]    Compiling mysql_common v0.37.3
[INFO] [stderr]    Compiling mime v0.3.17
[INFO] [stderr]     Checking phf_shared v0.12.1
[INFO] [stderr]     Checking chrono v0.4.45
[INFO] [stderr]     Checking sha1 v0.10.7
[INFO] [stderr]     Checking parking_lot_core v0.9.12
[INFO] [stderr]     Checking sha2 v0.10.9
[INFO] [stderr]    Compiling mime_guess v2.0.5
[INFO] [stderr]     Checking num-bigint v0.4.8
[INFO] [stderr]     Checking btoi v0.5.0
[INFO] [stderr]     Checking parking_lot v0.12.5
[INFO] [stderr]    Compiling chrono-tz v0.10.4
[INFO] [stderr]     Checking uuid v1.26.1
[INFO] [stderr]     Checking saturating v0.1.0
[INFO] [stderr]     Checking toml_parser v1.1.3+spec-1.1.0
[INFO] [stderr]     Checking phf v0.12.1
[INFO] [stderr]     Checking axum-core v0.5.6
[INFO] [stderr]     Checking async-lock v3.4.2
[INFO] [stderr]     Checking rust-embed-utils v8.12.0
[INFO] [stderr]     Checking crossbeam-queue v0.3.14
[INFO] [stderr]     Checking arc-swap v1.9.2
[INFO] [stderr]     Checking toml_datetime v0.7.5+spec-1.1.0
[INFO] [stderr]     Checking serde_spanned v1.1.1
[INFO] [stderr]    Compiling crypto-common v0.2.2
[INFO] [stderr]    Compiling block-buffer v0.12.1
[INFO] [stderr]     Checking winnow v0.7.15
[INFO] [stderr]     Checking indexmap v2.14.2
[INFO] [stderr]     Checking lru v0.18.5
[INFO] [stderr]     Checking twox-hash v2.1.4
[INFO] [stderr]     Checking arcstr v1.2.0
[INFO] [stderr]     Checking humantime v2.4.0
[INFO] [stderr]     Checking tracing-subscriber v0.3.23
[INFO] [stderr]     Checking keyed_priority_queue v0.4.2
[INFO] [stderr]    Compiling digest v0.11.3
[INFO] [stderr]    Compiling sha2 v0.11.0
[INFO] [stderr]    Compiling rust-embed-impl v8.12.0
[INFO] [stderr]     Checking toml v0.9.12+spec-1.1.0
[INFO] [stderr]     Checking compression-codecs v0.4.40
[INFO] [stderr]     Checking rust-embed v8.12.0
[INFO] [stderr]     Checking rustls-webpki v0.103.15
[INFO] [stderr]    Compiling zerovec-derive v0.11.6
[INFO] [stderr]    Compiling tokio-macros v2.7.2
[INFO] [stderr]    Compiling displaydoc v0.2.7
[INFO] [stderr]    Compiling futures-macro v0.3.34
[INFO] [stderr]    Compiling serde_derive v1.0.229
[INFO] [stderr]    Compiling thiserror-impl v2.0.20
[INFO] [stderr]    Compiling clap_derive v4.6.4
[INFO] [stderr]     Checking tokio v1.53.1
[INFO] [stderr]     Checking zerotrie v0.2.5
[INFO] [stderr]     Checking futures-util v0.3.34
[INFO] [stderr]     Checking thiserror v2.0.20
[INFO] [stderr]     Checking zerovec v0.11.8
[INFO] [stderr]     Checking clap v4.6.6
[INFO] [stderr]     Checking tinystr v0.8.4
[INFO] [stderr]     Checking potential_utf v0.1.6
[INFO] [stderr]     Checking icu_collections v2.3.0
[INFO] [stderr]     Checking icu_locale_core v2.3.0
[INFO] [stderr]     Checking serde v1.0.229
[INFO] [stderr]     Checking icu_provider v2.3.1
[INFO] [stderr]     Checking serde_urlencoded v0.7.1
[INFO] [stderr]     Checking icu_normalizer v2.3.0
[INFO] [stderr]     Checking icu_properties v2.3.0
[INFO] [stderr]     Checking idna_adapter v1.2.2
[INFO] [stderr]     Checking idna v1.1.0
[INFO] [stderr]     Checking url v2.5.8
[INFO] [stderr]     Checking tokio-util v0.7.19
[INFO] [stderr]     Checking hyper v1.11.1
[INFO] [stderr]     Checking tower v0.5.3
[INFO] [stderr]     Checking tokio-rustls v0.26.5
[INFO] [stderr]     Checking async-compression v0.4.45
[INFO] [stderr]     Checking combine v4.6.8
[INFO] [stderr]     Checking tower-http v0.6.11
[INFO] [stderr]     Checking hyper-util v0.1.20
[INFO] [stderr]     Checking mysql_async v0.37.1
[INFO] [stderr]     Checking hyper-rustls v0.27.9
[INFO] [stderr]     Checking axum v0.8.9
[INFO] [stderr]     Checking reqwest v0.12.28
[INFO] [stderr]     Checking redis v1.7.0
[INFO] [stderr]     Checking opdash v0.18.18 (/opt/rustwide/workdir)
[INFO] [stdout] error: #[derive(RustEmbed)] folder '/opt/rustwide/workdir/ui/dist' does not exist. cwd: '/opt/rustwide/workdir'
[INFO] [stdout]   --> src/ui.rs:14:1
[INFO] [stdout]    |
[INFO] [stdout] 14 | / /// 编译期从 `ui/dist` 读取。仓库里留了个 `.gitkeep`，没构建前端也能 `cargo check` / `cargo test`。
[INFO] [stdout] 15 | | #[derive(Embed)]
[INFO] [stdout] 16 | | #[folder = "ui/dist"]
[INFO] [stdout] 17 | | struct Asset;
[INFO] [stdout]    | |_____________^
[INFO] [stdout] 
[INFO] [stdout] 
[INFO] [stdout] error: #[derive(RustEmbed)] folder '/opt/rustwide/workdir/ui/dist' does not exist. cwd: '/opt/rustwide/workdir'
[INFO] [stdout]   --> src/ui.rs:14:1
[INFO] [stdout]    |
[INFO] [stdout] 14 | / /// 编译期从 `ui/dist` 读取。仓库里留了个 `.gitkeep`，没构建前端也能 `cargo check` / `cargo test`。
[INFO] [stdout] 15 | | #[derive(Embed)]
[INFO] [stdout] 16 | | #[folder = "ui/dist"]
[INFO] [stdout] 17 | | struct Asset;
[INFO] [stdout]    | |_____________^
[INFO] [stdout] 
[INFO] [stdout] 
[INFO] [stdout] error[E0599]: no associated function or constant named `get` found for struct `Asset` in the current scope
[INFO] [stdout]   --> src/ui.rs:49:35
[INFO] [stdout]    |
[INFO] [stdout] 17 | struct Asset;
[INFO] [stdout]    | ------------ associated function or constant `get` not found for this struct
[INFO] [stdout] ...
[INFO] [stdout] 49 |     if let Some(content) = Asset::get(path) {
[INFO] [stdout]    |                                   ^^^ associated function or constant not found in `Asset`
[INFO] [stdout]    |
[INFO] [stdout]    = help: items from traits can only be used if the trait is implemented and in scope
[INFO] [stdout]    = note: the following traits define an item `get`, perhaps you need to implement one of them:
[INFO] [stdout]            candidate #1: `AsyncCommands`
[INFO] [stdout]            candidate #2: `AsyncTypedCommands`
[INFO] [stdout]            candidate #3: `Commands`
[INFO] [stdout]            candidate #4: `RustEmbed`
[INFO] [stdout]            candidate #5: `SliceIndex`
[INFO] [stdout]            candidate #6: `TypedCommands`
[INFO] [stdout]            candidate #7: `icu_collections::codepointtrie::cptrie::TypedCodePointTrie`
[INFO] [stdout]            candidate #8: `icu_properties::names::PropertyEnumToValueNameLookup`
[INFO] [stdout]            candidate #9: `icu_provider::baked::DataStore`
[INFO] [stdout]            candidate #10: `rustls::server::server_conn::StoresServerSessions`
[INFO] [stdout]            candidate #11: `toml_parser::source::SourceIndex`
[INFO] [stdout] 
[INFO] [stdout] 
[INFO] [stdout] error[E0599]: no associated function or constant named `get` found for struct `Asset` in the current scope
[INFO] [stdout]   --> src/ui.rs:49:35
[INFO] [stdout]    |
[INFO] [stdout] 17 | struct Asset;
[INFO] [stdout]    | ------------ associated function or constant `get` not found for this struct
[INFO] [stdout] ...
[INFO] [stdout] 49 |     if let Some(content) = Asset::get(path) {
[INFO] [stdout]    |                                   ^^^ associated function or constant not found in `Asset`
[INFO] [stdout]    |
[INFO] [stdout]    = help: items from traits can only be used if the trait is implemented and in scope
[INFO] [stdout]    = note: the following traits define an item `get`, perhaps you need to implement one of them:
[INFO] [stdout]            candidate #1: `AsyncCommands`
[INFO] [stdout]            candidate #2: `AsyncTypedCommands`
[INFO] [stdout]            candidate #3: `Commands`
[INFO] [stdout]            candidate #4: `Embed`
[INFO] [stdout]            candidate #5: `SliceIndex`
[INFO] [stdout]            candidate #6: `TypedCommands`
[INFO] [stdout]            candidate #7: `icu_collections::codepointtrie::cptrie::TypedCodePointTrie`
[INFO] [stdout]            candidate #8: `icu_properties::names::PropertyEnumToValueNameLookup`
[INFO] [stdout]            candidate #9: `icu_provider::baked::DataStore`
[INFO] [stdout]            candidate #10: `rustls::server::server_conn::StoresServerSessions`
[INFO] [stdout]            candidate #11: `toml_parser::source::SourceIndex`
[INFO] [stdout] 
[INFO] [stdout] 
[INFO] [stdout] error[E0599]: no associated function or constant named `get` found for struct `Asset` in the current scope
[INFO] [stdout]   --> src/ui.rs:71:18
[INFO] [stdout]    |
[INFO] [stdout] 17 | struct Asset;
[INFO] [stdout]    | ------------ associated function or constant `get` not found for this struct
[INFO] [stdout] ...
[INFO] [stdout] 71 |     match Asset::get("index.html") {
[INFO] [stdout]    |                  ^^^ associated function or constant not found in `Asset`
[INFO] [stdout]    |
[INFO] [stdout]    = help: items from traits can only be used if the trait is implemented and in scope
[INFO] [stdout]    = note: the following traits define an item `get`, perhaps you need to implement one of them:
[INFO] [stdout]            candidate #1: `AsyncCommands`
[INFO] [stdout]            candidate #2: `AsyncTypedCommands`
[INFO] [stdout]            candidate #3: `Commands`
[INFO] [stdout]            candidate #4: `Embed`
[INFO] [stdout]            candidate #5: `SliceIndex`
[INFO] [stdout]            candidate #6: `TypedCommands`
[INFO] [stdout]            candidate #7: `icu_collections::codepointtrie::cptrie::TypedCodePointTrie`
[INFO] [stdout]            candidate #8: `icu_properties::names::PropertyEnumToValueNameLookup`
[INFO] [stdout]            candidate #9: `icu_provider::baked::DataStore`
[INFO] [stdout]            candidate #10: `rustls::server::server_conn::StoresServerSessions`
[INFO] [stdout]            candidate #11: `toml_parser::source::SourceIndex`
[INFO] [stdout] 
[INFO] [stdout] 
[INFO] [stdout] error[E0599]: no associated function or constant named `get` found for struct `Asset` in the current scope
[INFO] [stdout]   --> src/ui.rs:71:18
[INFO] [stdout]    |
[INFO] [stdout] 17 | struct Asset;
[INFO] [stdout]    | ------------ associated function or constant `get` not found for this struct
[INFO] [stdout] ...
[INFO] [stdout] 71 |     match Asset::get("index.html") {
[INFO] [stdout]    |                  ^^^ associated function or constant not found in `Asset`
[INFO] [stdout]    |
[INFO] [stdout]    = help: items from traits can only be used if the trait is implemented and in scope
[INFO] [stdout]    = note: the following traits define an item `get`, perhaps you need to implement one of them:
[INFO] [stdout]            candidate #1: `AsyncCommands`
[INFO] [stdout]            candidate #2: `AsyncTypedCommands`
[INFO] [stdout]            candidate #3: `Commands`
[INFO] [stdout]            candidate #4: `RustEmbed`
[INFO] [stdout]            candidate #5: `SliceIndex`
[INFO] [stdout]            candidate #6: `TypedCommands`
[INFO] [stdout]            candidate #7: `icu_collections::codepointtrie::cptrie::TypedCodePointTrie`
[INFO] [stdout]            candidate #8: `icu_properties::names::PropertyEnumToValueNameLookup`
[INFO] [stdout]            candidate #9: `icu_provider::baked::DataStore`
[INFO] [stdout]            candidate #10: `rustls::server::server_conn::StoresServerSessions`
[INFO] [stdout]            candidate #11: `toml_parser::source::SourceIndex`
[INFO] [stdout] 
[INFO] [stdout] 
[INFO] [stdout] For more information about this error, try `rustc --explain E0599`.
[INFO] [stdout] 
[INFO] [stderr] error: could not compile `opdash` (lib) due to 3 previous errors
[INFO] [stderr] warning: build failed, waiting for other jobs to finish...
[INFO] [stdout] For more information about this error, try `rustc --explain E0599`.
[INFO] [stdout] 
[INFO] [stderr] error: could not compile `opdash` (lib test) due to 3 previous errors
[INFO] running `Command { std: "docker" "inspect" "3ecec4fb30a399039b588472e4727eed7a3c68926beafe64385eea84caaaf4e0", kill_on_drop: false }`
[INFO] running `Command { std: "docker" "rm" "-f" "3ecec4fb30a399039b588472e4727eed7a3c68926beafe64385eea84caaaf4e0", kill_on_drop: false }`
[INFO] [stdout] 3ecec4fb30a399039b588472e4727eed7a3c68926beafe64385eea84caaaf4e0
