[INFO] cloning repository https://github.com/e3e0261f/Rhys
[INFO] running `Command { std: "git" "-c" "credential.helper=" "-c" "credential.helper=/workspace/cargo-home/bin/git-credential-null" "clone" "--bare" "https://github.com/e3e0261f/Rhys" "/workspace/cache/git-repos/https%3A%2F%2Fgithub.com%2Fe3e0261f%2FRhys", kill_on_drop: false }`
[INFO] [stderr] Cloning into bare repository '/workspace/cache/git-repos/https%3A%2F%2Fgithub.com%2Fe3e0261f%2FRhys'...
[INFO] running `Command { std: "git" "rev-parse" "HEAD", kill_on_drop: false }`
[INFO] [stdout] 878116e8fccf2e203085c98734d995b1e6767c97
[INFO] checking e3e0261f/Rhys against 3154cc1a3e6424e44f438a95007d043ed5ceaaf6+rustflags=-Znext-solver=coherence for pr-133502-30
[INFO] running `Command { std: "git" "clone" "/workspace/cache/git-repos/https%3A%2F%2Fgithub.com%2Fe3e0261f%2FRhys" "/workspace/builds/worker-7-tc1/source", kill_on_drop: false }`
[INFO] [stderr] Cloning into '/workspace/builds/worker-7-tc1/source'...
[INFO] [stderr] done.
[INFO] started tweaking git repo https://github.com/e3e0261f/Rhys
[INFO] finished tweaking git repo https://github.com/e3e0261f/Rhys
[INFO] tweaked toml for git repo https://github.com/e3e0261f/Rhys written to /workspace/builds/worker-7-tc1/source/Cargo.toml
[INFO] validating manifest of git repo https://github.com/e3e0261f/Rhys on toolchain 3154cc1a3e6424e44f438a95007d043ed5ceaaf6
[INFO] running `Command { std: CARGO_HOME="/workspace/cargo-home" RUSTUP_HOME="/workspace/rustup-home" "/workspace/cargo-home/bin/cargo" "+3154cc1a3e6424e44f438a95007d043ed5ceaaf6" "metadata" "--manifest-path" "Cargo.toml" "--no-deps", kill_on_drop: false }`
[INFO] crate git repo https://github.com/e3e0261f/Rhys already has a lockfile, it will not be regenerated
[INFO] running `Command { std: CARGO_HOME="/workspace/cargo-home" RUSTUP_HOME="/workspace/rustup-home" "/workspace/cargo-home/bin/cargo" "+3154cc1a3e6424e44f438a95007d043ed5ceaaf6" "fetch" "--manifest-path" "Cargo.toml", kill_on_drop: false }`
[INFO] [stderr]     Updating crates.io index
[INFO] [stderr]  Downloading crates ...
[INFO] [stderr]   Downloaded http-range-header v0.3.1
[INFO] [stderr]   Downloaded chunked_transfer v0.3.1
[INFO] [stderr]   Downloaded tower-http v0.3.5
[INFO] [stderr]   Downloaded autocfg v0.1.8
[INFO] [stderr]   Downloaded tiny_http v0.6.4
[INFO] [stderr]   Downloaded typemap v0.3.3
[INFO] [stderr]   Downloaded mustache v0.9.0
[INFO] [stderr]   Downloaded typeable v0.1.2
[INFO] [stderr]   Downloaded rand_core v0.3.2
[INFO] [stderr]   Downloaded multipart v0.18.0
[INFO] [stderr]   Downloaded plugin v0.2.6
[INFO] [stderr]   Downloaded modifier v0.1.0
[INFO] [stderr]   Downloaded groupable v0.2.0
[INFO] [stderr]   Downloaded traitobject v0.1.1
[INFO] [stderr]   Downloaded iron v0.6.1
[INFO] [stderr]   Downloaded rand_core v0.4.3
[INFO] [stderr]   Downloaded unsafe-any v0.4.2
[INFO] [stderr]   Downloaded ascii v0.8.7
[INFO] [stderr]   Downloaded mime_guess v1.8.8
[INFO] [stderr]   Downloaded nickel v0.11.0
[INFO] [stderr]   Downloaded hyper v0.10.16
[INFO] running `Command { std: "docker" "create" "-v" "/var/lib/crater-agent-workspace/builds/worker-7-tc1/source:/opt/rustwide/workdir:ro,Z" "-v" "/var/lib/crater-agent-workspace/builds/worker-7-tc1/target:/opt/rustwide/target:rw,Z" "-v" "/var/lib/crater-agent-workspace/cargo-home:/opt/rustwide/cargo-home:ro,Z" "-v" "/var/lib/crater-agent-workspace/rustup-home:/opt/rustwide/rustup-home:ro,Z" "-m" "1610612736" "--network" "none" "ghcr.io/rust-lang/crates-build-env/linux@sha256:77db811e55d90add9212f6832c23229e3de5f1c1f9905e8cb07319ea15df73ac" "sleep" "infinity", kill_on_drop: false }`
[INFO] [stdout] e29ccbda5db9c25a68e5137b8adae713e4bbc8447244d927e802ec6697f7b118
[INFO] running `Command { std: "docker" "start" "e29ccbda5db9c25a68e5137b8adae713e4bbc8447244d927e802ec6697f7b118", kill_on_drop: false }`
[INFO] running `Command { std: "docker" "inspect" "e29ccbda5db9c25a68e5137b8adae713e4bbc8447244d927e802ec6697f7b118", kill_on_drop: false }`
[INFO] running `Command { std: "docker" "exec" "-e" "SOURCE_DIR=/opt/rustwide/workdir" "-e" "CARGO_HOME=/opt/rustwide/cargo-home" "-e" "RUSTUP_HOME=/opt/rustwide/rustup-home" "-e" "CARGO_TARGET_DIR=/opt/rustwide/target" "-w" "/opt/rustwide/workdir" "--user" "0:0" "e29ccbda5db9c25a68e5137b8adae713e4bbc8447244d927e802ec6697f7b118" "/opt/rustwide/cargo-home/bin/cargo" "+3154cc1a3e6424e44f438a95007d043ed5ceaaf6" "metadata" "--no-deps" "--format-version=1", kill_on_drop: false }`
[INFO] running `Command { std: "docker" "inspect" "e29ccbda5db9c25a68e5137b8adae713e4bbc8447244d927e802ec6697f7b118", kill_on_drop: false }`
[INFO] running `Command { std: "docker" "exec" "-e" "SOURCE_DIR=/opt/rustwide/workdir" "-e" "CARGO_HOME=/opt/rustwide/cargo-home" "-e" "RUSTUP_HOME=/opt/rustwide/rustup-home" "-e" "CARGO_TARGET_DIR=/opt/rustwide/target" "-e" "CARGO_INCREMENTAL=0" "-e" "RUST_BACKTRACE=full" "-e" "RUSTFLAGS=--cap-lints=forbid -Znext-solver=coherence" "-e" "RUSTDOCFLAGS=--cap-lints=forbid" "-w" "/opt/rustwide/workdir" "--user" "0:0" "e29ccbda5db9c25a68e5137b8adae713e4bbc8447244d927e802ec6697f7b118" "/opt/rustwide/cargo-home/bin/cargo" "+3154cc1a3e6424e44f438a95007d043ed5ceaaf6" "check" "--frozen" "--all" "--all-targets" "--message-format=json", kill_on_drop: false }`
[INFO] [stderr]    Compiling version_check v0.1.5
[INFO] [stderr]    Compiling rand_core v0.4.3
[INFO] [stderr]    Compiling serde_core v1.0.229
[INFO] [stderr]     Checking memchr v2.8.3
[INFO] [stderr]    Compiling autocfg v0.1.8
[INFO] [stderr]    Compiling siphasher v0.2.3
[INFO] [stderr]     Checking futures-task v0.3.34
[INFO] [stderr]     Checking log v0.3.9
[INFO] [stderr]     Checking matches v0.1.10
[INFO] [stderr]     Checking traitobject v0.1.1
[INFO] [stderr]     Checking percent-encoding v1.0.1
[INFO] [stderr]    Compiling zerocopy v0.8.56
[INFO] [stderr]    Compiling syn v2.0.119
[INFO] [stderr]     Checking safemem v0.3.3
[INFO] [stderr]     Checking tokio v1.53.1
[INFO] [stderr]    Compiling num-traits v0.2.19
[INFO] [stderr]    Compiling rand_pcg v0.1.2
[INFO] [stderr]    Compiling rand_chacha v0.1.1
[INFO] [stderr]    Compiling rand v0.6.5
[INFO] [stderr]     Checking idna v0.1.5
[INFO] [stderr]     Checking unsafe-any v0.4.2
[INFO] [stderr]     Checking mime v0.2.6
[INFO] [stderr]     Checking http v0.2.12
[INFO] [stderr]     Checking futures-util v0.3.34
[INFO] [stderr]     Checking typemap v0.3.3
[INFO] [stderr]     Checking base64 v0.9.3
[INFO] [stderr]    Compiling unicase v1.4.2
[INFO] [stderr]     Checking time v0.1.45
[INFO] [stderr]     Checking num_cpus v1.17.0
[INFO] [stderr]    Compiling rand_core v0.3.2
[INFO] [stderr]    Compiling rand_os v0.1.3
[INFO] [stderr]    Compiling rand_jitter v0.1.4
[INFO] [stderr]    Compiling rand_xorshift v0.1.1
[INFO] [stderr]    Compiling rand_hc v0.1.0
[INFO] [stderr]    Compiling rand_isaac v0.1.1
[INFO] [stderr]     Checking smallvec v1.16.0
[INFO] [stderr]     Checking language-tags v0.2.2
[INFO] [stderr]    Compiling phf_shared v0.7.24
[INFO] [stderr]     Checking aho-corasick v1.1.5
[INFO] [stderr]     Checking regex-syntax v0.8.11
[INFO] [stderr]     Checking typeable v0.1.2
[INFO] [stderr]    Compiling unicase v2.9.0
[INFO] [stderr]    Compiling phf v0.7.24
[INFO] [stderr]    Compiling multer v3.1.0
[INFO] [stderr]     Checking plugin v0.2.6
[INFO] [stderr]     Checking getrandom v0.4.3
[INFO] [stderr]     Checking modifier v0.1.0
[INFO] [stderr]     Checking indexmap v2.14.1
[INFO] [stderr]     Checking url v1.7.2
[INFO] [stderr]    Compiling mime_guess v2.0.5
[INFO] [stderr]     Checking http-body v0.4.6
[INFO] [stderr]     Checking encoding_rs v0.8.35
[INFO] [stderr]     Checking chunked_transfer v0.3.1
[INFO] [stderr]     Checking ascii v0.8.7
[INFO] [stderr]     Checking spin v0.9.9
[INFO] [stderr]     Checking groupable v0.2.0
[INFO] [stderr]    Compiling anyhow v1.0.104
[INFO] [stderr]     Checking tempfile v3.27.0
[INFO] [stderr]     Checking twoway v0.1.8
[INFO] [stderr]     Checking buf_redux v0.8.4
[INFO] [stderr]     Checking socket2 v0.5.10
[INFO] [stderr]     Checking http-range-header v0.3.1
[INFO] [stderr]     Checking quick-error v1.2.3
[INFO] [stderr]     Checking tracing-subscriber v0.3.23
[INFO] [stderr]     Checking hyper v0.10.16
[INFO] [stderr]     Checking uuid v1.26.0
[INFO] [stderr]     Checking chrono v0.4.45
[INFO] [stderr]    Compiling phf_generator v0.7.24
[INFO] [stderr]    Compiling phf_codegen v0.7.24
[INFO] [stderr]    Compiling mime_guess v1.8.8
[INFO] [stderr]     Checking tiny_http v0.6.4
[INFO] [stderr]     Checking tower-http v0.3.5
[INFO] [stderr]     Checking iron v0.6.1
[INFO] [stderr]     Checking regex-automata v0.4.18
[INFO] [stderr]     Checking serde v1.0.229
[INFO] [stderr]     Checking serde_json v1.0.151
[INFO] [stderr]     Checking serde_path_to_error v0.1.20
[INFO] [stderr]     Checking mustache v0.9.0
[INFO] [stderr]     Checking serde_urlencoded v0.7.1
[INFO] [stderr]    Compiling tracing-attributes v0.1.31
[INFO] [stderr]     Checking regex v1.13.1
[INFO] [stderr]     Checking nickel v0.11.0
[INFO] [stderr]     Checking tracing v0.1.44
[INFO] [stderr]     Checking hyper v1.11.1
[INFO] [stderr]     Checking tokio-util v0.7.19
[INFO] [stderr]     Checking tower v0.5.3
[INFO] [stderr]     Checking axum-core v0.4.5
[INFO] [stderr]     Checking tower v0.4.13
[INFO] [stderr]     Checking h2 v0.3.27
[INFO] [stderr]     Checking hyper-util v0.1.20
[INFO] [stderr]     Checking ppv-lite86 v0.2.21
[INFO] [stderr]     Checking rand_chacha v0.3.1
[INFO] [stderr]     Checking rand v0.8.8
[INFO] [stderr]     Checking axum v0.7.9
[INFO] [stderr]     Checking multipart v0.18.0
[INFO] [stderr]     Checking hyper v0.14.32
[INFO] [stderr]     Checking whisper_server v0.1.0 (/opt/rustwide/workdir)
[INFO] [stdout] error[E0277]: the trait bound `Router: Service<hyper::Request<hyper::Body>>` is not satisfied
[INFO] [stdout]    --> src/main.rs:51:16
[INFO] [stdout]     |
[INFO] [stdout]  51 |         .serve(make_svc)
[INFO] [stdout]     |          ----- ^^^^^^^^ the trait `Service<hyper::Request<hyper::Body>>` is not implemented for `Router`
[INFO] [stdout]     |          |
[INFO] [stdout]     |          required by a bound introduced by this call
[INFO] [stdout]     |
[INFO] [stdout] help: `Router` implements trait `Service<Request>`
[INFO] [stdout]    --> /opt/rustwide/cargo-home/registry/src/index.crates.io-1949cf8c6b5b557f/axum-0.7.9/src/routing/mod.rs:508:5
[INFO] [stdout]     |
[INFO] [stdout] 508 |       impl Service<IncomingStream<'_>> for Router<()> {
[INFO] [stdout]     |       ^^^^^^^^^^^^^^^^^^^^^^^^^^^^^^^^^^^^^^^^^^^^^^^ `Service<IncomingStream<'_>>`
[INFO] [stdout] ...
[INFO] [stdout] 525 | / impl<B> Service<Request<B>> for Router<()>
[INFO] [stdout] 526 | | where
[INFO] [stdout] 527 | |     B: HttpBody<Data = bytes::Bytes> + Send + 'static,
[INFO] [stdout] 528 | |     B::Error: Into<axum_core::BoxError>,
[INFO] [stdout]     | |________________________________________^ `Service<axum::http::Request<B>>`
[INFO] [stdout]     = note: required for `Router` to implement `hyper::service::http::HttpService<hyper::Body>`
[INFO] [stdout]     = note: required for `IntoMakeService<Router>` to implement `hyper::service::make::MakeServiceRef<AddrStream, hyper::Body>`
[INFO] [stdout] note: required by a bound in `hyper::server::Builder::<I, E>::serve`
[INFO] [stdout]    --> /opt/rustwide/cargo-home/registry/src/index.crates.io-1949cf8c6b5b557f/hyper-0.14.32/src/server/server.rs:582:12
[INFO] [stdout]     |
[INFO] [stdout] 242 | impl<I, E> Builder<I, E> {
[INFO] [stdout] ...
[INFO] [stdout] 577 |     pub fn serve<S, B>(self, make_service: S) -> Server<I, S, E>
[INFO] [stdout] ...
[INFO] [stdout] 582 |         S: MakeServiceRef<I::Conn, Body, ResBody = B>,
[INFO] [stdout]     |            ^^^^^^^^^^^^^^^^^^^^^^^^^^^^^^^^^^^^^^^^^^ required by this bound in `Builder::<I, E>::serve`
[INFO] [stdout] 
[INFO] [stdout] 
[INFO] [stdout] error[E0277]: the trait bound `Router: Service<hyper::Request<hyper::Body>>` is not satisfied
[INFO] [stdout]    --> src/main.rs:50:5
[INFO] [stdout]     |
[INFO] [stdout]  50 | /     hyper::Server::bind(&addr)
[INFO] [stdout]  51 | |         .serve(make_svc)
[INFO] [stdout]     | |________________________^ the trait `Service<hyper::Request<hyper::Body>>` is not implemented for `Router`
[INFO] [stdout]     |
[INFO] [stdout] help: `Router` implements trait `Service<Request>`
[INFO] [stdout]    --> /opt/rustwide/cargo-home/registry/src/index.crates.io-1949cf8c6b5b557f/axum-0.7.9/src/routing/mod.rs:508:5
[INFO] [stdout]     |
[INFO] [stdout] 508 |       impl Service<IncomingStream<'_>> for Router<()> {
[INFO] [stdout]     |       ^^^^^^^^^^^^^^^^^^^^^^^^^^^^^^^^^^^^^^^^^^^^^^^ `Service<IncomingStream<'_>>`
[INFO] [stdout] ...
[INFO] [stdout] 525 | / impl<B> Service<Request<B>> for Router<()>
[INFO] [stdout] 526 | | where
[INFO] [stdout] 527 | |     B: HttpBody<Data = bytes::Bytes> + Send + 'static,
[INFO] [stdout] 528 | |     B::Error: Into<axum_core::BoxError>,
[INFO] [stdout]     | |________________________________________^ `Service<axum::http::Request<B>>`
[INFO] [stdout]     = note: required for `Router` to implement `hyper::service::http::HttpService<hyper::Body>`
[INFO] [stdout] 
[INFO] [stdout] 
[INFO] [stdout] error[E0277]: the trait bound `Exec: NewSvcExec<AddrStream, _, Router, Exec, _>` is not satisfied
[INFO] [stdout]   --> src/main.rs:52:10
[INFO] [stdout]    |
[INFO] [stdout] 52 |         .await
[INFO] [stdout]    |          ^^^^^ unsatisfied trait bound
[INFO] [stdout]    |
[INFO] [stdout]    = help: the trait `hyper::common::exec::NewSvcExec<AddrStream, IntoMakeServiceFuture<Router>, Router, hyper::common::exec::Exec, server::server::NoopWatcher>` is not implemented for `hyper::common::exec::Exec`
[INFO] [stdout] help: the trait `hyper::common::exec::NewSvcExec<I, N, S, E, W>` is conditionally implemented for `hyper::common::exec::Exec`
[INFO] [stdout]   --> /opt/rustwide/cargo-home/registry/src/index.crates.io-1949cf8c6b5b557f/hyper-0.14.32/src/common/exec.rs:82:1
[INFO] [stdout]    |
[INFO] [stdout] 82 | / impl<I, N, S, E, W> NewSvcExec<I, N, S, E, W> for Exec
[INFO] [stdout] 83 | | where
[INFO] [stdout] 84 | |     NewSvcTask<I, N, S, E, W>: Future<Output = ()> + Send + 'static,
[INFO] [stdout]    | |                                       ----------- unsatisfied requirement introduced here: `<NewSvcTask<AddrStream, _, Router, Exec, _> as Future>::Output == ()`
[INFO] [stdout] 85 | |     S: HttpService<Body>,
[INFO] [stdout] 86 | |     W: Watcher<I, S, E>,
[INFO] [stdout]    | |________________________^
[INFO] [stdout]    = note: required for `Server<AddrIncoming, IntoMakeService<Router>>` to implement `std::future::Future`
[INFO] [stdout]    = note: required for `Server<AddrIncoming, IntoMakeService<Router>>` to implement `IntoFuture`
[INFO] [stdout]    = note: the full name for the type has been written to '/opt/rustwide/target/debug/build/whisper_server/2988b2aa75423789/out/whisper_server-2988b2aa75423789.long-type-5764572371521943278.txt'
[INFO] [stdout]    = note: consider using `--verbose` to print the full type name to the console
[INFO] [stdout] help: remove the `.await`
[INFO] [stdout]    |
[INFO] [stdout] 52 -         .await
[INFO] [stdout]    |
[INFO] [stdout] 
[INFO] [stdout] 
[INFO] [stdout] error[E0277]: the trait bound `Router: Service<hyper::Request<hyper::Body>>` is not satisfied
[INFO] [stdout]    --> src/main.rs:51:16
[INFO] [stdout]     |
[INFO] [stdout]  51 |         .serve(make_svc)
[INFO] [stdout]     |          ----- ^^^^^^^^ the trait `Service<hyper::Request<hyper::Body>>` is not implemented for `Router`
[INFO] [stdout]     |          |
[INFO] [stdout]     |          required by a bound introduced by this call
[INFO] [stdout]     |
[INFO] [stdout] help: `Router` implements trait `Service<Request>`
[INFO] [stdout]    --> /opt/rustwide/cargo-home/registry/src/index.crates.io-1949cf8c6b5b557f/axum-0.7.9/src/routing/mod.rs:508:5
[INFO] [stdout]     |
[INFO] [stdout] 508 |       impl Service<IncomingStream<'_>> for Router<()> {
[INFO] [stdout]     |       ^^^^^^^^^^^^^^^^^^^^^^^^^^^^^^^^^^^^^^^^^^^^^^^ `Service<IncomingStream<'_>>`
[INFO] [stdout] ...
[INFO] [stdout] 525 | / impl<B> Service<Request<B>> for Router<()>
[INFO] [stdout] 526 | | where
[INFO] [stdout] 527 | |     B: HttpBody<Data = bytes::Bytes> + Send + 'static,
[INFO] [stdout] 528 | |     B::Error: Into<axum_core::BoxError>,
[INFO] [stdout]     | |________________________________________^ `Service<axum::http::Request<B>>`
[INFO] [stdout]     = note: required for `Router` to implement `hyper::service::http::HttpService<hyper::Body>`
[INFO] [stdout]     = note: required for `IntoMakeService<Router>` to implement `hyper::service::make::MakeServiceRef<AddrStream, hyper::Body>`
[INFO] [stdout] note: required by a bound in `hyper::server::Builder::<I, E>::serve`
[INFO] [stdout]    --> /opt/rustwide/cargo-home/registry/src/index.crates.io-1949cf8c6b5b557f/hyper-0.14.32/src/server/server.rs:582:12
[INFO] [stdout]     |
[INFO] [stdout] 242 | impl<I, E> Builder<I, E> {
[INFO] [stdout] ...
[INFO] [stdout] 577 |     pub fn serve<S, B>(self, make_service: S) -> Server<I, S, E>
[INFO] [stdout] ...
[INFO] [stdout] 582 |         S: MakeServiceRef<I::Conn, Body, ResBody = B>,
[INFO] [stdout]     |            ^^^^^^^^^^^^^^^^^^^^^^^^^^^^^^^^^^^^^^^^^^ required by this bound in `Builder::<I, E>::serve`
[INFO] [stdout] 
[INFO] [stdout] 
[INFO] [stdout] error[E0277]: the trait bound `Router: Service<hyper::Request<hyper::Body>>` is not satisfied
[INFO] [stdout]    --> src/main.rs:50:5
[INFO] [stdout]     |
[INFO] [stdout]  50 | /     hyper::Server::bind(&addr)
[INFO] [stdout]  51 | |         .serve(make_svc)
[INFO] [stdout]     | |________________________^ the trait `Service<hyper::Request<hyper::Body>>` is not implemented for `Router`
[INFO] [stdout]     |
[INFO] [stdout] help: `Router` implements trait `Service<Request>`
[INFO] [stdout]    --> /opt/rustwide/cargo-home/registry/src/index.crates.io-1949cf8c6b5b557f/axum-0.7.9/src/routing/mod.rs:508:5
[INFO] [stdout]     |
[INFO] [stdout] 508 |       impl Service<IncomingStream<'_>> for Router<()> {
[INFO] [stdout]     |       ^^^^^^^^^^^^^^^^^^^^^^^^^^^^^^^^^^^^^^^^^^^^^^^ `Service<IncomingStream<'_>>`
[INFO] [stdout] ...
[INFO] [stdout] 525 | / impl<B> Service<Request<B>> for Router<()>
[INFO] [stdout] 526 | | where
[INFO] [stdout] 527 | |     B: HttpBody<Data = bytes::Bytes> + Send + 'static,
[INFO] [stdout] 528 | |     B::Error: Into<axum_core::BoxError>,
[INFO] [stdout]     | |________________________________________^ `Service<axum::http::Request<B>>`
[INFO] [stdout]     = note: required for `Router` to implement `hyper::service::http::HttpService<hyper::Body>`
[INFO] [stdout] 
[INFO] [stdout] 
[INFO] [stdout] error[E0277]: the trait bound `Exec: NewSvcExec<AddrStream, _, Router, Exec, _>` is not satisfied
[INFO] [stdout]   --> src/main.rs:52:10
[INFO] [stdout]    |
[INFO] [stdout] 52 |         .await
[INFO] [stdout]    |          ^^^^^ unsatisfied trait bound
[INFO] [stdout]    |
[INFO] [stdout]    = help: the trait `hyper::common::exec::NewSvcExec<AddrStream, IntoMakeServiceFuture<Router>, Router, hyper::common::exec::Exec, server::server::NoopWatcher>` is not implemented for `hyper::common::exec::Exec`
[INFO] [stdout] help: the trait `hyper::common::exec::NewSvcExec<I, N, S, E, W>` is conditionally implemented for `hyper::common::exec::Exec`
[INFO] [stdout]   --> /opt/rustwide/cargo-home/registry/src/index.crates.io-1949cf8c6b5b557f/hyper-0.14.32/src/common/exec.rs:82:1
[INFO] [stdout]    |
[INFO] [stdout] 82 | / impl<I, N, S, E, W> NewSvcExec<I, N, S, E, W> for Exec
[INFO] [stdout] 83 | | where
[INFO] [stdout] 84 | |     NewSvcTask<I, N, S, E, W>: Future<Output = ()> + Send + 'static,
[INFO] [stdout]    | |                                       ----------- unsatisfied requirement introduced here: `<NewSvcTask<AddrStream, _, Router, Exec, _> as Future>::Output == ()`
[INFO] [stdout] 85 | |     S: HttpService<Body>,
[INFO] [stdout] 86 | |     W: Watcher<I, S, E>,
[INFO] [stdout]    | |________________________^
[INFO] [stdout]    = note: required for `Server<AddrIncoming, IntoMakeService<Router>>` to implement `std::future::Future`
[INFO] [stdout]    = note: required for `Server<AddrIncoming, IntoMakeService<Router>>` to implement `IntoFuture`
[INFO] [stdout]    = note: the full name for the type has been written to '/opt/rustwide/target/debug/build/whisper_server/b454fc1612ca00e4/out/whisper_server-b454fc1612ca00e4.long-type-4018338513089413316.txt'
[INFO] [stdout]    = note: consider using `--verbose` to print the full type name to the console
[INFO] [stdout] help: remove the `.await`
[INFO] [stdout]    |
[INFO] [stdout] 52 -         .await
[INFO] [stdout]    |
[INFO] [stdout] 
[INFO] [stdout] 
[INFO] [stdout] For more information about this error, try `rustc --explain E0277`.
[INFO] [stdout] 
[INFO] [stderr] error: could not compile `whisper_server` (bin "whisper_server" test) due to 3 previous errors
[INFO] [stderr] warning: build failed, waiting for other jobs to finish...
[INFO] [stdout] For more information about this error, try `rustc --explain E0277`.
[INFO] [stdout] 
[INFO] [stderr] error: could not compile `whisper_server` (bin "whisper_server") due to 3 previous errors
[INFO] [stderr] warning: unused dependency `anyhow`
[INFO] [stderr]  --> Cargo.toml:2:1
[INFO] [stderr]   |
[INFO] [stderr] 2 | anyhow = "1.0"
[INFO] [stderr]   | ^^^^^^^^^^^^^^
[INFO] [stderr]   |
[INFO] [stderr]   = note: `cargo::unused_dependencies` is set to `warn` by default
[INFO] [stderr] help: consider removing the dependency on `anyhow`
[INFO] [stderr] warning: unused dependency `multipart`
[INFO] [stderr]  --> Cargo.toml:4:1
[INFO] [stderr]   |
[INFO] [stderr] 4 | multipart = "0.18"
[INFO] [stderr]   | ^^^^^^^^^^^^^^^^^^
[INFO] [stderr]   |
[INFO] [stderr] help: consider removing the dependency on `multipart`
[INFO] [stderr] warning: unused dependency `tower`
[INFO] [stderr]  --> Cargo.toml:6:1
[INFO] [stderr]   |
[INFO] [stderr] 6 | tower = "0.4"
[INFO] [stderr]   | ^^^^^^^^^^^^^
[INFO] [stderr]   |
[INFO] [stderr] help: consider removing the dependency on `tower`
[INFO] [stderr] warning: unused dependency `tower-http`
[INFO] [stderr]   --> Cargo.toml:25:15
[INFO] [stderr]    |
[INFO] [stderr] 25 | [dependencies.tower-http]
[INFO] [stderr]    |               ^^^^^^^^^^^
[INFO] [stderr]    |
[INFO] [stderr] help: consider removing the dependency on `tower-http`
[INFO] [stderr] warning: `whisper_server` (manifest) generated 4 warnings
[INFO] running `Command { std: "docker" "inspect" "e29ccbda5db9c25a68e5137b8adae713e4bbc8447244d927e802ec6697f7b118", kill_on_drop: false }`
[INFO] running `Command { std: "docker" "rm" "-f" "e29ccbda5db9c25a68e5137b8adae713e4bbc8447244d927e802ec6697f7b118", kill_on_drop: false }`
[INFO] [stdout] e29ccbda5db9c25a68e5137b8adae713e4bbc8447244d927e802ec6697f7b118
