[INFO] cloning repository https://github.com/dvallin/cadence
[INFO] running `Command { std: "git" "-c" "credential.helper=" "-c" "credential.helper=/workspace/cargo-home/bin/git-credential-null" "clone" "--bare" "https://github.com/dvallin/cadence" "/workspace/cache/git-repos/https%3A%2F%2Fgithub.com%2Fdvallin%2Fcadence", kill_on_drop: false }`
[INFO] [stderr] Cloning into bare repository '/workspace/cache/git-repos/https%3A%2F%2Fgithub.com%2Fdvallin%2Fcadence'...
[INFO] running `Command { std: "git" "rev-parse" "HEAD", kill_on_drop: false }`
[INFO] [stdout] e21f4480a6fef25fc7e42df917e92dc1bf019ea4
[INFO] checking dvallin/cadence against 3154cc1a3e6424e44f438a95007d043ed5ceaaf6+rustflags=-Znext-solver=coherence for pr-133502-30
[INFO] running `Command { std: "git" "clone" "/workspace/cache/git-repos/https%3A%2F%2Fgithub.com%2Fdvallin%2Fcadence" "/workspace/builds/worker-0-tc1/source", kill_on_drop: false }`
[INFO] [stderr] Cloning into '/workspace/builds/worker-0-tc1/source'...
[INFO] [stderr] done.
[INFO] started tweaking git repo https://github.com/dvallin/cadence
[INFO] finished tweaking git repo https://github.com/dvallin/cadence
[INFO] tweaked toml for git repo https://github.com/dvallin/cadence written to /workspace/builds/worker-0-tc1/source/Cargo.toml
[INFO] validating manifest of git repo https://github.com/dvallin/cadence on toolchain 3154cc1a3e6424e44f438a95007d043ed5ceaaf6
[INFO] running `Command { std: CARGO_HOME="/workspace/cargo-home" RUSTUP_HOME="/workspace/rustup-home" "/workspace/cargo-home/bin/cargo" "+3154cc1a3e6424e44f438a95007d043ed5ceaaf6" "metadata" "--manifest-path" "Cargo.toml" "--no-deps", kill_on_drop: false }`
[INFO] crate git repo https://github.com/dvallin/cadence already has a lockfile, it will not be regenerated
[INFO] running `Command { std: CARGO_HOME="/workspace/cargo-home" RUSTUP_HOME="/workspace/rustup-home" "/workspace/cargo-home/bin/cargo" "+3154cc1a3e6424e44f438a95007d043ed5ceaaf6" "fetch" "--manifest-path" "Cargo.toml", kill_on_drop: false }`
[INFO] running `Command { std: "docker" "create" "-v" "/var/lib/crater-agent-workspace/builds/worker-0-tc1/source:/opt/rustwide/workdir:ro,Z" "-v" "/var/lib/crater-agent-workspace/builds/worker-0-tc1/target:/opt/rustwide/target:rw,Z" "-v" "/var/lib/crater-agent-workspace/cargo-home:/opt/rustwide/cargo-home:ro,Z" "-v" "/var/lib/crater-agent-workspace/rustup-home:/opt/rustwide/rustup-home:ro,Z" "-m" "1610612736" "--network" "none" "ghcr.io/rust-lang/crates-build-env/linux@sha256:77db811e55d90add9212f6832c23229e3de5f1c1f9905e8cb07319ea15df73ac" "sleep" "infinity", kill_on_drop: false }`
[INFO] [stdout] 72e2a734c3abe644b8f83b4cd4987e12169bd7b85947a3930c0a80f246eb7d8b
[INFO] running `Command { std: "docker" "start" "72e2a734c3abe644b8f83b4cd4987e12169bd7b85947a3930c0a80f246eb7d8b", kill_on_drop: false }`
[INFO] running `Command { std: "docker" "inspect" "72e2a734c3abe644b8f83b4cd4987e12169bd7b85947a3930c0a80f246eb7d8b", kill_on_drop: false }`
[INFO] running `Command { std: "docker" "exec" "-e" "SOURCE_DIR=/opt/rustwide/workdir" "-e" "CARGO_HOME=/opt/rustwide/cargo-home" "-e" "RUSTUP_HOME=/opt/rustwide/rustup-home" "-e" "CARGO_TARGET_DIR=/opt/rustwide/target" "-w" "/opt/rustwide/workdir" "--user" "0:0" "72e2a734c3abe644b8f83b4cd4987e12169bd7b85947a3930c0a80f246eb7d8b" "/opt/rustwide/cargo-home/bin/cargo" "+3154cc1a3e6424e44f438a95007d043ed5ceaaf6" "metadata" "--no-deps" "--format-version=1", kill_on_drop: false }`
[INFO] running `Command { std: "docker" "inspect" "72e2a734c3abe644b8f83b4cd4987e12169bd7b85947a3930c0a80f246eb7d8b", kill_on_drop: false }`
[INFO] running `Command { std: "docker" "exec" "-e" "SOURCE_DIR=/opt/rustwide/workdir" "-e" "CARGO_HOME=/opt/rustwide/cargo-home" "-e" "RUSTUP_HOME=/opt/rustwide/rustup-home" "-e" "CARGO_TARGET_DIR=/opt/rustwide/target" "-e" "CARGO_INCREMENTAL=0" "-e" "RUST_BACKTRACE=full" "-e" "RUSTFLAGS=--cap-lints=forbid -Znext-solver=coherence" "-e" "RUSTDOCFLAGS=--cap-lints=forbid" "-w" "/opt/rustwide/workdir" "--user" "0:0" "72e2a734c3abe644b8f83b4cd4987e12169bd7b85947a3930c0a80f246eb7d8b" "/opt/rustwide/cargo-home/bin/cargo" "+3154cc1a3e6424e44f438a95007d043ed5ceaaf6" "check" "--frozen" "--all" "--all-targets" "--message-format=json", kill_on_drop: false }`
[INFO] [stderr]     Checking bytemuck v1.25.2
[INFO] [stderr]    Compiling zerocopy v0.8.54
[INFO] [stderr]    Compiling syn v3.0.2
[INFO] [stderr]    Compiling ahash v0.8.12
[INFO] [stderr]    Compiling darling_core v0.23.0
[INFO] [stderr]     Checking mio v1.2.2
[INFO] [stderr]    Compiling alsa-sys v0.4.0
[INFO] [stderr]     Checking strength_reduce v0.2.4
[INFO] [stderr]     Checking num-integer v0.1.46
[INFO] [stderr]     Checking num-complex v0.4.6
[INFO] [stderr]    Compiling libsqlite3-sys v0.28.0
[INFO] [stderr]    Compiling crossbeam-deque v0.8.7
[INFO] [stderr]     Checking dirs-sys v0.4.1
[INFO] [stderr]     Checking rustix v0.38.44
[INFO] [stderr]     Checking regex-automata v0.4.16
[INFO] [stderr]     Checking indexmap v2.14.0
[INFO] [stderr]    Compiling strum_macros v0.26.4
[INFO] [stderr]     Checking crossbeam-epoch v0.9.20
[INFO] [stderr]     Checking getrandom v0.4.3
[INFO] [stderr]    Compiling tracing-attributes v0.1.31
[INFO] [stderr]     Checking symphonia-core v0.5.5
[INFO] [stderr]     Checking extended v0.1.0
[INFO] [stderr]     Checking primal-check v0.3.4
[INFO] [stderr]     Checking transpose v0.2.3
[INFO] [stderr]     Checking signal-hook-mio v0.2.5
[INFO] [stderr]     Checking futures-core v0.3.33
[INFO] [stderr]     Checking winnow v0.7.15
[INFO] [stderr]    Compiling cpal v0.18.1
[INFO] [stderr]     Checking chrono v0.4.45
[INFO] [stderr]     Checking crossbeam-queue v0.3.13
[INFO] [stderr]     Checking rustfft v6.4.1
[INFO] [stderr]    Compiling tokio-macros v2.7.1
[INFO] [stderr]    Compiling thiserror-impl v1.0.69
[INFO] [stderr]     Checking alsa v0.11.0
[INFO] [stderr]     Checking symphonia-metadata v0.5.5
[INFO] [stderr]     Checking symphonia-codec-pcm v0.5.5
[INFO] [stderr]     Checking symphonia-codec-adpcm v0.5.5
[INFO] [stderr]     Checking crossterm v0.28.1
[INFO] [stderr]     Checking crossbeam-channel v0.5.16
[INFO] [stderr]     Checking socket2 v0.6.5
[INFO] [stderr]     Checking symphonia-utils-xiph v0.5.5
[INFO] [stderr]     Checking symphonia-bundle-flac v0.5.5
[INFO] [stderr]     Checking symphonia-format-ogg v0.5.5
[INFO] [stderr]     Checking tracing v0.1.44
[INFO] [stderr]     Checking symphonia-format-mkv v0.5.5
[INFO] [stderr]     Checking symphonia-codec-vorbis v0.5.5
[INFO] [stderr]     Checking symphonia-format-isomp4 v0.5.5
[INFO] [stderr]     Checking symphonia-format-riff v0.5.5
[INFO] [stderr]     Checking symphonia-bundle-mp3 v0.5.5
[INFO] [stderr]     Checking thread_local v1.1.10
[INFO] [stderr]     Checking dasp_sample v0.11.0
[INFO] [stderr]     Checking tokio v1.53.0
[INFO] [stderr]     Checking thiserror v1.0.69
[INFO] [stderr]     Checking crossbeam v0.8.4
[INFO] [stderr]     Checking rand v0.10.2
[INFO] [stderr]     Checking unicode-normalization v0.1.25
[INFO] [stderr]     Checking directories v5.0.1
[INFO] [stderr]     Checking dirs v5.0.1
[INFO] [stderr]     Checking strum v0.26.3
[INFO] [stderr]     Checking rtrb v0.3.4
[INFO] [stderr]     Checking tempfile v3.27.0
[INFO] [stderr]     Checking symphonia v0.5.5
[INFO] [stderr]    Compiling serde_derive v1.0.229
[INFO] [stderr]     Checking matchers v0.2.0
[INFO] [stderr]     Checking tracing-subscriber v0.3.23
[INFO] [stderr]    Compiling darling_macro v0.23.0
[INFO] [stderr]    Compiling darling v0.23.0
[INFO] [stderr]    Compiling instability v0.3.12
[INFO] [stderr]     Checking ratatui v0.29.0
[INFO] [stderr]     Checking hashbrown v0.14.5
[INFO] [stderr]     Checking serde v1.0.229
[INFO] [stderr]     Checking serde_spanned v0.6.9
[INFO] [stderr]     Checking toml_datetime v0.6.11
[INFO] [stderr]     Checking toml_edit v0.22.27
[INFO] [stderr]     Checking hashlink v0.9.1
[INFO] [stderr]     Checking realfft v3.5.0
[INFO] [stderr]     Checking rubato v0.14.1
[INFO] [stderr]     Checking toml v0.8.23
[INFO] [stderr]     Checking rusqlite v0.31.0
[INFO] [stderr]     Checking cadence v0.1.0 (/opt/rustwide/workdir)
[INFO] [stdout] error[E0609]: no field `up_next` on type `app::queue::QueueState`
[INFO] [stdout]    --> src/app/queue.rs:317:11
[INFO] [stdout]     |
[INFO] [stdout] 317 |         q.up_next.push_back(make_item(
[INFO] [stdout]     |           ^^^^^^^ unknown field
[INFO] [stdout]     |
[INFO] [stdout]     = note: available fields are: `current`, `items`, `history`, `repeat_mode`, `shuffle_seed`
[INFO] [stdout] 
[INFO] [stdout] 
[INFO] [stdout] error[E0609]: no field `explicit` on type `app::queue::QueueState`
[INFO] [stdout]    --> src/app/queue.rs:324:11
[INFO] [stdout]     |
[INFO] [stdout] 324 |         q.explicit
[INFO] [stdout]     |           ^^^^^^^^ unknown field
[INFO] [stdout]     |
[INFO] [stdout]     = note: available fields are: `current`, `items`, `history`, `repeat_mode`, `shuffle_seed`
[INFO] [stdout] 
[INFO] [stdout] 
[INFO] [stdout] error[E0609]: no field `up_next` on type `app::queue::QueueState`
[INFO] [stdout]    --> src/app/queue.rs:330:22
[INFO] [stdout]     |
[INFO] [stdout] 330 |         assert_eq!(q.up_next.len(), 0);
[INFO] [stdout]     |                      ^^^^^^^ unknown field
[INFO] [stdout]     |
[INFO] [stdout]     = note: available fields are: `current`, `items`, `history`, `repeat_mode`, `shuffle_seed`
[INFO] [stdout] 
[INFO] [stdout] 
[INFO] [stdout] error[E0609]: no field `explicit` on type `app::queue::QueueState`
[INFO] [stdout]    --> src/app/queue.rs:331:22
[INFO] [stdout]     |
[INFO] [stdout] 331 |         assert_eq!(q.explicit.len(), 1);
[INFO] [stdout]     |                      ^^^^^^^^ unknown field
[INFO] [stdout]     |
[INFO] [stdout]     = note: available fields are: `current`, `items`, `history`, `repeat_mode`, `shuffle_seed`
[INFO] [stdout] 
[INFO] [stdout] 
[INFO] [stdout] error[E0609]: no field `explicit` on type `app::queue::QueueState`
[INFO] [stdout]    --> src/app/queue.rs:338:11
[INFO] [stdout]     |
[INFO] [stdout] 338 |         q.explicit
[INFO] [stdout]     |           ^^^^^^^^ unknown field
[INFO] [stdout]     |
[INFO] [stdout]     = note: available fields are: `current`, `items`, `history`, `repeat_mode`, `shuffle_seed`
[INFO] [stdout] 
[INFO] [stdout] 
[INFO] [stdout] error[E0609]: no field `explicit` on type `app::queue::QueueState`
[INFO] [stdout]    --> src/app/queue.rs:344:22
[INFO] [stdout]     |
[INFO] [stdout] 344 |         assert_eq!(q.explicit.len(), 0);
[INFO] [stdout]     |                      ^^^^^^^^ unknown field
[INFO] [stdout]     |
[INFO] [stdout]     = note: available fields are: `current`, `items`, `history`, `repeat_mode`, `shuffle_seed`
[INFO] [stdout] 
[INFO] [stdout] 
[INFO] [stdout] error[E0609]: no field `explicit` on type `app::queue::QueueState`
[INFO] [stdout]    --> src/app/queue.rs:411:11
[INFO] [stdout]     |
[INFO] [stdout] 411 |         q.explicit
[INFO] [stdout]     |           ^^^^^^^^ unknown field
[INFO] [stdout]     |
[INFO] [stdout]     = note: available fields are: `current`, `items`, `history`, `repeat_mode`, `shuffle_seed`
[INFO] [stdout] 
[INFO] [stdout] 
[INFO] [stdout] error[E0609]: no field `explicit` on type `app::queue::QueueState`
[INFO] [stdout]    --> src/app/queue.rs:414:19
[INFO] [stdout]     |
[INFO] [stdout] 414 |         assert!(q.explicit.is_empty());
[INFO] [stdout]     |                   ^^^^^^^^ unknown field
[INFO] [stdout]     |
[INFO] [stdout]     = note: available fields are: `current`, `items`, `history`, `repeat_mode`, `shuffle_seed`
[INFO] [stdout] 
[INFO] [stdout] 
[INFO] [stdout] error[E0609]: no field `explicit` on type `app::queue::QueueState`
[INFO] [stdout]    --> src/app/queue.rs:420:11
[INFO] [stdout]     |
[INFO] [stdout] 420 |         q.explicit
[INFO] [stdout]     |           ^^^^^^^^ unknown field
[INFO] [stdout]     |
[INFO] [stdout]     = note: available fields are: `current`, `items`, `history`, `repeat_mode`, `shuffle_seed`
[INFO] [stdout] 
[INFO] [stdout] 
[INFO] [stdout] error[E0609]: no field `explicit` on type `app::queue::QueueState`
[INFO] [stdout]    --> src/app/queue.rs:422:11
[INFO] [stdout]     |
[INFO] [stdout] 422 |         q.explicit
[INFO] [stdout]     |           ^^^^^^^^ unknown field
[INFO] [stdout]     |
[INFO] [stdout]     = note: available fields are: `current`, `items`, `history`, `repeat_mode`, `shuffle_seed`
[INFO] [stdout] 
[INFO] [stdout] 
[INFO] [stdout] error[E0599]: no method named `remove_explicit` found for struct `app::queue::QueueState` in the current scope
[INFO] [stdout]    --> src/app/queue.rs:424:11
[INFO] [stdout]     |
[INFO] [stdout]  26 | pub struct QueueState {
[INFO] [stdout]     | --------------------- method `remove_explicit` not found for this struct
[INFO] [stdout] ...
[INFO] [stdout] 424 |         q.remove_explicit(0);
[INFO] [stdout]     |           ^^^^^^^^^^^^^^^
[INFO] [stdout]     |
[INFO] [stdout] help: there is a method `replace_explicit` with a similar name
[INFO] [stdout]     |
[INFO] [stdout] 424 -         q.remove_explicit(0);
[INFO] [stdout] 424 +         q.replace_explicit(0);
[INFO] [stdout]     |
[INFO] [stdout] 
[INFO] [stdout] 
[INFO] [stdout] error[E0609]: no field `explicit` on type `app::queue::QueueState`
[INFO] [stdout]    --> src/app/queue.rs:425:22
[INFO] [stdout]     |
[INFO] [stdout] 425 |         assert_eq!(q.explicit.len(), 1);
[INFO] [stdout]     |                      ^^^^^^^^ unknown field
[INFO] [stdout]     |
[INFO] [stdout]     = note: available fields are: `current`, `items`, `history`, `repeat_mode`, `shuffle_seed`
[INFO] [stdout] 
[INFO] [stdout] 
[INFO] [stdout] error[E0609]: no field `explicit` on type `app::queue::QueueState`
[INFO] [stdout]    --> src/app/queue.rs:426:22
[INFO] [stdout]     |
[INFO] [stdout] 426 |         assert_eq!(q.explicit[0].playable.display.title, "b");
[INFO] [stdout]     |                      ^^^^^^^^ unknown field
[INFO] [stdout]     |
[INFO] [stdout]     = note: available fields are: `current`, `items`, `history`, `repeat_mode`, `shuffle_seed`
[INFO] [stdout] 
[INFO] [stdout] 
[INFO] [stdout] error[E0609]: no field `explicit` on type `app::queue::QueueState`
[INFO] [stdout]    --> src/app/queue.rs:427:22
[INFO] [stdout]     |
[INFO] [stdout] 427 |         assert_eq!(q.explicit[0].position, 0);
[INFO] [stdout]     |                      ^^^^^^^^ unknown field
[INFO] [stdout]     |
[INFO] [stdout]     = note: available fields are: `current`, `items`, `history`, `repeat_mode`, `shuffle_seed`
[INFO] [stdout] 
[INFO] [stdout] 
[INFO] [stdout] error[E0609]: no field `explicit` on type `app::queue::QueueState`
[INFO] [stdout]    --> src/app/queue.rs:433:11
[INFO] [stdout]     |
[INFO] [stdout] 433 |         q.explicit
[INFO] [stdout]     |           ^^^^^^^^ unknown field
[INFO] [stdout]     |
[INFO] [stdout]     = note: available fields are: `current`, `items`, `history`, `repeat_mode`, `shuffle_seed`
[INFO] [stdout] 
[INFO] [stdout] 
[INFO] [stdout] error[E0609]: no field `explicit` on type `app::queue::QueueState`
[INFO] [stdout]    --> src/app/queue.rs:435:11
[INFO] [stdout]     |
[INFO] [stdout] 435 |         q.explicit
[INFO] [stdout]     |           ^^^^^^^^ unknown field
[INFO] [stdout]     |
[INFO] [stdout]     = note: available fields are: `current`, `items`, `history`, `repeat_mode`, `shuffle_seed`
[INFO] [stdout] 
[INFO] [stdout] 
[INFO] [stdout] error[E0609]: no field `explicit` on type `app::queue::QueueState`
[INFO] [stdout]    --> src/app/queue.rs:437:11
[INFO] [stdout]     |
[INFO] [stdout] 437 |         q.explicit
[INFO] [stdout]     |           ^^^^^^^^ unknown field
[INFO] [stdout]     |
[INFO] [stdout]     = note: available fields are: `current`, `items`, `history`, `repeat_mode`, `shuffle_seed`
[INFO] [stdout] 
[INFO] [stdout] 
[INFO] [stdout] error[E0599]: no method named `move_explicit_item` found for struct `app::queue::QueueState` in the current scope
[INFO] [stdout]    --> src/app/queue.rs:439:11
[INFO] [stdout]     |
[INFO] [stdout]  26 | pub struct QueueState {
[INFO] [stdout]     | --------------------- method `move_explicit_item` not found for this struct
[INFO] [stdout] ...
[INFO] [stdout] 439 |         q.move_explicit_item(2, 0);
[INFO] [stdout]     |           ^^^^^^^^^^^^^^^^^^
[INFO] [stdout]     |
[INFO] [stdout] help: there is a method `move_item` with a similar name
[INFO] [stdout]     |
[INFO] [stdout] 439 -         q.move_explicit_item(2, 0);
[INFO] [stdout] 439 +         q.move_item(2, 0);
[INFO] [stdout]     |
[INFO] [stdout] 
[INFO] [stdout] 
[INFO] [stdout] error[E0609]: no field `explicit` on type `app::queue::QueueState`
[INFO] [stdout]    --> src/app/queue.rs:440:22
[INFO] [stdout]     |
[INFO] [stdout] 440 |         assert_eq!(q.explicit[0].playable.display.title, "c");
[INFO] [stdout]     |                      ^^^^^^^^ unknown field
[INFO] [stdout]     |
[INFO] [stdout]     = note: available fields are: `current`, `items`, `history`, `repeat_mode`, `shuffle_seed`
[INFO] [stdout] 
[INFO] [stdout] 
[INFO] [stdout] error[E0609]: no field `explicit` on type `app::queue::QueueState`
[INFO] [stdout]    --> src/app/queue.rs:441:22
[INFO] [stdout]     |
[INFO] [stdout] 441 |         assert_eq!(q.explicit[1].playable.display.title, "a");
[INFO] [stdout]     |                      ^^^^^^^^ unknown field
[INFO] [stdout]     |
[INFO] [stdout]     = note: available fields are: `current`, `items`, `history`, `repeat_mode`, `shuffle_seed`
[INFO] [stdout] 
[INFO] [stdout] 
[INFO] [stdout] error[E0609]: no field `explicit` on type `app::queue::QueueState`
[INFO] [stdout]    --> src/app/queue.rs:442:22
[INFO] [stdout]     |
[INFO] [stdout] 442 |         assert_eq!(q.explicit[2].playable.display.title, "b");
[INFO] [stdout]     |                      ^^^^^^^^ unknown field
[INFO] [stdout]     |
[INFO] [stdout]     = note: available fields are: `current`, `items`, `history`, `repeat_mode`, `shuffle_seed`
[INFO] [stdout] 
[INFO] [stdout] 
[INFO] [stdout] error[E0599]: no method named `append_explicit` found for struct `app::queue::QueueState` in the current scope
[INFO] [stdout]    --> src/app/queue.rs:460:11
[INFO] [stdout]     |
[INFO] [stdout]  26 | pub struct QueueState {
[INFO] [stdout]     | --------------------- method `append_explicit` not found for this struct
[INFO] [stdout] ...
[INFO] [stdout] 460 |         q.append_explicit(vec![
[INFO] [stdout]     |           ^^^^^^^^^^^^^^^
[INFO] [stdout]     |
[INFO] [stdout] help: there is a method `clear_explicit` with a similar name, but with different arguments
[INFO] [stdout]    --> src/app/queue.rs:187:5
[INFO] [stdout]     |
[INFO] [stdout] 187 |     pub fn clear_explicit(&mut self) {
[INFO] [stdout]     |     ^^^^^^^^^^^^^^^^^^^^^^^^^^^^^^^^
[INFO] [stdout] 
[INFO] [stdout] 
[INFO] [stdout] error[E0599]: no method named `shuffle_explicit` found for struct `app::queue::QueueState` in the current scope
[INFO] [stdout]    --> src/app/queue.rs:465:11
[INFO] [stdout]     |
[INFO] [stdout]  26 | pub struct QueueState {
[INFO] [stdout]     | --------------------- method `shuffle_explicit` not found for this struct
[INFO] [stdout] ...
[INFO] [stdout] 465 |         q.shuffle_explicit(42);
[INFO] [stdout]     |           ^^^^^^^^^^^^^^^^ method not found in `app::queue::QueueState`
[INFO] [stdout] 
[INFO] [stdout] 
[INFO] [stdout] error[E0609]: no field `explicit` on type `app::queue::QueueState`
[INFO] [stdout]    --> src/app/queue.rs:466:22
[INFO] [stdout]     |
[INFO] [stdout] 466 |         assert_eq!(q.explicit.len(), 3);
[INFO] [stdout]     |                      ^^^^^^^^ unknown field
[INFO] [stdout]     |
[INFO] [stdout]     = note: available fields are: `current`, `items`, `history`, `repeat_mode`, `shuffle_seed`
[INFO] [stdout] 
[INFO] [stdout] 
[INFO] [stdout] error[E0609]: no field `explicit` on type `app::queue::QueueState`
[INFO] [stdout]    --> src/app/queue.rs:470:14
[INFO] [stdout]     |
[INFO] [stdout] 470 |             .explicit
[INFO] [stdout]     |              ^^^^^^^^ unknown field
[INFO] [stdout]     |
[INFO] [stdout]     = note: available fields are: `current`, `items`, `history`, `repeat_mode`, `shuffle_seed`
[INFO] [stdout] 
[INFO] [stdout] 
[INFO] [stdout] error[E0609]: no field `up_next` on type `app::queue::QueueState`
[INFO] [stdout]    --> src/app/queue.rs:480:11
[INFO] [stdout]     |
[INFO] [stdout] 480 |         q.up_next.push_back(make_item(
[INFO] [stdout]     |           ^^^^^^^ unknown field
[INFO] [stdout]     |
[INFO] [stdout]     = note: available fields are: `current`, `items`, `history`, `repeat_mode`, `shuffle_seed`
[INFO] [stdout] 
[INFO] [stdout] 
[INFO] [stdout] error[E0609]: no field `explicit` on type `app::queue::QueueState`
[INFO] [stdout]    --> src/app/queue.rs:487:11
[INFO] [stdout]     |
[INFO] [stdout] 487 |         q.explicit
[INFO] [stdout]     |           ^^^^^^^^ unknown field
[INFO] [stdout]     |
[INFO] [stdout]     = note: available fields are: `current`, `items`, `history`, `repeat_mode`, `shuffle_seed`
[INFO] [stdout] 
[INFO] [stdout] 
[INFO] [stdout] error[E0609]: no field `up_next` on type `app::queue::QueueState`
[INFO] [stdout]    --> src/app/queue.rs:499:11
[INFO] [stdout]     |
[INFO] [stdout] 499 |         q.up_next.push_back(make_item(
[INFO] [stdout]     |           ^^^^^^^ unknown field
[INFO] [stdout]     |
[INFO] [stdout]     = note: available fields are: `current`, `items`, `history`, `repeat_mode`, `shuffle_seed`
[INFO] [stdout] 
[INFO] [stdout] 
[INFO] [stdout] error[E0609]: no field `up_next` on type `app::queue::QueueState`
[INFO] [stdout]    --> src/app/queue.rs:520:11
[INFO] [stdout]     |
[INFO] [stdout] 520 |         q.up_next.push_back(make_item(
[INFO] [stdout]     |           ^^^^^^^ unknown field
[INFO] [stdout]     |
[INFO] [stdout]     = note: available fields are: `current`, `items`, `history`, `repeat_mode`, `shuffle_seed`
[INFO] [stdout] 
[INFO] [stdout] 
[INFO] [stdout] error[E0609]: no field `up_next` on type `app::queue::QueueState`
[INFO] [stdout]    --> src/app/queue.rs:535:22
[INFO] [stdout]     |
[INFO] [stdout] 535 |         assert_eq!(q.up_next.len(), 2);
[INFO] [stdout]     |                      ^^^^^^^ unknown field
[INFO] [stdout]     |
[INFO] [stdout]     = note: available fields are: `current`, `items`, `history`, `repeat_mode`, `shuffle_seed`
[INFO] [stdout] 
[INFO] [stdout] 
[INFO] [stdout] error[E0609]: no field `up_next` on type `app::queue::QueueState`
[INFO] [stdout]    --> src/app/queue.rs:536:22
[INFO] [stdout]     |
[INFO] [stdout] 536 |         assert_eq!(q.up_next[0].playable.display.title, "current");
[INFO] [stdout]     |                      ^^^^^^^ unknown field
[INFO] [stdout]     |
[INFO] [stdout]     = note: available fields are: `current`, `items`, `history`, `repeat_mode`, `shuffle_seed`
[INFO] [stdout] 
[INFO] [stdout] 
[INFO] [stdout] error[E0609]: no field `up_next` on type `app::queue::QueueState`
[INFO] [stdout]    --> src/app/queue.rs:537:22
[INFO] [stdout]     |
[INFO] [stdout] 537 |         assert_eq!(q.up_next[1].playable.display.title, "upnext");
[INFO] [stdout]     |                      ^^^^^^^ unknown field
[INFO] [stdout]     |
[INFO] [stdout]     = note: available fields are: `current`, `items`, `history`, `repeat_mode`, `shuffle_seed`
[INFO] [stdout] 
[INFO] [stdout] 
[INFO] [stdout] error[E0609]: no field `up_next` on type `app::queue::QueueState`
[INFO] [stdout]    --> src/app/queue.rs:566:11
[INFO] [stdout]     |
[INFO] [stdout] 566 |         q.up_next.push_back(make_item(
[INFO] [stdout]     |           ^^^^^^^ unknown field
[INFO] [stdout]     |
[INFO] [stdout]     = note: available fields are: `current`, `items`, `history`, `repeat_mode`, `shuffle_seed`
[INFO] [stdout] 
[INFO] [stdout] 
[INFO] [stdout] error[E0609]: no field `up_next` on type `app::queue::QueueState`
[INFO] [stdout]    --> src/app/queue.rs:573:11
[INFO] [stdout]     |
[INFO] [stdout] 573 |         q.up_next.push_back(make_item(
[INFO] [stdout]     |           ^^^^^^^ unknown field
[INFO] [stdout]     |
[INFO] [stdout]     = note: available fields are: `current`, `items`, `history`, `repeat_mode`, `shuffle_seed`
[INFO] [stdout] 
[INFO] [stdout] 
[INFO] [stdout] error[E0609]: no field `up_next` on type `app::queue::QueueState`
[INFO] [stdout]    --> src/app/queue.rs:600:22
[INFO] [stdout]     |
[INFO] [stdout] 600 |         assert_eq!(q.up_next[0].playable.display.title, "third");
[INFO] [stdout]     |                      ^^^^^^^ unknown field
[INFO] [stdout]     |
[INFO] [stdout]     = note: available fields are: `current`, `items`, `history`, `repeat_mode`, `shuffle_seed`
[INFO] [stdout] 
[INFO] [stdout] 
[INFO] [stdout] error[E0609]: no field `up_next` on type `app::queue::QueueState`
[INFO] [stdout]    --> src/app/queue.rs:605:22
[INFO] [stdout]     |
[INFO] [stdout] 605 |         assert_eq!(q.up_next[0].playable.display.title, "first");
[INFO] [stdout]     |                      ^^^^^^^ unknown field
[INFO] [stdout]     |
[INFO] [stdout]     = note: available fields are: `current`, `items`, `history`, `repeat_mode`, `shuffle_seed`
[INFO] [stdout] 
[INFO] [stdout] 
[INFO] [stdout] error[E0609]: no field `up_next` on type `app::queue::QueueState`
[INFO] [stdout]    --> src/app/queue.rs:606:22
[INFO] [stdout]     |
[INFO] [stdout] 606 |         assert_eq!(q.up_next[1].playable.display.title, "third");
[INFO] [stdout]     |                      ^^^^^^^ unknown field
[INFO] [stdout]     |
[INFO] [stdout]     = note: available fields are: `current`, `items`, `history`, `repeat_mode`, `shuffle_seed`
[INFO] [stdout] 
[INFO] [stdout] 
[INFO] [stdout] error[E0609]: no field `up_next` on type `app::queue::QueueState`
[INFO] [stdout]    --> src/app/queue.rs:616:11
[INFO] [stdout]     |
[INFO] [stdout] 616 |         q.up_next
[INFO] [stdout]     |           ^^^^^^^ unknown field
[INFO] [stdout]     |
[INFO] [stdout]     = note: available fields are: `current`, `items`, `history`, `repeat_mode`, `shuffle_seed`
[INFO] [stdout] 
[INFO] [stdout] 
[INFO] [stdout] error[E0609]: no field `up_next` on type `app::queue::QueueState`
[INFO] [stdout]    --> src/app/queue.rs:621:22
[INFO] [stdout]     |
[INFO] [stdout] 621 |         assert_eq!(q.up_next[0].playable.display.title, "second");
[INFO] [stdout]     |                      ^^^^^^^ unknown field
[INFO] [stdout]     |
[INFO] [stdout]     = note: available fields are: `current`, `items`, `history`, `repeat_mode`, `shuffle_seed`
[INFO] [stdout] 
[INFO] [stdout] 
[INFO] [stdout] error[E0609]: no field `up_next` on type `app::queue::QueueState`
[INFO] [stdout]    --> src/app/queue.rs:622:22
[INFO] [stdout]     |
[INFO] [stdout] 622 |         assert_eq!(q.up_next[1].playable.display.title, "third");
[INFO] [stdout]     |                      ^^^^^^^ unknown field
[INFO] [stdout]     |
[INFO] [stdout]     = note: available fields are: `current`, `items`, `history`, `repeat_mode`, `shuffle_seed`
[INFO] [stdout] 
[INFO] [stdout] 
[INFO] [stdout] error[E0609]: no field `up_next` on type `app::queue::QueueState`
[INFO] [stdout]    --> src/app/queue.rs:627:22
[INFO] [stdout]     |
[INFO] [stdout] 627 |         assert_eq!(q.up_next[0].playable.display.title, "third");
[INFO] [stdout]     |                      ^^^^^^^ unknown field
[INFO] [stdout]     |
[INFO] [stdout]     = note: available fields are: `current`, `items`, `history`, `repeat_mode`, `shuffle_seed`
[INFO] [stdout] 
[INFO] [stdout] 
[INFO] [stdout] error[E0609]: no field `explicit` on type `app::queue::QueueState`
[INFO] [stdout]     --> src/tests.rs:1248:21
[INFO] [stdout]      |
[INFO] [stdout] 1248 |         state.queue.explicit.push_back(item2.clone());
[INFO] [stdout]      |                     ^^^^^^^^ unknown field
[INFO] [stdout]      |
[INFO] [stdout]      = note: available fields are: `current`, `items`, `history`, `repeat_mode`, `shuffle_seed`
[INFO] [stdout] 
[INFO] [stdout] 
[INFO] [stdout] error[E0609]: no field `up_next` on type `app::queue::QueueState`
[INFO] [stdout]     --> src/tests.rs:1486:32
[INFO] [stdout]      |
[INFO] [stdout] 1486 |         assert_eq!(state.queue.up_next.len(), 2);
[INFO] [stdout]      |                                ^^^^^^^ unknown field
[INFO] [stdout]      |
[INFO] [stdout]      = note: available fields are: `current`, `items`, `history`, `repeat_mode`, `shuffle_seed`
[INFO] [stdout] 
[INFO] [stdout] 
[INFO] [stdout] error[E0609]: no field `up_next` on type `app::queue::QueueState`
[INFO] [stdout]     --> src/tests.rs:1489:14
[INFO] [stdout]      |
[INFO] [stdout] 1489 |             .up_next
[INFO] [stdout]      |              ^^^^^^^ unknown field
[INFO] [stdout]      |
[INFO] [stdout]      = note: available fields are: `current`, `items`, `history`, `repeat_mode`, `shuffle_seed`
[INFO] [stdout] 
[INFO] [stdout] 
[INFO] [stdout] error[E0609]: no field `explicit` on type `app::queue::QueueState`
[INFO] [stdout]     --> src/tests.rs:1584:32
[INFO] [stdout]      |
[INFO] [stdout] 1584 |         assert_eq!(state.queue.explicit.len(), 2);
[INFO] [stdout]      |                                ^^^^^^^^ unknown field
[INFO] [stdout]      |
[INFO] [stdout]      = note: available fields are: `current`, `items`, `history`, `repeat_mode`, `shuffle_seed`
[INFO] [stdout] 
[INFO] [stdout] 
[INFO] [stdout] error[E0609]: no field `explicit` on type `app::queue::QueueState`
[INFO] [stdout]     --> src/tests.rs:1587:14
[INFO] [stdout]      |
[INFO] [stdout] 1587 |             .explicit
[INFO] [stdout]      |              ^^^^^^^^ unknown field
[INFO] [stdout]      |
[INFO] [stdout]      = note: available fields are: `current`, `items`, `history`, `repeat_mode`, `shuffle_seed`
[INFO] [stdout] 
[INFO] [stdout] 
[INFO] [stdout] error[E0609]: no field `explicit` on type `app::queue::QueueState`
[INFO] [stdout]     --> src/tests.rs:1698:11
[INFO] [stdout]      |
[INFO] [stdout] 1698 |         q.explicit.push_back(crate::app::queue::QueueItem {
[INFO] [stdout]      |           ^^^^^^^^ unknown field
[INFO] [stdout]      |
[INFO] [stdout]      = note: available fields are: `current`, `items`, `history`, `repeat_mode`, `shuffle_seed`
[INFO] [stdout] 
[INFO] [stdout] 
[INFO] [stdout] error[E0599]: no method named `insert_after_current_explicit` found for struct `app::queue::QueueState` in the current scope
[INFO] [stdout]     --> src/tests.rs:1744:11
[INFO] [stdout]      |
[INFO] [stdout] 1744 |         q.insert_after_current_explicit(vec![new_item]);
[INFO] [stdout]      |           ^^^^^^^^^^^^^^^^^^^^^^^^^^^^^
[INFO] [stdout]      |
[INFO] [stdout]     ::: src/app/queue.rs:26:1
[INFO] [stdout]      |
[INFO] [stdout]   26 | pub struct QueueState {
[INFO] [stdout]      | --------------------- method `insert_after_current_explicit` not found for this struct
[INFO] [stdout]      |
[INFO] [stdout] help: there is a method `insert_after_current` with a similar name
[INFO] [stdout]      |
[INFO] [stdout] 1744 -         q.insert_after_current_explicit(vec![new_item]);
[INFO] [stdout] 1744 +         q.insert_after_current(vec![new_item]);
[INFO] [stdout]      |
[INFO] [stdout] 
[INFO] [stdout] 
[INFO] [stdout] error[E0609]: no field `explicit` on type `app::queue::QueueState`
[INFO] [stdout]     --> src/tests.rs:1746:22
[INFO] [stdout]      |
[INFO] [stdout] 1746 |         assert_eq!(q.explicit.len(), 2);
[INFO] [stdout]      |                      ^^^^^^^^ unknown field
[INFO] [stdout]      |
[INFO] [stdout]      = note: available fields are: `current`, `items`, `history`, `repeat_mode`, `shuffle_seed`
[INFO] [stdout] 
[INFO] [stdout] 
[INFO] [stdout] error[E0609]: no field `explicit` on type `app::queue::QueueState`
[INFO] [stdout]     --> src/tests.rs:1747:22
[INFO] [stdout]      |
[INFO] [stdout] 1747 |         assert_eq!(q.explicit[0].playable.display.title, "new");
[INFO] [stdout]      |                      ^^^^^^^^ unknown field
[INFO] [stdout]      |
[INFO] [stdout]      = note: available fields are: `current`, `items`, `history`, `repeat_mode`, `shuffle_seed`
[INFO] [stdout] 
[INFO] [stdout] 
[INFO] [stdout] error[E0609]: no field `explicit` on type `app::queue::QueueState`
[INFO] [stdout]     --> src/tests.rs:1748:22
[INFO] [stdout]      |
[INFO] [stdout] 1748 |         assert_eq!(q.explicit[1].playable.display.title, "existing");
[INFO] [stdout]      |                      ^^^^^^^^ unknown field
[INFO] [stdout]      |
[INFO] [stdout]      = note: available fields are: `current`, `items`, `history`, `repeat_mode`, `shuffle_seed`
[INFO] [stdout] 
[INFO] [stdout] 
[INFO] [stdout] error[E0609]: no field `explicit` on type `app::queue::QueueState`
[INFO] [stdout]     --> src/tests.rs:1754:11
[INFO] [stdout]      |
[INFO] [stdout] 1754 |         q.explicit.push_back(crate::app::queue::QueueItem {
[INFO] [stdout]      |           ^^^^^^^^ unknown field
[INFO] [stdout]      |
[INFO] [stdout]      = note: available fields are: `current`, `items`, `history`, `repeat_mode`, `shuffle_seed`
[INFO] [stdout] 
[INFO] [stdout] 
[INFO] [stdout] error[E0599]: no method named `insert_after_current_explicit` found for struct `app::queue::QueueState` in the current scope
[INFO] [stdout]     --> src/tests.rs:1800:11
[INFO] [stdout]      |
[INFO] [stdout] 1800 |         q.insert_after_current_explicit(vec![new_item]);
[INFO] [stdout]      |           ^^^^^^^^^^^^^^^^^^^^^^^^^^^^^
[INFO] [stdout]      |
[INFO] [stdout]     ::: src/app/queue.rs:26:1
[INFO] [stdout]      |
[INFO] [stdout]   26 | pub struct QueueState {
[INFO] [stdout]      | --------------------- method `insert_after_current_explicit` not found for this struct
[INFO] [stdout]      |
[INFO] [stdout] help: there is a method `insert_after_current` with a similar name
[INFO] [stdout]      |
[INFO] [stdout] 1800 -         q.insert_after_current_explicit(vec![new_item]);
[INFO] [stdout] 1800 +         q.insert_after_current(vec![new_item]);
[INFO] [stdout]      |
[INFO] [stdout] 
[INFO] [stdout] 
[INFO] [stdout] error[E0609]: no field `explicit` on type `app::queue::QueueState`
[INFO] [stdout]     --> src/tests.rs:1802:22
[INFO] [stdout]      |
[INFO] [stdout] 1802 |         assert_eq!(q.explicit.len(), 2);
[INFO] [stdout]      |                      ^^^^^^^^ unknown field
[INFO] [stdout]      |
[INFO] [stdout]      = note: available fields are: `current`, `items`, `history`, `repeat_mode`, `shuffle_seed`
[INFO] [stdout] 
[INFO] [stdout] 
[INFO] [stdout] error[E0609]: no field `explicit` on type `app::queue::QueueState`
[INFO] [stdout]     --> src/tests.rs:1803:22
[INFO] [stdout]      |
[INFO] [stdout] 1803 |         assert_eq!(q.explicit[0].playable.display.title, "existing");
[INFO] [stdout]      |                      ^^^^^^^^ unknown field
[INFO] [stdout]      |
[INFO] [stdout]      = note: available fields are: `current`, `items`, `history`, `repeat_mode`, `shuffle_seed`
[INFO] [stdout] 
[INFO] [stdout] 
[INFO] [stdout] error[E0609]: no field `explicit` on type `app::queue::QueueState`
[INFO] [stdout]     --> src/tests.rs:1804:22
[INFO] [stdout]      |
[INFO] [stdout] 1804 |         assert_eq!(q.explicit[1].playable.display.title, "new");
[INFO] [stdout]      |                      ^^^^^^^^ unknown field
[INFO] [stdout]      |
[INFO] [stdout]      = note: available fields are: `current`, `items`, `history`, `repeat_mode`, `shuffle_seed`
[INFO] [stdout] 
[INFO] [stdout] 
[INFO] [stdout] error[E0609]: no field `up_next` on type `app::queue::QueueState`
[INFO] [stdout]     --> src/tests.rs:1898:32
[INFO] [stdout]      |
[INFO] [stdout] 1898 |         assert_eq!(state.queue.up_next.len(), 1);
[INFO] [stdout]      |                                ^^^^^^^ unknown field
[INFO] [stdout]      |
[INFO] [stdout]      = note: available fields are: `current`, `items`, `history`, `repeat_mode`, `shuffle_seed`
[INFO] [stdout] 
[INFO] [stdout] 
[INFO] [stdout] error[E0609]: no field `up_next` on type `app::queue::QueueState`
[INFO] [stdout]     --> src/tests.rs:1899:32
[INFO] [stdout]      |
[INFO] [stdout] 1899 |         assert_eq!(state.queue.up_next[0].playable.path, path2);
[INFO] [stdout]      |                                ^^^^^^^ unknown field
[INFO] [stdout]      |
[INFO] [stdout]      = note: available fields are: `current`, `items`, `history`, `repeat_mode`, `shuffle_seed`
[INFO] [stdout] 
[INFO] [stdout] 
[INFO] [stdout] warning: unused variable: `total_frames`
[INFO] [stdout]     --> src/playback/audio_thread.rs:1274:13
[INFO] [stdout]      |
[INFO] [stdout] 1274 |         let total_frames = output.len() / output_channels;
[INFO] [stdout]      |             ^^^^^^^^^^^^ help: if this is intentional, prefix it with an underscore: `_total_frames`
[INFO] [stdout]      |
[INFO] [stdout]      = note: `#[warn(unused_variables)]` (part of `#[warn(unused)]`) on by default
[INFO] [stdout] 
[INFO] [stdout] 
[INFO] [stdout] Some errors have detailed explanations: E0599, E0609.
[INFO] [stdout] 
[INFO] [stdout] For more information about an error, try `rustc --explain E0599`.
[INFO] [stdout] 
[INFO] [stderr] error: could not compile `cadence` (lib test) due to 58 previous errors; 1 warning emitted
[INFO] [stderr] warning: unused dependency `crossbeam`
[INFO] [stderr]  --> Cargo.toml:5:1
[INFO] [stderr]   |
[INFO] [stderr] 5 | crossbeam = "0.8"
[INFO] [stderr]   | ^^^^^^^^^^^^^^^^^
[INFO] [stderr]   |
[INFO] [stderr]   = note: `cargo::unused_dependencies` is set to `warn` by default
[INFO] [stderr] help: consider removing the dependency on `crossbeam`
[INFO] [stderr] warning: `cadence` (manifest) generated 1 warning
[INFO] running `Command { std: "docker" "inspect" "72e2a734c3abe644b8f83b4cd4987e12169bd7b85947a3930c0a80f246eb7d8b", kill_on_drop: false }`
[INFO] running `Command { std: "docker" "rm" "-f" "72e2a734c3abe644b8f83b4cd4987e12169bd7b85947a3930c0a80f246eb7d8b", kill_on_drop: false }`
[INFO] [stdout] 72e2a734c3abe644b8f83b4cd4987e12169bd7b85947a3930c0a80f246eb7d8b
