[INFO] cloning repository https://github.com/dutraspk/fullstack
[INFO] running `Command { std: "git" "-c" "credential.helper=" "-c" "credential.helper=/workspace/cargo-home/bin/git-credential-null" "clone" "--bare" "https://github.com/dutraspk/fullstack" "/workspace/cache/git-repos/https%3A%2F%2Fgithub.com%2Fdutraspk%2Ffullstack", kill_on_drop: false }`
[INFO] [stderr] Cloning into bare repository '/workspace/cache/git-repos/https%3A%2F%2Fgithub.com%2Fdutraspk%2Ffullstack'...
[INFO] running `Command { std: "git" "rev-parse" "HEAD", kill_on_drop: false }`
[INFO] [stdout] 91758feeb5ccaa1461b82dcb3c495eee38ede8a5
[INFO] checking dutraspk/fullstack against 3154cc1a3e6424e44f438a95007d043ed5ceaaf6 for pr-133502-30
[INFO] running `Command { std: "git" "clone" "/workspace/cache/git-repos/https%3A%2F%2Fgithub.com%2Fdutraspk%2Ffullstack" "/workspace/builds/worker-1-tc2/source", kill_on_drop: false }`
[INFO] [stderr] Cloning into '/workspace/builds/worker-1-tc2/source'...
[INFO] [stderr] done.
[INFO] started tweaking git repo https://github.com/dutraspk/fullstack
[INFO] finished tweaking git repo https://github.com/dutraspk/fullstack
[INFO] tweaked toml for git repo https://github.com/dutraspk/fullstack written to /workspace/builds/worker-1-tc2/source/Cargo.toml
[INFO] validating manifest of git repo https://github.com/dutraspk/fullstack on toolchain 3154cc1a3e6424e44f438a95007d043ed5ceaaf6
[INFO] running `Command { std: CARGO_HOME="/workspace/cargo-home" RUSTUP_HOME="/workspace/rustup-home" "/workspace/cargo-home/bin/cargo" "+3154cc1a3e6424e44f438a95007d043ed5ceaaf6" "metadata" "--manifest-path" "Cargo.toml" "--no-deps", kill_on_drop: false }`
[INFO] crate git repo https://github.com/dutraspk/fullstack already has a lockfile, it will not be regenerated
[INFO] running `Command { std: CARGO_HOME="/workspace/cargo-home" RUSTUP_HOME="/workspace/rustup-home" "/workspace/cargo-home/bin/cargo" "+3154cc1a3e6424e44f438a95007d043ed5ceaaf6" "fetch" "--manifest-path" "Cargo.toml", kill_on_drop: false }`
[INFO] running `Command { std: "docker" "create" "-v" "/var/lib/crater-agent-workspace/builds/worker-1-tc2/source:/opt/rustwide/workdir:ro,Z" "-v" "/var/lib/crater-agent-workspace/builds/worker-1-tc2/target:/opt/rustwide/target:rw,Z" "-v" "/var/lib/crater-agent-workspace/cargo-home:/opt/rustwide/cargo-home:ro,Z" "-v" "/var/lib/crater-agent-workspace/rustup-home:/opt/rustwide/rustup-home:ro,Z" "-m" "1610612736" "--network" "none" "ghcr.io/rust-lang/crates-build-env/linux@sha256:77db811e55d90add9212f6832c23229e3de5f1c1f9905e8cb07319ea15df73ac" "sleep" "infinity", kill_on_drop: false }`
[INFO] [stdout] b8677abed381b97947c7458aabc2a9250392d45e907b3b5b0e52d5ace9a56f91
[INFO] running `Command { std: "docker" "start" "b8677abed381b97947c7458aabc2a9250392d45e907b3b5b0e52d5ace9a56f91", kill_on_drop: false }`
[INFO] running `Command { std: "docker" "inspect" "b8677abed381b97947c7458aabc2a9250392d45e907b3b5b0e52d5ace9a56f91", kill_on_drop: false }`
[INFO] running `Command { std: "docker" "exec" "-e" "SOURCE_DIR=/opt/rustwide/workdir" "-e" "CARGO_HOME=/opt/rustwide/cargo-home" "-e" "RUSTUP_HOME=/opt/rustwide/rustup-home" "-e" "CARGO_TARGET_DIR=/opt/rustwide/target" "-w" "/opt/rustwide/workdir" "--user" "0:0" "b8677abed381b97947c7458aabc2a9250392d45e907b3b5b0e52d5ace9a56f91" "/opt/rustwide/cargo-home/bin/cargo" "+3154cc1a3e6424e44f438a95007d043ed5ceaaf6" "metadata" "--no-deps" "--format-version=1", kill_on_drop: false }`
[INFO] running `Command { std: "docker" "inspect" "b8677abed381b97947c7458aabc2a9250392d45e907b3b5b0e52d5ace9a56f91", kill_on_drop: false }`
[INFO] running `Command { std: "docker" "exec" "-e" "SOURCE_DIR=/opt/rustwide/workdir" "-e" "CARGO_HOME=/opt/rustwide/cargo-home" "-e" "RUSTUP_HOME=/opt/rustwide/rustup-home" "-e" "CARGO_TARGET_DIR=/opt/rustwide/target" "-e" "CARGO_INCREMENTAL=0" "-e" "RUST_BACKTRACE=full" "-e" "RUSTFLAGS=--cap-lints=forbid" "-e" "RUSTDOCFLAGS=--cap-lints=forbid" "-w" "/opt/rustwide/workdir" "--user" "0:0" "b8677abed381b97947c7458aabc2a9250392d45e907b3b5b0e52d5ace9a56f91" "/opt/rustwide/cargo-home/bin/cargo" "+3154cc1a3e6424e44f438a95007d043ed5ceaaf6" "check" "--frozen" "--all" "--all-targets" "--message-format=json", kill_on_drop: false }`
[INFO] [stderr]    Compiling serde_core v1.0.229
[INFO] [stderr]     Checking generic-array v0.14.9
[INFO] [stderr]    Compiling zerovec-derive v0.11.6
[INFO] [stderr]     Checking serde v1.0.229
[INFO] [stderr]    Compiling stable_deref_trait v1.2.1
[INFO] [stderr]    Compiling zerofrom v0.1.8
[INFO] [stderr]     Checking base64ct v1.8.3
[INFO] [stderr]    Compiling serde_json v1.0.151
[INFO] [stderr]     Checking tracing v0.1.44
[INFO] [stderr]    Compiling yoke v0.8.3
[INFO] [stderr]    Compiling tokio-macros v2.7.2
[INFO] [stderr]    Compiling thiserror-impl v2.0.20
[INFO] [stderr]     Checking pem-rfc7468 v0.7.0
[INFO] [stderr]    Compiling zerotrie v0.2.5
[INFO] [stderr]     Checking der v0.7.10
[INFO] [stderr]     Checking smallvec v1.15.2
[INFO] [stderr]    Compiling digest v0.10.7
[INFO] [stderr]     Checking crypto-common v0.1.6
[INFO] [stderr]     Checking block-buffer v0.10.4
[INFO] [stderr]    Compiling clang-sys v1.9.1
[INFO] [stderr]     Checking tokio v1.53.1
[INFO] [stderr]     Checking hmac v0.12.1
[INFO] [stderr]     Checking sha2 v0.10.9
[INFO] [stderr]    Compiling futures-core v0.3.34
[INFO] [stderr]     Checking hkdf v0.12.4
[INFO] [stderr]     Checking ff v0.13.1
[INFO] [stderr]    Compiling regex-syntax v0.8.11
[INFO] [stderr]    Compiling zerovec v0.11.8
[INFO] [stderr]     Checking group v0.13.0
[INFO] [stderr]    Compiling nom v7.1.3
[INFO] [stderr]     Checking spki v0.7.3
[INFO] [stderr]     Checking pkcs8 v0.10.2
[INFO] [stderr]     Checking crypto-bigint v0.5.5
[INFO] [stderr]     Checking sec1 v0.7.3
[INFO] [stderr]    Compiling getrandom v0.2.17
[INFO] [stderr]    Compiling futures-sink v0.3.34
[INFO] [stderr]    Compiling tinystr v0.8.4
[INFO] [stderr]    Compiling potential_utf v0.1.6
[INFO] [stderr]    Compiling icu_locale_core v2.3.0
[INFO] [stderr]    Compiling icu_collections v2.3.0
[INFO] [stderr]    Compiling regex-automata v0.4.18
[INFO] [stderr]    Compiling icu_provider v2.3.1
[INFO] [stderr]    Compiling icu_properties v2.3.0
[INFO] [stderr]    Compiling tinyvec_macros v0.1.1
[INFO] [stderr]    Compiling bindgen v0.72.1
[INFO] [stderr]     Checking futures-util v0.3.34
[INFO] [stderr]     Checking icu_normalizer v2.3.0
[INFO] [stderr]    Compiling form_urlencoded v1.2.2
[INFO] [stderr]    Compiling tinyvec v1.12.0
[INFO] [stderr]    Compiling either v1.18.0
[INFO] [stderr]    Compiling parking_lot_core v0.9.12
[INFO] [stderr]    Compiling parking_lot v0.12.5
[INFO] [stderr]    Compiling idna_adapter v1.2.2
[INFO] [stderr]    Compiling itertools v0.13.0
[INFO] [stderr]    Compiling idna v1.1.0
[INFO] [stderr]     Checking elliptic-curve v0.13.8
[INFO] [stderr]    Compiling cexpr v0.6.0
[INFO] [stderr]    Compiling regex v1.13.1
[INFO] [stderr]    Compiling rand_core v0.6.4
[INFO] [stderr]    Compiling futures-io v0.3.34
[INFO] [stderr]    Compiling futures-task v0.3.34
[INFO] [stderr]     Checking rand v0.8.7
[INFO] [stderr]    Compiling rand_chacha v0.3.1
[INFO] [stderr]    Compiling url v2.5.8
[INFO] [stderr]    Compiling futures-intrusive v0.5.0
[INFO] [stderr]    Compiling unicode-normalization v0.1.25
[INFO] [stderr]    Compiling cmake v0.1.58
[INFO] [stderr]    Compiling thiserror v2.0.20
[INFO] [stderr]     Checking rfc6979 v0.4.0
[INFO] [stderr]     Checking signature v2.2.0
[INFO] [stderr]    Compiling fslock v0.2.1
[INFO] [stderr]    Compiling base64 v0.22.1
[INFO] [stderr]    Compiling unicode-properties v0.1.4
[INFO] [stderr]    Compiling unicode-bidi v0.3.18
[INFO] [stderr]     Checking ecdsa v0.16.9
[INFO] [stderr]    Compiling atoi v2.0.0
[INFO] [stderr]    Compiling futures-channel v0.3.34
[INFO] [stderr]    Compiling stringprep v0.1.5
[INFO] [stderr]    Compiling md-5 v0.10.6
[INFO] [stderr]     Checking tracing-log v0.2.0
[INFO] [stderr]    Compiling winnow v1.0.4
[INFO] [stderr]     Checking sync_wrapper v1.0.2
[INFO] [stderr]    Compiling whoami v1.6.1
[INFO] [stderr]    Compiling byteorder v1.5.0
[INFO] [stderr]    Compiling dotenvy v0.15.7
[INFO] [stderr]    Compiling owo-colors v4.3.0
[INFO] [stderr]    Compiling home v0.5.12
[INFO] [stderr]    Compiling getrandom v0.4.3
[INFO] [stderr]    Compiling hex v0.4.3
[INFO] [stderr]     Checking crc-catalog v2.5.0
[INFO] [stderr]     Checking crc v3.4.0
[INFO] [stderr]    Compiling time-macros v0.2.32
[INFO] [stderr]     Checking hyper v1.11.0
[INFO] [stderr]     Checking tracing-subscriber v0.3.23
[INFO] [stderr]    Compiling tokio-stream v0.1.19
[INFO] [stderr]    Compiling askama_parser v0.15.6
[INFO] [stderr]     Checking crossbeam-queue v0.3.13
[INFO] [stderr]     Checking hashlink v0.10.0
[INFO] [stderr]    Compiling sqlx-core v0.8.6
[INFO] [stderr]     Checking primeorder v0.13.6
[INFO] [stderr]    Compiling basic-toml v0.1.10
[INFO] [stderr]    Compiling eyre v0.6.14
[INFO] [stderr]     Checking deranged v0.5.8
[INFO] [stderr]    Compiling foreign-types-macros v0.2.4
[INFO] [stderr]    Compiling cookie v0.18.2
[INFO] [stderr]     Checking foreign-types-shared v0.3.1
[INFO] [stderr]    Compiling color-spantrace v0.3.0
[INFO] [stderr]     Checking addr2line v0.25.1
[INFO] [stderr]     Checking foreign-types v0.5.0
[INFO] [stderr]     Checking axum-core v0.5.6
[INFO] [stderr]     Checking miniz_oxide v0.8.9
[INFO] [stderr]     Checking serde_urlencoded v0.7.1
[INFO] [stderr]     Checking tracing-error v0.2.1
[INFO] [stderr]     Checking hyper-util v0.1.20
[INFO] [stderr]     Checking object v0.37.3
[INFO] [stderr]     Checking time v0.3.55
[INFO] [stderr]     Checking tower v0.5.3
[INFO] [stderr]     Checking blake2 v0.10.6
[INFO] [stderr]    Compiling sqlx-postgres v0.8.6
[INFO] [stderr]    Compiling askama_derive v0.15.6
[INFO] [stderr]     Checking password-hash v0.5.0
[INFO] [stderr]    Compiling axum-macros v0.5.1
[INFO] [stderr]    Compiling openssl-macros v0.1.1
[INFO] [stderr]     Checking indenter v0.3.4
[INFO] [stderr]     Checking ct-codecs v1.1.7
[INFO] [stderr]     Checking blake2b_simd v1.0.5
[INFO] [stderr]     Checking ed25519-compact v2.4.2
[INFO] [stderr]    Compiling boring-sys v5.2.0
[INFO] [stderr]     Checking argon2 v0.5.3
[INFO] [stderr]     Checking p384 v0.13.1
[INFO] [stderr]     Checking p256 v0.13.2
[INFO] [stderr]     Checking backtrace v0.3.76
[INFO] [stderr]     Checking k256 v0.13.4
[INFO] [stderr]     Checking hmac-sha256 v1.1.14
[INFO] [stderr]     Checking hmac-sha512 v1.1.12
[INFO] [stderr]     Checking coarsetime v0.1.37
[INFO] [stderr]     Checking binstring v0.1.7
[INFO] [stderr]     Checking axum v0.8.9
[INFO] [stderr]     Checking hmac-sha1-compact v1.1.7
[INFO] [stderr]     Checking color-eyre v0.6.5
[INFO] [stderr]     Checking password-auth v1.0.0
[INFO] [stderr]     Checking dotenv v0.15.0
[INFO] [stderr]    Compiling askama_macros v0.15.6
[INFO] [stderr]     Checking askama v0.15.6
[INFO] [stderr]    Compiling sqlx-macros-core v0.8.6
[INFO] [stderr]    Compiling sqlx-macros v0.8.6
[INFO] [stderr]     Checking sqlx v0.8.6
[INFO] [stderr]     Checking axum-extra v0.12.6
[INFO] [stderr]     Checking boring v5.2.0
[INFO] [stderr]     Checking jwt-simple v0.12.17
[INFO] [stderr]     Checking fullstack v0.1.0 (/opt/rustwide/workdir)
[INFO] [stdout] error[E0425]: cannot find value `Update_asset` in this scope
[INFO] [stdout]   --> src/routes/api.rs:14:69
[INFO] [stdout]    |
[INFO] [stdout] 14 |         .route("/assets", get(list_assets).post(create_asset).patch(Update_asset))
[INFO] [stdout]    |                                                                     ^^^^^^^^^^^^ not found in this scope
[INFO] [stdout]    |
[INFO] [stdout] note: similarly named function `update_asset` defined here
[INFO] [stdout]   --> src/routes/api.rs:63:1
[INFO] [stdout]    |
[INFO] [stdout] 63 | / async fn update_asset(
[INFO] [stdout] 64 | |     _: Admin,
[INFO] [stdout] 65 | |     state: State<AppState>,
[INFO] [stdout] 66 | |     Json(request): Json<Update_asset_request>,
[INFO] [stdout] ...  |
[INFO] [stdout] 83 | |     Ok( Json(existing_asset.clone()))
[INFO] [stdout] 84 | | }
[INFO] [stdout]    | |_^
[INFO] [stdout] help: a function with a similar name exists (notice the capitalization)
[INFO] [stdout]    |
[INFO] [stdout] 14 -         .route("/assets", get(list_assets).post(create_asset).patch(Update_asset))
[INFO] [stdout] 14 +         .route("/assets", get(list_assets).post(create_asset).patch(update_asset))
[INFO] [stdout]    |
[INFO] [stdout] 
[INFO] [stdout] 
[INFO] [stdout] error[E0425]: cannot find value `Update_asset` in this scope
[INFO] [stdout]   --> src/routes/api.rs:14:69
[INFO] [stdout]    |
[INFO] [stdout] 14 |         .route("/assets", get(list_assets).post(create_asset).patch(Update_asset))
[INFO] [stdout]    |                                                                     ^^^^^^^^^^^^ not found in this scope
[INFO] [stdout]    |
[INFO] [stdout] note: similarly named function `update_asset` defined here
[INFO] [stdout]   --> src/routes/api.rs:63:1
[INFO] [stdout]    |
[INFO] [stdout] 63 | / async fn update_asset(
[INFO] [stdout] 64 | |     _: Admin,
[INFO] [stdout] 65 | |     state: State<AppState>,
[INFO] [stdout] 66 | |     Json(request): Json<Update_asset_request>,
[INFO] [stdout] ...  |
[INFO] [stdout] 83 | |     Ok( Json(existing_asset.clone()))
[INFO] [stdout] 84 | | }
[INFO] [stdout]    | |_^
[INFO] [stdout] help: a function with a similar name exists (notice the capitalization)
[INFO] [stdout]    |
[INFO] [stdout] 14 -         .route("/assets", get(list_assets).post(create_asset).patch(Update_asset))
[INFO] [stdout] 14 +         .route("/assets", get(list_assets).post(create_asset).patch(update_asset))
[INFO] [stdout]    |
[INFO] [stdout] 
[INFO] [stdout] 
[INFO] [stdout] warning: unused import: `axum::http::request`
[INFO] [stdout]  --> src/routes/api.rs:6:5
[INFO] [stdout]   |
[INFO] [stdout] 6 | use axum::http::request;
[INFO] [stdout]   |     ^^^^^^^^^^^^^^^^^^^
[INFO] [stdout]   |
[INFO] [stdout]   = note: `#[warn(unused_imports)]` (part of `#[warn(unused)]`) on by default
[INFO] [stdout] 
[INFO] [stdout] 
[INFO] [stdout] warning: unused import: `axum::http::request`
[INFO] [stdout]  --> src/routes/api.rs:6:5
[INFO] [stdout]   |
[INFO] [stdout] 6 | use axum::http::request;
[INFO] [stdout]   |     ^^^^^^^^^^^^^^^^^^^
[INFO] [stdout]   |
[INFO] [stdout]   = note: `#[warn(unused_imports)]` (part of `#[warn(unused)]`) on by default
[INFO] [stdout] 
[INFO] [stdout] 
[INFO] [stdout] warning: type `create_asset_request` should have an upper camel case name
[INFO] [stdout]   --> src/routes/api.rs:24:8
[INFO] [stdout]    |
[INFO] [stdout] 24 | struct create_asset_request {
[INFO] [stdout]    |        ^^^^^^^^^^^^^^^^^^^^ help: convert the identifier to upper camel case: `CreateAssetRequest`
[INFO] [stdout]    |
[INFO] [stdout]    = note: `#[warn(non_camel_case_types)]` (part of `#[warn(nonstandard_style)]`) on by default
[INFO] [stdout] 
[INFO] [stdout] 
[INFO] [stdout] warning: type `Update_asset_request` should have an upper camel case name
[INFO] [stdout]   --> src/routes/api.rs:55:8
[INFO] [stdout]    |
[INFO] [stdout] 55 | struct Update_asset_request {
[INFO] [stdout]    |        ^^^^^^^^^^^^^^^^^^^^ help: convert the identifier to upper camel case: `UpdateAssetRequest`
[INFO] [stdout] 
[INFO] [stdout] 
[INFO] [stdout] warning: type `create_asset_request` should have an upper camel case name
[INFO] [stdout]   --> src/routes/api.rs:24:8
[INFO] [stdout]    |
[INFO] [stdout] 24 | struct create_asset_request {
[INFO] [stdout]    |        ^^^^^^^^^^^^^^^^^^^^ help: convert the identifier to upper camel case: `CreateAssetRequest`
[INFO] [stdout]    |
[INFO] [stdout]    = note: `#[warn(non_camel_case_types)]` (part of `#[warn(nonstandard_style)]`) on by default
[INFO] [stdout] 
[INFO] [stdout] 
[INFO] [stdout] warning: type `Update_asset_request` should have an upper camel case name
[INFO] [stdout]   --> src/routes/api.rs:55:8
[INFO] [stdout]    |
[INFO] [stdout] 55 | struct Update_asset_request {
[INFO] [stdout]    |        ^^^^^^^^^^^^^^^^^^^^ help: convert the identifier to upper camel case: `UpdateAssetRequest`
[INFO] [stdout] 
[INFO] [stdout] 
[INFO] [stdout] error[E0308]: mismatched types
[INFO] [stdout]   --> src/routes/api.rs:83:5
[INFO] [stdout]    |
[INFO] [stdout] 83 |     Ok( Json(existing_asset.clone()))
[INFO] [stdout]    |     ^^^^^^^^^^^^^^^^^^^^^^^^^^^^^^^^^ expected `Result<Json<Assets>, &str>`, found `Result<Json<Assets>, Report>`
[INFO] [stdout]    |
[INFO] [stdout]    = note: expected enum `Result<_, &str>`
[INFO] [stdout]               found enum `Result<_, ErrReport>`
[INFO] [stdout] note: return type inferred to be `Result<axum::Json<Assets>, &str>` here
[INFO] [stdout]   --> src/routes/api.rs:67:6
[INFO] [stdout]    |
[INFO] [stdout] 67 | ) -> Result<Json<Assets>, &'static str> {
[INFO] [stdout]    |      ^^^^^^^^^^^^^^^^^^^^^^^^^^^^^^^^^^
[INFO] [stdout] 
[INFO] [stdout] 
[INFO] [stdout] error[E0308]: mismatched types
[INFO] [stdout]   --> src/routes/api.rs:83:5
[INFO] [stdout]    |
[INFO] [stdout] 83 |     Ok( Json(existing_asset.clone()))
[INFO] [stdout]    |     ^^^^^^^^^^^^^^^^^^^^^^^^^^^^^^^^^ expected `Result<Json<Assets>, &str>`, found `Result<Json<Assets>, Report>`
[INFO] [stdout]    |
[INFO] [stdout]    = note: expected enum `Result<_, &str>`
[INFO] [stdout]               found enum `Result<_, ErrReport>`
[INFO] [stdout] note: return type inferred to be `Result<Json<Assets>, &str>` here
[INFO] [stdout]   --> src/routes/api.rs:67:6
[INFO] [stdout]    |
[INFO] [stdout] 67 | ) -> Result<Json<Assets>, &'static str> {
[INFO] [stdout]    |      ^^^^^^^^^^^^^^^^^^^^^^^^^^^^^^^^^^
[INFO] [stdout] 
[INFO] [stdout] 
[INFO] [stdout] warning: unused variable: `state`
[INFO] [stdout]   --> src/auth/admin.rs:14:9
[INFO] [stdout]    |
[INFO] [stdout] 14 |         state: &AppState,
[INFO] [stdout]    |         ^^^^^ help: if this is intentional, prefix it with an underscore: `_state`
[INFO] [stdout]    |
[INFO] [stdout]    = note: `#[warn(unused_variables)]` (part of `#[warn(unused)]`) on by default
[INFO] [stdout] 
[INFO] [stdout] 
[INFO] [stdout] warning: unused variable: `state`
[INFO] [stdout]   --> src/auth/admin.rs:14:9
[INFO] [stdout]    |
[INFO] [stdout] 14 |         state: &AppState,
[INFO] [stdout]    |         ^^^^^ help: if this is intentional, prefix it with an underscore: `_state`
[INFO] [stdout]    |
[INFO] [stdout]    = note: `#[warn(unused_variables)]` (part of `#[warn(unused)]`) on by default
[INFO] [stdout] 
[INFO] [stdout] 
[INFO] [stdout] Some errors have detailed explanations: E0308, E0425.
[INFO] [stdout] 
[INFO] [stdout] For more information about an error, try `rustc --explain E0308`.
[INFO] [stdout] 
[INFO] [stdout] Some errors have detailed explanations: E0308, E0425.
[INFO] [stdout] 
[INFO] [stdout] For more information about an error, try `rustc --explain E0308`.
[INFO] [stdout] 
[INFO] [stderr] error: could not compile `fullstack` (bin "fullstack") due to 2 previous errors; 4 warnings emitted
[INFO] [stderr] warning: build failed, waiting for other jobs to finish...
[INFO] [stderr] error: could not compile `fullstack` (bin "fullstack" test) due to 2 previous errors; 4 warnings emitted
[INFO] [stderr] warning: unused dependency `askama`
[INFO] [stderr]   --> Cargo.toml:11:15
[INFO] [stderr]    |
[INFO] [stderr] 11 | [dependencies.askama]
[INFO] [stderr]    |               ^^^^^^^
[INFO] [stderr]    |
[INFO] [stderr]    = note: `cargo::unused_dependencies` is set to `warn` by default
[INFO] [stderr] help: consider removing the dependency on `askama`
[INFO] [stderr] warning: unused dependency `axum-extra`
[INFO] [stderr]   --> Cargo.toml:19:15
[INFO] [stderr]    |
[INFO] [stderr] 19 | [dependencies.axum-extra]
[INFO] [stderr]    |               ^^^^^^^^^^^
[INFO] [stderr]    |
[INFO] [stderr] help: consider removing the dependency on `axum-extra`
[INFO] [stderr] warning: unused dependency `dotenv`
[INFO] [stderr]  --> Cargo.toml:3:1
[INFO] [stderr]   |
[INFO] [stderr] 3 | dotenv = "0.15.0"
[INFO] [stderr]   | ^^^^^^^^^^^^^^^^^
[INFO] [stderr]   |
[INFO] [stderr] help: consider removing the dependency on `dotenv`
[INFO] [stderr] warning: unused dependency `jwt-simple`
[INFO] [stderr]  --> Cargo.toml:4:1
[INFO] [stderr]   |
[INFO] [stderr] 4 | jwt-simple = "0.12.14"
[INFO] [stderr]   | ^^^^^^^^^^^^^^^^^^^^^^
[INFO] [stderr]   |
[INFO] [stderr] help: consider removing the dependency on `jwt-simple`
[INFO] [stderr] warning: unused dependency `password-auth`
[INFO] [stderr]  --> Cargo.toml:5:1
[INFO] [stderr]   |
[INFO] [stderr] 5 | password-auth = "1.0.0"
[INFO] [stderr]   | ^^^^^^^^^^^^^^^^^^^^^^^
[INFO] [stderr]   |
[INFO] [stderr] help: consider removing the dependency on `password-auth`
[INFO] [stderr] warning: unused dependency `sqlx`
[INFO] [stderr]   --> Cargo.toml:27:15
[INFO] [stderr]    |
[INFO] [stderr] 27 | [dependencies.sqlx]
[INFO] [stderr]    |               ^^^^^
[INFO] [stderr]    |
[INFO] [stderr] help: consider removing the dependency on `sqlx`
[INFO] [stderr] warning: `fullstack` (manifest) generated 6 warnings
[INFO] running `Command { std: "docker" "inspect" "b8677abed381b97947c7458aabc2a9250392d45e907b3b5b0e52d5ace9a56f91", kill_on_drop: false }`
[INFO] running `Command { std: "docker" "rm" "-f" "b8677abed381b97947c7458aabc2a9250392d45e907b3b5b0e52d5ace9a56f91", kill_on_drop: false }`
[INFO] [stdout] b8677abed381b97947c7458aabc2a9250392d45e907b3b5b0e52d5ace9a56f91
