[INFO] cloning repository https://github.com/duolaAmengweb3/DuoLa-Web3
[INFO] running `Command { std: "git" "-c" "credential.helper=" "-c" "credential.helper=/workspace/cargo-home/bin/git-credential-null" "clone" "--bare" "https://github.com/duolaAmengweb3/DuoLa-Web3" "/workspace/cache/git-repos/https%3A%2F%2Fgithub.com%2FduolaAmengweb3%2FDuoLa-Web3", kill_on_drop: false }`
[INFO] [stderr] Cloning into bare repository '/workspace/cache/git-repos/https%3A%2F%2Fgithub.com%2FduolaAmengweb3%2FDuoLa-Web3'...
[INFO] running `Command { std: "git" "rev-parse" "HEAD", kill_on_drop: false }`
[INFO] [stdout] 38aa0482546e6a4818e8e01068c1f609f025aea7
[INFO] checking duolaAmengweb3/DuoLa-Web3 against 3154cc1a3e6424e44f438a95007d043ed5ceaaf6 for pr-133502-30
[INFO] running `Command { std: "git" "clone" "/workspace/cache/git-repos/https%3A%2F%2Fgithub.com%2FduolaAmengweb3%2FDuoLa-Web3" "/workspace/builds/worker-5-tc2/source", kill_on_drop: false }`
[INFO] [stderr] Cloning into '/workspace/builds/worker-5-tc2/source'...
[INFO] [stderr] done.
[INFO] removed /workspace/builds/worker-5-tc2/source/.cargo/config.toml
[INFO] removed /workspace/builds/worker-5-tc2/source/rust-toolchain.toml
[INFO] started tweaking git repo https://github.com/duolaAmengweb3/DuoLa-Web3
[INFO] finished tweaking git repo https://github.com/duolaAmengweb3/DuoLa-Web3
[INFO] tweaked toml for git repo https://github.com/duolaAmengweb3/DuoLa-Web3 written to /workspace/builds/worker-5-tc2/source/Cargo.toml
[INFO] validating manifest of git repo https://github.com/duolaAmengweb3/DuoLa-Web3 on toolchain 3154cc1a3e6424e44f438a95007d043ed5ceaaf6
[INFO] running `Command { std: CARGO_HOME="/workspace/cargo-home" RUSTUP_HOME="/workspace/rustup-home" "/workspace/cargo-home/bin/cargo" "+3154cc1a3e6424e44f438a95007d043ed5ceaaf6" "metadata" "--manifest-path" "Cargo.toml" "--no-deps", kill_on_drop: false }`
[INFO] crate git repo https://github.com/duolaAmengweb3/DuoLa-Web3 already has a lockfile, it will not be regenerated
[INFO] running `Command { std: CARGO_HOME="/workspace/cargo-home" RUSTUP_HOME="/workspace/rustup-home" "/workspace/cargo-home/bin/cargo" "+3154cc1a3e6424e44f438a95007d043ed5ceaaf6" "fetch" "--manifest-path" "Cargo.toml", kill_on_drop: false }`
[INFO] [stderr] warning: unused workspace dependency `icu_calendar`
[INFO] [stderr]    --> Cargo.toml:122:25
[INFO] [stderr]     |
[INFO] [stderr] 122 | [workspace.dependencies.icu_calendar]
[INFO] [stderr]     |                         ^^^^^^^^^^^^
[INFO] [stderr]     |
[INFO] [stderr]     = note: `cargo::unused_workspace_dependencies` is set to `warn` by default
[INFO] [stderr] help: consider removing the workspace dependency `icu_calendar`
[INFO] [stderr] warning: unused workspace dependency `icu_locale`
[INFO] [stderr]    --> Cargo.toml:126:25
[INFO] [stderr]     |
[INFO] [stderr] 126 | [workspace.dependencies.icu_locale]
[INFO] [stderr]     |                         ^^^^^^^^^^
[INFO] [stderr]     |
[INFO] [stderr] help: consider removing the workspace dependency `icu_locale`
[INFO] [stderr] warning: unused workspace dependency `opentelemetry-http`
[INFO] [stderr]    --> Cargo.toml:182:25
[INFO] [stderr]     |
[INFO] [stderr] 182 | [workspace.dependencies.opentelemetry-http]
[INFO] [stderr]     |                         ^^^^^^^^^^^^^^^^^^
[INFO] [stderr]     |
[INFO] [stderr] help: consider removing the workspace dependency `opentelemetry-http`
[INFO] [stderr] warning: workspace (manifest) generated 3 warnings
[INFO] [stderr] warning: missing `[lints]` to inherit `[workspace.lints]`
[INFO] [stderr]   --> crates/goose-sdk/Cargo.toml
[INFO] [stderr]    = note: `cargo::missing_lints_inheritance` is set to `warn` by default
[INFO] [stderr] help: to inherit `workspace.lints, add:
[INFO] [stderr]    |
[INFO] [stderr] 57 ~ ignored = ["agent-client-protocol-schema"]
[INFO] [stderr] 58 + [lints]
[INFO] [stderr] 59 + workspace = true
[INFO] [stderr]    |
[INFO] [stderr] help: to clarify your intent to not inherit, add:
[INFO] [stderr]    |
[INFO] [stderr] 57 ~ ignored = ["agent-client-protocol-schema"]
[INFO] [stderr] 58 + [lints]
[INFO] [stderr]    |
[INFO] [stderr] warning: `goose-sdk` (manifest) generated 1 warning
[INFO] [stderr] warning: missing `[lints]` to inherit `[workspace.lints]`
[INFO] [stderr]   --> vendor/v8/Cargo.toml
[INFO] [stderr]    = note: `cargo::missing_lints_inheritance` is set to `warn` by default
[INFO] [stderr] help: to inherit `workspace.lints, add:
[INFO] [stderr]    |
[INFO] [stderr] 15 ~ v8-goose = { version = "145.0.2" }
[INFO] [stderr] 16 + [lints]
[INFO] [stderr] 17 + workspace = true
[INFO] [stderr]    |
[INFO] [stderr] help: to clarify your intent to not inherit, add:
[INFO] [stderr]    |
[INFO] [stderr] 15 ~ v8-goose = { version = "145.0.2" }
[INFO] [stderr] 16 + [lints]
[INFO] [stderr]    |
[INFO] [stderr] warning: `v8` (manifest) generated 1 warning
[INFO] [stderr] warning: missing `[lints]` to inherit `[workspace.lints]`
[INFO] [stderr]   --> crates/goose-sdk-types/Cargo.toml
[INFO] [stderr]    = note: `cargo::missing_lints_inheritance` is set to `warn` by default
[INFO] [stderr] help: to inherit `workspace.lints, add:
[INFO] [stderr]    |
[INFO] [stderr] 20 ~ ignored = ["agent-client-protocol-schema"]
[INFO] [stderr] 21 + [lints]
[INFO] [stderr] 22 + workspace = true
[INFO] [stderr]    |
[INFO] [stderr] help: to clarify your intent to not inherit, add:
[INFO] [stderr]    |
[INFO] [stderr] 20 ~ ignored = ["agent-client-protocol-schema"]
[INFO] [stderr] 21 + [lints]
[INFO] [stderr]    |
[INFO] [stderr] warning: `goose-sdk-types` (manifest) generated 1 warning
[INFO] running `Command { std: "docker" "create" "-v" "/var/lib/crater-agent-workspace/builds/worker-5-tc2/source:/opt/rustwide/workdir:ro,Z" "-v" "/var/lib/crater-agent-workspace/builds/worker-5-tc2/target:/opt/rustwide/target:rw,Z" "-v" "/var/lib/crater-agent-workspace/cargo-home:/opt/rustwide/cargo-home:ro,Z" "-v" "/var/lib/crater-agent-workspace/rustup-home:/opt/rustwide/rustup-home:ro,Z" "-m" "1610612736" "--network" "none" "ghcr.io/rust-lang/crates-build-env/linux@sha256:77db811e55d90add9212f6832c23229e3de5f1c1f9905e8cb07319ea15df73ac" "sleep" "infinity", kill_on_drop: false }`
[INFO] [stdout] 31ad850d6c785074aed0b90f6d80f7ac92f60695e84ff3e7add08b65be953ae7
[INFO] running `Command { std: "docker" "start" "31ad850d6c785074aed0b90f6d80f7ac92f60695e84ff3e7add08b65be953ae7", kill_on_drop: false }`
[INFO] running `Command { std: "docker" "inspect" "31ad850d6c785074aed0b90f6d80f7ac92f60695e84ff3e7add08b65be953ae7", kill_on_drop: false }`
[INFO] running `Command { std: "docker" "exec" "-e" "SOURCE_DIR=/opt/rustwide/workdir" "-e" "CARGO_HOME=/opt/rustwide/cargo-home" "-e" "RUSTUP_HOME=/opt/rustwide/rustup-home" "-e" "CARGO_TARGET_DIR=/opt/rustwide/target" "-w" "/opt/rustwide/workdir" "--user" "0:0" "31ad850d6c785074aed0b90f6d80f7ac92f60695e84ff3e7add08b65be953ae7" "/opt/rustwide/cargo-home/bin/cargo" "+3154cc1a3e6424e44f438a95007d043ed5ceaaf6" "metadata" "--no-deps" "--format-version=1", kill_on_drop: false }`
[INFO] running `Command { std: "docker" "inspect" "31ad850d6c785074aed0b90f6d80f7ac92f60695e84ff3e7add08b65be953ae7", kill_on_drop: false }`
[INFO] running `Command { std: "docker" "exec" "-e" "SOURCE_DIR=/opt/rustwide/workdir" "-e" "CARGO_HOME=/opt/rustwide/cargo-home" "-e" "RUSTUP_HOME=/opt/rustwide/rustup-home" "-e" "CARGO_TARGET_DIR=/opt/rustwide/target" "-e" "CARGO_INCREMENTAL=0" "-e" "RUST_BACKTRACE=full" "-e" "RUSTFLAGS=--cap-lints=forbid" "-e" "RUSTDOCFLAGS=--cap-lints=forbid" "-w" "/opt/rustwide/workdir" "--user" "0:0" "31ad850d6c785074aed0b90f6d80f7ac92f60695e84ff3e7add08b65be953ae7" "/opt/rustwide/cargo-home/bin/cargo" "+3154cc1a3e6424e44f438a95007d043ed5ceaaf6" "check" "--frozen" "--all" "--all-targets" "--message-format=json", kill_on_drop: false }`
[INFO] [stderr] warning: unused workspace dependency `icu_calendar`
[INFO] [stderr]    --> Cargo.toml:122:25
[INFO] [stderr]     |
[INFO] [stderr] 122 | [workspace.dependencies.icu_calendar]
[INFO] [stderr]     |                         ^^^^^^^^^^^^
[INFO] [stderr]     |
[INFO] [stderr]     = note: `cargo::unused_workspace_dependencies` is set to `warn` by default
[INFO] [stderr] help: consider removing the workspace dependency `icu_calendar`
[INFO] [stderr] warning: unused workspace dependency `icu_locale`
[INFO] [stderr]    --> Cargo.toml:126:25
[INFO] [stderr]     |
[INFO] [stderr] 126 | [workspace.dependencies.icu_locale]
[INFO] [stderr]     |                         ^^^^^^^^^^
[INFO] [stderr]     |
[INFO] [stderr] help: consider removing the workspace dependency `icu_locale`
[INFO] [stderr] warning: unused workspace dependency `opentelemetry-http`
[INFO] [stderr]    --> Cargo.toml:182:25
[INFO] [stderr]     |
[INFO] [stderr] 182 | [workspace.dependencies.opentelemetry-http]
[INFO] [stderr]     |                         ^^^^^^^^^^^^^^^^^^
[INFO] [stderr]     |
[INFO] [stderr] help: consider removing the workspace dependency `opentelemetry-http`
[INFO] [stderr] warning: workspace (manifest) generated 3 warnings
[INFO] [stderr] warning: missing `[lints]` to inherit `[workspace.lints]`
[INFO] [stderr]   --> crates/goose-sdk-types/Cargo.toml
[INFO] [stderr]    = note: `cargo::missing_lints_inheritance` is set to `warn` by default
[INFO] [stderr] help: to inherit `workspace.lints, add:
[INFO] [stderr]    |
[INFO] [stderr] 20 ~ ignored = ["agent-client-protocol-schema"]
[INFO] [stderr] 21 + [lints]
[INFO] [stderr] 22 + workspace = true
[INFO] [stderr]    |
[INFO] [stderr] help: to clarify your intent to not inherit, add:
[INFO] [stderr]    |
[INFO] [stderr] 20 ~ ignored = ["agent-client-protocol-schema"]
[INFO] [stderr] 21 + [lints]
[INFO] [stderr]    |
[INFO] [stderr] warning: `goose-sdk-types` (manifest) generated 1 warning
[INFO] [stderr] warning: missing `[lints]` to inherit `[workspace.lints]`
[INFO] [stderr]   --> crates/goose-sdk/Cargo.toml
[INFO] [stderr]    = note: `cargo::missing_lints_inheritance` is set to `warn` by default
[INFO] [stderr] help: to inherit `workspace.lints, add:
[INFO] [stderr]    |
[INFO] [stderr] 57 ~ ignored = ["agent-client-protocol-schema"]
[INFO] [stderr] 58 + [lints]
[INFO] [stderr] 59 + workspace = true
[INFO] [stderr]    |
[INFO] [stderr] help: to clarify your intent to not inherit, add:
[INFO] [stderr]    |
[INFO] [stderr] 57 ~ ignored = ["agent-client-protocol-schema"]
[INFO] [stderr] 58 + [lints]
[INFO] [stderr]    |
[INFO] [stderr] warning: `goose-sdk` (manifest) generated 1 warning
[INFO] [stderr] warning: missing `[lints]` to inherit `[workspace.lints]`
[INFO] [stderr]   --> vendor/v8/Cargo.toml
[INFO] [stderr]    = note: `cargo::missing_lints_inheritance` is set to `warn` by default
[INFO] [stderr] help: to inherit `workspace.lints, add:
[INFO] [stderr]    |
[INFO] [stderr] 15 ~ v8-goose = { version = "145.0.2" }
[INFO] [stderr] 16 + [lints]
[INFO] [stderr] 17 + workspace = true
[INFO] [stderr]    |
[INFO] [stderr] help: to clarify your intent to not inherit, add:
[INFO] [stderr]    |
[INFO] [stderr] 15 ~ v8-goose = { version = "145.0.2" }
[INFO] [stderr] 16 + [lints]
[INFO] [stderr]    |
[INFO] [stderr] warning: `v8` (manifest) generated 1 warning
[INFO] [stderr]    Compiling proc-macro2 v1.0.106
[INFO] [stderr]    Compiling quote v1.0.47
[INFO] [stderr]    Compiling unicode-ident v1.0.24
[INFO] [stderr]    Compiling libc v0.2.189
[INFO] [stderr]    Compiling serde_core v1.0.229
[INFO] [stderr]    Compiling serde v1.0.229
[INFO] [stderr]     Checking cfg-if v1.0.4
[INFO] [stderr]     Checking memchr v2.8.2
[INFO] [stderr]    Compiling autocfg v1.5.1
[INFO] [stderr]     Checking smallvec v1.15.2
[INFO] [stderr]     Checking pin-project-lite v0.2.17
[INFO] [stderr]    Compiling portable-atomic v1.13.1
[INFO] [stderr]    Compiling find-msvc-tools v0.1.9
[INFO] [stderr]    Compiling shlex v2.0.1
[INFO] [stderr]     Checking critical-section v1.2.0
[INFO] [stderr]     Checking itoa v1.0.18
[INFO] [stderr]     Checking log v0.4.33
[INFO] [stderr]    Compiling parking_lot_core v0.9.12
[INFO] [stderr]    Compiling libm v0.2.16
[INFO] [stderr]    Compiling version_check v0.9.5
[INFO] [stderr]     Checking allocator-api2 v0.2.21
[INFO] [stderr]     Checking bytes v1.12.1
[INFO] [stderr]    Compiling zmij v1.0.21
[INFO] [stderr]    Compiling serde_json v1.0.151
[INFO] [stderr]     Checking equivalent v1.0.2
[INFO] [stderr]     Checking foldhash v0.2.0
[INFO] [stderr]    Compiling num-traits v0.2.19
[INFO] [stderr]     Checking scopeguard v1.2.0
[INFO] [stderr]    Compiling syn v2.0.119
[INFO] [stderr]    Compiling syn v3.0.3
[INFO] [stderr]     Checking hashbrown v0.17.1
[INFO] [stderr]     Checking lock_api v0.4.14
[INFO] [stderr]     Checking futures-core v0.3.34
[INFO] [stderr]     Checking bitflags v2.13.0
[INFO] [stderr]    Compiling thiserror v2.0.20
[INFO] [stderr]     Checking futures-io v0.3.34
[INFO] [stderr]     Checking errno v0.3.14
[INFO] [stderr]     Checking mio v1.2.1
[INFO] [stderr]     Checking signal-hook-registry v1.4.8
[INFO] [stderr]    Compiling jobserver v0.1.35
[INFO] [stderr]     Checking parking_lot v0.12.5
[INFO] [stderr]     Checking socket2 v0.6.4
[INFO] [stderr]     Checking futures-sink v0.3.34
[INFO] [stderr]    Compiling cc v1.2.66
[INFO] [stderr]    Compiling icu_normalizer_data v2.1.1
[INFO] [stderr]    Compiling icu_properties_data v2.1.2
[INFO] [stderr]     Checking stable_deref_trait v1.2.1
[INFO] [stderr]     Checking indexmap v2.14.0
[INFO] [stderr]     Checking slab v0.4.12
[INFO] [stderr]    Compiling pkg-config v0.3.33
[INFO] [stderr]     Checking percent-encoding v2.3.2
[INFO] [stderr]     Checking futures-channel v0.3.34
[INFO] [stderr]     Checking futures-task v0.3.34
[INFO] [stderr]     Checking writeable v0.6.3
[INFO] [stderr]     Checking litemap v0.8.2
[INFO] [stderr]     Checking form_urlencoded v1.2.2
[INFO] [stderr]    Compiling zerocopy v0.8.53
[INFO] [stderr]     Checking typenum v1.20.1
[INFO] [stderr]     Checking getrandom v0.2.17
[INFO] [stderr]     Checking rand_core v0.10.1
[INFO] [stderr]    Compiling crc32fast v1.5.0
[INFO] [stderr]     Checking utf8_iter v1.0.4
[INFO] [stderr]    Compiling cmake v0.1.58
[INFO] [stderr]     Checking http v1.5.0
[INFO] [stderr]    Compiling dunce v1.0.5
[INFO] [stderr]    Compiling fs_extra v1.3.0
[INFO] [stderr]    Compiling getrandom v0.3.4
[INFO] [stderr]    Compiling getrandom v0.4.3
[INFO] [stderr]    Compiling generic-array v0.14.7
[INFO] [stderr]    Compiling aws-lc-sys v0.44.0
[INFO] [stderr]    Compiling num-conv v0.2.2
[INFO] [stderr]     Checking fnv v1.0.7
[INFO] [stderr]    Compiling time-core v0.1.9
[INFO] [stderr]     Checking ryu v1.0.23
[INFO] [stderr]     Checking http-body v1.0.1
[INFO] [stderr]    Compiling httparse v1.10.1
[INFO] [stderr]     Checking simd-adler32 v0.3.9
[INFO] [stderr]    Compiling time-macros v0.2.31
[INFO] [stderr]     Checking deranged v0.5.8
[INFO] [stderr]     Checking powerfmt v0.2.0
[INFO] [stderr]     Checking base64 v0.22.1
[INFO] [stderr]     Checking adler2 v2.0.1
[INFO] [stderr]     Checking miniz_oxide v0.8.9
[INFO] [stderr]     Checking http-body-util v0.1.3
[INFO] [stderr]    Compiling anyhow v1.0.104
[INFO] [stderr]     Checking crypto-common v0.1.7
[INFO] [stderr]    Compiling synstructure v0.13.2
[INFO] [stderr]    Compiling aws-lc-rs v1.18.0
[INFO] [stderr]     Checking untrusted v0.7.1
[INFO] [stderr]     Checking subtle v2.6.1
[INFO] [stderr]    Compiling ring v0.17.14
[INFO] [stderr]     Checking atomic-waker v1.1.2
[INFO] [stderr]     Checking time v0.3.53
[INFO] [stderr]     Checking untrusted v0.9.0
[INFO] [stderr]     Checking cpufeatures v0.2.17
[INFO] [stderr]    Compiling zstd-sys v2.0.16+zstd.1.5.7
[INFO] [stderr]     Checking uuid v1.24.1
[INFO] [stderr]    Compiling serde_derive v1.0.229
[INFO] [stderr]    Compiling futures-macro v0.3.34
[INFO] [stderr]    Compiling thiserror-impl v2.0.20
[INFO] [stderr]    Compiling tokio-macros v2.7.0
[INFO] [stderr]    Compiling tracing-attributes v0.1.31
[INFO] [stderr]    Compiling zerofrom-derive v0.1.7
[INFO] [stderr]    Compiling yoke-derive v0.8.2
[INFO] [stderr]    Compiling displaydoc v0.2.6
[INFO] [stderr]    Compiling zerovec-derive v0.11.3
[INFO] [stderr]     Checking tokio v1.53.1
[INFO] [stderr]     Checking futures-util v0.3.34
[INFO] [stderr]     Checking zerofrom v0.1.8
[INFO] [stderr]     Checking yoke v0.8.3
[INFO] [stderr]    Compiling zeroize_derive v1.5.0
[INFO] [stderr]     Checking zerovec v0.11.6
[INFO] [stderr]     Checking zerotrie v0.2.4
[INFO] [stderr]     Checking zeroize v1.9.0
[INFO] [stderr]    Compiling zerocopy-derive v0.8.53
[INFO] [stderr]     Checking rustls-pki-types v1.15.0
[INFO] [stderr]     Checking tinystr v0.8.3
[INFO] [stderr]     Checking potential_utf v0.1.5
[INFO] [stderr]     Checking once_cell v1.21.4
[INFO] [stderr]     Checking icu_locale_core v2.2.0
[INFO] [stderr]     Checking icu_collections v2.1.1
[INFO] [stderr]     Checking tracing-core v0.1.36
[INFO] [stderr]     Checking either v1.16.0
[INFO] [stderr]     Checking tracing v0.1.44
[INFO] [stderr]     Checking rand_core v0.6.4
[INFO] [stderr]    Compiling rustls v0.23.43
[INFO] [stderr]    Compiling crossbeam-utils v0.8.22
[INFO] [stderr]     Checking zlib-rs v0.6.5
[INFO] [stderr]     Checking icu_provider v2.2.0
[INFO] [stderr]    Compiling heck v0.5.0
[INFO] [stderr]    Compiling zstd-safe v7.2.4
[INFO] [stderr]     Checking icu_normalizer v2.1.1
[INFO] [stderr]     Checking icu_properties v2.1.2
[INFO] [stderr]     Checking ipnet v2.12.0
[INFO] [stderr]     Checking flate2 v1.1.9
[INFO] [stderr]     Checking tower-service v0.3.3
[INFO] [stderr]     Checking block-buffer v0.10.4
[INFO] [stderr]     Checking try-lock v0.2.5
[INFO] [stderr]     Checking digest v0.10.7
[INFO] [stderr]     Checking idna_adapter v1.2.1
[INFO] [stderr]    Compiling ident_case v1.0.1
[INFO] [stderr]     Checking idna v1.1.0
[INFO] [stderr]     Checking regex-syntax v0.8.11
[INFO] [stderr]    Compiling strsim v0.11.1
[INFO] [stderr]     Checking want v0.3.1
[INFO] [stderr]     Checking httpdate v1.0.3
[INFO] [stderr]     Checking url v2.5.8
[INFO] [stderr]     Checking aho-corasick v1.1.4
[INFO] [stderr]     Checking iana-time-zone v0.1.65
[INFO] [stderr]     Checking chrono v0.4.45
[INFO] [stderr]     Checking tokio-util v0.7.19
[INFO] [stderr]     Checking tower-layer v0.3.3
[INFO] [stderr]     Checking futures-executor v0.3.34
[INFO] [stderr]     Checking webpki-roots v1.0.8
[INFO] [stderr]     Checking sync_wrapper v1.0.2
[INFO] [stderr]    Compiling cfg_aliases v0.2.2
[INFO] [stderr]    Compiling async-trait v0.1.92
[INFO] [stderr]     Checking num-integer v0.1.46
[INFO] [stderr]     Checking h2 v0.4.16
[INFO] [stderr]     Checking tower v0.5.3
[INFO] [stderr]     Checking rand_core v0.9.5
[INFO] [stderr]    Compiling cookie v0.18.1
[INFO] [stderr]     Checking regex-automata v0.4.18
[INFO] [stderr]     Checking alloc-no-stdlib v2.0.4
[INFO] [stderr]     Checking cpufeatures v0.3.0
[INFO] [stderr]     Checking alloc-stdlib v0.2.4
[INFO] [stderr]     Checking serde_urlencoded v0.7.1
[INFO] [stderr]     Checking brotli-decompressor v5.0.3
[INFO] [stderr]     Checking fastrand v2.4.1
[INFO] [stderr]    Compiling litrs v1.0.0
[INFO] [stderr]     Checking mime v0.3.17
[INFO] [stderr]     Checking zstd v0.13.3
[INFO] [stderr]     Checking ppv-lite86 v0.2.21
[INFO] [stderr]     Checking compression-core v0.4.32
[INFO] [stderr]     Checking brotli v8.0.4
[INFO] [stderr]     Checking encoding_rs v0.8.35
[INFO] [stderr]    Compiling document-features v0.2.12
[INFO] [stderr]     Checking rand_chacha v0.3.1
[INFO] [stderr]     Checking rand_chacha v0.9.0
[INFO] [stderr]     Checking rand v0.8.6
[INFO] [stderr]    Compiling bytemuck_derive v1.10.2
[INFO] [stderr]     Checking openssl-probe v0.2.1
[INFO] [stderr]     Checking rustls-native-certs v0.8.4
[INFO] [stderr]     Checking rand v0.9.4
[INFO] [stderr]    Compiling pin-project-internal v1.1.13
[INFO] [stderr]    Compiling unicase v2.9.0
[INFO] [stderr]    Compiling mime_guess v2.0.5
[INFO] [stderr]     Checking futures v0.3.34
[INFO] [stderr]     Checking data-encoding v2.11.1
[INFO] [stderr]     Checking bytemuck v1.25.0
[INFO] [stderr]     Checking psl-types v2.0.11
[INFO] [stderr]     Checking publicsuffix v2.3.0
[INFO] [stderr]     Checking rustc-hash v2.1.3
[INFO] [stderr]     Checking lazy_static v1.5.0
[INFO] [stderr]     Checking cookie_store v0.22.1
[INFO] [stderr]     Checking chacha20 v0.10.1
[INFO] [stderr]     Checking hybrid-array v0.4.13
[INFO] [stderr]     Checking outref v0.5.2
[INFO] [stderr]     Checking rand v0.10.2
[INFO] [stderr]     Checking dyn-clone v1.0.20
[INFO] [stderr]     Checking vsimd v0.8.0
[INFO] [stderr]    Compiling rustix v1.1.4
[INFO] [stderr]    Compiling ref-cast v1.0.25
[INFO] [stderr]     Checking hyper v1.10.1
[INFO] [stderr]     Checking linux-raw-sys v0.12.1
[INFO] [stderr]    Compiling ref-cast-impl v1.0.25
[INFO] [stderr]     Checking compression-codecs v0.4.38
[INFO] [stderr]    Compiling rustversion v1.0.23
[INFO] [stderr]     Checking async-compression v0.4.42
[INFO] [stderr]     Checking base64-simd v0.8.0
[INFO] [stderr]     Checking pin-project v1.1.13
[INFO] [stderr]     Checking crypto-common v0.2.2
[INFO] [stderr]     Checking hyper-util v0.1.20
[INFO] [stderr]     Checking tower-http v0.6.11
[INFO] [stderr]     Checking sha1 v0.10.6
[INFO] [stderr]     Checking const-oid v0.10.2
[INFO] [stderr]    Compiling ahash v0.8.12
[INFO] [stderr]    Compiling paste v1.0.15
[INFO] [stderr]     Checking tokio-stream v0.1.19
[INFO] [stderr]    Compiling serde_derive_internals v0.30.0
[INFO] [stderr]    Compiling prettyplease v0.2.37
[INFO] [stderr]    Compiling schemars_derive v1.2.2
[INFO] [stderr]     Checking cmov v0.5.4
[INFO] [stderr]     Checking block-buffer v0.12.1
[INFO] [stderr]     Checking ctutils v0.4.2
[INFO] [stderr]     Checking digest v0.11.3
[INFO] [stderr]     Checking num-bigint v0.4.8
[INFO] [stderr]    Compiling crossbeam-epoch v0.9.20
[INFO] [stderr]     Checking parking v2.2.1
[INFO] [stderr]    Compiling darling_core v0.23.0
[INFO] [stderr]     Checking serde_path_to_error v0.1.20
[INFO] [stderr]    Compiling glob v0.3.3
[INFO] [stderr]     Checking regex v1.13.1
[INFO] [stderr]     Checking static_assertions v1.1.0
[INFO] [stderr]    Compiling clang-sys v1.8.1
[INFO] [stderr]     Checking sha2 v0.10.9
[INFO] [stderr]     Checking schemars v1.2.2
[INFO] [stderr]    Compiling minimal-lexical v0.2.1
[INFO] [stderr]     Checking sha2 v0.11.0
[INFO] [stderr]    Compiling nom v7.1.3
[INFO] [stderr]    Compiling libloading v0.8.9
[INFO] [stderr]    Compiling shlex v1.3.0
[INFO] [stderr]    Compiling bindgen v0.72.1
[INFO] [stderr]    Compiling itertools v0.13.0
[INFO] [stderr]    Compiling unicode-segmentation v1.13.3
[INFO] [stderr]    Compiling darling_macro v0.23.0
[INFO] [stderr]     Checking tinyvec_macros v0.1.1
[INFO] [stderr]    Compiling cexpr v0.6.0
[INFO] [stderr]    Compiling radium v0.7.0
[INFO] [stderr]    Compiling darling v0.23.0
[INFO] [stderr]     Checking tinyvec v1.11.0
[INFO] [stderr]    Compiling convert_case v0.10.0
[INFO] [stderr]     Checking hashbrown v0.14.5
[INFO] [stderr]    Compiling unicode-xid v0.2.6
[INFO] [stderr]    Compiling derive_more-impl v2.1.1
[INFO] [stderr]     Checking tempfile v3.27.0
[INFO] [stderr]     Checking futures-lite v2.6.1
[INFO] [stderr]    Compiling strum_macros v0.28.0
[INFO] [stderr]    Compiling nix v0.31.3
[INFO] [stderr]    Compiling pastey v0.2.3
[INFO] [stderr]    Compiling deno_error_macro v0.7.1
[INFO] [stderr]    Compiling siphasher v1.0.3
[INFO] [stderr]     Checking nu-ansi-term v0.50.3
[INFO] [stderr]     Checking strum v0.28.0
[INFO] [stderr]     Checking sharded-slab v0.1.7
[INFO] [stderr]     Checking matchers v0.2.0
[INFO] [stderr]     Checking crossbeam-channel v0.5.16
[INFO] [stderr]     Checking tracing-log v0.2.0
[INFO] [stderr]     Checking tracing-serde v0.2.0
[INFO] [stderr]     Checking thread_local v1.1.9
[INFO] [stderr]     Checking derive_more v2.1.1
[INFO] [stderr]    Compiling crossbeam-deque v0.8.7
[INFO] [stderr]     Checking num-complex v0.4.6
[INFO] [stderr]     Checking tracing-subscriber v0.3.23
[INFO] [stderr]     Checking arrayvec v0.7.8
[INFO] [stderr]    Compiling icu_locale_data v2.1.2
[INFO] [stderr]     Checking bstr v1.12.3
[INFO] [stderr]     Checking concurrent-queue v2.5.0
[INFO] [stderr]     Checking sse-stream v0.2.4
[INFO] [stderr]     Checking base64 v0.23.1
[INFO] [stderr]    Compiling thiserror v1.0.69
[INFO] [stderr]    Compiling thiserror-impl v1.0.69
[INFO] [stderr]     Checking process-wrap v9.1.0
[INFO] [stderr]    Compiling swc_macros_common v1.0.1
[INFO] [stderr]    Compiling icu_calendar_data v2.1.1
[INFO] [stderr]     Checking unicode-width v0.2.2
[INFO] [stderr]     Checking tap v1.0.1
[INFO] [stderr]     Checking event-listener v5.4.1
[INFO] [stderr]     Checking wyz v0.5.1
[INFO] [stderr]    Compiling darling_core v0.24.0
[INFO] [stderr]     Checking http v0.2.12
[INFO] [stderr]     Checking funty v2.0.0
[INFO] [stderr]    Compiling semver v1.0.28
[INFO] [stderr]    Compiling rustc_version v0.4.1
[INFO] [stderr]     Checking bitvec v1.1.1
[INFO] [stderr]     Checking bytes-utils v0.1.4
[INFO] [stderr]     Checking http-body v0.4.6
[INFO] [stderr]     Checking debugid v0.8.0
[INFO] [stderr]    Compiling blake3 v1.8.7
[INFO] [stderr]     Checking serde_bytes v0.11.19
[INFO] [stderr]     Checking if_chain v1.0.3
[INFO] [stderr]     Checking pin-utils v0.1.0
[INFO] [stderr]    Compiling seq-macro v0.3.6
[INFO] [stderr]     Checking unicode-id-start v1.4.0
[INFO] [stderr]    Compiling rayon-core v1.13.0
[INFO] [stderr]     Checking aws-smithy-types v1.6.2
[INFO] [stderr]    Compiling serde_with_macros v3.21.0
[INFO] [stderr]    Compiling itertools v0.14.0
[INFO] [stderr]    Compiling rustix v0.38.44
[INFO] [stderr]     Checking constant_time_eq v0.4.2
[INFO] [stderr]    Compiling rmcp v3.1.4
[INFO] [stderr]     Checking new_debug_unreachable v1.0.6
[INFO] [stderr]    Compiling tree-sitter-language v0.1.7
[INFO] [stderr]    Compiling phf_shared v0.11.3
[INFO] [stderr]     Checking tungstenite v0.29.0
[INFO] [stderr]     Checking triomphe v0.1.16
[INFO] [stderr]     Checking bytes-str v0.2.8
[INFO] [stderr]    Compiling capacity_builder_macros v0.3.0
[INFO] [stderr]    Compiling strck v1.0.0
[INFO] [stderr]    Compiling linux-raw-sys v0.4.15
[INFO] [stderr]     Checking tokio-tungstenite v0.29.0
[INFO] [stderr]    Compiling diplomat_core v0.14.0
[INFO] [stderr]     Checking hstr v3.0.6
[INFO] [stderr]    Compiling darling_macro v0.24.0
[INFO] [stderr]    Compiling phf_generator v0.11.3
[INFO] [stderr]    Compiling darling v0.24.0
[INFO] [stderr]     Checking event-listener-strategy v0.5.4
[INFO] [stderr]    Compiling rmcp-macros v3.1.4
[INFO] [stderr]     Checking deno_error v0.7.1
[INFO] [stderr]     Checking rand_distr v0.5.1
[INFO] [stderr]     Checking axum-core v0.5.6
[INFO] [stderr]     Checking aws-smithy-async v1.3.0
[INFO] [stderr]    Compiling aws-smithy-runtime-api-macros v1.1.0
[INFO] [stderr]    Compiling axum-macros v0.5.1
[INFO] [stderr]     Checking num_cpus v1.17.0
[INFO] [stderr]    Compiling async-io v2.6.0
[INFO] [stderr]     Checking scoped-tls v1.0.1
[INFO] [stderr]     Checking matchit v0.8.4
[INFO] [stderr]    Compiling home v0.5.12
[INFO] [stderr]    Compiling object v0.37.3
[INFO] [stderr]    Compiling which v6.0.3
[INFO] [stderr]     Checking better_scoped_tls v1.0.1
[INFO] [stderr]     Checking aws-smithy-runtime-api v1.13.0
[INFO] [stderr]     Checking half v2.7.1
[INFO] [stderr]    Compiling phf_macros v0.11.3
[INFO] [stderr]    Compiling diplomat v0.14.0
[INFO] [stderr]     Checking swc_atoms v9.0.0
[INFO] [stderr]     Checking swc_sourcemap v9.3.4
[INFO] [stderr]     Checking rayon v1.12.0
[INFO] [stderr]     Checking swc_visit v2.0.1
[INFO] [stderr]    Compiling ast_node v5.0.0
[INFO] [stderr]    Compiling from_variant v3.0.0
[INFO] [stderr]     Checking globset v0.4.18
[INFO] [stderr]    Compiling gzip-header v1.1.0
[INFO] [stderr]     Checking unicode-normalization v0.1.25
[INFO] [stderr]     Checking axum v0.8.9
[INFO] [stderr]     Checking polling v3.11.0
[INFO] [stderr]    Compiling sys_traits_macros v0.1.0
[INFO] [stderr]    Compiling swc_eq_ignore_macros v1.0.1
[INFO] [stderr]     Checking pem v3.0.6
[INFO] [stderr]     Checking block-padding v0.3.3
[INFO] [stderr]    Compiling fslock v0.2.1
[INFO] [stderr]     Checking shell-words v1.1.1
[INFO] [stderr]     Checking anstyle v1.0.14
[INFO] [stderr]     Checking symlink v0.1.0
[INFO] [stderr]     Checking siphasher v0.3.11
[INFO] [stderr]     Checking utf8parse v0.2.2
[INFO] [stderr]     Checking tracing-appender v0.2.5
[INFO] [stderr]    Compiling v8-goose v145.0.2
[INFO] [stderr]     Checking swc_common v17.0.1
[INFO] [stderr]    Compiling core_maths v0.1.1
[INFO] [stderr]     Checking inout v0.1.4
[INFO] [stderr]     Checking phf v0.11.3
[INFO] [stderr]     Checking async-channel v2.5.0
[INFO] [stderr]    Compiling prost-derive v0.14.4
[INFO] [stderr]     Checking termcolor v1.4.1
[INFO] [stderr]     Checking async-task v4.7.1
[INFO] [stderr]     Checking option-ext v0.2.0
[INFO] [stderr]    Compiling same-file v1.0.6
[INFO] [stderr]     Checking twox-hash v2.1.0
[INFO] [stderr]    Compiling walkdir v2.5.0
[INFO] [stderr]     Checking dirs-sys v0.5.0
[INFO] [stderr]     Checking async-signal v0.2.14
[INFO] [stderr]     Checking cipher v0.4.4
[INFO] [stderr]    Compiling calendrical_calculations v0.2.4
[INFO] [stderr]     Checking anstyle-parse v1.0.0
[INFO] [stderr]     Checking async-lock v3.4.2
[INFO] [stderr]     Checking serde_with v3.21.0
[INFO] [stderr]    Compiling string_enum v1.0.2
[INFO] [stderr]     Checking arc-swap v1.9.2
[INFO] [stderr]     Checking piper v0.2.5
[INFO] [stderr]    Compiling is-macro v0.3.7
[INFO] [stderr]     Checking bumpalo v3.20.3
[INFO] [stderr]    Compiling proc-macro-error-attr v1.0.4
[INFO] [stderr]     Checking fixedbitset v0.5.7
[INFO] [stderr]     Checking hashbrown v0.12.3
[INFO] [stderr]     Checking typewit v1.15.2
[INFO] [stderr]     Checking is_terminal_polyfill v1.70.2
[INFO] [stderr]    Compiling linktime-proc-macro v0.2.3
[INFO] [stderr]    Compiling ar_archive_writer v0.5.2
[INFO] [stderr]     Checking hex v0.4.3
[INFO] [stderr]     Checking anstyle-query v1.1.5
[INFO] [stderr]     Checking colorchoice v1.0.5
[INFO] [stderr]     Checking anstream v1.0.0
[INFO] [stderr]     Checking agent-client-protocol-schema v1.5.0
[INFO] [stderr]     Checking const_panic v0.2.15
[INFO] [stderr]     Checking futures-concurrency v7.7.1
[INFO] [stderr]     Checking swc_ecma_ast v18.0.0
[INFO] [stderr]     Checking blocking v1.6.2
[INFO] [stderr]    Compiling psm v0.1.31
[INFO] [stderr]     Checking async-process v2.5.0
[INFO] [stderr]     Checking dirs v6.0.0
[INFO] [stderr]     Checking similar v2.7.0
[INFO] [stderr] error: failed to run custom build command for `v8-goose v145.0.2`
[INFO] [stderr] note: To improve backtraces for build dependencies, set the CARGO_PROFILE_DEV_BUILD_OVERRIDE_DEBUG=true environment variable to enable debug information generation.
[INFO] [stderr] 
[INFO] [stderr] Caused by:
[INFO] [stderr]   process didn't exit successfully: `/opt/rustwide/target/debug/build/v8-goose/9a0ea5a6114e8b04/out/build_script_build` (exit status: 101)
[INFO] [stderr]   --- stdout
[INFO] [stderr]   cargo:rerun-if-changed=.gn
[INFO] [stderr]   cargo:rerun-if-changed=BUILD.gn
[INFO] [stderr]   cargo:rerun-if-changed=src/binding.cc
[INFO] [stderr]   cargo:rerun-if-env-changed=CCACHE
[INFO] [stderr]   cargo:rerun-if-env-changed=CLANG_BASE_PATH
[INFO] [stderr]   cargo:rerun-if-env-changed=CXXSTDLIB
[INFO] [stderr]   cargo:rerun-if-env-changed=DENO_TRYBUILD
[INFO] [stderr]   cargo:rerun-if-env-changed=DOCS_RS
[INFO] [stderr]   cargo:rerun-if-env-changed=GN
[INFO] [stderr]   cargo:rerun-if-env-changed=GN_ARGS
[INFO] [stderr]   cargo:rerun-if-env-changed=HOST
[INFO] [stderr]   cargo:rerun-if-env-changed=NINJA
[INFO] [stderr]   cargo:rerun-if-env-changed=OUT_DIR
[INFO] [stderr]   cargo:rerun-if-env-changed=RUSTY_V8_ARCHIVE
[INFO] [stderr]   cargo:rerun-if-env-changed=RUSTY_V8_MIRROR
[INFO] [stderr]   cargo:rerun-if-env-changed=RUSTY_V8_SRC_BINDING_PATH
[INFO] [stderr]   cargo:rerun-if-env-changed=SCCACHE
[INFO] [stderr]   cargo:rerun-if-env-changed=V8_FORCE_DEBUG
[INFO] [stderr]   cargo:rerun-if-env-changed=V8_FROM_SOURCE
[INFO] [stderr]   cargo:rerun-if-env-changed=PYTHON
[INFO] [stderr]   cargo:rerun-if-env-changed=DISABLE_CLANG
[INFO] [stderr]   cargo:rerun-if-env-changed=EXTRA_GN_ARGS
[INFO] [stderr]   cargo:rerun-if-env-changed=PRINT_GN_ARGS
[INFO] [stderr]   cargo:rerun-if-env-changed=CARGO_ENCODED_RUSTFLAGS
[INFO] [stderr]   cargo:rustc-link-lib=static=rusty_v8
[INFO] [stderr]   lockfile: "/opt/rustwide/target/debug/build/v8-goose/v8.fslock"
[INFO] [stderr]   cargo:rustc-env=RUSTY_V8_SRC_BINDING_PATH=/opt/rustwide/cargo-home/registry/src/index.crates.io-1949cf8c6b5b557f/v8-goose-145.0.2/gen/src_binding_release_x86_64-unknown-linux-gnu.rs
[INFO] [stderr]   static lib URL: https://github.com/denoland/rusty_v8/releases/download/v145.0.0/librusty_v8_release_x86_64-unknown-linux-gnu.a.gz
[INFO] [stderr]   cargo:rustc-link-search=/opt/rustwide/target/debug/build/gn_out/obj
[INFO] [stderr]   Looking for download in '"/opt/rustwide/cargo-home/.rusty_v8/https___github_com_denoland_rusty_v8_releases_download_v145_0_0_librusty_v8_release_x86_64_unknown_linux_gnu_a_gz"'
[INFO] [stderr]   Downloading (using Python) https://github.com/denoland/rusty_v8/releases/download/v145.0.0/librusty_v8_release_x86_64-unknown-linux-gnu.a.gz
[INFO] [stderr]   Downloading https://github.com/denoland/rusty_v8/releases/download/v145.0.0/librusty_v8_release_x86_64-unknown-linux-gnu.a.gz...
[INFO] [stderr]   <urlopen error [Errno -3] Temporary failure in name resolution>
[INFO] [stderr]   Retrying in 5 s ...
[INFO] [stderr]   Downloading https://github.com/denoland/rusty_v8/releases/download/v145.0.0/librusty_v8_release_x86_64-unknown-linux-gnu.a.gz...
[INFO] [stderr]   <urlopen error [Errno -3] Temporary failure in name resolution>
[INFO] [stderr]   Retrying in 10 s ...
[INFO] [stderr]   Downloading https://github.com/denoland/rusty_v8/releases/download/v145.0.0/librusty_v8_release_x86_64-unknown-linux-gnu.a.gz...
[INFO] [stderr]   <urlopen error [Errno -3] Temporary failure in name resolution>
[INFO] [stderr]   Retrying in 20 s ...
[INFO] [stderr]   Downloading https://github.com/denoland/rusty_v8/releases/download/v145.0.0/librusty_v8_release_x86_64-unknown-linux-gnu.a.gz...
[INFO] [stderr]   <urlopen error [Errno -3] Temporary failure in name resolution>
[INFO] [stderr]   Python downloader failed, trying with curl.
[INFO] [stderr] 
[INFO] [stderr]   --- stderr
[INFO] [stderr]   Traceback (most recent call last):
[INFO] [stderr]     File "/usr/lib/python3.14/urllib/request.py", line 1321, in do_open
[INFO] [stderr]       h.request(req.get_method(), req.selector, req.data, headers,
[INFO] [stderr]       ~~~~~~~~~^^^^^^^^^^^^^^^^^^^^^^^^^^^^^^^^^^^^^^^^^^^^^^^^^^^
[INFO] [stderr]                 encode_chunked=req.has_header('Transfer-encoding'))
[INFO] [stderr]                 ^^^^^^^^^^^^^^^^^^^^^^^^^^^^^^^^^^^^^^^^^^^^^^^^^^^
[INFO] [stderr]     File "/usr/lib/python3.14/http/client.py", line 1367, in request
[INFO] [stderr]       self._send_request(method, url, body, headers, encode_chunked)
[INFO] [stderr]       ~~~~~~~~~~~~~~~~~~^^^^^^^^^^^^^^^^^^^^^^^^^^^^^^^^^^^^^^^^^^^^
[INFO] [stderr]     File "/usr/lib/python3.14/http/client.py", line 1413, in _send_request
[INFO] [stderr]       self.endheaders(body, encode_chunked=encode_chunked)
[INFO] [stderr]       ~~~~~~~~~~~~~~~^^^^^^^^^^^^^^^^^^^^^^^^^^^^^^^^^^^^^
[INFO] [stderr]     File "/usr/lib/python3.14/http/client.py", line 1362, in endheaders
[INFO] [stderr]       self._send_output(message_body, encode_chunked=encode_chunked)
[INFO] [stderr]       ~~~~~~~~~~~~~~~~~^^^^^^^^^^^^^^^^^^^^^^^^^^^^^^^^^^^^^^^^^^^^^
[INFO] [stderr]     File "/usr/lib/python3.14/http/client.py", line 1122, in _send_output
[INFO] [stderr]       self.send(msg)
[INFO] [stderr]       ~~~~~~~~~^^^^^
[INFO] [stderr]     File "/usr/lib/python3.14/http/client.py", line 1066, in send
[INFO] [stderr]       self.connect()
[INFO] [stderr]       ~~~~~~~~~~~~^^
[INFO] [stderr]     File "/usr/lib/python3.14/http/client.py", line 1501, in connect
[INFO] [stderr]       super().connect()
[INFO] [stderr]       ~~~~~~~~~~~~~~~^^
[INFO] [stderr]     File "/usr/lib/python3.14/http/client.py", line 1032, in connect
[INFO] [stderr]       self.sock = self._create_connection(
[INFO] [stderr]                   ~~~~~~~~~~~~~~~~~~~~~~~^
[INFO] [stderr]           (self.host,self.port), self.timeout, self.source_address)
[INFO] [stderr]           ^^^^^^^^^^^^^^^^^^^^^^^^^^^^^^^^^^^^^^^^^^^^^^^^^^^^^^^^^
[INFO] [stderr]     File "/usr/lib/python3.14/socket.py", line 846, in create_connection
[INFO] [stderr]       for res in getaddrinfo(host, port, 0, SOCK_STREAM):
[INFO] [stderr]                  ~~~~~~~~~~~^^^^^^^^^^^^^^^^^^^^^^^^^^^^
[INFO] [stderr]     File "/usr/lib/python3.14/socket.py", line 983, in getaddrinfo
[INFO] [stderr]       for res in _socket.getaddrinfo(host, port, family, type, proto, flags):
[INFO] [stderr]                  ~~~~~~~~~~~~~~~~~~~^^^^^^^^^^^^^^^^^^^^^^^^^^^^^^^^^^^^^^^^
[INFO] [stderr]   socket.gaierror: [Errno -3] Temporary failure in name resolution
[INFO] [stderr] 
[INFO] [stderr]   During handling of the above exception, another exception occurred:
[INFO] [stderr] 
[INFO] [stderr]   Traceback (most recent call last):
[INFO] [stderr]     File "/opt/rustwide/cargo-home/registry/src/index.crates.io-1949cf8c6b5b557f/v8-goose-145.0.2/./tools/download_file.py", line 63, in <module>
[INFO] [stderr]       sys.exit(main())
[INFO] [stderr]                ~~~~^^
[INFO] [stderr]     File "/opt/rustwide/cargo-home/registry/src/index.crates.io-1949cf8c6b5b557f/v8-goose-145.0.2/./tools/download_file.py", line 58, in main
[INFO] [stderr]       DownloadUrl(args.url, f)
[INFO] [stderr]       ~~~~~~~~~~~^^^^^^^^^^^^^
[INFO] [stderr]     File "/opt/rustwide/cargo-home/registry/src/index.crates.io-1949cf8c6b5b557f/v8-goose-145.0.2/./tools/download_file.py", line 44, in DownloadUrl
[INFO] [stderr]       raise e
[INFO] [stderr]     File "/opt/rustwide/cargo-home/registry/src/index.crates.io-1949cf8c6b5b557f/v8-goose-145.0.2/./tools/download_file.py", line 28, in DownloadUrl
[INFO] [stderr]       response = urlopen(url)
[INFO] [stderr]     File "/usr/lib/python3.14/urllib/request.py", line 187, in urlopen
[INFO] [stderr]       return opener.open(url, data, timeout)
[INFO] [stderr]              ~~~~~~~~~~~^^^^^^^^^^^^^^^^^^^^
[INFO] [stderr]     File "/usr/lib/python3.14/urllib/request.py", line 487, in open
[INFO] [stderr]       response = self._open(req, data)
[INFO] [stderr]     File "/usr/lib/python3.14/urllib/request.py", line 504, in _open
[INFO] [stderr]       result = self._call_chain(self.handle_open, protocol, protocol +
[INFO] [stderr]                                 '_open', req)
[INFO] [stderr]     File "/usr/lib/python3.14/urllib/request.py", line 464, in _call_chain
[INFO] [stderr]       result = func(*args)
[INFO] [stderr]     File "/usr/lib/python3.14/urllib/request.py", line 1369, in https_open
[INFO] [stderr]       return self.do_open(http.client.HTTPSConnection, req,
[INFO] [stderr]              ~~~~~~~~~~~~^^^^^^^^^^^^^^^^^^^^^^^^^^^^^^^^^^
[INFO] [stderr]                           context=self._context)
[INFO] [stderr]                           ^^^^^^^^^^^^^^^^^^^^^^
[INFO] [stderr]     File "/usr/lib/python3.14/urllib/request.py", line 1324, in do_open
[INFO] [stderr]       raise URLError(err)
[INFO] [stderr]   urllib.error.URLError: <urlopen error [Errno -3] Temporary failure in name resolution>
[INFO] [stderr] 
[INFO] [stderr]   thread 'main' (6040) panicked at /opt/rustwide/cargo-home/registry/src/index.crates.io-1949cf8c6b5b557f/v8-goose-145.0.2/build.rs:669:3:
[INFO] [stderr]   assertion failed: status.success()
[INFO] [stderr]   stack backtrace:
[INFO] [stderr]      0:     0x5a53bb269201 - <<std[3164a59e47d3bde]::sys::backtrace::BacktraceLock>::print::DisplayBacktrace as core[934024a1e6126fb4]::fmt::Display>::fmt
[INFO] [stderr]      1:     0x5a53bb27fb6a - core[934024a1e6126fb4]::fmt::write
[INFO] [stderr]      2:     0x5a53bb26e55c - <std[3164a59e47d3bde]::sys::stdio::unix::Stderr as core[934024a1e6126fb4]::io::write::Write>::write_fmt
[INFO] [stderr]      3:     0x5a53bb2434d6 - std[3164a59e47d3bde]::panicking::default_hook::{closure#0}
[INFO] [stderr]      4:     0x5a53bb260731 - std[3164a59e47d3bde]::panicking::default_hook
[INFO] [stderr]      5:     0x5a53bb260a5b - std[3164a59e47d3bde]::panicking::panic_with_hook
[INFO] [stderr]      6:     0x5a53bb2435b4 - std[3164a59e47d3bde]::panicking::panic_handler::{closure#0}
[INFO] [stderr]      7:     0x5a53bb23bbe9 - std[3164a59e47d3bde]::sys::backtrace::__rust_end_short_backtrace::<std[3164a59e47d3bde]::panicking::panic_handler::{closure#0}, !>
[INFO] [stderr]      8:     0x5a53bb24430d - __rustc[2e7b49d4226056d3]::rust_begin_unwind
[INFO] [stderr]      9:     0x5a53bb28040c - core[934024a1e6126fb4]::panicking::panic_fmt
[INFO] [stderr]     10:     0x5a53bb2803d2 - core[934024a1e6126fb4]::panicking::panic
[INFO] [stderr]     11:     0x5a53babd024d - build_script_build[7111aefc8b306264]::download_file
[INFO] [stderr]     12:     0x5a53babd50a2 - build_script_build[7111aefc8b306264]::download_static_lib_binaries
[INFO] [stderr]     13:     0x5a53babd68f3 - build_script_build[7111aefc8b306264]::main
[INFO] [stderr]     14:     0x5a53babcac1b - <fn() as core[934024a1e6126fb4]::ops::function::FnOnce<()>>::call_once
[INFO] [stderr]     15:     0x5a53babdd5ce - std[3164a59e47d3bde]::sys::backtrace::__rust_begin_short_backtrace::<fn(), ()>
[INFO] [stderr]     16:     0x5a53babc7799 - std[3164a59e47d3bde]::rt::lang_start::<()>::{closure#0}
[INFO] [stderr]     17:     0x5a53bb25f868 - std[3164a59e47d3bde]::rt::lang_start_internal
[INFO] [stderr]     18:     0x5a53babc6b01 - std[3164a59e47d3bde]::rt::lang_start::<()>
[INFO] [stderr]     19:     0x5a53babdb1f5 - main
[INFO] [stderr]     20:     0x703e3fbaf601 - <unknown>
[INFO] [stderr]     21:     0x703e3fbaf718 - __libc_start_main
[INFO] [stderr]     22:     0x5a53babc3b55 - _start
[INFO] [stderr]     23:                0x0 - <unknown>
[INFO] [stderr] warning: build failed, waiting for other jobs to finish...
[INFO] running `Command { std: "docker" "inspect" "31ad850d6c785074aed0b90f6d80f7ac92f60695e84ff3e7add08b65be953ae7", kill_on_drop: false }`
[INFO] running `Command { std: "docker" "rm" "-f" "31ad850d6c785074aed0b90f6d80f7ac92f60695e84ff3e7add08b65be953ae7", kill_on_drop: false }`
[INFO] [stdout] 31ad850d6c785074aed0b90f6d80f7ac92f60695e84ff3e7add08b65be953ae7
