[INFO] cloning repository https://github.com/ducksterisduckster-design/Test-thing
[INFO] running `Command { std: "git" "-c" "credential.helper=" "-c" "credential.helper=/workspace/cargo-home/bin/git-credential-null" "clone" "--bare" "https://github.com/ducksterisduckster-design/Test-thing" "/workspace/cache/git-repos/https%3A%2F%2Fgithub.com%2Fducksterisduckster-design%2FTest-thing", kill_on_drop: false }`
[INFO] [stderr] Cloning into bare repository '/workspace/cache/git-repos/https%3A%2F%2Fgithub.com%2Fducksterisduckster-design%2FTest-thing'...
[INFO] running `Command { std: "git" "rev-parse" "HEAD", kill_on_drop: false }`
[INFO] [stdout] 4faf67aa1acbaf93b2f9861e4c00509fa5443d79
[INFO] checking ducksterisduckster-design/Test-thing against 3154cc1a3e6424e44f438a95007d043ed5ceaaf6 for pr-133502-30
[INFO] running `Command { std: "git" "clone" "/workspace/cache/git-repos/https%3A%2F%2Fgithub.com%2Fducksterisduckster-design%2FTest-thing" "/workspace/builds/worker-5-tc2/source", kill_on_drop: false }`
[INFO] [stderr] Cloning into '/workspace/builds/worker-5-tc2/source'...
[INFO] [stderr] done.
[INFO] started tweaking git repo https://github.com/ducksterisduckster-design/Test-thing
[INFO] finished tweaking git repo https://github.com/ducksterisduckster-design/Test-thing
[INFO] tweaked toml for git repo https://github.com/ducksterisduckster-design/Test-thing written to /workspace/builds/worker-5-tc2/source/Cargo.toml
[INFO] validating manifest of git repo https://github.com/ducksterisduckster-design/Test-thing on toolchain 3154cc1a3e6424e44f438a95007d043ed5ceaaf6
[INFO] running `Command { std: CARGO_HOME="/workspace/cargo-home" RUSTUP_HOME="/workspace/rustup-home" "/workspace/cargo-home/bin/cargo" "+3154cc1a3e6424e44f438a95007d043ed5ceaaf6" "metadata" "--manifest-path" "Cargo.toml" "--no-deps", kill_on_drop: false }`
[INFO] crate git repo https://github.com/ducksterisduckster-design/Test-thing already has a lockfile, it will not be regenerated
[INFO] running `Command { std: CARGO_HOME="/workspace/cargo-home" RUSTUP_HOME="/workspace/rustup-home" "/workspace/cargo-home/bin/cargo" "+3154cc1a3e6424e44f438a95007d043ed5ceaaf6" "fetch" "--manifest-path" "Cargo.toml", kill_on_drop: false }`
[INFO] [stderr] warning: patch `fromsoftware-shared v0.14.0 (https://github.com/vswarte/fromsoftware-rs#59fbd3b3)` was not used in the crate graph
[INFO] [stderr]   |
[INFO] [stderr]   = help: perhaps you meant one of the following:
[INFO] [stderr]           	https://github.com/FantaTanked/fromsoft-rs
[INFO] [stderr]           	https://github.com/ducksterisduckster-design/fromsoft-rs
[INFO] [stderr] warning: patch `darksouls3 v0.14.0 (https://github.com/vswarte/fromsoftware-rs#59fbd3b3)` was not used in the crate graph
[INFO] [stderr] warning: patch `sekiro v0.14.0 (https://github.com/vswarte/fromsoftware-rs#59fbd3b3)` was not used in the crate graph
[INFO] [stderr] help: Check that the patched package version and available features are compatible
[INFO] [stderr]       with the dependency requirements. If the patch has a different version from
[INFO] [stderr]       what is locked in the Cargo.lock file, run `cargo update` to use the new
[INFO] [stderr]       version. This may also occur with an optional dependency that is not enabled.
[INFO] running `Command { std: "docker" "create" "-v" "/var/lib/crater-agent-workspace/builds/worker-5-tc2/source:/opt/rustwide/workdir:ro,Z" "-v" "/var/lib/crater-agent-workspace/builds/worker-5-tc2/target:/opt/rustwide/target:rw,Z" "-v" "/var/lib/crater-agent-workspace/cargo-home:/opt/rustwide/cargo-home:ro,Z" "-v" "/var/lib/crater-agent-workspace/rustup-home:/opt/rustwide/rustup-home:ro,Z" "-m" "1610612736" "--network" "none" "ghcr.io/rust-lang/crates-build-env/linux@sha256:77db811e55d90add9212f6832c23229e3de5f1c1f9905e8cb07319ea15df73ac" "sleep" "infinity", kill_on_drop: false }`
[INFO] [stdout] 680ae1bd1a135379dee53bb14a8d411f2a72feba4428b30e3c2e82df545c87d6
[INFO] running `Command { std: "docker" "start" "680ae1bd1a135379dee53bb14a8d411f2a72feba4428b30e3c2e82df545c87d6", kill_on_drop: false }`
[INFO] running `Command { std: "docker" "inspect" "680ae1bd1a135379dee53bb14a8d411f2a72feba4428b30e3c2e82df545c87d6", kill_on_drop: false }`
[INFO] running `Command { std: "docker" "exec" "-e" "SOURCE_DIR=/opt/rustwide/workdir" "-e" "CARGO_HOME=/opt/rustwide/cargo-home" "-e" "RUSTUP_HOME=/opt/rustwide/rustup-home" "-e" "CARGO_TARGET_DIR=/opt/rustwide/target" "-w" "/opt/rustwide/workdir" "--user" "0:0" "680ae1bd1a135379dee53bb14a8d411f2a72feba4428b30e3c2e82df545c87d6" "/opt/rustwide/cargo-home/bin/cargo" "+3154cc1a3e6424e44f438a95007d043ed5ceaaf6" "metadata" "--no-deps" "--format-version=1", kill_on_drop: false }`
[INFO] running `Command { std: "docker" "inspect" "680ae1bd1a135379dee53bb14a8d411f2a72feba4428b30e3c2e82df545c87d6", kill_on_drop: false }`
[INFO] running `Command { std: "docker" "exec" "-e" "SOURCE_DIR=/opt/rustwide/workdir" "-e" "CARGO_HOME=/opt/rustwide/cargo-home" "-e" "RUSTUP_HOME=/opt/rustwide/rustup-home" "-e" "CARGO_TARGET_DIR=/opt/rustwide/target" "-e" "CARGO_INCREMENTAL=0" "-e" "RUST_BACKTRACE=full" "-e" "RUSTFLAGS=--cap-lints=forbid" "-e" "RUSTDOCFLAGS=--cap-lints=forbid" "-w" "/opt/rustwide/workdir" "--user" "0:0" "680ae1bd1a135379dee53bb14a8d411f2a72feba4428b30e3c2e82df545c87d6" "/opt/rustwide/cargo-home/bin/cargo" "+3154cc1a3e6424e44f438a95007d043ed5ceaaf6" "check" "--frozen" "--all" "--all-targets" "--message-format=json", kill_on_drop: false }`
[INFO] [stderr] warning: patch `fromsoftware-shared v0.14.0 (https://github.com/vswarte/fromsoftware-rs#59fbd3b3)` was not used in the crate graph
[INFO] [stderr]   |
[INFO] [stderr]   = help: perhaps you meant one of the following:
[INFO] [stderr]           	https://github.com/FantaTanked/fromsoft-rs
[INFO] [stderr]           	https://github.com/ducksterisduckster-design/fromsoft-rs
[INFO] [stderr] warning: patch `darksouls3 v0.14.0 (https://github.com/vswarte/fromsoftware-rs#59fbd3b3)` was not used in the crate graph
[INFO] [stderr] warning: patch `sekiro v0.14.0 (https://github.com/vswarte/fromsoftware-rs#59fbd3b3)` was not used in the crate graph
[INFO] [stderr] help: Check that the patched package version and available features are compatible
[INFO] [stderr]       with the dependency requirements. If the patch has a different version from
[INFO] [stderr]       what is locked in the Cargo.lock file, run `cargo update` to use the new
[INFO] [stderr]       version. This may also occur with an optional dependency that is not enabled.
[INFO] [stderr]    Compiling libc v0.2.190
[INFO] [stderr]    Compiling unicode-ident v1.0.26
[INFO] [stderr]     Checking cfg-if v1.0.5
[INFO] [stderr]    Compiling find-msvc-tools v0.1.14
[INFO] [stderr]     Checking bitflags v2.13.2
[INFO] [stderr]     Checking windows-link v0.2.1
[INFO] [stderr]     Checking smallvec v1.16.2
[INFO] [stderr]     Checking zeroize v1.9.1
[INFO] [stderr]    Compiling crossbeam-utils v0.8.23
[INFO] [stderr]     Checking windows-link v0.1.3
[INFO] [stderr]    Compiling proc-macro2 v1.0.107
[INFO] [stderr]     Checking windows-result v0.3.4
[INFO] [stderr]     Checking windows-strings v0.4.2
[INFO] [stderr]     Checking hybrid-array v0.4.15
[INFO] [stderr]     Checking spin v0.9.9
[INFO] [stderr]     Checking aho-corasick v1.1.5
[INFO] [stderr]    Compiling zerocopy v0.8.62
[INFO] [stderr]    Compiling rustix v1.1.5
[INFO] [stderr]     Checking lazy_static v1.5.1
[INFO] [stderr]     Checking regex-syntax v0.8.11
[INFO] [stderr]     Checking event-listener-strategy v0.5.4
[INFO] [stderr]     Checking concurrent-queue v2.5.0
[INFO] [stderr]    Compiling derive_pod v0.1.3
[INFO] [stderr]    Compiling quote v1.0.47
[INFO] [stderr]     Checking linux-raw-sys v0.12.1
[INFO] [stderr]     Checking bumpalo v3.20.3
[INFO] [stderr]    Compiling syn v2.0.119
[INFO] [stderr]    Compiling syn v3.0.6
[INFO] [stderr]     Checking crypto-common v0.2.2
[INFO] [stderr]     Checking dataview v1.1.0
[INFO] [stderr]     Checking parking_lot_core v0.9.12
[INFO] [stderr]     Checking errno v0.3.14
[INFO] [stderr]    Compiling jobserver v0.1.35
[INFO] [stderr]     Checking parking_lot v0.12.5
[INFO] [stderr]     Checking windows-threading v0.1.0
[INFO] [stderr]     Checking windows-sys v0.61.2
[INFO] [stderr]    Compiling pelite-macros v0.1.1
[INFO] [stderr]    Compiling cc v1.6.0
[INFO] [stderr]    Compiling serde_core v1.0.229
[INFO] [stderr]     Checking regex-automata v0.4.18
[INFO] [stderr]    Compiling inflections v1.1.1
[INFO] [stderr]    Compiling aws-lc-rs v1.18.1
[INFO] [stderr]     Checking no-std-compat v0.4.1
[INFO] [stderr]    Compiling rustversion v1.0.23
[INFO] [stderr]     Checking pelite v0.10.0
[INFO] [stderr]    Compiling cmake v0.1.58
[INFO] [stderr]    Compiling openssl-sys v0.9.117
[INFO] [stderr]    Compiling aws-lc-sys v0.45.0
[INFO] [stderr]     Checking generic-array v0.14.7
[INFO] [stderr]     Checking async-channel v2.5.0
[INFO] [stderr]     Checking windows-result v0.4.1
[INFO] [stderr]     Checking windows-strings v0.5.1
[INFO] [stderr]     Checking nonmax v0.5.5
[INFO] [stderr]    Compiling darling_core v0.24.1
[INFO] [stderr]    Compiling indexmap v2.14.2
[INFO] [stderr]     Checking ctutils v0.4.3
[INFO] [stderr]    Compiling toml_parser v1.1.5+spec-1.1.0
[INFO] [stderr]     Checking from-singleton v3.0.1
[INFO] [stdout] error[E0432]: unresolved import `pelite::pe`
[INFO] [stdout]   --> /opt/rustwide/cargo-home/registry/src/index.crates.io-1949cf8c6b5b557f/from-singleton-3.0.1/src/find.rs:11:13
[INFO] [stdout]    |
[INFO] [stdout] 11 | use pelite::pe::Pe;
[INFO] [stdout]    |             ^^ could not find `pe` in `pelite`
[INFO] [stdout]    |
[INFO] [stdout] note: found an item that was configured out
[INFO] [stdout]   --> /opt/rustwide/cargo-home/registry/src/index.crates.io-1949cf8c6b5b557f/pelite-0.10.0/src/lib.rs:53:23
[INFO] [stdout]    |
[INFO] [stdout] 52 | #[cfg(all(windows, target_pointer_width = "32"))]
[INFO] [stdout]    |           ------- the item is gated here
[INFO] [stdout] 53 | pub use self::pe32 as pe;
[INFO] [stdout]    |                       ^^
[INFO] [stdout] note: found an item that was configured out
[INFO] [stdout]   --> /opt/rustwide/cargo-home/registry/src/index.crates.io-1949cf8c6b5b557f/pelite-0.10.0/src/lib.rs:56:23
[INFO] [stdout]    |
[INFO] [stdout] 55 | #[cfg(all(windows, target_pointer_width = "64"))]
[INFO] [stdout]    |           ------- the item is gated here
[INFO] [stdout] 56 | pub use self::pe64 as pe;
[INFO] [stdout]    |                       ^^
[INFO] [stdout] 
[INFO] [stdout] 
[INFO] [stdout] error[E0433]: cannot find `pe` in `pelite`
[INFO] [stdout]    --> /opt/rustwide/cargo-home/registry/src/index.crates.io-1949cf8c6b5b557f/from-singleton-3.0.1/src/lib.rs:103:22
[INFO] [stdout]     |
[INFO] [stdout] 103 |     let pe = pelite::pe::PeView::module(image_base as _);
[INFO] [stdout]     |                      ^^ could not find `pe` in `pelite`
[INFO] [stdout]     |
[INFO] [stdout] note: found an item that was configured out
[INFO] [stdout]    --> /opt/rustwide/cargo-home/registry/src/index.crates.io-1949cf8c6b5b557f/pelite-0.10.0/src/lib.rs:53:23
[INFO] [stdout]     |
[INFO] [stdout]  52 | #[cfg(all(windows, target_pointer_width = "32"))]
[INFO] [stdout]     |           ------- the item is gated here
[INFO] [stdout]  53 | pub use self::pe32 as pe;
[INFO] [stdout]     |                       ^^
[INFO] [stdout] note: found an item that was configured out
[INFO] [stdout]    --> /opt/rustwide/cargo-home/registry/src/index.crates.io-1949cf8c6b5b557f/pelite-0.10.0/src/lib.rs:56:23
[INFO] [stdout]     |
[INFO] [stdout]  55 | #[cfg(all(windows, target_pointer_width = "64"))]
[INFO] [stdout]     |           ------- the item is gated here
[INFO] [stdout]  56 | pub use self::pe64 as pe;
[INFO] [stdout]     |                       ^^
[INFO] [stdout] help: consider importing one of these items
[INFO] [stdout]     |
[INFO] [stdout]   3 + use pelite::PeView;
[INFO] [stdout]     |
[INFO] [stdout]   3 + use pelite::pe32::PeView;
[INFO] [stdout]     |
[INFO] [stdout]   3 + use pelite::pe64::PeView;
[INFO] [stdout]     |
[INFO] [stdout] help: if you import `PeView`, refer to it directly
[INFO] [stdout]     |
[INFO] [stdout] 103 -     let pe = pelite::pe::PeView::module(image_base as _);
[INFO] [stdout] 103 +     let pe = PeView::module(image_base as _);
[INFO] [stdout]     |
[INFO] [stdout] 
[INFO] [stdout] 
[INFO] [stdout] error[E0433]: cannot find `pe` in `pelite`
[INFO] [stdout]    --> /opt/rustwide/cargo-home/registry/src/index.crates.io-1949cf8c6b5b557f/from-singleton-3.0.1/src/lib.rs:110:22
[INFO] [stdout]     |
[INFO] [stdout] 110 |     let pe = pelite::pe::PeView::module(image_base as _);
[INFO] [stdout]     |                      ^^ could not find `pe` in `pelite`
[INFO] [stdout]     |
[INFO] [stdout] note: found an item that was configured out
[INFO] [stdout]    --> /opt/rustwide/cargo-home/registry/src/index.crates.io-1949cf8c6b5b557f/pelite-0.10.0/src/lib.rs:53:23
[INFO] [stdout]     |
[INFO] [stdout]  52 | #[cfg(all(windows, target_pointer_width = "32"))]
[INFO] [stdout]     |           ------- the item is gated here
[INFO] [stdout]  53 | pub use self::pe32 as pe;
[INFO] [stdout]     |                       ^^
[INFO] [stdout] note: found an item that was configured out
[INFO] [stdout]    --> /opt/rustwide/cargo-home/registry/src/index.crates.io-1949cf8c6b5b557f/pelite-0.10.0/src/lib.rs:56:23
[INFO] [stdout]     |
[INFO] [stdout]  55 | #[cfg(all(windows, target_pointer_width = "64"))]
[INFO] [stdout]     |           ------- the item is gated here
[INFO] [stdout]  56 | pub use self::pe64 as pe;
[INFO] [stdout]     |                       ^^
[INFO] [stdout] help: consider importing one of these items
[INFO] [stdout]     |
[INFO] [stdout]   3 + use pelite::PeView;
[INFO] [stdout]     |
[INFO] [stdout]   3 + use pelite::pe32::PeView;
[INFO] [stdout]     |
[INFO] [stdout]   3 + use pelite::pe64::PeView;
[INFO] [stdout]     |
[INFO] [stdout] help: if you import `PeView`, refer to it directly
[INFO] [stdout]     |
[INFO] [stdout] 110 -     let pe = pelite::pe::PeView::module(image_base as _);
[INFO] [stdout] 110 +     let pe = PeView::module(image_base as _);
[INFO] [stdout]     |
[INFO] [stdout] 
[INFO] [stdout] 
[INFO] [stderr]     Checking polling v3.11.0
[INFO] [stdout] Some errors have detailed explanations: E0432, E0433.
[INFO] [stdout] 
[INFO] [stdout] For more information about an error, try `rustc --explain E0432`.
[INFO] [stdout] 
[INFO] [stderr] error: could not compile `from-singleton` (lib) due to 3 previous errors
[INFO] [stderr] warning: build failed, waiting for other jobs to finish...
[INFO] running `Command { std: "docker" "inspect" "680ae1bd1a135379dee53bb14a8d411f2a72feba4428b30e3c2e82df545c87d6", kill_on_drop: false }`
[INFO] running `Command { std: "docker" "rm" "-f" "680ae1bd1a135379dee53bb14a8d411f2a72feba4428b30e3c2e82df545c87d6", kill_on_drop: false }`
[INFO] [stdout] 680ae1bd1a135379dee53bb14a8d411f2a72feba4428b30e3c2e82df545c87d6
