[INFO] cloning repository https://github.com/drizzling-cloud/Aqueduct
[INFO] running `Command { std: "git" "-c" "credential.helper=" "-c" "credential.helper=/workspace/cargo-home/bin/git-credential-null" "clone" "--bare" "https://github.com/drizzling-cloud/Aqueduct" "/workspace/cache/git-repos/https%3A%2F%2Fgithub.com%2Fdrizzling-cloud%2FAqueduct", kill_on_drop: false }`
[INFO] [stderr] Cloning into bare repository '/workspace/cache/git-repos/https%3A%2F%2Fgithub.com%2Fdrizzling-cloud%2FAqueduct'...
[INFO] running `Command { std: "git" "rev-parse" "HEAD", kill_on_drop: false }`
[INFO] [stdout] ce8dbe530be2e97fac916e868cbb15f52248ad95
[INFO] checking drizzling-cloud/Aqueduct against 3154cc1a3e6424e44f438a95007d043ed5ceaaf6 for pr-133502-30
[INFO] running `Command { std: "git" "clone" "/workspace/cache/git-repos/https%3A%2F%2Fgithub.com%2Fdrizzling-cloud%2FAqueduct" "/workspace/builds/worker-4-tc2/source", kill_on_drop: false }`
[INFO] [stderr] Cloning into '/workspace/builds/worker-4-tc2/source'...
[INFO] [stderr] done.
[INFO] started tweaking git repo https://github.com/drizzling-cloud/Aqueduct
[INFO] finished tweaking git repo https://github.com/drizzling-cloud/Aqueduct
[INFO] tweaked toml for git repo https://github.com/drizzling-cloud/Aqueduct written to /workspace/builds/worker-4-tc2/source/Cargo.toml
[INFO] validating manifest of git repo https://github.com/drizzling-cloud/Aqueduct on toolchain 3154cc1a3e6424e44f438a95007d043ed5ceaaf6
[INFO] running `Command { std: CARGO_HOME="/workspace/cargo-home" RUSTUP_HOME="/workspace/rustup-home" "/workspace/cargo-home/bin/cargo" "+3154cc1a3e6424e44f438a95007d043ed5ceaaf6" "metadata" "--manifest-path" "Cargo.toml" "--no-deps", kill_on_drop: false }`
[INFO] crate git repo https://github.com/drizzling-cloud/Aqueduct already has a lockfile, it will not be regenerated
[INFO] running `Command { std: CARGO_HOME="/workspace/cargo-home" RUSTUP_HOME="/workspace/rustup-home" "/workspace/cargo-home/bin/cargo" "+3154cc1a3e6424e44f438a95007d043ed5ceaaf6" "fetch" "--manifest-path" "Cargo.toml", kill_on_drop: false }`
[INFO] running `Command { std: "docker" "create" "-v" "/var/lib/crater-agent-workspace/builds/worker-4-tc2/source:/opt/rustwide/workdir:ro,Z" "-v" "/var/lib/crater-agent-workspace/builds/worker-4-tc2/target:/opt/rustwide/target:rw,Z" "-v" "/var/lib/crater-agent-workspace/cargo-home:/opt/rustwide/cargo-home:ro,Z" "-v" "/var/lib/crater-agent-workspace/rustup-home:/opt/rustwide/rustup-home:ro,Z" "-m" "1610612736" "--network" "none" "ghcr.io/rust-lang/crates-build-env/linux@sha256:77db811e55d90add9212f6832c23229e3de5f1c1f9905e8cb07319ea15df73ac" "sleep" "infinity", kill_on_drop: false }`
[INFO] [stdout] 94484cf7017a52e508a6702774c28f5f8d6475ebbed1f36a9fe05ad9831bf2ee
[INFO] running `Command { std: "docker" "start" "94484cf7017a52e508a6702774c28f5f8d6475ebbed1f36a9fe05ad9831bf2ee", kill_on_drop: false }`
[INFO] running `Command { std: "docker" "inspect" "94484cf7017a52e508a6702774c28f5f8d6475ebbed1f36a9fe05ad9831bf2ee", kill_on_drop: false }`
[INFO] running `Command { std: "docker" "exec" "-e" "SOURCE_DIR=/opt/rustwide/workdir" "-e" "CARGO_HOME=/opt/rustwide/cargo-home" "-e" "RUSTUP_HOME=/opt/rustwide/rustup-home" "-e" "CARGO_TARGET_DIR=/opt/rustwide/target" "-w" "/opt/rustwide/workdir" "--user" "0:0" "94484cf7017a52e508a6702774c28f5f8d6475ebbed1f36a9fe05ad9831bf2ee" "/opt/rustwide/cargo-home/bin/cargo" "+3154cc1a3e6424e44f438a95007d043ed5ceaaf6" "metadata" "--no-deps" "--format-version=1", kill_on_drop: false }`
[INFO] running `Command { std: "docker" "inspect" "94484cf7017a52e508a6702774c28f5f8d6475ebbed1f36a9fe05ad9831bf2ee", kill_on_drop: false }`
[INFO] running `Command { std: "docker" "exec" "-e" "SOURCE_DIR=/opt/rustwide/workdir" "-e" "CARGO_HOME=/opt/rustwide/cargo-home" "-e" "RUSTUP_HOME=/opt/rustwide/rustup-home" "-e" "CARGO_TARGET_DIR=/opt/rustwide/target" "-e" "CARGO_INCREMENTAL=0" "-e" "RUST_BACKTRACE=full" "-e" "RUSTFLAGS=--cap-lints=forbid" "-e" "RUSTDOCFLAGS=--cap-lints=forbid" "-w" "/opt/rustwide/workdir" "--user" "0:0" "94484cf7017a52e508a6702774c28f5f8d6475ebbed1f36a9fe05ad9831bf2ee" "/opt/rustwide/cargo-home/bin/cargo" "+3154cc1a3e6424e44f438a95007d043ed5ceaaf6" "check" "--frozen" "--all" "--all-targets" "--message-format=json", kill_on_drop: false }`
[INFO] [stderr]    Compiling typenum v1.20.0
[INFO] [stderr]    Compiling libc v0.2.186
[INFO] [stderr]    Compiling syn v2.0.117
[INFO] [stderr]    Compiling syn v3.0.3
[INFO] [stderr]    Compiling cmov v0.5.3
[INFO] [stderr]     Checking socket2 v0.6.5
[INFO] [stderr]    Compiling aws-lc-rs v1.17.0
[INFO] [stderr]    Compiling cpufeatures v0.3.0
[INFO] [stderr]    Compiling crossbeam-utils v0.8.21
[INFO] [stderr]     Checking generic-array v0.14.7
[INFO] [stderr]    Compiling thiserror v2.0.18
[INFO] [stderr]     Checking deranged v0.5.8
[INFO] [stderr]    Compiling rustls-pki-types v1.14.1
[INFO] [stderr]    Compiling num-traits v0.2.19
[INFO] [stderr]     Checking digest v0.11.3
[INFO] [stderr]    Compiling rustls v0.23.43
[INFO] [stderr]    Compiling rand_core v0.10.1
[INFO] [stderr]    Compiling rust_decimal v1.42.0
[INFO] [stderr]     Checking serde_json v1.0.151
[INFO] [stderr]    Compiling arrayvec v0.7.6
[INFO] [stderr]    Compiling ctutils v0.4.2
[INFO] [stderr]    Compiling futures-util v0.3.34
[INFO] [stderr]    Compiling concurrent-queue v2.5.0
[INFO] [stderr]    Compiling crossbeam-queue v0.3.12
[INFO] [stderr]    Compiling webpki-roots v1.0.7
[INFO] [stderr]    Compiling hashlink v0.11.1
[INFO] [stderr]    Compiling chacha20 v0.10.0
[INFO] [stderr]     Checking block-buffer v0.10.4
[INFO] [stderr]     Checking crypto-common v0.1.7
[INFO] [stderr]    Compiling uuid v1.23.1
[INFO] [stderr]    Compiling base64 v0.22.1
[INFO] [stderr]     Checking digest v0.10.7
[INFO] [stderr]    Compiling event-listener v5.4.1
[INFO] [stderr]    Compiling ipnetwork v0.21.1
[INFO] [stderr]    Compiling stringprep v0.1.5
[INFO] [stderr]     Checking tinyvec v1.11.0
[INFO] [stderr]    Compiling chrono v0.4.45
[INFO] [stderr]    Compiling atoi v2.0.0
[INFO] [stderr]     Checking sha2 v0.11.0
[INFO] [stderr]    Compiling jobserver v0.1.34
[INFO] [stderr]    Compiling getrandom v0.2.17
[INFO] [stderr]    Compiling mio v1.2.0
[INFO] [stderr]    Compiling getrandom v0.4.2
[INFO] [stderr]    Compiling whoami v2.1.2
[INFO] [stderr]    Compiling bitflags v2.11.1
[INFO] [stderr]    Compiling rand v0.10.2
[INFO] [stderr]    Compiling cc v1.2.62
[INFO] [stderr]     Checking unicode-normalization v0.1.25
[INFO] [stderr]    Compiling time v0.3.47
[INFO] [stderr]     Checking sha2 v0.10.9
[INFO] [stderr]     Checking hmac v0.13.0
[INFO] [stderr]    Compiling tokio v1.53.1
[INFO] [stderr]    Compiling aho-corasick v1.1.4
[INFO] [stderr]    Compiling regex-syntax v0.8.10
[INFO] [stderr]    Compiling hybrid-array v0.4.12
[INFO] [stderr]     Checking hkdf v0.13.0
[INFO] [stderr]     Checking md-5 v0.11.0
[INFO] [stderr]    Compiling proc-macro-error-attr2 v2.0.0
[INFO] [stderr]     Checking ordered-float v4.6.0
[INFO] [stderr]    Compiling mime_guess v2.0.5
[INFO] [stderr]     Checking aliasable v0.1.3
[INFO] [stderr]    Compiling mime v0.3.17
[INFO] [stderr]     Checking http-body-util v0.1.3
[INFO] [stderr]     Checking clap_lex v1.1.0
[INFO] [stderr]     Checking password-hash v0.5.0
[INFO] [stderr]     Checking clap_builder v4.6.6
[INFO] [stderr]    Compiling cmake v0.1.58
[INFO] [stderr]    Compiling block-buffer v0.12.0
[INFO] [stderr]    Compiling crypto-common v0.2.1
[INFO] [stderr]     Checking rust-embed-utils v8.12.0
[INFO] [stderr]     Checking blake2 v0.10.6
[INFO] [stderr]     Checking crossbeam-channel v0.5.15
[INFO] [stderr]     Checking symlink v0.1.0
[INFO] [stderr]     Checking signature v2.2.0
[INFO] [stderr]    Compiling aqueduct v0.1.0 (/opt/rustwide/workdir/core)
[INFO] [stderr]     Checking ip_network_table-deps-treebitmap v0.5.0
[INFO] [stderr]     Checking unicase v2.9.0
[INFO] [stderr] warning: aqueduct@0.1.0: Web UI build output missing. Run `cd webui && npm run build`
[INFO] [stderr]     Checking argon2 v0.5.3
[INFO] [stderr]     Checking regex-automata v0.4.14
[INFO] [stderr]     Checking nanoid v0.5.0
[INFO] [stderr]     Checking sysinfo v0.39.6
[INFO] [stderr]     Checking bs58 v0.5.1
[INFO] [stderr]    Compiling ring v0.17.14
[INFO] [stderr]    Compiling aws-lc-sys v0.41.0
[INFO] [stderr]    Compiling serde_derive v1.0.229
[INFO] [stderr]    Compiling futures-macro v0.3.34
[INFO] [stderr]    Compiling clap_derive v4.6.4
[INFO] [stderr]    Compiling synstructure v0.13.2
[INFO] [stderr]    Compiling darling_core v0.20.11
[INFO] [stderr]    Compiling proc-macro2-diagnostics v0.10.1
[INFO] [stderr]    Compiling proc-macro-error2 v2.0.1
[INFO] [stderr]     Checking matchers v0.2.0
[INFO] [stderr]    Compiling zerofrom-derive v0.1.7
[INFO] [stderr]    Compiling yoke-derive v0.8.2
[INFO] [stderr]    Compiling zerovec-derive v0.11.3
[INFO] [stderr]    Compiling displaydoc v0.2.5
[INFO] [stderr]    Compiling tracing-attributes v0.1.31
[INFO] [stderr]    Compiling thiserror-impl v2.0.18
[INFO] [stderr]    Compiling tokio-macros v2.7.0
[INFO] [stderr]    Compiling zeroize_derive v1.4.3
[INFO] [stderr]     Checking zeroize v1.8.2
[INFO] [stderr]    Compiling ouroboros_macro v0.18.5
[INFO] [stderr]    Compiling strum_macros v0.28.0
[INFO] [stderr]    Compiling darling_macro v0.20.11
[INFO] [stderr]    Compiling darling v0.20.11
[INFO] [stderr]    Compiling sea-bae v0.2.1
[INFO] [stderr]    Compiling derive_more-impl v2.1.1
[INFO] [stderr]    Compiling async-stream-impl v0.3.6
[INFO] [stderr]     Checking tracing v0.1.44
[INFO] [stderr]    Compiling zerofrom v0.1.8
[INFO] [stderr]    Compiling yoke v0.8.2
[INFO] [stderr]    Compiling sea-query-derive v1.0.0
[INFO] [stderr]     Checking async-stream v0.3.6
[INFO] [stderr]    Compiling derive-where v1.6.1
[INFO] [stderr]    Compiling zerovec v0.11.6
[INFO] [stderr]    Compiling zerotrie v0.2.4
[INFO] [stderr]    Compiling regex v1.12.3
[INFO] [stderr]     Checking ouroboros v0.18.5
[INFO] [stderr]     Checking strum v0.28.0
[INFO] [stderr]    Compiling async-trait v0.1.89
[INFO] [stderr]     Checking axum-core v0.5.6
[INFO] [stderr]     Checking simple_asn1 v0.6.4
[INFO] [stderr]    Compiling rustls-webpki v0.103.13
[INFO] [stderr]    Compiling tinystr v0.8.3
[INFO] [stderr]    Compiling potential_utf v0.1.5
[INFO] [stderr]    Compiling pluralizer v0.5.0
[INFO] [stderr]    Compiling icu_collections v2.2.0
[INFO] [stderr]     Checking futures-executor v0.3.34
[INFO] [stderr]    Compiling icu_locale_core v2.2.0
[INFO] [stderr]     Checking derive_more v2.1.1
[INFO] [stderr]    Compiling rust-embed-impl v8.12.0
[INFO] [stderr]     Checking futures v0.3.34
[INFO] [stderr]     Checking clap v4.6.6
[INFO] [stderr]    Compiling tokio-stream v0.1.19
[INFO] [stderr]     Checking serde v1.0.229
[INFO] [stderr]     Checking rust-embed v8.12.0
[INFO] [stderr]     Checking icu_provider v2.2.0
[INFO] [stderr]     Checking smallvec v1.15.1
[INFO] [stderr]    Compiling either v1.15.0
[INFO] [stderr]     Checking parking_lot_core v0.9.12
[INFO] [stderr]     Checking icu_normalizer v2.2.0
[INFO] [stderr]     Checking icu_properties v2.2.0
[INFO] [stderr]     Checking tracing-subscriber v0.3.23
[INFO] [stderr]     Checking ip_network v0.4.1
[INFO] [stderr]     Checking serde_urlencoded v0.7.1
[INFO] [stderr]     Checking itertools v0.14.0
[INFO] [stderr]     Checking parking_lot v0.12.5
[INFO] [stderr]     Checking ip_network_table v0.2.0
[INFO] [stderr]     Checking dashmap v6.2.1
[INFO] [stderr]     Checking futures-intrusive v0.5.0
[INFO] [stderr]     Checking sea-query v1.0.1
[INFO] [stderr]     Checking idna_adapter v1.2.2
[INFO] [stderr]     Checking idna v1.1.0
[INFO] [stderr]     Checking tracing-appender v0.2.5
[INFO] [stderr]     Checking url v2.5.8
[INFO] [stderr]     Checking hyper v1.9.0
[INFO] [stderr]     Checking tower v0.5.3
[INFO] [stderr]    Compiling sea-orm-macros v2.0.2
[INFO] [stderr]     Checking tokio-util v0.7.19
[INFO] [stderr]     Checking hyper-util v0.1.20
[INFO] [stderr]     Checking axum v0.8.9
[INFO] [stderr]    Compiling sqlx-core v0.9.0
[INFO] [stderr]    Compiling sqlx-postgres v0.9.0
[INFO] [stderr]     Checking jsonwebtoken v10.4.0
[INFO] [stderr]    Compiling sqlx-macros-core v0.9.0
[INFO] [stderr]    Compiling sqlx-macros v0.9.0
[INFO] [stderr]     Checking tokio-rustls v0.26.4
[INFO] [stderr]     Checking sqlx v0.9.0
[INFO] [stderr]     Checking sea-query-sqlx v0.9.1
[INFO] [stderr]     Checking sea-orm v2.0.2
[INFO] [stderr]     Checking aqueduct-entity v0.1.0 (/opt/rustwide/workdir/entity)
[INFO] [stdout] error: #[derive(RustEmbed)] folder '/opt/rustwide/workdir/core/../webui/dist' does not exist. cwd: '/opt/rustwide/workdir'
[INFO] [stdout]   --> core/src/api/static_files/handlers.rs:26:1
[INFO] [stdout]    |
[INFO] [stdout] 26 | / #[folder = "../webui/dist"]
[INFO] [stdout] 27 | | struct Webui;
[INFO] [stdout]    | |_____________^
[INFO] [stdout] 
[INFO] [stdout] 
[INFO] [stdout] error: #[derive(RustEmbed)] folder '/opt/rustwide/workdir/core/../webui/dist' does not exist. cwd: '/opt/rustwide/workdir'
[INFO] [stdout]   --> core/src/api/static_files/handlers.rs:26:1
[INFO] [stdout]    |
[INFO] [stdout] 26 | / #[folder = "../webui/dist"]
[INFO] [stdout] 27 | | struct Webui;
[INFO] [stdout]    | |_____________^
[INFO] [stdout] 
[INFO] [stdout] 
[INFO] [stdout] error[E0599]: no associated function or constant named `get` found for struct `Webui` in the current scope
[INFO] [stdout]   --> core/src/api/static_files/handlers.rs:39:37
[INFO] [stdout]    |
[INFO] [stdout] 27 | struct Webui;
[INFO] [stdout]    | ------------ associated function or constant `get` not found for this struct
[INFO] [stdout] ...
[INFO] [stdout] 39 |     let (path, file) = match Webui::get(path) {
[INFO] [stdout]    |                                     ^^^ associated function or constant not found in `Webui`
[INFO] [stdout]    |
[INFO] [stdout]    = help: items from traits can only be used if the trait is implemented and in scope
[INFO] [stdout]    = note: the following traits define an item `get`, perhaps you need to implement one of them:
[INFO] [stdout]            candidate #1: `ActiveModelTrait`
[INFO] [stdout]            candidate #2: `Embed`
[INFO] [stdout]            candidate #3: `ModelTrait`
[INFO] [stdout]            candidate #4: `Row`
[INFO] [stdout]            candidate #5: `SliceIndex`
[INFO] [stdout]            candidate #6: `StoresServerSessions`
[INFO] [stdout]            candidate #7: `icu_collections::codepointtrie::cptrie::TypedCodePointTrie`
[INFO] [stdout]            candidate #8: `icu_properties::names::PropertyEnumToValueNameLookup`
[INFO] [stdout]            candidate #9: `icu_provider::baked::DataStore`
[INFO] [stdout]            candidate #10: `itertools::Itertools`
[INFO] [stdout] 
[INFO] [stdout] 
[INFO] [stdout] error[E0599]: no associated function or constant named `get` found for struct `Webui` in the current scope
[INFO] [stdout]   --> core/src/api/static_files/handlers.rs:39:37
[INFO] [stdout]    |
[INFO] [stdout] 27 | struct Webui;
[INFO] [stdout]    | ------------ associated function or constant `get` not found for this struct
[INFO] [stdout] ...
[INFO] [stdout] 39 |     let (path, file) = match Webui::get(path) {
[INFO] [stdout]    |                                     ^^^ associated function or constant not found in `Webui`
[INFO] [stdout]    |
[INFO] [stdout]    = help: items from traits can only be used if the trait is implemented and in scope
[INFO] [stdout]    = note: the following traits define an item `get`, perhaps you need to implement one of them:
[INFO] [stdout]            candidate #1: `ActiveModelTrait`
[INFO] [stdout]            candidate #2: `Embed`
[INFO] [stdout]            candidate #3: `ModelTrait`
[INFO] [stdout]            candidate #4: `Row`
[INFO] [stdout]            candidate #5: `SliceIndex`
[INFO] [stdout]            candidate #6: `StoresServerSessions`
[INFO] [stdout]            candidate #7: `icu_collections::codepointtrie::cptrie::TypedCodePointTrie`
[INFO] [stdout]            candidate #8: `icu_properties::names::PropertyEnumToValueNameLookup`
[INFO] [stdout]            candidate #9: `icu_provider::baked::DataStore`
[INFO] [stdout]            candidate #10: `itertools::Itertools`
[INFO] [stdout] 
[INFO] [stdout] 
[INFO] [stdout] error[E0599]: no associated function or constant named `get` found for struct `Webui` in the current scope
[INFO] [stdout]   --> core/src/api/static_files/handlers.rs:41:62
[INFO] [stdout]    |
[INFO] [stdout] 27 | struct Webui;
[INFO] [stdout]    | ------------ associated function or constant `get` not found for this struct
[INFO] [stdout] ...
[INFO] [stdout] 41 |         None if !path.starts_with("assets/") => match Webui::get("index.html") {
[INFO] [stdout]    |                                                              ^^^ associated function or constant not found in `Webui`
[INFO] [stdout]    |
[INFO] [stdout]    = help: items from traits can only be used if the trait is implemented and in scope
[INFO] [stdout]    = note: the following traits define an item `get`, perhaps you need to implement one of them:
[INFO] [stdout]            candidate #1: `ActiveModelTrait`
[INFO] [stdout]            candidate #2: `Embed`
[INFO] [stdout]            candidate #3: `ModelTrait`
[INFO] [stdout]            candidate #4: `Row`
[INFO] [stdout]            candidate #5: `SliceIndex`
[INFO] [stdout]            candidate #6: `StoresServerSessions`
[INFO] [stdout]            candidate #7: `icu_collections::codepointtrie::cptrie::TypedCodePointTrie`
[INFO] [stdout]            candidate #8: `icu_properties::names::PropertyEnumToValueNameLookup`
[INFO] [stdout]            candidate #9: `icu_provider::baked::DataStore`
[INFO] [stdout]            candidate #10: `itertools::Itertools`
[INFO] [stdout] 
[INFO] [stdout] 
[INFO] [stdout] error[E0599]: no associated function or constant named `get` found for struct `Webui` in the current scope
[INFO] [stdout]   --> core/src/api/static_files/handlers.rs:41:62
[INFO] [stdout]    |
[INFO] [stdout] 27 | struct Webui;
[INFO] [stdout]    | ------------ associated function or constant `get` not found for this struct
[INFO] [stdout] ...
[INFO] [stdout] 41 |         None if !path.starts_with("assets/") => match Webui::get("index.html") {
[INFO] [stdout]    |                                                              ^^^ associated function or constant not found in `Webui`
[INFO] [stdout]    |
[INFO] [stdout]    = help: items from traits can only be used if the trait is implemented and in scope
[INFO] [stdout]    = note: the following traits define an item `get`, perhaps you need to implement one of them:
[INFO] [stdout]            candidate #1: `ActiveModelTrait`
[INFO] [stdout]            candidate #2: `Embed`
[INFO] [stdout]            candidate #3: `ModelTrait`
[INFO] [stdout]            candidate #4: `Row`
[INFO] [stdout]            candidate #5: `SliceIndex`
[INFO] [stdout]            candidate #6: `StoresServerSessions`
[INFO] [stdout]            candidate #7: `icu_collections::codepointtrie::cptrie::TypedCodePointTrie`
[INFO] [stdout]            candidate #8: `icu_properties::names::PropertyEnumToValueNameLookup`
[INFO] [stdout]            candidate #9: `icu_provider::baked::DataStore`
[INFO] [stdout]            candidate #10: `itertools::Itertools`
[INFO] [stdout] 
[INFO] [stdout] 
[INFO] [stdout] For more information about this error, try `rustc --explain E0599`.
[INFO] [stdout] 
[INFO] [stderr] warning: aqueduct@0.1.0: Web UI build output missing. Run `cd webui && npm run build`
[INFO] [stderr] error: could not compile `aqueduct` (bin "aqueduct" test) due to 3 previous errors
[INFO] [stderr] warning: build failed, waiting for other jobs to finish...
[INFO] [stdout] For more information about this error, try `rustc --explain E0599`.
[INFO] [stdout] 
[INFO] [stderr] warning: aqueduct@0.1.0: Web UI build output missing. Run `cd webui && npm run build`
[INFO] [stderr] error: could not compile `aqueduct` (bin "aqueduct") due to 3 previous errors
[INFO] running `Command { std: "docker" "inspect" "94484cf7017a52e508a6702774c28f5f8d6475ebbed1f36a9fe05ad9831bf2ee", kill_on_drop: false }`
[INFO] running `Command { std: "docker" "rm" "-f" "94484cf7017a52e508a6702774c28f5f8d6475ebbed1f36a9fe05ad9831bf2ee", kill_on_drop: false }`
[INFO] [stdout] 94484cf7017a52e508a6702774c28f5f8d6475ebbed1f36a9fe05ad9831bf2ee
