[INFO] cloning repository https://github.com/drangoht/rust-atelier
[INFO] running `Command { std: "git" "-c" "credential.helper=" "-c" "credential.helper=/workspace/cargo-home/bin/git-credential-null" "clone" "--bare" "https://github.com/drangoht/rust-atelier" "/workspace/cache/git-repos/https%3A%2F%2Fgithub.com%2Fdrangoht%2Frust-atelier", kill_on_drop: false }`
[INFO] [stderr] Cloning into bare repository '/workspace/cache/git-repos/https%3A%2F%2Fgithub.com%2Fdrangoht%2Frust-atelier'...
[INFO] running `Command { std: "git" "rev-parse" "HEAD", kill_on_drop: false }`
[INFO] [stdout] 7fd16304c7860ec4895a9f6c0b868e7d447ba611
[INFO] checking drangoht/rust-atelier against 3154cc1a3e6424e44f438a95007d043ed5ceaaf6 for pr-133502-30
[INFO] running `Command { std: "git" "clone" "/workspace/cache/git-repos/https%3A%2F%2Fgithub.com%2Fdrangoht%2Frust-atelier" "/workspace/builds/worker-5-tc2/source", kill_on_drop: false }`
[INFO] [stderr] Cloning into '/workspace/builds/worker-5-tc2/source'...
[INFO] [stderr] done.
[INFO] removed /workspace/builds/worker-5-tc2/source/.cargo/config.toml
[INFO] removed /workspace/builds/worker-5-tc2/source/rust-toolchain.toml
[INFO] started tweaking git repo https://github.com/drangoht/rust-atelier
[INFO] finished tweaking git repo https://github.com/drangoht/rust-atelier
[INFO] tweaked toml for git repo https://github.com/drangoht/rust-atelier written to /workspace/builds/worker-5-tc2/source/Cargo.toml
[INFO] validating manifest of git repo https://github.com/drangoht/rust-atelier on toolchain 3154cc1a3e6424e44f438a95007d043ed5ceaaf6
[INFO] running `Command { std: CARGO_HOME="/workspace/cargo-home" RUSTUP_HOME="/workspace/rustup-home" "/workspace/cargo-home/bin/cargo" "+3154cc1a3e6424e44f438a95007d043ed5ceaaf6" "metadata" "--manifest-path" "Cargo.toml" "--no-deps", kill_on_drop: false }`
[INFO] crate git repo https://github.com/drangoht/rust-atelier already has a lockfile, it will not be regenerated
[INFO] running `Command { std: CARGO_HOME="/workspace/cargo-home" RUSTUP_HOME="/workspace/rustup-home" "/workspace/cargo-home/bin/cargo" "+3154cc1a3e6424e44f438a95007d043ed5ceaaf6" "fetch" "--manifest-path" "Cargo.toml", kill_on_drop: false }`
[INFO] [stderr] warning: unused workspace dependency `criterion`
[INFO] [stderr]   --> Cargo.toml:20:1
[INFO] [stderr]    |
[INFO] [stderr] 20 | criterion = "0.5"
[INFO] [stderr]    | ^^^^^^^^^
[INFO] [stderr]    |
[INFO] [stderr]    = note: `cargo::unused_workspace_dependencies` is set to `warn` by default
[INFO] [stderr] help: consider removing the workspace dependency `criterion`
[INFO] [stderr] warning: unused field `publish` in `workspace.package`
[INFO] [stderr]   --> Cargo.toml:41:1
[INFO] [stderr]    |
[INFO] [stderr] 41 | publish = false
[INFO] [stderr]    | ^^^^^^^
[INFO] [stderr]    |
[INFO] [stderr]    = note: `cargo::unused_workspace_package_fields` is set to `warn` by default
[INFO] [stderr] help: consider removing the field `workspace.package.publish`
[INFO] [stderr] warning: workspace (manifest) generated 2 warnings
[INFO] running `Command { std: "docker" "create" "-v" "/var/lib/crater-agent-workspace/builds/worker-5-tc2/source:/opt/rustwide/workdir:ro,Z" "-v" "/var/lib/crater-agent-workspace/builds/worker-5-tc2/target:/opt/rustwide/target:rw,Z" "-v" "/var/lib/crater-agent-workspace/cargo-home:/opt/rustwide/cargo-home:ro,Z" "-v" "/var/lib/crater-agent-workspace/rustup-home:/opt/rustwide/rustup-home:ro,Z" "-m" "1610612736" "--network" "none" "ghcr.io/rust-lang/crates-build-env/linux@sha256:77db811e55d90add9212f6832c23229e3de5f1c1f9905e8cb07319ea15df73ac" "sleep" "infinity", kill_on_drop: false }`
[INFO] [stdout] f8d34c0db63fee8e5c55dc5aa8e31ff1969d472c476a094cf7551f0b44040d20
[INFO] running `Command { std: "docker" "start" "f8d34c0db63fee8e5c55dc5aa8e31ff1969d472c476a094cf7551f0b44040d20", kill_on_drop: false }`
[INFO] running `Command { std: "docker" "inspect" "f8d34c0db63fee8e5c55dc5aa8e31ff1969d472c476a094cf7551f0b44040d20", kill_on_drop: false }`
[INFO] running `Command { std: "docker" "exec" "-e" "SOURCE_DIR=/opt/rustwide/workdir" "-e" "CARGO_HOME=/opt/rustwide/cargo-home" "-e" "RUSTUP_HOME=/opt/rustwide/rustup-home" "-e" "CARGO_TARGET_DIR=/opt/rustwide/target" "-w" "/opt/rustwide/workdir" "--user" "0:0" "f8d34c0db63fee8e5c55dc5aa8e31ff1969d472c476a094cf7551f0b44040d20" "/opt/rustwide/cargo-home/bin/cargo" "+3154cc1a3e6424e44f438a95007d043ed5ceaaf6" "metadata" "--no-deps" "--format-version=1", kill_on_drop: false }`
[INFO] running `Command { std: "docker" "inspect" "f8d34c0db63fee8e5c55dc5aa8e31ff1969d472c476a094cf7551f0b44040d20", kill_on_drop: false }`
[INFO] running `Command { std: "docker" "exec" "-e" "SOURCE_DIR=/opt/rustwide/workdir" "-e" "CARGO_HOME=/opt/rustwide/cargo-home" "-e" "RUSTUP_HOME=/opt/rustwide/rustup-home" "-e" "CARGO_TARGET_DIR=/opt/rustwide/target" "-e" "CARGO_INCREMENTAL=0" "-e" "RUST_BACKTRACE=full" "-e" "RUSTFLAGS=--cap-lints=forbid" "-e" "RUSTDOCFLAGS=--cap-lints=forbid" "-w" "/opt/rustwide/workdir" "--user" "0:0" "f8d34c0db63fee8e5c55dc5aa8e31ff1969d472c476a094cf7551f0b44040d20" "/opt/rustwide/cargo-home/bin/cargo" "+3154cc1a3e6424e44f438a95007d043ed5ceaaf6" "check" "--frozen" "--all" "--all-targets" "--message-format=json", kill_on_drop: false }`
[INFO] [stderr] warning: unused workspace dependency `criterion`
[INFO] [stderr]   --> Cargo.toml:20:1
[INFO] [stderr]    |
[INFO] [stderr] 20 | criterion = "0.5"
[INFO] [stderr]    | ^^^^^^^^^
[INFO] [stderr]    |
[INFO] [stderr]    = note: `cargo::unused_workspace_dependencies` is set to `warn` by default
[INFO] [stderr] help: consider removing the workspace dependency `criterion`
[INFO] [stderr] warning: unused field `publish` in `workspace.package`
[INFO] [stderr]   --> Cargo.toml:41:1
[INFO] [stderr]    |
[INFO] [stderr] 41 | publish = false
[INFO] [stderr]    | ^^^^^^^
[INFO] [stderr]    |
[INFO] [stderr]    = note: `cargo::unused_workspace_package_fields` is set to `warn` by default
[INFO] [stderr] help: consider removing the field `workspace.package.publish`
[INFO] [stderr] warning: workspace (manifest) generated 2 warnings
[INFO] [stderr]    Compiling libc v0.2.189
[INFO] [stderr]    Compiling proc-macro2 v1.0.107
[INFO] [stderr]    Compiling unicode-ident v1.0.24
[INFO] [stderr]    Compiling quote v1.0.47
[INFO] [stderr]     Checking cfg-if v1.0.4
[INFO] [stderr]    Compiling getrandom v0.3.4
[INFO] [stderr]    Compiling anyhow v1.0.104
[INFO] [stderr]    Compiling thiserror v2.0.20
[INFO] [stderr]    Compiling crossbeam-utils v0.8.23
[INFO] [stderr]    Compiling serde_core v1.0.229
[INFO] [stderr]     Checking utf8parse v0.2.2
[INFO] [stderr]     Checking is_terminal_polyfill v1.70.2
[INFO] [stderr]     Checking anstyle-parse v1.0.0
[INFO] [stderr]    Compiling rustix v1.1.4
[INFO] [stderr]    Compiling crossbeam-epoch v0.9.21
[INFO] [stderr]     Checking anstyle v1.0.14
[INFO] [stderr]    Compiling zmij v1.0.23
[INFO] [stderr]     Checking anstyle-query v1.1.5
[INFO] [stderr]    Compiling getrandom v0.4.3
[INFO] [stderr]    Compiling zerocopy v0.8.57
[INFO] [stderr]     Checking colorchoice v1.0.5
[INFO] [stderr]     Checking anstream v1.0.0
[INFO] [stderr]    Compiling serde_json v1.0.151
[INFO] [stderr]    Compiling crossbeam-deque v0.8.8
[INFO] [stderr]     Checking bitflags v2.13.2
[INFO] [stderr]    Compiling serde v1.0.229
[INFO] [stderr]     Checking strsim v0.11.1
[INFO] [stderr]    Compiling syn v3.0.5
[INFO] [stderr]     Checking linux-raw-sys v0.12.1
[INFO] [stderr]    Compiling heck v0.5.0
[INFO] [stderr]    Compiling parking_lot_core v0.9.12
[INFO] [stderr]    Compiling autocfg v1.5.1
[INFO] [stderr]     Checking clap_lex v1.1.0
[INFO] [stderr]     Checking clap_builder v4.6.6
[INFO] [stderr]     Checking rand_core v0.9.5
[INFO] [stderr]     Checking scopeguard v1.2.0
[INFO] [stderr]     Checking memchr v2.8.3
[INFO] [stderr]     Checking itoa v1.0.18
[INFO] [stderr]    Compiling num-traits v0.2.19
[INFO] [stderr]     Checking fastrand v2.5.0
[INFO] [stderr]     Checking smallvec v1.16.1
[INFO] [stderr]     Checking once_cell v1.21.4
[INFO] [stderr]    Compiling rayon-core v1.13.0
[INFO] [stderr]     Checking lock_api v0.4.14
[INFO] [stderr]     Checking errno v0.3.14
[INFO] [stderr]     Checking wait-timeout v0.2.1
[INFO] [stderr]     Checking bit-vec v0.8.0
[INFO] [stderr]     Checking fnv v1.0.7
[INFO] [stderr]     Checking quick-error v1.2.3
[INFO] [stderr]     Checking parking_lot v0.12.5
[INFO] [stderr]     Checking signal-hook-registry v1.4.8
[INFO] [stderr]     Checking bit-set v0.8.0
[INFO] [stderr]     Checking rand v0.9.5
[INFO] [stderr]     Checking tempfile v3.27.0
[INFO] [stderr]     Checking rand_xorshift v0.4.0
[INFO] [stderr]     Checking socket2 v0.6.5
[INFO] [stderr]     Checking rusty-fork v0.3.1
[INFO] [stderr]     Checking mio v1.2.3
[INFO] [stderr]     Checking pin-project-lite v0.2.17
[INFO] [stderr]     Checking regex-syntax v0.8.11
[INFO] [stderr]     Checking unarray v0.1.4
[INFO] [stderr]     Checking either v1.18.0
[INFO] [stderr]     Checking bytes v1.12.1
[INFO] [stderr]     Checking ex06_testing v0.1.0 (/opt/rustwide/workdir/crates/ex06_testing)
[INFO] [stderr]     Checking ex01_fundamentals v0.1.0 (/opt/rustwide/workdir/crates/ex01_fundamentals)
[INFO] [stderr]     Checking ex04_traits_generics v0.1.0 (/opt/rustwide/workdir/crates/ex04_traits_generics)
[INFO] [stderr]     Checking ex02_ownership v0.1.0 (/opt/rustwide/workdir/crates/ex02_ownership)
[INFO] [stderr]     Checking rayon v1.12.0
[INFO] [stderr]     Checking ex05_iterators v0.1.0 (/opt/rustwide/workdir/crates/ex05_iterators)
[INFO] [stdout] error[E0599]: no method named `perimetre` found for struct `Cercle` in the current scope
[INFO] [stdout]    --> crates/ex04_traits_generics/src/lib.rs:171:20
[INFO] [stdout]     |
[INFO] [stdout]  28 | pub struct Cercle {
[INFO] [stdout]     | ----------------- method `perimetre` not found for this struct
[INFO] [stdout] ...
[INFO] [stdout] 171 |         assert!((c.perimetre() - 2.0 * std::f64::consts::PI).abs() < EPS);
[INFO] [stdout]     |                    ^^^^^^^^^ method not found in `Cercle`
[INFO] [stdout] 
[INFO] [stdout] 
[INFO] [stdout] error[E0599]: no method named `perimetre` found for struct `Rectangle` in the current scope
[INFO] [stdout]    --> crates/ex04_traits_generics/src/lib.rs:172:20
[INFO] [stdout]     |
[INFO] [stdout]  35 | pub struct Rectangle {
[INFO] [stdout]     | -------------------- method `perimetre` not found for this struct
[INFO] [stdout] ...
[INFO] [stdout] 172 |         assert!((r.perimetre() - 10.0).abs() < EPS);
[INFO] [stdout]     |                    ^^^^^^^^^ method not found in `Rectangle`
[INFO] [stdout] 
[INFO] [stdout] 
[INFO] [stdout] error[E0599]: no method named `est_plus_grande_que` found for struct `Rectangle` in the current scope
[INFO] [stdout]    --> crates/ex04_traits_generics/src/lib.rs:182:23
[INFO] [stdout]     |
[INFO] [stdout]  35 | pub struct Rectangle {
[INFO] [stdout]     | -------------------- method `est_plus_grande_que` not found for this struct
[INFO] [stdout] ...
[INFO] [stdout] 182 |         assert!(grand.est_plus_grande_que(&petit));
[INFO] [stdout]     |                       ^^^^^^^^^^^^^^^^^^^ method not found in `Rectangle`
[INFO] [stdout] 
[INFO] [stdout] 
[INFO] [stdout] error[E0599]: no method named `est_plus_grande_que` found for struct `Cercle` in the current scope
[INFO] [stdout]    --> crates/ex04_traits_generics/src/lib.rs:183:24
[INFO] [stdout]     |
[INFO] [stdout]  28 | pub struct Cercle {
[INFO] [stdout]     | ----------------- method `est_plus_grande_que` not found for this struct
[INFO] [stdout] ...
[INFO] [stdout] 183 |         assert!(!petit.est_plus_grande_que(&grand));
[INFO] [stdout]     |                        ^^^^^^^^^^^^^^^^^^^ method not found in `Cercle`
[INFO] [stdout] 
[INFO] [stdout] 
[INFO] [stdout] For more information about this error, try `rustc --explain E0599`.
[INFO] [stdout] 
[INFO] [stderr] error: could not compile `ex04_traits_generics` (lib test) due to 4 previous errors
[INFO] [stderr] warning: build failed, waiting for other jobs to finish...
[INFO] running `Command { std: "docker" "inspect" "f8d34c0db63fee8e5c55dc5aa8e31ff1969d472c476a094cf7551f0b44040d20", kill_on_drop: false }`
[INFO] running `Command { std: "docker" "rm" "-f" "f8d34c0db63fee8e5c55dc5aa8e31ff1969d472c476a094cf7551f0b44040d20", kill_on_drop: false }`
[INFO] [stdout] f8d34c0db63fee8e5c55dc5aa8e31ff1969d472c476a094cf7551f0b44040d20
