[INFO] cloning repository https://github.com/dqsq2e2/ypshuo-scraper-wasm
[INFO] running `Command { std: "git" "-c" "credential.helper=" "-c" "credential.helper=/workspace/cargo-home/bin/git-credential-null" "clone" "--bare" "https://github.com/dqsq2e2/ypshuo-scraper-wasm" "/workspace/cache/git-repos/https%3A%2F%2Fgithub.com%2Fdqsq2e2%2Fypshuo-scraper-wasm", kill_on_drop: false }`
[INFO] [stderr] Cloning into bare repository '/workspace/cache/git-repos/https%3A%2F%2Fgithub.com%2Fdqsq2e2%2Fypshuo-scraper-wasm'...
[INFO] running `Command { std: "git" "rev-parse" "HEAD", kill_on_drop: false }`
[INFO] [stdout] 7687f7446479f9b3628509858a01c2ee6cd8b2b0
[INFO] checking dqsq2e2/ypshuo-scraper-wasm against 3154cc1a3e6424e44f438a95007d043ed5ceaaf6 for pr-133502-30
[INFO] running `Command { std: "git" "clone" "/workspace/cache/git-repos/https%3A%2F%2Fgithub.com%2Fdqsq2e2%2Fypshuo-scraper-wasm" "/workspace/builds/worker-1-tc2/source", kill_on_drop: false }`
[INFO] [stderr] Cloning into '/workspace/builds/worker-1-tc2/source'...
[INFO] [stderr] done.
[INFO] removed /workspace/builds/worker-1-tc2/source/.cargo/config.toml
[INFO] started tweaking git repo https://github.com/dqsq2e2/ypshuo-scraper-wasm
[INFO] finished tweaking git repo https://github.com/dqsq2e2/ypshuo-scraper-wasm
[INFO] tweaked toml for git repo https://github.com/dqsq2e2/ypshuo-scraper-wasm written to /workspace/builds/worker-1-tc2/source/Cargo.toml
[INFO] validating manifest of git repo https://github.com/dqsq2e2/ypshuo-scraper-wasm on toolchain 3154cc1a3e6424e44f438a95007d043ed5ceaaf6
[INFO] running `Command { std: CARGO_HOME="/workspace/cargo-home" RUSTUP_HOME="/workspace/rustup-home" "/workspace/cargo-home/bin/cargo" "+3154cc1a3e6424e44f438a95007d043ed5ceaaf6" "metadata" "--manifest-path" "Cargo.toml" "--no-deps", kill_on_drop: false }`
[INFO] crate git repo https://github.com/dqsq2e2/ypshuo-scraper-wasm already has a lockfile, it will not be regenerated
[INFO] running `Command { std: CARGO_HOME="/workspace/cargo-home" RUSTUP_HOME="/workspace/rustup-home" "/workspace/cargo-home/bin/cargo" "+3154cc1a3e6424e44f438a95007d043ed5ceaaf6" "fetch" "--manifest-path" "Cargo.toml", kill_on_drop: false }`
[INFO] [stderr]     Blocking waiting for file lock on package cache
[INFO] [stderr]     Blocking waiting for file lock on package cache
[INFO] running `Command { std: "docker" "create" "-v" "/var/lib/crater-agent-workspace/builds/worker-1-tc2/source:/opt/rustwide/workdir:ro,Z" "-v" "/var/lib/crater-agent-workspace/builds/worker-1-tc2/target:/opt/rustwide/target:rw,Z" "-v" "/var/lib/crater-agent-workspace/cargo-home:/opt/rustwide/cargo-home:ro,Z" "-v" "/var/lib/crater-agent-workspace/rustup-home:/opt/rustwide/rustup-home:ro,Z" "-m" "1610612736" "--network" "none" "ghcr.io/rust-lang/crates-build-env/linux@sha256:77db811e55d90add9212f6832c23229e3de5f1c1f9905e8cb07319ea15df73ac" "sleep" "infinity", kill_on_drop: false }`
[INFO] [stdout] fa750f5fc47ce4c919c586ef3d251da147a03c5156402f42a7604ccda541ded2
[INFO] running `Command { std: "docker" "start" "fa750f5fc47ce4c919c586ef3d251da147a03c5156402f42a7604ccda541ded2", kill_on_drop: false }`
[INFO] running `Command { std: "docker" "inspect" "fa750f5fc47ce4c919c586ef3d251da147a03c5156402f42a7604ccda541ded2", kill_on_drop: false }`
[INFO] running `Command { std: "docker" "exec" "-e" "SOURCE_DIR=/opt/rustwide/workdir" "-e" "CARGO_HOME=/opt/rustwide/cargo-home" "-e" "RUSTUP_HOME=/opt/rustwide/rustup-home" "-e" "CARGO_TARGET_DIR=/opt/rustwide/target" "-w" "/opt/rustwide/workdir" "--user" "0:0" "fa750f5fc47ce4c919c586ef3d251da147a03c5156402f42a7604ccda541ded2" "/opt/rustwide/cargo-home/bin/cargo" "+3154cc1a3e6424e44f438a95007d043ed5ceaaf6" "metadata" "--no-deps" "--format-version=1", kill_on_drop: false }`
[INFO] running `Command { std: "docker" "inspect" "fa750f5fc47ce4c919c586ef3d251da147a03c5156402f42a7604ccda541ded2", kill_on_drop: false }`
[INFO] running `Command { std: "docker" "exec" "-e" "SOURCE_DIR=/opt/rustwide/workdir" "-e" "CARGO_HOME=/opt/rustwide/cargo-home" "-e" "RUSTUP_HOME=/opt/rustwide/rustup-home" "-e" "CARGO_TARGET_DIR=/opt/rustwide/target" "-e" "CARGO_INCREMENTAL=0" "-e" "RUST_BACKTRACE=full" "-e" "RUSTFLAGS=--cap-lints=forbid" "-e" "RUSTDOCFLAGS=--cap-lints=forbid" "-w" "/opt/rustwide/workdir" "--user" "0:0" "fa750f5fc47ce4c919c586ef3d251da147a03c5156402f42a7604ccda541ded2" "/opt/rustwide/cargo-home/bin/cargo" "+3154cc1a3e6424e44f438a95007d043ed5ceaaf6" "check" "--frozen" "--all" "--all-targets" "--message-format=json", kill_on_drop: false }`
[INFO] [stderr]    Compiling proc-macro2 v1.0.107
[INFO] [stderr]     Checking smallvec v1.15.2
[INFO] [stderr]    Compiling anyhow v1.0.103
[INFO] [stderr]     Checking percent-encoding v2.3.2
[INFO] [stderr]     Checking form_urlencoded v1.2.2
[INFO] [stderr]    Compiling quote v1.0.47
[INFO] [stderr]    Compiling syn v2.0.118
[INFO] [stderr]    Compiling syn v3.0.6
[INFO] [stderr]    Compiling serde_derive v1.0.229
[INFO] [stderr]    Compiling synstructure v0.13.2
[INFO] [stderr]    Compiling zerovec-derive v0.11.3
[INFO] [stderr]    Compiling displaydoc v0.2.6
[INFO] [stderr]    Compiling zerofrom-derive v0.1.7
[INFO] [stderr]    Compiling yoke-derive v0.8.2
[INFO] [stderr]     Checking zerofrom v0.1.8
[INFO] [stderr]     Checking yoke v0.8.3
[INFO] [stderr]     Checking zerotrie v0.2.4
[INFO] [stderr]     Checking zerovec v0.11.6
[INFO] [stderr]     Checking tinystr v0.8.3
[INFO] [stderr]     Checking potential_utf v0.1.5
[INFO] [stderr]     Checking icu_collections v2.2.0
[INFO] [stderr]     Checking icu_locale_core v2.2.0
[INFO] [stderr]     Checking serde v1.0.229
[INFO] [stderr]     Checking icu_provider v2.2.0
[INFO] [stderr]     Checking ting-plugin-contract v2.0.2 (https://github.com/dqsq2e2/ting-reader-plugin-contract.git?tag=v2.0.2#d8c67827)
[INFO] [stderr]     Checking icu_normalizer v2.2.0
[INFO] [stderr]     Checking icu_properties v2.2.0
[INFO] [stderr]     Checking idna_adapter v1.2.2
[INFO] [stderr]     Checking idna v1.1.0
[INFO] [stderr]     Checking url v2.5.8
[INFO] [stderr]     Checking ting-plugin-sdk v2.0.2 (https://github.com/dqsq2e2/ting-plugin-sdk.git?tag=v2.0.2#3f550d9b)
[INFO] [stderr]     Checking ting-scraper-sdk v2.0.2 (https://github.com/dqsq2e2/ting-scraper-sdk.git?tag=v2.0.2#c42bf21a)
[INFO] [stderr]     Checking ypshuo-scraper v2.0.2 (/opt/rustwide/workdir)
[INFO] [stdout] error[E0433]: cannot find `wasm` in `ting_plugin_sdk`
[INFO] [stdout]   --> src/lib.rs:37:27
[INFO] [stdout]    |
[INFO] [stdout] 37 |         &ting_plugin_sdk::wasm::WasmHost,
[INFO] [stdout]    |                           ^^^^ could not find `wasm` in `ting_plugin_sdk`
[INFO] [stdout]    |
[INFO] [stdout] note: found an item that was configured out
[INFO] [stdout]   --> /opt/rustwide/cargo-home/git/checkouts/ting-plugin-sdk-bb2975e12fc8e11e/3f550d9/src/lib.rs:6:9
[INFO] [stdout]    |
[INFO] [stdout]  5 | #[cfg(target_arch = "wasm32")]
[INFO] [stdout]    |       ---------------------- the item is gated behind the `wasm32` feature
[INFO] [stdout]  6 | pub mod wasm;
[INFO] [stdout]    |         ^^^^
[INFO] [stdout] 
[INFO] [stdout] 
[INFO] [stdout] error[E0433]: cannot find `wasm` in `ting_plugin_sdk`
[INFO] [stdout]   --> src/lib.rs:48:27
[INFO] [stdout]    |
[INFO] [stdout] 48 |         &ting_plugin_sdk::wasm::WasmHost,
[INFO] [stdout]    |                           ^^^^ could not find `wasm` in `ting_plugin_sdk`
[INFO] [stdout]    |
[INFO] [stdout] note: found an item that was configured out
[INFO] [stdout]   --> /opt/rustwide/cargo-home/git/checkouts/ting-plugin-sdk-bb2975e12fc8e11e/3f550d9/src/lib.rs:6:9
[INFO] [stdout]    |
[INFO] [stdout]  5 | #[cfg(target_arch = "wasm32")]
[INFO] [stdout]    |       ---------------------- the item is gated behind the `wasm32` feature
[INFO] [stdout]  6 | pub mod wasm;
[INFO] [stdout]    |         ^^^^
[INFO] [stdout] 
[INFO] [stdout] 
[INFO] [stdout] error[E0433]: cannot find `wasm` in `ting_plugin_sdk`
[INFO] [stdout]   --> src/lib.rs:37:27
[INFO] [stdout]    |
[INFO] [stdout] 37 |         &ting_plugin_sdk::wasm::WasmHost,
[INFO] [stdout]    |                           ^^^^ could not find `wasm` in `ting_plugin_sdk`
[INFO] [stdout]    |
[INFO] [stdout] note: found an item that was configured out
[INFO] [stdout]   --> /opt/rustwide/cargo-home/git/checkouts/ting-plugin-sdk-bb2975e12fc8e11e/3f550d9/src/lib.rs:6:9
[INFO] [stdout]    |
[INFO] [stdout]  5 | #[cfg(target_arch = "wasm32")]
[INFO] [stdout]    |       ---------------------- the item is gated behind the `wasm32` feature
[INFO] [stdout]  6 | pub mod wasm;
[INFO] [stdout]    |         ^^^^
[INFO] [stdout] 
[INFO] [stdout] 
[INFO] [stdout] error[E0433]: cannot find `wasm` in `ting_plugin_sdk`
[INFO] [stdout]   --> src/lib.rs:48:27
[INFO] [stdout]    |
[INFO] [stdout] 48 |         &ting_plugin_sdk::wasm::WasmHost,
[INFO] [stdout]    |                           ^^^^ could not find `wasm` in `ting_plugin_sdk`
[INFO] [stdout]    |
[INFO] [stdout] note: found an item that was configured out
[INFO] [stdout]   --> /opt/rustwide/cargo-home/git/checkouts/ting-plugin-sdk-bb2975e12fc8e11e/3f550d9/src/lib.rs:6:9
[INFO] [stdout]    |
[INFO] [stdout]  5 | #[cfg(target_arch = "wasm32")]
[INFO] [stdout]    |       ---------------------- the item is gated behind the `wasm32` feature
[INFO] [stdout]  6 | pub mod wasm;
[INFO] [stdout]    |         ^^^^
[INFO] [stdout] 
[INFO] [stdout] 
[INFO] [stdout] For more information about this error, try `rustc --explain E0433`.
[INFO] [stdout] 
[INFO] [stderr] error: could not compile `ypshuo-scraper` (lib) due to 2 previous errors
[INFO] [stderr] warning: build failed, waiting for other jobs to finish...
[INFO] [stdout] For more information about this error, try `rustc --explain E0433`.
[INFO] [stdout] 
[INFO] [stderr] error: could not compile `ypshuo-scraper` (lib test) due to 2 previous errors
[INFO] [stderr] warning: unused dependency `anyhow`
[INFO] [stderr]  --> Cargo.toml:2:1
[INFO] [stderr]   |
[INFO] [stderr] 2 | anyhow = "1.0"
[INFO] [stderr]   | ^^^^^^^^^^^^^^
[INFO] [stderr]   |
[INFO] [stderr]   = note: `cargo::unused_dependencies` is set to `warn` by default
[INFO] [stderr] help: consider removing the dependency on `anyhow`
[INFO] [stderr] warning: unused dependency `base64`
[INFO] [stderr]  --> Cargo.toml:3:1
[INFO] [stderr]   |
[INFO] [stderr] 3 | base64 = "0.21"
[INFO] [stderr]   | ^^^^^^^^^^^^^^^
[INFO] [stderr]   |
[INFO] [stderr] help: consider removing the dependency on `base64`
[INFO] [stderr] warning: `ypshuo-scraper` (manifest) generated 2 warnings
[INFO] running `Command { std: "docker" "inspect" "fa750f5fc47ce4c919c586ef3d251da147a03c5156402f42a7604ccda541ded2", kill_on_drop: false }`
[INFO] running `Command { std: "docker" "rm" "-f" "fa750f5fc47ce4c919c586ef3d251da147a03c5156402f42a7604ccda541ded2", kill_on_drop: false }`
[INFO] [stdout] fa750f5fc47ce4c919c586ef3d251da147a03c5156402f42a7604ccda541ded2
