[INFO] cloning repository https://github.com/dovalehugo/do-vale-studio-4
[INFO] running `Command { std: "git" "-c" "credential.helper=" "-c" "credential.helper=/workspace/cargo-home/bin/git-credential-null" "clone" "--bare" "https://github.com/dovalehugo/do-vale-studio-4" "/workspace/cache/git-repos/https%3A%2F%2Fgithub.com%2Fdovalehugo%2Fdo-vale-studio-4", kill_on_drop: false }`
[INFO] [stderr] Cloning into bare repository '/workspace/cache/git-repos/https%3A%2F%2Fgithub.com%2Fdovalehugo%2Fdo-vale-studio-4'...
[INFO] running `Command { std: "git" "rev-parse" "HEAD", kill_on_drop: false }`
[INFO] [stdout] 90a1c673ee642466e2dee797fb7f7df269e2cf0b
[INFO] checking dovalehugo/do-vale-studio-4 against 3154cc1a3e6424e44f438a95007d043ed5ceaaf6+rustflags=-Znext-solver=coherence for pr-133502-30
[INFO] running `Command { std: "git" "clone" "/workspace/cache/git-repos/https%3A%2F%2Fgithub.com%2Fdovalehugo%2Fdo-vale-studio-4" "/workspace/builds/worker-0-tc1/source", kill_on_drop: false }`
[INFO] [stderr] Cloning into '/workspace/builds/worker-0-tc1/source'...
[INFO] [stderr] done.
[INFO] started tweaking git repo https://github.com/dovalehugo/do-vale-studio-4
[INFO] finished tweaking git repo https://github.com/dovalehugo/do-vale-studio-4
[INFO] tweaked toml for git repo https://github.com/dovalehugo/do-vale-studio-4 written to /workspace/builds/worker-0-tc1/source/Cargo.toml
[INFO] validating manifest of git repo https://github.com/dovalehugo/do-vale-studio-4 on toolchain 3154cc1a3e6424e44f438a95007d043ed5ceaaf6
[INFO] running `Command { std: CARGO_HOME="/workspace/cargo-home" RUSTUP_HOME="/workspace/rustup-home" "/workspace/cargo-home/bin/cargo" "+3154cc1a3e6424e44f438a95007d043ed5ceaaf6" "metadata" "--manifest-path" "Cargo.toml" "--no-deps", kill_on_drop: false }`
[INFO] crate git repo https://github.com/dovalehugo/do-vale-studio-4 already has a lockfile, it will not be regenerated
[INFO] running `Command { std: CARGO_HOME="/workspace/cargo-home" RUSTUP_HOME="/workspace/rustup-home" "/workspace/cargo-home/bin/cargo" "+3154cc1a3e6424e44f438a95007d043ed5ceaaf6" "fetch" "--manifest-path" "Cargo.toml", kill_on_drop: false }`
[INFO] [stderr] warning: unused workspace dependency `dvs-core`
[INFO] [stderr]   --> Cargo.toml:15:25
[INFO] [stderr]    |
[INFO] [stderr] 15 | [workspace.dependencies.dvs-core]
[INFO] [stderr]    |                         ^^^^^^^^
[INFO] [stderr]    |
[INFO] [stderr]    = note: `cargo::unused_workspace_dependencies` is set to `warn` by default
[INFO] [stderr] help: consider removing the workspace dependency `dvs-core`
[INFO] [stderr] warning: unused field `authors` in `workspace.package`
[INFO] [stderr]   --> Cargo.toml:37:1
[INFO] [stderr]    |
[INFO] [stderr] 37 | authors = ["Hugo Do Vale"]
[INFO] [stderr]    | ^^^^^^^
[INFO] [stderr]    |
[INFO] [stderr]    = note: `cargo::unused_workspace_package_fields` is set to `warn` by default
[INFO] [stderr] help: consider removing the field `workspace.package.authors`
[INFO] [stderr] warning: unused field `license` in `workspace.package`
[INFO] [stderr]   --> Cargo.toml:39:1
[INFO] [stderr]    |
[INFO] [stderr] 39 | license = "Proprietary"
[INFO] [stderr]    | ^^^^^^^
[INFO] [stderr]    |
[INFO] [stderr] help: consider removing the field `workspace.package.license`
[INFO] [stderr] warning: workspace (manifest) generated 3 warnings
[INFO] [stderr]  Downloading crates ...
[INFO] [stderr]   Downloaded ffmpeg-sys-next v8.1.0
[INFO] running `Command { std: "docker" "create" "-v" "/var/lib/crater-agent-workspace/builds/worker-0-tc1/source:/opt/rustwide/workdir:ro,Z" "-v" "/var/lib/crater-agent-workspace/builds/worker-0-tc1/target:/opt/rustwide/target:rw,Z" "-v" "/var/lib/crater-agent-workspace/cargo-home:/opt/rustwide/cargo-home:ro,Z" "-v" "/var/lib/crater-agent-workspace/rustup-home:/opt/rustwide/rustup-home:ro,Z" "-m" "1610612736" "--network" "none" "ghcr.io/rust-lang/crates-build-env/linux@sha256:77db811e55d90add9212f6832c23229e3de5f1c1f9905e8cb07319ea15df73ac" "sleep" "infinity", kill_on_drop: false }`
[INFO] [stdout] d9c83feaa241c40b60919a7f7785744591313ecc207d8aa7b9656b49b52b48dc
[INFO] running `Command { std: "docker" "start" "d9c83feaa241c40b60919a7f7785744591313ecc207d8aa7b9656b49b52b48dc", kill_on_drop: false }`
[INFO] running `Command { std: "docker" "inspect" "d9c83feaa241c40b60919a7f7785744591313ecc207d8aa7b9656b49b52b48dc", kill_on_drop: false }`
[INFO] running `Command { std: "docker" "exec" "-e" "SOURCE_DIR=/opt/rustwide/workdir" "-e" "CARGO_HOME=/opt/rustwide/cargo-home" "-e" "RUSTUP_HOME=/opt/rustwide/rustup-home" "-e" "CARGO_TARGET_DIR=/opt/rustwide/target" "-w" "/opt/rustwide/workdir" "--user" "0:0" "d9c83feaa241c40b60919a7f7785744591313ecc207d8aa7b9656b49b52b48dc" "/opt/rustwide/cargo-home/bin/cargo" "+3154cc1a3e6424e44f438a95007d043ed5ceaaf6" "metadata" "--no-deps" "--format-version=1", kill_on_drop: false }`
[INFO] running `Command { std: "docker" "inspect" "d9c83feaa241c40b60919a7f7785744591313ecc207d8aa7b9656b49b52b48dc", kill_on_drop: false }`
[INFO] running `Command { std: "docker" "exec" "-e" "SOURCE_DIR=/opt/rustwide/workdir" "-e" "CARGO_HOME=/opt/rustwide/cargo-home" "-e" "RUSTUP_HOME=/opt/rustwide/rustup-home" "-e" "CARGO_TARGET_DIR=/opt/rustwide/target" "-e" "CARGO_INCREMENTAL=0" "-e" "RUST_BACKTRACE=full" "-e" "RUSTFLAGS=--cap-lints=forbid -Znext-solver=coherence" "-e" "RUSTDOCFLAGS=--cap-lints=forbid" "-w" "/opt/rustwide/workdir" "--user" "0:0" "d9c83feaa241c40b60919a7f7785744591313ecc207d8aa7b9656b49b52b48dc" "/opt/rustwide/cargo-home/bin/cargo" "+3154cc1a3e6424e44f438a95007d043ed5ceaaf6" "check" "--frozen" "--all" "--all-targets" "--message-format=json", kill_on_drop: false }`
[INFO] [stderr] warning: unused workspace dependency `dvs-core`
[INFO] [stderr]   --> Cargo.toml:15:25
[INFO] [stderr]    |
[INFO] [stderr] 15 | [workspace.dependencies.dvs-core]
[INFO] [stderr]    |                         ^^^^^^^^
[INFO] [stderr]    |
[INFO] [stderr]    = note: `cargo::unused_workspace_dependencies` is set to `warn` by default
[INFO] [stderr] help: consider removing the workspace dependency `dvs-core`
[INFO] [stderr] warning: unused field `authors` in `workspace.package`
[INFO] [stderr]   --> Cargo.toml:37:1
[INFO] [stderr]    |
[INFO] [stderr] 37 | authors = ["Hugo Do Vale"]
[INFO] [stderr]    | ^^^^^^^
[INFO] [stderr]    |
[INFO] [stderr]    = note: `cargo::unused_workspace_package_fields` is set to `warn` by default
[INFO] [stderr] help: consider removing the field `workspace.package.authors`
[INFO] [stderr] warning: unused field `license` in `workspace.package`
[INFO] [stderr]   --> Cargo.toml:39:1
[INFO] [stderr]    |
[INFO] [stderr] 39 | license = "Proprietary"
[INFO] [stderr]    | ^^^^^^^
[INFO] [stderr]    |
[INFO] [stderr] help: consider removing the field `workspace.package.license`
[INFO] [stderr] warning: workspace (manifest) generated 3 warnings
[INFO] [stderr]    Compiling num-traits v0.2.19
[INFO] [stderr]    Compiling naga v27.0.3
[INFO] [stderr]     Checking bit-vec v0.8.0
[INFO] [stderr]     Checking hashbrown v0.16.1
[INFO] [stderr]     Checking hashbrown v0.15.5
[INFO] [stderr]     Checking gpu-descriptor-types v0.2.0
[INFO] [stderr]    Compiling wgpu-hal v27.0.4
[INFO] [stderr]     Checking spirv v0.3.0+sdk-1.3.268.0
[INFO] [stderr]    Compiling syn v2.0.119
[INFO] [stderr]     Checking codespan-reporting v0.12.0
[INFO] [stderr]     Checking indexmap v2.14.1
[INFO] [stderr]     Checking gpu-alloc-types v0.3.1
[INFO] [stderr]     Checking thiserror v2.0.20
[INFO] [stderr]     Checking bytemuck v1.25.2
[INFO] [stderr]     Checking ash v0.38.0+1.3.281
[INFO] [stderr]     Checking khronos-egl v6.0.0
[INFO] [stderr]    Compiling wgpu-core v27.0.3
[INFO] [stderr]    Compiling wgpu v27.0.1
[INFO] [stderr]     Checking gpu-alloc v0.6.2
[INFO] [stderr]    Compiling wayland-sys v0.31.11
[INFO] [stderr]     Checking dvs-media v0.1.0 (/opt/rustwide/workdir/crates/dvs-media)
[INFO] [stderr]     Checking bit-set v0.8.0
[INFO] [stderr]     Checking wgpu-types v27.0.1
[INFO] [stderr]     Checking rustix v0.38.44
[INFO] [stderr]     Checking pollster v0.4.0
[INFO] [stderr]     Checking wayland-backend v0.3.17
[INFO] [stderr]     Checking tiny-skia-path v0.11.4
[INFO] [stderr]     Checking memmap2 v0.9.11
[INFO] [stderr]     Checking emath v0.33.3
[INFO] [stderr]     Checking x11rb v0.13.2
[INFO] [stderr]     Checking gpu-descriptor v0.3.2
[INFO] [stderr]     Checking xkbcommon-dl v0.4.2
[INFO] [stderr]     Checking ecolor v0.33.3
[INFO] [stderr]    Compiling windows_x86_64_gnu v0.52.6
[INFO] [stderr]    Compiling nom v7.1.3
[INFO] [stderr]     Checking dvs-playback v0.1.0 (/opt/rustwide/workdir/crates/dvs-playback)
[INFO] [stderr]    Compiling bindgen v0.72.1
[INFO] [stderr]    Compiling clang-sys v1.9.1
[INFO] [stderr]    Compiling num_cpus v1.17.0
[INFO] [stderr]     Checking windows-targets v0.52.6
[INFO] [stdout] error[E0433]: cannot find module or crate `winit` in this scope
[INFO] [stdout]  --> crates/dvs-playback/tests/windows_realtime_playback.rs:9:5
[INFO] [stdout]   |
[INFO] [stdout] 9 | use winit::application::ApplicationHandler;
[INFO] [stdout]   |     ^^^^^ use of unresolved module or unlinked crate `winit`
[INFO] [stdout]   |
[INFO] [stdout]   = help: if you wanted to use a crate named `winit`, use `cargo add winit` to add it to your `Cargo.toml`
[INFO] [stdout] 
[INFO] [stdout] 
[INFO] [stdout] error[E0433]: cannot find module or crate `winit` in this scope
[INFO] [stdout]   --> crates/dvs-playback/tests/windows_realtime_playback.rs:10:5
[INFO] [stdout]    |
[INFO] [stdout] 10 | use winit::event::WindowEvent;
[INFO] [stdout]    |     ^^^^^ use of unresolved module or unlinked crate `winit`
[INFO] [stdout]    |
[INFO] [stdout]    = help: if you wanted to use a crate named `winit`, use `cargo add winit` to add it to your `Cargo.toml`
[INFO] [stdout] 
[INFO] [stdout] 
[INFO] [stdout] error[E0433]: cannot find module or crate `winit` in this scope
[INFO] [stdout]   --> crates/dvs-playback/tests/windows_realtime_playback.rs:11:5
[INFO] [stdout]    |
[INFO] [stdout] 11 | use winit::event_loop::{ActiveEventLoop, ControlFlow, EventLoop};
[INFO] [stdout]    |     ^^^^^ use of unresolved module or unlinked crate `winit`
[INFO] [stdout]    |
[INFO] [stdout]    = help: if you wanted to use a crate named `winit`, use `cargo add winit` to add it to your `Cargo.toml`
[INFO] [stdout] 
[INFO] [stdout] 
[INFO] [stdout] error[E0433]: cannot find module or crate `winit` in this scope
[INFO] [stdout]   --> crates/dvs-playback/tests/windows_realtime_playback.rs:12:5
[INFO] [stdout]    |
[INFO] [stdout] 12 | use winit::platform::windows::EventLoopBuilderExtWindows;
[INFO] [stdout]    |     ^^^^^ use of unresolved module or unlinked crate `winit`
[INFO] [stdout]    |
[INFO] [stdout]    = help: if you wanted to use a crate named `winit`, use `cargo add winit` to add it to your `Cargo.toml`
[INFO] [stdout] 
[INFO] [stdout] 
[INFO] [stdout] error[E0433]: cannot find module or crate `winit` in this scope
[INFO] [stdout]   --> crates/dvs-playback/tests/windows_realtime_playback.rs:13:5
[INFO] [stdout]    |
[INFO] [stdout] 13 | use winit::window::{Window, WindowId};
[INFO] [stdout]    |     ^^^^^ use of unresolved module or unlinked crate `winit`
[INFO] [stdout]    |
[INFO] [stdout]    = help: if you wanted to use a crate named `winit`, use `cargo add winit` to add it to your `Cargo.toml`
[INFO] [stdout] 
[INFO] [stdout] 
[INFO] [stdout] error[E0432]: unresolved import `support::playback_runtime`
[INFO] [stdout]  --> crates/dvs-playback/tests/windows_realtime_playback.rs:5:14
[INFO] [stdout]   |
[INFO] [stdout] 5 | use support::playback_runtime::{
[INFO] [stdout]   |              ^^^^^^^^^^^^^^^^ could not find `playback_runtime` in `support`
[INFO] [stdout]   |
[INFO] [stdout] note: found an item that was configured out
[INFO] [stdout]  --> crates/dvs-playback/tests/support/mod.rs:1:9
[INFO] [stdout]   |
[INFO] [stdout] 1 | pub mod playback_runtime;
[INFO] [stdout]   |         ^^^^^^^^^^^^^^^^
[INFO] [stdout]   |
[INFO] [stdout]  ::: crates/dvs-playback/tests/support/playback_runtime.rs:3:8
[INFO] [stdout]   |
[INFO] [stdout] 3 | #![cfg(target_os = "windows")]
[INFO] [stdout]   |        --------------------- the item is gated behind the `windows` feature
[INFO] [stdout] 
[INFO] [stdout] 
[INFO] [stderr]     Checking windows-result v0.2.0
[INFO] [stdout] error[E0601]: `main` function not found in crate `windows_realtime_playback`
[INFO] [stdout]    --> crates/dvs-playback/examples/windows_realtime_playback.rs:246:2
[INFO] [stdout]     |
[INFO] [stdout] 246 | }
[INFO] [stdout]     |  ^ consider adding a `main` function to `crates/dvs-playback/examples/windows_realtime_playback.rs`
[INFO] [stdout] 
[INFO] [stdout] 
[INFO] [stdout] For more information about this error, try `rustc --explain E0601`.
[INFO] [stdout] 
[INFO] [stdout] error[E0433]: cannot find module or crate `winit` in this scope
[INFO] [stdout]   --> crates/dvs-playback/tests/windows_realtime_playback.rs:88:34
[INFO] [stdout]    |
[INFO] [stdout] 88 |                 .with_inner_size(winit::dpi::LogicalSize::new(1280, 720)),
[INFO] [stdout]    |                                  ^^^^^ use of unresolved module or unlinked crate `winit`
[INFO] [stdout]    |
[INFO] [stdout]    = help: if you wanted to use a crate named `winit`, use `cargo add winit` to add it to your `Cargo.toml`
[INFO] [stdout] 
[INFO] [stdout] 
[INFO] [stderr] error: could not compile `dvs-playback` (example "windows_realtime_playback") due to 1 previous error
[INFO] [stderr] warning: build failed, waiting for other jobs to finish...
[INFO] [stdout] error[E0433]: cannot find module or crate `dvs_gpu` in this scope
[INFO] [stdout]   --> crates/dvs-playback/tests/windows_realtime_playback.rs:17:17
[INFO] [stdout]    |
[INFO] [stdout] 17 |     gpu: Option<dvs_gpu::GpuContext>,
[INFO] [stdout]    |                 ^^^^^^^ use of unresolved module or unlinked crate `dvs_gpu`
[INFO] [stdout]    |
[INFO] [stdout]    = help: if you wanted to use a crate named `dvs_gpu`, use `cargo add dvs_gpu` to add it to your `Cargo.toml`
[INFO] [stdout] 
[INFO] [stdout] 
[INFO] [stdout] error[E0433]: cannot find module or crate `dvs_render` in this scope
[INFO] [stdout]   --> crates/dvs-playback/tests/windows_realtime_playback.rs:18:21
[INFO] [stdout]    |
[INFO] [stdout] 18 |     surface: Option<dvs_render::RenderSurface>,
[INFO] [stdout]    |                     ^^^^^^^^^^ use of unresolved module or unlinked crate `dvs_render`
[INFO] [stdout]    |
[INFO] [stdout]    = help: if you wanted to use a crate named `dvs_render`, use `cargo add dvs_render` to add it to your `Cargo.toml`
[INFO] [stdout] 
[INFO] [stdout] 
[INFO] [stdout] error[E0433]: cannot find module or crate `pollster` in this scope
[INFO] [stdout]    --> crates/dvs-playback/tests/windows_realtime_playback.rs:106:27
[INFO] [stdout]     |
[INFO] [stdout] 106 |         let init_result = pollster::block_on(async {
[INFO] [stdout]     |                           ^^^^^^^^ use of unresolved module or unlinked crate `pollster`
[INFO] [stdout]     |
[INFO] [stdout]     = help: if you wanted to use a crate named `pollster`, use `cargo add pollster` to add it to your `Cargo.toml`
[INFO] [stdout] 
[INFO] [stdout] 
[INFO] [stdout] Some errors have detailed explanations: E0432, E0433.
[INFO] [stdout] 
[INFO] [stdout] For more information about an error, try `rustc --explain E0432`.
[INFO] [stdout] 
[INFO] [stderr] error: could not compile `dvs-playback` (test "windows_realtime_playback") due to 10 previous errors
[INFO] running `Command { std: "docker" "inspect" "d9c83feaa241c40b60919a7f7785744591313ecc207d8aa7b9656b49b52b48dc", kill_on_drop: false }`
[INFO] running `Command { std: "docker" "rm" "-f" "d9c83feaa241c40b60919a7f7785744591313ecc207d8aa7b9656b49b52b48dc", kill_on_drop: false }`
[INFO] [stdout] d9c83feaa241c40b60919a7f7785744591313ecc207d8aa7b9656b49b52b48dc
