[INFO] cloning repository https://github.com/dopexthrone/tatshack
[INFO] running `Command { std: "git" "-c" "credential.helper=" "-c" "credential.helper=/workspace/cargo-home/bin/git-credential-null" "clone" "--bare" "https://github.com/dopexthrone/tatshack" "/workspace/cache/git-repos/https%3A%2F%2Fgithub.com%2Fdopexthrone%2Ftatshack", kill_on_drop: false }`
[INFO] [stderr] Cloning into bare repository '/workspace/cache/git-repos/https%3A%2F%2Fgithub.com%2Fdopexthrone%2Ftatshack'...
[INFO] running `Command { std: "git" "rev-parse" "HEAD", kill_on_drop: false }`
[INFO] [stdout] c93bd5569548ee125fbff96541670a2a109b9250
[INFO] checking dopexthrone/tatshack against 3154cc1a3e6424e44f438a95007d043ed5ceaaf6 for pr-133502-30
[INFO] running `Command { std: "git" "clone" "/workspace/cache/git-repos/https%3A%2F%2Fgithub.com%2Fdopexthrone%2Ftatshack" "/workspace/builds/worker-7-tc2/source", kill_on_drop: false }`
[INFO] [stderr] Cloning into '/workspace/builds/worker-7-tc2/source'...
[INFO] [stderr] done.
[INFO] started tweaking git repo https://github.com/dopexthrone/tatshack
[INFO] finished tweaking git repo https://github.com/dopexthrone/tatshack
[INFO] tweaked toml for git repo https://github.com/dopexthrone/tatshack written to /workspace/builds/worker-7-tc2/source/Cargo.toml
[INFO] validating manifest of git repo https://github.com/dopexthrone/tatshack on toolchain 3154cc1a3e6424e44f438a95007d043ed5ceaaf6
[INFO] running `Command { std: CARGO_HOME="/workspace/cargo-home" RUSTUP_HOME="/workspace/rustup-home" "/workspace/cargo-home/bin/cargo" "+3154cc1a3e6424e44f438a95007d043ed5ceaaf6" "metadata" "--manifest-path" "Cargo.toml" "--no-deps", kill_on_drop: false }`
[INFO] crate git repo https://github.com/dopexthrone/tatshack already has a lockfile, it will not be regenerated
[INFO] running `Command { std: CARGO_HOME="/workspace/cargo-home" RUSTUP_HOME="/workspace/rustup-home" "/workspace/cargo-home/bin/cargo" "+3154cc1a3e6424e44f438a95007d043ed5ceaaf6" "fetch" "--manifest-path" "Cargo.toml", kill_on_drop: false }`
[INFO] [stderr]     Blocking waiting for file lock on package cache
[INFO] running `Command { std: "docker" "create" "-v" "/var/lib/crater-agent-workspace/builds/worker-7-tc2/source:/opt/rustwide/workdir:ro,Z" "-v" "/var/lib/crater-agent-workspace/builds/worker-7-tc2/target:/opt/rustwide/target:rw,Z" "-v" "/var/lib/crater-agent-workspace/cargo-home:/opt/rustwide/cargo-home:ro,Z" "-v" "/var/lib/crater-agent-workspace/rustup-home:/opt/rustwide/rustup-home:ro,Z" "-m" "1610612736" "--network" "none" "ghcr.io/rust-lang/crates-build-env/linux@sha256:77db811e55d90add9212f6832c23229e3de5f1c1f9905e8cb07319ea15df73ac" "sleep" "infinity", kill_on_drop: false }`
[INFO] [stdout] 86e1d5e4cc7e7263a380761ee4e4a40981e8da5173255a62cac623319590850c
[INFO] running `Command { std: "docker" "start" "86e1d5e4cc7e7263a380761ee4e4a40981e8da5173255a62cac623319590850c", kill_on_drop: false }`
[INFO] running `Command { std: "docker" "inspect" "86e1d5e4cc7e7263a380761ee4e4a40981e8da5173255a62cac623319590850c", kill_on_drop: false }`
[INFO] running `Command { std: "docker" "exec" "-e" "SOURCE_DIR=/opt/rustwide/workdir" "-e" "CARGO_HOME=/opt/rustwide/cargo-home" "-e" "RUSTUP_HOME=/opt/rustwide/rustup-home" "-e" "CARGO_TARGET_DIR=/opt/rustwide/target" "-w" "/opt/rustwide/workdir" "--user" "0:0" "86e1d5e4cc7e7263a380761ee4e4a40981e8da5173255a62cac623319590850c" "/opt/rustwide/cargo-home/bin/cargo" "+3154cc1a3e6424e44f438a95007d043ed5ceaaf6" "metadata" "--no-deps" "--format-version=1", kill_on_drop: false }`
[INFO] running `Command { std: "docker" "inspect" "86e1d5e4cc7e7263a380761ee4e4a40981e8da5173255a62cac623319590850c", kill_on_drop: false }`
[INFO] running `Command { std: "docker" "exec" "-e" "SOURCE_DIR=/opt/rustwide/workdir" "-e" "CARGO_HOME=/opt/rustwide/cargo-home" "-e" "RUSTUP_HOME=/opt/rustwide/rustup-home" "-e" "CARGO_TARGET_DIR=/opt/rustwide/target" "-e" "CARGO_INCREMENTAL=0" "-e" "RUST_BACKTRACE=full" "-e" "RUSTFLAGS=--cap-lints=forbid" "-e" "RUSTDOCFLAGS=--cap-lints=forbid" "-w" "/opt/rustwide/workdir" "--user" "0:0" "86e1d5e4cc7e7263a380761ee4e4a40981e8da5173255a62cac623319590850c" "/opt/rustwide/cargo-home/bin/cargo" "+3154cc1a3e6424e44f438a95007d043ed5ceaaf6" "check" "--frozen" "--all" "--all-targets" "--message-format=json", kill_on_drop: false }`
[INFO] [stderr]     Checking tatshack-core v0.1.0 (/opt/rustwide/workdir/crates/core)
[INFO] [stdout] error[E0433]: cannot find module or crate `chrono` in this scope
[INFO] [stdout]    --> crates/core/src/session_arrival_logic.rs:188:28
[INFO] [stdout]     |
[INFO] [stdout] 188 |         let scheduled_dt = chrono::DateTime::parse_from_rfc3339(&scheduled_time).map_err(|_| {
[INFO] [stdout]     |                            ^^^^^^ use of unresolved module or unlinked crate `chrono`
[INFO] [stdout]     |
[INFO] [stdout]     = help: if you wanted to use a crate named `chrono`, use `cargo add chrono` to add it to your `Cargo.toml`
[INFO] [stdout] 
[INFO] [stdout] 
[INFO] [stdout] error[E0433]: cannot find module or crate `chrono` in this scope
[INFO] [stdout]    --> crates/core/src/session_arrival_logic.rs:195:19
[INFO] [stdout]     |
[INFO] [stdout] 195 |         let now = chrono::Utc::now();
[INFO] [stdout]     |                   ^^^^^^ use of unresolved module or unlinked crate `chrono`
[INFO] [stdout]     |
[INFO] [stdout]     = help: if you wanted to use a crate named `chrono`, use `cargo add chrono` to add it to your `Cargo.toml`
[INFO] [stdout] 
[INFO] [stdout] 
[INFO] [stdout] error[E0433]: cannot find module or crate `chrono` in this scope
[INFO] [stdout]    --> crates/core/src/session_arrival_logic.rs:208:33
[INFO] [stdout]     |
[INFO] [stdout] 208 |                 let actual_dt = chrono::DateTime::parse_from_rfc3339(&actual_arrival_time)
[INFO] [stdout]     |                                 ^^^^^^ use of unresolved module or unlinked crate `chrono`
[INFO] [stdout]     |
[INFO] [stdout]     = help: if you wanted to use a crate named `chrono`, use `cargo add chrono` to add it to your `Cargo.toml`
[INFO] [stdout] 
[INFO] [stdout] 
[INFO] [stdout] error[E0432]: unresolved import `chrono`
[INFO] [stdout]    --> crates/core/src/session_arrival_logic.rs:426:9
[INFO] [stdout]     |
[INFO] [stdout] 426 |     use chrono::Utc;
[INFO] [stdout]     |         ^^^^^^ use of unresolved module or unlinked crate `chrono`
[INFO] [stdout]     |
[INFO] [stdout]     = help: if you wanted to use a crate named `chrono`, use `cargo add chrono` to add it to your `Cargo.toml`
[INFO] [stdout] 
[INFO] [stdout] 
[INFO] [stdout] error[E0433]: cannot find module or crate `chrono` in this scope
[INFO] [stdout]    --> crates/core/src/session_arrival_logic.rs:188:28
[INFO] [stdout]     |
[INFO] [stdout] 188 |         let scheduled_dt = chrono::DateTime::parse_from_rfc3339(&scheduled_time).map_err(|_| {
[INFO] [stdout]     |                            ^^^^^^ use of unresolved module or unlinked crate `chrono`
[INFO] [stdout]     |
[INFO] [stdout]     = help: if you wanted to use a crate named `chrono`, use `cargo add chrono` to add it to your `Cargo.toml`
[INFO] [stdout] 
[INFO] [stdout] 
[INFO] [stdout] error[E0433]: cannot find module or crate `chrono` in this scope
[INFO] [stdout]    --> crates/core/src/session_arrival_logic.rs:195:19
[INFO] [stdout]     |
[INFO] [stdout] 195 |         let now = chrono::Utc::now();
[INFO] [stdout]     |                   ^^^^^^ use of unresolved module or unlinked crate `chrono`
[INFO] [stdout]     |
[INFO] [stdout]     = help: if you wanted to use a crate named `chrono`, use `cargo add chrono` to add it to your `Cargo.toml`
[INFO] [stdout] 
[INFO] [stdout] 
[INFO] [stdout] error[E0433]: cannot find module or crate `chrono` in this scope
[INFO] [stdout]    --> crates/core/src/session_arrival_logic.rs:208:33
[INFO] [stdout]     |
[INFO] [stdout] 208 |                 let actual_dt = chrono::DateTime::parse_from_rfc3339(&actual_arrival_time)
[INFO] [stdout]     |                                 ^^^^^^ use of unresolved module or unlinked crate `chrono`
[INFO] [stdout]     |
[INFO] [stdout]     = help: if you wanted to use a crate named `chrono`, use `cargo add chrono` to add it to your `Cargo.toml`
[INFO] [stdout] 
[INFO] [stdout] 
[INFO] [stdout] error[E0433]: cannot find module or crate `chrono` in this scope
[INFO] [stdout]    --> crates/core/src/session_arrival_logic.rs:436:28
[INFO] [stdout]     |
[INFO] [stdout] 436 |         let scheduled_dt = chrono::DateTime::parse_from_rfc3339(scheduled)
[INFO] [stdout]     |                            ^^^^^^ use of unresolved module or unlinked crate `chrono`
[INFO] [stdout]     |
[INFO] [stdout]     = help: if you wanted to use a crate named `chrono`, use `cargo add chrono` to add it to your `Cargo.toml`
[INFO] [stdout] 
[INFO] [stdout] 
[INFO] [stdout] error[E0433]: cannot find module or crate `chrono` in this scope
[INFO] [stdout]     --> crates/core/src/session_arrival_logic.rs:1067:17
[INFO] [stdout]      |
[INFO] [stdout] 1067 |         assert!(chrono::DateTime::parse_from_rfc3339(sal.created_at()).is_ok());
[INFO] [stdout]      |                 ^^^^^^ use of unresolved module or unlinked crate `chrono`
[INFO] [stdout]      |
[INFO] [stdout]      = help: if you wanted to use a crate named `chrono`, use `cargo add chrono` to add it to your `Cargo.toml`
[INFO] [stdout] 
[INFO] [stdout] 
[INFO] [stdout] error[E0433]: cannot find module or crate `chrono` in this scope
[INFO] [stdout]    --> crates/core/src/session_arrival_logic.rs:430:33
[INFO] [stdout]     |
[INFO] [stdout] 430 |         let time = Utc::now() - chrono::Duration::hours(1);
[INFO] [stdout]     |                                 ^^^^^^ use of unresolved module or unlinked crate `chrono`
[INFO] [stdout]     |
[INFO] [stdout]     = help: if you wanted to use a crate named `chrono`, use `cargo add chrono` to add it to your `Cargo.toml`
[INFO] [stdout] help: consider importing this struct
[INFO] [stdout]     |
[INFO] [stdout] 425 +     use std::time::Duration;
[INFO] [stdout]     |
[INFO] [stdout] help: if you import `Duration`, refer to it directly
[INFO] [stdout]     |
[INFO] [stdout] 430 -         let time = Utc::now() - chrono::Duration::hours(1);
[INFO] [stdout] 430 +         let time = Utc::now() - Duration::hours(1);
[INFO] [stdout]     |
[INFO] [stdout] 
[INFO] [stdout] 
[INFO] [stdout] error[E0433]: cannot find module or crate `chrono` in this scope
[INFO] [stdout]    --> crates/core/src/session_arrival_logic.rs:196:40
[INFO] [stdout]     |
[INFO] [stdout] 196 |         if scheduled_dt.with_timezone(&chrono::Utc) > now {
[INFO] [stdout]     |                                        ^^^^^^ use of unresolved module or unlinked crate `chrono`
[INFO] [stdout]     |
[INFO] [stdout]     = help: if you wanted to use a crate named `chrono`, use `cargo add chrono` to add it to your `Cargo.toml`
[INFO] [stdout] 
[INFO] [stdout] 
[INFO] [stdout] error[E0433]: cannot find module or crate `chrono` in this scope
[INFO] [stdout]    --> crates/core/src/session_arrival_logic.rs:216:59
[INFO] [stdout]     |
[INFO] [stdout] 216 |                 let actual_utc = actual_dt.with_timezone(&chrono::Utc);
[INFO] [stdout]     |                                                           ^^^^^^ use of unresolved module or unlinked crate `chrono`
[INFO] [stdout]     |
[INFO] [stdout]     = help: if you wanted to use a crate named `chrono`, use `cargo add chrono` to add it to your `Cargo.toml`
[INFO] [stdout] 
[INFO] [stdout] 
[INFO] [stdout] error[E0433]: cannot find module or crate `chrono` in this scope
[INFO] [stdout]    --> crates/core/src/session_arrival_logic.rs:217:65
[INFO] [stdout]     |
[INFO] [stdout] 217 |                 let scheduled_utc = scheduled_dt.with_timezone(&chrono::Utc);
[INFO] [stdout]     |                                                                 ^^^^^^ use of unresolved module or unlinked crate `chrono`
[INFO] [stdout]     |
[INFO] [stdout]     = help: if you wanted to use a crate named `chrono`, use `cargo add chrono` to add it to your `Cargo.toml`
[INFO] [stdout] 
[INFO] [stdout] 
[INFO] [stdout] error[E0433]: cannot find module or crate `chrono` in this scope
[INFO] [stdout]    --> crates/core/src/session_arrival_logic.rs:439:40
[INFO] [stdout]     |
[INFO] [stdout] 439 |         let actual_dt = scheduled_dt + chrono::Duration::minutes(offset_minutes);
[INFO] [stdout]     |                                        ^^^^^^ use of unresolved module or unlinked crate `chrono`
[INFO] [stdout]     |
[INFO] [stdout]     = help: if you wanted to use a crate named `chrono`, use `cargo add chrono` to add it to your `Cargo.toml`
[INFO] [stdout] help: consider importing this struct
[INFO] [stdout]     |
[INFO] [stdout] 425 +     use std::time::Duration;
[INFO] [stdout]     |
[INFO] [stdout] help: if you import `Duration`, refer to it directly
[INFO] [stdout]     |
[INFO] [stdout] 439 -         let actual_dt = scheduled_dt + chrono::Duration::minutes(offset_minutes);
[INFO] [stdout] 439 +         let actual_dt = scheduled_dt + Duration::minutes(offset_minutes);
[INFO] [stdout]     |
[INFO] [stdout] 
[INFO] [stdout] 
[INFO] [stdout] error[E0433]: cannot find module or crate `chrono` in this scope
[INFO] [stdout]    --> crates/core/src/session_arrival_logic.rs:614:36
[INFO] [stdout]     |
[INFO] [stdout] 614 |         let future = (Utc::now() + chrono::Duration::hours(1)).to_rfc3339();
[INFO] [stdout]     |                                    ^^^^^^ use of unresolved module or unlinked crate `chrono`
[INFO] [stdout]     |
[INFO] [stdout]     = help: if you wanted to use a crate named `chrono`, use `cargo add chrono` to add it to your `Cargo.toml`
[INFO] [stdout] help: consider importing this struct
[INFO] [stdout]     |
[INFO] [stdout] 425 +     use std::time::Duration;
[INFO] [stdout]     |
[INFO] [stdout] help: if you import `Duration`, refer to it directly
[INFO] [stdout]     |
[INFO] [stdout] 614 -         let future = (Utc::now() + chrono::Duration::hours(1)).to_rfc3339();
[INFO] [stdout] 614 +         let future = (Utc::now() + Duration::hours(1)).to_rfc3339();
[INFO] [stdout]     |
[INFO] [stdout] 
[INFO] [stdout] 
[INFO] [stdout] For more information about this error, try `rustc --explain E0433`.
[INFO] [stdout] 
[INFO] [stderr] error: could not compile `tatshack-core` (lib) due to 6 previous errors
[INFO] [stderr] warning: build failed, waiting for other jobs to finish...
[INFO] [stdout] error[E0433]: cannot find module or crate `chrono` in this scope
[INFO] [stdout]    --> crates/core/src/session_arrival_logic.rs:196:40
[INFO] [stdout]     |
[INFO] [stdout] 196 |         if scheduled_dt.with_timezone(&chrono::Utc) > now {
[INFO] [stdout]     |                                        ^^^^^^ use of unresolved module or unlinked crate `chrono`
[INFO] [stdout]     |
[INFO] [stdout]     = help: if you wanted to use a crate named `chrono`, use `cargo add chrono` to add it to your `Cargo.toml`
[INFO] [stdout] 
[INFO] [stdout] 
[INFO] [stdout] error[E0433]: cannot find module or crate `chrono` in this scope
[INFO] [stdout]    --> crates/core/src/session_arrival_logic.rs:216:59
[INFO] [stdout]     |
[INFO] [stdout] 216 |                 let actual_utc = actual_dt.with_timezone(&chrono::Utc);
[INFO] [stdout]     |                                                           ^^^^^^ use of unresolved module or unlinked crate `chrono`
[INFO] [stdout]     |
[INFO] [stdout]     = help: if you wanted to use a crate named `chrono`, use `cargo add chrono` to add it to your `Cargo.toml`
[INFO] [stdout] 
[INFO] [stdout] 
[INFO] [stdout] error[E0433]: cannot find module or crate `chrono` in this scope
[INFO] [stdout]    --> crates/core/src/session_arrival_logic.rs:217:65
[INFO] [stdout]     |
[INFO] [stdout] 217 |                 let scheduled_utc = scheduled_dt.with_timezone(&chrono::Utc);
[INFO] [stdout]     |                                                                 ^^^^^^ use of unresolved module or unlinked crate `chrono`
[INFO] [stdout]     |
[INFO] [stdout]     = help: if you wanted to use a crate named `chrono`, use `cargo add chrono` to add it to your `Cargo.toml`
[INFO] [stdout] 
[INFO] [stdout] 
[INFO] [stdout] Some errors have detailed explanations: E0432, E0433.
[INFO] [stdout] 
[INFO] [stdout] For more information about an error, try `rustc --explain E0432`.
[INFO] [stdout] 
[INFO] [stderr] error: could not compile `tatshack-core` (lib test) due to 12 previous errors
[INFO] running `Command { std: "docker" "inspect" "86e1d5e4cc7e7263a380761ee4e4a40981e8da5173255a62cac623319590850c", kill_on_drop: false }`
[INFO] running `Command { std: "docker" "rm" "-f" "86e1d5e4cc7e7263a380761ee4e4a40981e8da5173255a62cac623319590850c", kill_on_drop: false }`
[INFO] [stdout] 86e1d5e4cc7e7263a380761ee4e4a40981e8da5173255a62cac623319590850c
