[INFO] cloning repository https://github.com/dongsheng123132/podapp
[INFO] running `Command { std: "git" "-c" "credential.helper=" "-c" "credential.helper=/workspace/cargo-home/bin/git-credential-null" "clone" "--bare" "https://github.com/dongsheng123132/podapp" "/workspace/cache/git-repos/https%3A%2F%2Fgithub.com%2Fdongsheng123132%2Fpodapp", kill_on_drop: false }`
[INFO] [stderr] Cloning into bare repository '/workspace/cache/git-repos/https%3A%2F%2Fgithub.com%2Fdongsheng123132%2Fpodapp'...
[INFO] running `Command { std: "git" "rev-parse" "HEAD", kill_on_drop: false }`
[INFO] [stdout] fdaefd482cd6a28a076f9a30ce6fb9ffa92a3fa5
[INFO] checking dongsheng123132/podapp against 3154cc1a3e6424e44f438a95007d043ed5ceaaf6+rustflags=-Znext-solver=coherence for pr-133502-30
[INFO] running `Command { std: "git" "clone" "/workspace/cache/git-repos/https%3A%2F%2Fgithub.com%2Fdongsheng123132%2Fpodapp" "/workspace/builds/worker-7-tc1/source", kill_on_drop: false }`
[INFO] [stderr] Cloning into '/workspace/builds/worker-7-tc1/source'...
[INFO] [stderr] done.
[INFO] started tweaking git repo https://github.com/dongsheng123132/podapp
[INFO] finished tweaking git repo https://github.com/dongsheng123132/podapp
[INFO] tweaked toml for git repo https://github.com/dongsheng123132/podapp written to /workspace/builds/worker-7-tc1/source/Cargo.toml
[INFO] validating manifest of git repo https://github.com/dongsheng123132/podapp on toolchain 3154cc1a3e6424e44f438a95007d043ed5ceaaf6
[INFO] running `Command { std: CARGO_HOME="/workspace/cargo-home" RUSTUP_HOME="/workspace/rustup-home" "/workspace/cargo-home/bin/cargo" "+3154cc1a3e6424e44f438a95007d043ed5ceaaf6" "metadata" "--manifest-path" "Cargo.toml" "--no-deps", kill_on_drop: false }`
[INFO] crate git repo https://github.com/dongsheng123132/podapp already has a lockfile, it will not be regenerated
[INFO] running `Command { std: CARGO_HOME="/workspace/cargo-home" RUSTUP_HOME="/workspace/rustup-home" "/workspace/cargo-home/bin/cargo" "+3154cc1a3e6424e44f438a95007d043ed5ceaaf6" "fetch" "--manifest-path" "Cargo.toml", kill_on_drop: false }`
[INFO] [stderr]     Updating crates.io index
[INFO] [stderr]  Downloading crates ...
[INFO] [stderr]   Downloaded rqrr v0.10.1
[INFO] [stderr]   Downloaded g2poly v1.2.2
[INFO] [stderr]   Downloaded g2p v1.2.2
[INFO] [stderr]   Downloaded g2gen v1.2.2
[INFO] running `Command { std: "docker" "create" "-v" "/var/lib/crater-agent-workspace/builds/worker-7-tc1/source:/opt/rustwide/workdir:ro,Z" "-v" "/var/lib/crater-agent-workspace/builds/worker-7-tc1/target:/opt/rustwide/target:rw,Z" "-v" "/var/lib/crater-agent-workspace/cargo-home:/opt/rustwide/cargo-home:ro,Z" "-v" "/var/lib/crater-agent-workspace/rustup-home:/opt/rustwide/rustup-home:ro,Z" "-m" "1610612736" "--network" "none" "ghcr.io/rust-lang/crates-build-env/linux@sha256:77db811e55d90add9212f6832c23229e3de5f1c1f9905e8cb07319ea15df73ac" "sleep" "infinity", kill_on_drop: false }`
[INFO] [stdout] 7b0bbcc821d61d4bb9be7ec4afa9bdad9531c4d1d20d5bfc80dcc88e50491def
[INFO] running `Command { std: "docker" "start" "7b0bbcc821d61d4bb9be7ec4afa9bdad9531c4d1d20d5bfc80dcc88e50491def", kill_on_drop: false }`
[INFO] running `Command { std: "docker" "inspect" "7b0bbcc821d61d4bb9be7ec4afa9bdad9531c4d1d20d5bfc80dcc88e50491def", kill_on_drop: false }`
[INFO] running `Command { std: "docker" "exec" "-e" "SOURCE_DIR=/opt/rustwide/workdir" "-e" "CARGO_HOME=/opt/rustwide/cargo-home" "-e" "RUSTUP_HOME=/opt/rustwide/rustup-home" "-e" "CARGO_TARGET_DIR=/opt/rustwide/target" "-w" "/opt/rustwide/workdir" "--user" "0:0" "7b0bbcc821d61d4bb9be7ec4afa9bdad9531c4d1d20d5bfc80dcc88e50491def" "/opt/rustwide/cargo-home/bin/cargo" "+3154cc1a3e6424e44f438a95007d043ed5ceaaf6" "metadata" "--no-deps" "--format-version=1", kill_on_drop: false }`
[INFO] running `Command { std: "docker" "inspect" "7b0bbcc821d61d4bb9be7ec4afa9bdad9531c4d1d20d5bfc80dcc88e50491def", kill_on_drop: false }`
[INFO] running `Command { std: "docker" "exec" "-e" "SOURCE_DIR=/opt/rustwide/workdir" "-e" "CARGO_HOME=/opt/rustwide/cargo-home" "-e" "RUSTUP_HOME=/opt/rustwide/rustup-home" "-e" "CARGO_TARGET_DIR=/opt/rustwide/target" "-e" "CARGO_INCREMENTAL=0" "-e" "RUST_BACKTRACE=full" "-e" "RUSTFLAGS=--cap-lints=forbid -Znext-solver=coherence" "-e" "RUSTDOCFLAGS=--cap-lints=forbid" "-w" "/opt/rustwide/workdir" "--user" "0:0" "7b0bbcc821d61d4bb9be7ec4afa9bdad9531c4d1d20d5bfc80dcc88e50491def" "/opt/rustwide/cargo-home/bin/cargo" "+3154cc1a3e6424e44f438a95007d043ed5ceaaf6" "check" "--frozen" "--all" "--all-targets" "--message-format=json", kill_on_drop: false }`
[INFO] [stderr]     Checking memchr v2.8.3
[INFO] [stderr]    Compiling rustix v1.1.4
[INFO] [stderr]    Compiling syn v3.0.3
[INFO] [stderr]     Checking simd-adler32 v0.3.10
[INFO] [stderr]    Compiling syn v2.0.119
[INFO] [stderr]    Compiling g2poly v1.2.2
[INFO] [stderr]     Checking qrcode v0.14.1
[INFO] [stderr]     Checking podapp-win v0.1.0 (/opt/rustwide/workdir/crates/podapp-win)
[INFO] [stderr]     Checking lru v0.16.4
[INFO] [stderr]     Checking image v0.25.10
[INFO] [stdout] error[E0432]: unresolved import `podapp_win::pids_of`
[INFO] [stdout]  --> crates/podapp-win/examples/probe.rs:6:36
[INFO] [stdout]   |
[INFO] [stdout] 6 | use podapp_win::{find_host_window, pids_of, HostApp, CODEX_APP};
[INFO] [stdout]   |                                    ^^^^^^^ no `pids_of` in the root
[INFO] [stdout] 
[INFO] [stdout] 
[INFO] [stdout] error[E0425]: cannot find function `find_windows_of` in crate `podapp_win`
[INFO] [stdout]   --> crates/podapp-win/examples/probe.rs:20:34
[INFO] [stdout]    |
[INFO] [stdout] 20 |     let Some(dock) = podapp_win::find_windows_of(&PODAPP_DOCK)
[INFO] [stdout]    |                                  ^^^^^^^^^^^^^^^ not found in `podapp_win`
[INFO] [stdout] 
[INFO] [stdout] 
[INFO] [stdout] error[E0425]: cannot find function `work_area` in crate `podapp_win`
[INFO] [stdout]   --> crates/podapp-win/examples/probe.rs:28:28
[INFO] [stdout]    |
[INFO] [stdout] 28 |     let work = podapp_win::work_area(host.as_ref().map(|h| h.hwnd).or(Some(dock.hwnd)));
[INFO] [stdout]    |                            ^^^^^^^^^ not found in `podapp_win`
[INFO] [stdout] 
[INFO] [stdout] 
[INFO] [stdout] error[E0425]: cannot find function `ensure_dpi_aware` in crate `podapp_win`
[INFO] [stdout]   --> crates/podapp-win/examples/probe.rs:62:17
[INFO] [stdout]    |
[INFO] [stdout] 62 |     podapp_win::ensure_dpi_aware();
[INFO] [stdout]    |                 ^^^^^^^^^^^^^^^^ not found in `podapp_win`
[INFO] [stdout] 
[INFO] [stdout] 
[INFO] [stdout] error[E0425]: cannot find function `watch` in crate `podapp_win`
[INFO] [stdout]   --> crates/podapp-win/examples/probe.rs:77:30
[INFO] [stdout]    |
[INFO] [stdout] 77 |         let _w = podapp_win::watch(
[INFO] [stdout]    |                              ^^^^^ not found in `podapp_win`
[INFO] [stdout] 
[INFO] [stdout] 
[INFO] [stdout] error[E0425]: cannot find function `work_area` in crate `podapp_win`
[INFO] [stdout]    --> crates/podapp-win/examples/probe.rs:111:36
[INFO] [stdout]     |
[INFO] [stdout] 111 |             let work = podapp_win::work_area(Some(w.hwnd));
[INFO] [stdout]     |                                    ^^^^^^^^^ not found in `podapp_win`
[INFO] [stdout] 
[INFO] [stdout] 
[INFO] [stdout] error[E0599]: no associated function or constant named `platform` found for struct `Metrics` in the current scope
[INFO] [stdout]   --> crates/podapp-win/examples/probe.rs:35:36
[INFO] [stdout]    |
[INFO] [stdout] 35 |         podapp_win::dock::Metrics::platform(),
[INFO] [stdout]    |                                    ^^^^^^^^ associated function or constant not found in `Metrics`
[INFO] [stdout] 
[INFO] [stdout] 
[INFO] [stderr]     Checking miniz_oxide v0.8.9
[INFO] [stdout] error[E0599]: no associated function or constant named `platform` found for struct `Metrics` in the current scope
[INFO] [stdout]    --> crates/podapp-win/examples/probe.rs:121:44
[INFO] [stdout]     |
[INFO] [stdout] 121 |                 podapp_win::dock::Metrics::platform(),
[INFO] [stdout]     |                                            ^^^^^^^^ associated function or constant not found in `Metrics`
[INFO] [stdout] 
[INFO] [stdout] 
[INFO] [stdout] Some errors have detailed explanations: E0425, E0432, E0599.
[INFO] [stdout] 
[INFO] [stdout] For more information about an error, try `rustc --explain E0425`.
[INFO] [stdout] 
[INFO] [stderr] error: could not compile `podapp-win` (example "probe") due to 8 previous errors
[INFO] [stderr] warning: build failed, waiting for other jobs to finish...
[INFO] running `Command { std: "docker" "inspect" "7b0bbcc821d61d4bb9be7ec4afa9bdad9531c4d1d20d5bfc80dcc88e50491def", kill_on_drop: false }`
[INFO] running `Command { std: "docker" "rm" "-f" "7b0bbcc821d61d4bb9be7ec4afa9bdad9531c4d1d20d5bfc80dcc88e50491def", kill_on_drop: false }`
[INFO] [stdout] 7b0bbcc821d61d4bb9be7ec4afa9bdad9531c4d1d20d5bfc80dcc88e50491def
