[INFO] cloning repository https://github.com/dmyTRUEk/random-walk-capitalization
[INFO] running `Command { std: "git" "-c" "credential.helper=" "-c" "credential.helper=/workspace/cargo-home/bin/git-credential-null" "clone" "--bare" "https://github.com/dmyTRUEk/random-walk-capitalization" "/workspace/cache/git-repos/https%3A%2F%2Fgithub.com%2FdmyTRUEk%2Frandom-walk-capitalization", kill_on_drop: false }`
[INFO] [stderr] Cloning into bare repository '/workspace/cache/git-repos/https%3A%2F%2Fgithub.com%2FdmyTRUEk%2Frandom-walk-capitalization'...
[INFO] running `Command { std: "git" "rev-parse" "HEAD", kill_on_drop: false }`
[INFO] [stdout] eab6264968b83b34d0a910846bbf8c77a1887391
[INFO] checking dmyTRUEk/random-walk-capitalization against 3154cc1a3e6424e44f438a95007d043ed5ceaaf6 for pr-133502-30
[INFO] running `Command { std: "git" "clone" "/workspace/cache/git-repos/https%3A%2F%2Fgithub.com%2FdmyTRUEk%2Frandom-walk-capitalization" "/workspace/builds/worker-4-tc2/source", kill_on_drop: false }`
[INFO] [stderr] Cloning into '/workspace/builds/worker-4-tc2/source'...
[INFO] [stderr] done.
[INFO] removed /workspace/builds/worker-4-tc2/source/rust-toolchain.toml
[INFO] started tweaking git repo https://github.com/dmyTRUEk/random-walk-capitalization
[INFO] finished tweaking git repo https://github.com/dmyTRUEk/random-walk-capitalization
[INFO] tweaked toml for git repo https://github.com/dmyTRUEk/random-walk-capitalization written to /workspace/builds/worker-4-tc2/source/Cargo.toml
[INFO] validating manifest of git repo https://github.com/dmyTRUEk/random-walk-capitalization on toolchain 3154cc1a3e6424e44f438a95007d043ed5ceaaf6
[INFO] running `Command { std: CARGO_HOME="/workspace/cargo-home" RUSTUP_HOME="/workspace/rustup-home" "/workspace/cargo-home/bin/cargo" "+3154cc1a3e6424e44f438a95007d043ed5ceaaf6" "metadata" "--manifest-path" "Cargo.toml" "--no-deps", kill_on_drop: false }`
[INFO] crate git repo https://github.com/dmyTRUEk/random-walk-capitalization already has a lockfile, it will not be regenerated
[INFO] running `Command { std: CARGO_HOME="/workspace/cargo-home" RUSTUP_HOME="/workspace/rustup-home" "/workspace/cargo-home/bin/cargo" "+3154cc1a3e6424e44f438a95007d043ed5ceaaf6" "fetch" "--manifest-path" "Cargo.toml", kill_on_drop: false }`
[INFO] running `Command { std: "docker" "create" "-v" "/var/lib/crater-agent-workspace/builds/worker-4-tc2/source:/opt/rustwide/workdir:ro,Z" "-v" "/var/lib/crater-agent-workspace/builds/worker-4-tc2/target:/opt/rustwide/target:rw,Z" "-v" "/var/lib/crater-agent-workspace/cargo-home:/opt/rustwide/cargo-home:ro,Z" "-v" "/var/lib/crater-agent-workspace/rustup-home:/opt/rustwide/rustup-home:ro,Z" "-m" "1610612736" "--network" "none" "ghcr.io/rust-lang/crates-build-env/linux@sha256:77db811e55d90add9212f6832c23229e3de5f1c1f9905e8cb07319ea15df73ac" "sleep" "infinity", kill_on_drop: false }`
[INFO] [stdout] d89162efa1fccbd8244317e7cff8c780f557bbdae6cea0c554ba0955c6c95aed
[INFO] running `Command { std: "docker" "start" "d89162efa1fccbd8244317e7cff8c780f557bbdae6cea0c554ba0955c6c95aed", kill_on_drop: false }`
[INFO] running `Command { std: "docker" "inspect" "d89162efa1fccbd8244317e7cff8c780f557bbdae6cea0c554ba0955c6c95aed", kill_on_drop: false }`
[INFO] running `Command { std: "docker" "exec" "-e" "SOURCE_DIR=/opt/rustwide/workdir" "-e" "CARGO_HOME=/opt/rustwide/cargo-home" "-e" "RUSTUP_HOME=/opt/rustwide/rustup-home" "-e" "CARGO_TARGET_DIR=/opt/rustwide/target" "-w" "/opt/rustwide/workdir" "--user" "0:0" "d89162efa1fccbd8244317e7cff8c780f557bbdae6cea0c554ba0955c6c95aed" "/opt/rustwide/cargo-home/bin/cargo" "+3154cc1a3e6424e44f438a95007d043ed5ceaaf6" "metadata" "--no-deps" "--format-version=1", kill_on_drop: false }`
[INFO] running `Command { std: "docker" "inspect" "d89162efa1fccbd8244317e7cff8c780f557bbdae6cea0c554ba0955c6c95aed", kill_on_drop: false }`
[INFO] running `Command { std: "docker" "exec" "-e" "SOURCE_DIR=/opt/rustwide/workdir" "-e" "CARGO_HOME=/opt/rustwide/cargo-home" "-e" "RUSTUP_HOME=/opt/rustwide/rustup-home" "-e" "CARGO_TARGET_DIR=/opt/rustwide/target" "-e" "CARGO_INCREMENTAL=0" "-e" "RUST_BACKTRACE=full" "-e" "RUSTFLAGS=--cap-lints=forbid" "-e" "RUSTDOCFLAGS=--cap-lints=forbid" "-w" "/opt/rustwide/workdir" "--user" "0:0" "d89162efa1fccbd8244317e7cff8c780f557bbdae6cea0c554ba0955c6c95aed" "/opt/rustwide/cargo-home/bin/cargo" "+3154cc1a3e6424e44f438a95007d043ed5ceaaf6" "check" "--frozen" "--all" "--all-targets" "--message-format=json", kill_on_drop: false }`
[INFO] [stderr]    Compiling libc v0.2.177
[INFO] [stderr]     Checking safe_arch v0.7.4
[INFO] [stderr]    Compiling matrixmultiply v0.3.10
[INFO] [stderr]    Compiling syn v2.0.110
[INFO] [stderr]     Checking ppv-lite86 v0.2.21
[INFO] [stderr]     Checking approx v0.5.1
[INFO] [stderr]     Checking rawpointer v0.2.1
[INFO] [stderr]     Checking num-rational v0.4.2
[INFO] [stderr]     Checking either v1.15.0
[INFO] [stderr]     Checking rayon v1.11.0
[INFO] [stderr]     Checking wide v0.7.33
[INFO] [stderr]     Checking getrandom v0.3.4
[INFO] [stderr]     Checking rand_core v0.9.3
[INFO] [stderr]     Checking rand_chacha v0.9.0
[INFO] [stderr]     Checking rand v0.9.2
[INFO] [stderr]     Checking simba v0.9.1
[INFO] [stderr]    Compiling nalgebra-macros v0.3.0
[INFO] [stderr]     Checking nalgebra v0.34.1
[INFO] [stderr]     Checking random-walk-capitalization v0.0.0 (/opt/rustwide/workdir)
[INFO] [stdout] error[E0308]: mismatched types
[INFO] [stdout]   --> src/main.rs:29:3
[INFO] [stdout]    |
[INFO] [stdout] 28 |     let mut nns: Vec<NeuralNetwork> = Vec::from_fn(
[INFO] [stdout]    |                                       ------------ arguments to this function are incorrect
[INFO] [stdout] 29 |         NUMBER_OF_NNS as u32,
[INFO] [stdout]    |         ^^^^^^^^^^^^^^^^^^^^ expected `usize`, found `u32`
[INFO] [stdout]    |
[INFO] [stdout] note: associated function defined here
[INFO] [stdout]   --> /rustc/3154cc1a3e6424e44f438a95007d043ed5ceaaf6/library/alloc/src/vec/mod.rs:792:11
[INFO] [stdout] help: you can convert a `u32` to a `usize` and panic if the converted value doesn't fit
[INFO] [stdout]    |
[INFO] [stdout] 29 |         (NUMBER_OF_NNS as u32).try_into().unwrap(),
[INFO] [stdout]    |         +                    +++++++++++++++++++++
[INFO] [stdout] 
[INFO] [stdout] 
[INFO] [stdout] error[E0308]: mismatched types
[INFO] [stdout]   --> src/main.rs:29:3
[INFO] [stdout]    |
[INFO] [stdout] 28 |     let mut nns: Vec<NeuralNetwork> = Vec::from_fn(
[INFO] [stdout]    |                                       ------------ arguments to this function are incorrect
[INFO] [stdout] 29 |         NUMBER_OF_NNS as u32,
[INFO] [stdout]    |         ^^^^^^^^^^^^^^^^^^^^ expected `usize`, found `u32`
[INFO] [stdout]    |
[INFO] [stdout] note: associated function defined here
[INFO] [stdout]   --> /rustc/3154cc1a3e6424e44f438a95007d043ed5ceaaf6/library/alloc/src/vec/mod.rs:792:11
[INFO] [stdout] help: you can convert a `u32` to a `usize` and panic if the converted value doesn't fit
[INFO] [stdout]    |
[INFO] [stdout] 29 |         (NUMBER_OF_NNS as u32).try_into().unwrap(),
[INFO] [stdout]    |         +                    +++++++++++++++++++++
[INFO] [stdout] 
[INFO] [stdout] 
[INFO] [stdout] error[E0308]: mismatched types
[INFO] [stdout]   --> src/main.rs:35:4
[INFO] [stdout]    |
[INFO] [stdout] 34 |         Vec::from_fn(
[INFO] [stdout]    |         ------------ arguments to this function are incorrect
[INFO] [stdout] 35 |             NUMBER_OF_BENCHMARK_STOCKS as u32,
[INFO] [stdout]    |             ^^^^^^^^^^^^^^^^^^^^^^^^^^^^^^^^^ expected `usize`, found `u32`
[INFO] [stdout]    |
[INFO] [stdout] note: associated function defined here
[INFO] [stdout]   --> /rustc/3154cc1a3e6424e44f438a95007d043ed5ceaaf6/library/alloc/src/vec/mod.rs:792:11
[INFO] [stdout] help: you can convert a `u32` to a `usize` and panic if the converted value doesn't fit
[INFO] [stdout]    |
[INFO] [stdout] 35 |             (NUMBER_OF_BENCHMARK_STOCKS as u32).try_into().unwrap(),
[INFO] [stdout]    |             +                                 +++++++++++++++++++++
[INFO] [stdout] 
[INFO] [stdout] 
[INFO] [stdout] error[E0308]: mismatched types
[INFO] [stdout]   --> src/main.rs:35:4
[INFO] [stdout]    |
[INFO] [stdout] 34 |         Vec::from_fn(
[INFO] [stdout]    |         ------------ arguments to this function are incorrect
[INFO] [stdout] 35 |             NUMBER_OF_BENCHMARK_STOCKS as u32,
[INFO] [stdout]    |             ^^^^^^^^^^^^^^^^^^^^^^^^^^^^^^^^^ expected `usize`, found `u32`
[INFO] [stdout]    |
[INFO] [stdout] note: associated function defined here
[INFO] [stdout]   --> /rustc/3154cc1a3e6424e44f438a95007d043ed5ceaaf6/library/alloc/src/vec/mod.rs:792:11
[INFO] [stdout] help: you can convert a `u32` to a `usize` and panic if the converted value doesn't fit
[INFO] [stdout]    |
[INFO] [stdout] 35 |             (NUMBER_OF_BENCHMARK_STOCKS as u32).try_into().unwrap(),
[INFO] [stdout]    |             +                                 +++++++++++++++++++++
[INFO] [stdout] 
[INFO] [stdout] 
[INFO] [stdout] warning: unused variable: `rng`
[INFO] [stdout]    --> src/main.rs:259:30
[INFO] [stdout]     |
[INFO] [stdout] 259 |     fn random_evolve(&mut self, rng: &mut ThreadRng) {
[INFO] [stdout]     |                                 ^^^ help: if this is intentional, prefix it with an underscore: `_rng`
[INFO] [stdout]     |
[INFO] [stdout]     = note: `#[warn(unused_variables)]` (part of `#[warn(unused)]`) on by default
[INFO] [stdout] 
[INFO] [stdout] 
[INFO] [stdout] warning: unused variable: `rng`
[INFO] [stdout]    --> src/main.rs:259:30
[INFO] [stdout]     |
[INFO] [stdout] 259 |     fn random_evolve(&mut self, rng: &mut ThreadRng) {
[INFO] [stdout]     |                                 ^^^ help: if this is intentional, prefix it with an underscore: `_rng`
[INFO] [stdout]     |
[INFO] [stdout]     = note: `#[warn(unused_variables)]` (part of `#[warn(unused)]`) on by default
[INFO] [stdout] 
[INFO] [stdout] 
[INFO] [stderr] error: could not compile `random-walk-capitalization` (bin "random-walk-capitalization" test) due to 2 previous errors; 1 warning emitted
[INFO] [stdout] For more information about this error, try `rustc --explain E0308`.
[INFO] [stdout] 
[INFO] [stderr] warning: build failed, waiting for other jobs to finish...
[INFO] [stdout] For more information about this error, try `rustc --explain E0308`.
[INFO] [stdout] 
[INFO] [stderr] error: could not compile `random-walk-capitalization` (bin "random-walk-capitalization") due to 2 previous errors; 1 warning emitted
[INFO] running `Command { std: "docker" "inspect" "d89162efa1fccbd8244317e7cff8c780f557bbdae6cea0c554ba0955c6c95aed", kill_on_drop: false }`
[INFO] running `Command { std: "docker" "rm" "-f" "d89162efa1fccbd8244317e7cff8c780f557bbdae6cea0c554ba0955c6c95aed", kill_on_drop: false }`
[INFO] [stdout] d89162efa1fccbd8244317e7cff8c780f557bbdae6cea0c554ba0955c6c95aed
