[INFO] cloning repository https://github.com/dmoore-dwmmholdings/disktree
[INFO] running `Command { std: "git" "-c" "credential.helper=" "-c" "credential.helper=/workspace/cargo-home/bin/git-credential-null" "clone" "--bare" "https://github.com/dmoore-dwmmholdings/disktree" "/workspace/cache/git-repos/https%3A%2F%2Fgithub.com%2Fdmoore-dwmmholdings%2Fdisktree", kill_on_drop: false }`
[INFO] [stderr] Cloning into bare repository '/workspace/cache/git-repos/https%3A%2F%2Fgithub.com%2Fdmoore-dwmmholdings%2Fdisktree'...
[INFO] running `Command { std: "git" "rev-parse" "HEAD", kill_on_drop: false }`
[INFO] [stdout] 05ac1f16cba973e9424d8216b979ec612720d17e
[INFO] checking dmoore-dwmmholdings/disktree against 3154cc1a3e6424e44f438a95007d043ed5ceaaf6+rustflags=-Znext-solver=coherence for pr-133502-30
[INFO] running `Command { std: "git" "clone" "/workspace/cache/git-repos/https%3A%2F%2Fgithub.com%2Fdmoore-dwmmholdings%2Fdisktree" "/workspace/builds/worker-2-tc1/source", kill_on_drop: false }`
[INFO] [stderr] Cloning into '/workspace/builds/worker-2-tc1/source'...
[INFO] [stderr] done.
[INFO] started tweaking git repo https://github.com/dmoore-dwmmholdings/disktree
[INFO] finished tweaking git repo https://github.com/dmoore-dwmmholdings/disktree
[INFO] tweaked toml for git repo https://github.com/dmoore-dwmmholdings/disktree written to /workspace/builds/worker-2-tc1/source/Cargo.toml
[INFO] validating manifest of git repo https://github.com/dmoore-dwmmholdings/disktree on toolchain 3154cc1a3e6424e44f438a95007d043ed5ceaaf6
[INFO] running `Command { std: CARGO_HOME="/workspace/cargo-home" RUSTUP_HOME="/workspace/rustup-home" "/workspace/cargo-home/bin/cargo" "+3154cc1a3e6424e44f438a95007d043ed5ceaaf6" "metadata" "--manifest-path" "Cargo.toml" "--no-deps", kill_on_drop: false }`
[INFO] crate git repo https://github.com/dmoore-dwmmholdings/disktree already has a lockfile, it will not be regenerated
[INFO] running `Command { std: CARGO_HOME="/workspace/cargo-home" RUSTUP_HOME="/workspace/rustup-home" "/workspace/cargo-home/bin/cargo" "+3154cc1a3e6424e44f438a95007d043ed5ceaaf6" "fetch" "--manifest-path" "Cargo.toml", kill_on_drop: false }`
[INFO] [stderr]  Downloading crates ...
[INFO] [stderr]   Downloaded instability v0.3.12
[INFO] [stderr]   Downloaded compact_str v0.8.2
[INFO] [stderr]   Downloaded trash v5.2.6
[INFO] running `Command { std: "docker" "create" "-v" "/var/lib/crater-agent-workspace/builds/worker-2-tc1/source:/opt/rustwide/workdir:ro,Z" "-v" "/var/lib/crater-agent-workspace/builds/worker-2-tc1/target:/opt/rustwide/target:rw,Z" "-v" "/var/lib/crater-agent-workspace/cargo-home:/opt/rustwide/cargo-home:ro,Z" "-v" "/var/lib/crater-agent-workspace/rustup-home:/opt/rustwide/rustup-home:ro,Z" "-m" "1610612736" "--network" "none" "ghcr.io/rust-lang/crates-build-env/linux@sha256:77db811e55d90add9212f6832c23229e3de5f1c1f9905e8cb07319ea15df73ac" "sleep" "infinity", kill_on_drop: false }`
[INFO] [stdout] 3f581c4e814f091ea23443de158ad902594dcc2e4e36885d788d29374eb19117
[INFO] running `Command { std: "docker" "start" "3f581c4e814f091ea23443de158ad902594dcc2e4e36885d788d29374eb19117", kill_on_drop: false }`
[INFO] running `Command { std: "docker" "inspect" "3f581c4e814f091ea23443de158ad902594dcc2e4e36885d788d29374eb19117", kill_on_drop: false }`
[INFO] running `Command { std: "docker" "exec" "-e" "SOURCE_DIR=/opt/rustwide/workdir" "-e" "CARGO_HOME=/opt/rustwide/cargo-home" "-e" "RUSTUP_HOME=/opt/rustwide/rustup-home" "-e" "CARGO_TARGET_DIR=/opt/rustwide/target" "-w" "/opt/rustwide/workdir" "--user" "0:0" "3f581c4e814f091ea23443de158ad902594dcc2e4e36885d788d29374eb19117" "/opt/rustwide/cargo-home/bin/cargo" "+3154cc1a3e6424e44f438a95007d043ed5ceaaf6" "metadata" "--no-deps" "--format-version=1", kill_on_drop: false }`
[INFO] running `Command { std: "docker" "inspect" "3f581c4e814f091ea23443de158ad902594dcc2e4e36885d788d29374eb19117", kill_on_drop: false }`
[INFO] running `Command { std: "docker" "exec" "-e" "SOURCE_DIR=/opt/rustwide/workdir" "-e" "CARGO_HOME=/opt/rustwide/cargo-home" "-e" "RUSTUP_HOME=/opt/rustwide/rustup-home" "-e" "CARGO_TARGET_DIR=/opt/rustwide/target" "-e" "CARGO_INCREMENTAL=0" "-e" "RUST_BACKTRACE=full" "-e" "RUSTFLAGS=--cap-lints=forbid -Znext-solver=coherence" "-e" "RUSTDOCFLAGS=--cap-lints=forbid" "-w" "/opt/rustwide/workdir" "--user" "0:0" "3f581c4e814f091ea23443de158ad902594dcc2e4e36885d788d29374eb19117" "/opt/rustwide/cargo-home/bin/cargo" "+3154cc1a3e6424e44f438a95007d043ed5ceaaf6" "check" "--frozen" "--all" "--all-targets" "--message-format=json", kill_on_drop: false }`
[INFO] [stderr]    Compiling libc v0.2.186
[INFO] [stderr]    Compiling quote v1.0.46
[INFO] [stderr]    Compiling rustversion v1.0.23
[INFO] [stderr]    Compiling crossbeam-utils v0.8.22
[INFO] [stderr]    Compiling ident_case v1.0.1
[INFO] [stderr]    Compiling parking_lot_core v0.9.12
[INFO] [stderr]     Checking log v0.4.33
[INFO] [stderr]    Compiling signal-hook v0.3.18
[INFO] [stderr]    Compiling strsim v0.11.1
[INFO] [stderr]    Compiling autocfg v1.5.1
[INFO] [stderr]    Compiling crossbeam-epoch v0.9.20
[INFO] [stderr]     Checking scopeguard v1.2.0
[INFO] [stderr]     Checking smallvec v1.15.2
[INFO] [stderr]    Compiling crossbeam-deque v0.8.7
[INFO] [stderr]     Checking either v1.16.0
[INFO] [stderr]    Compiling rustix v0.38.44
[INFO] [stderr]     Checking lock_api v0.4.14
[INFO] [stderr]    Compiling paste v1.0.15
[INFO] [stderr]    Compiling instability v0.3.12
[INFO] [stderr]    Compiling rayon-core v1.13.0
[INFO] [stderr]     Checking linux-raw-sys v0.4.15
[INFO] [stderr]     Checking foldhash v0.1.5
[INFO] [stderr]     Checking allocator-api2 v0.2.21
[INFO] [stderr]     Checking bitflags v2.13.0
[INFO] [stderr]     Checking unicode-width v0.1.14
[INFO] [stderr]     Checking unicode-segmentation v1.13.3
[INFO] [stderr]    Compiling indoc v2.0.7
[INFO] [stderr]     Checking static_assertions v1.1.0
[INFO] [stderr]    Compiling syn v2.0.118
[INFO] [stderr]     Checking urlencoding v2.1.3
[INFO] [stderr]     Checking itertools v0.13.0
[INFO] [stderr]     Checking cassowary v0.3.0
[INFO] [stderr]     Checking unicode-width v0.2.0
[INFO] [stderr]     Checking hashbrown v0.15.5
[INFO] [stderr]    Compiling num-traits v0.2.19
[INFO] [stderr]     Checking castaway v0.2.4
[INFO] [stderr]     Checking compact_str v0.8.2
[INFO] [stderr]     Checking lru v0.12.5
[INFO] [stderr]     Checking errno v0.3.14
[INFO] [stderr]     Checking mio v1.2.2
[INFO] [stderr]     Checking signal-hook-registry v1.4.8
[INFO] [stderr]     Checking parking_lot v0.12.5
[INFO] [stderr]     Checking rayon v1.12.0
[INFO] [stderr]     Checking chrono v0.4.45
[INFO] [stderr]     Checking signal-hook-mio v0.2.5
[INFO] [stderr]     Checking crossterm v0.28.1
[INFO] [stderr]     Checking unicode-truncate v1.1.0
[INFO] [stderr]     Checking trash v5.2.6
[INFO] [stderr]    Compiling darling_core v0.23.0
[INFO] [stderr]    Compiling strum_macros v0.26.4
[INFO] [stderr]    Compiling clap_derive v4.6.1
[INFO] [stderr]     Checking strum v0.26.3
[INFO] [stderr]    Compiling darling_macro v0.23.0
[INFO] [stderr]     Checking clap v4.6.1
[INFO] [stderr]    Compiling darling v0.23.0
[INFO] [stderr]     Checking ratatui v0.29.0
[INFO] [stderr]     Checking disktree v0.2.0 (/opt/rustwide/workdir)
[INFO] [stdout] error[E0433]: cannot find `windows` in `os`
[INFO] [stdout]   --> examples/probe.rs:12:14
[INFO] [stdout]    |
[INFO] [stdout] 12 | use std::os::windows::ffi::OsStrExt;
[INFO] [stdout]    |              ^^^^^^^ could not find `windows` in `os`
[INFO] [stdout]    |
[INFO] [stdout] note: found an item that was configured out
[INFO] [stdout]   --> /rustc/3154cc1a3e6424e44f438a95007d043ed5ceaaf6/library/std/src/os/mod.rs:62:4
[INFO] [stdout]    |
[INFO] [stdout]    = note: the item is gated behind the `windows` feature
[INFO] [stdout] 
[INFO] [stdout] 
[INFO] [stdout] error[E0433]: cannot find module or crate `windows_sys` in this scope
[INFO] [stdout]   --> examples/probe.rs:14:5
[INFO] [stdout]    |
[INFO] [stdout] 14 | use windows_sys::Win32::Foundation::{CloseHandle, HANDLE, INVALID_HANDLE_VALUE};
[INFO] [stdout]    |     ^^^^^^^^^^^ use of unresolved module or unlinked crate `windows_sys`
[INFO] [stdout]    |
[INFO] [stdout]    = help: if you wanted to use a crate named `windows_sys`, use `cargo add windows_sys` to add it to your `Cargo.toml`
[INFO] [stdout] 
[INFO] [stdout] 
[INFO] [stdout] error[E0433]: cannot find module or crate `windows_sys` in this scope
[INFO] [stdout]   --> examples/probe.rs:15:5
[INFO] [stdout]    |
[INFO] [stdout] 15 | use windows_sys::Win32::Storage::FileSystem::{
[INFO] [stdout]    |     ^^^^^^^^^^^ use of unresolved module or unlinked crate `windows_sys`
[INFO] [stdout]    |
[INFO] [stdout]    = help: if you wanted to use a crate named `windows_sys`, use `cargo add windows_sys` to add it to your `Cargo.toml`
[INFO] [stdout] 
[INFO] [stdout] 
[INFO] [stdout] error[E0433]: cannot find module or crate `windows_sys` in this scope
[INFO] [stdout]   --> examples/probe.rs:19:5
[INFO] [stdout]    |
[INFO] [stdout] 19 | use windows_sys::Win32::System::IO::DeviceIoControl;
[INFO] [stdout]    |     ^^^^^^^^^^^ use of unresolved module or unlinked crate `windows_sys`
[INFO] [stdout]    |
[INFO] [stdout]    = help: if you wanted to use a crate named `windows_sys`, use `cargo add windows_sys` to add it to your `Cargo.toml`
[INFO] [stdout] 
[INFO] [stdout] 
[INFO] [stdout] error[E0433]: cannot find `windows` in `os`
[INFO] [stdout]   --> examples/mftprobe.rs:19:14
[INFO] [stdout]    |
[INFO] [stdout] 19 | use std::os::windows::ffi::OsStrExt;
[INFO] [stdout]    |              ^^^^^^^ could not find `windows` in `os`
[INFO] [stdout]    |
[INFO] [stdout] note: found an item that was configured out
[INFO] [stdout]   --> /rustc/3154cc1a3e6424e44f438a95007d043ed5ceaaf6/library/std/src/os/mod.rs:62:4
[INFO] [stdout]    |
[INFO] [stdout]    = note: the item is gated behind the `windows` feature
[INFO] [stdout] 
[INFO] [stdout] 
[INFO] [stdout] error[E0433]: cannot find module or crate `windows_sys` in this scope
[INFO] [stdout]   --> examples/mftprobe.rs:22:5
[INFO] [stdout]    |
[INFO] [stdout] 22 | use windows_sys::Win32::Foundation::{CloseHandle, HANDLE, INVALID_HANDLE_VALUE};
[INFO] [stdout]    |     ^^^^^^^^^^^ use of unresolved module or unlinked crate `windows_sys`
[INFO] [stdout]    |
[INFO] [stdout]    = help: if you wanted to use a crate named `windows_sys`, use `cargo add windows_sys` to add it to your `Cargo.toml`
[INFO] [stdout] 
[INFO] [stdout] 
[INFO] [stdout] error[E0433]: cannot find module or crate `windows_sys` in this scope
[INFO] [stdout]   --> examples/mftprobe.rs:23:5
[INFO] [stdout]    |
[INFO] [stdout] 23 | use windows_sys::Win32::Storage::FileSystem::{
[INFO] [stdout]    |     ^^^^^^^^^^^ use of unresolved module or unlinked crate `windows_sys`
[INFO] [stdout]    |
[INFO] [stdout]    = help: if you wanted to use a crate named `windows_sys`, use `cargo add windows_sys` to add it to your `Cargo.toml`
[INFO] [stdout] 
[INFO] [stdout] 
[INFO] [stdout] error[E0433]: cannot find module or crate `windows_sys` in this scope
[INFO] [stdout]   --> examples/mftprobe.rs:28:5
[INFO] [stdout]    |
[INFO] [stdout] 28 | use windows_sys::Win32::System::IO::DeviceIoControl;
[INFO] [stdout]    |     ^^^^^^^^^^^ use of unresolved module or unlinked crate `windows_sys`
[INFO] [stdout]    |
[INFO] [stdout]    = help: if you wanted to use a crate named `windows_sys`, use `cargo add windows_sys` to add it to your `Cargo.toml`
[INFO] [stdout] 
[INFO] [stdout] 
[INFO] [stdout] error[E0433]: cannot find module or crate `windows_sys` in this scope
[INFO] [stdout]   --> examples/mftprobe.rs:29:5
[INFO] [stdout]    |
[INFO] [stdout] 29 | use windows_sys::Win32::System::Ioctl::{
[INFO] [stdout]    |     ^^^^^^^^^^^ use of unresolved module or unlinked crate `windows_sys`
[INFO] [stdout]    |
[INFO] [stdout]    = help: if you wanted to use a crate named `windows_sys`, use `cargo add windows_sys` to add it to your `Cargo.toml`
[INFO] [stdout] 
[INFO] [stdout] 
[INFO] [stdout] error[E0599]: no method named `encode_wide` found for struct `OsString` in the current scope
[INFO] [stdout]   --> examples/probe.rs:28:10
[INFO] [stdout]    |
[INFO] [stdout] 27 |     let path: Vec<u16> = std::ffi::OsString::from(format!("\\\\.\\{letter}:"))
[INFO] [stdout] 28 |         .encode_wide()
[INFO] [stdout]    |          ^^^^^^^^^^^ method not found in `OsString`
[INFO] [stdout] 
[INFO] [stdout] 
[INFO] [stdout] error[E0599]: no method named `encode_wide` found for struct `OsString` in the current scope
[INFO] [stdout]   --> examples/mftprobe.rs:71:10
[INFO] [stdout]    |
[INFO] [stdout] 70 |     OsString::from(s)
[INFO] [stdout] 71 |         .encode_wide()
[INFO] [stdout]    |          ^^^^^^^^^^^ method not found in `OsString`
[INFO] [stdout] 
[INFO] [stdout] 
[INFO] [stdout] Some errors have detailed explanations: E0433, E0599.
[INFO] [stdout] 
[INFO] [stdout] For more information about an error, try `rustc --explain E0433`.
[INFO] [stdout] 
[INFO] [stderr] error: could not compile `disktree` (example "probe") due to 5 previous errors
[INFO] [stderr] warning: build failed, waiting for other jobs to finish...
[INFO] [stdout] Some errors have detailed explanations: E0433, E0599.
[INFO] [stdout] 
[INFO] [stdout] For more information about an error, try `rustc --explain E0433`.
[INFO] [stdout] 
[INFO] [stderr] error: could not compile `disktree` (example "mftprobe") due to 6 previous errors
[INFO] running `Command { std: "docker" "inspect" "3f581c4e814f091ea23443de158ad902594dcc2e4e36885d788d29374eb19117", kill_on_drop: false }`
[INFO] running `Command { std: "docker" "rm" "-f" "3f581c4e814f091ea23443de158ad902594dcc2e4e36885d788d29374eb19117", kill_on_drop: false }`
[INFO] [stdout] 3f581c4e814f091ea23443de158ad902594dcc2e4e36885d788d29374eb19117
