[INFO] cloning repository https://github.com/dmiller12/RobotHarness
[INFO] running `Command { std: "git" "-c" "credential.helper=" "-c" "credential.helper=/workspace/cargo-home/bin/git-credential-null" "clone" "--bare" "https://github.com/dmiller12/RobotHarness" "/workspace/cache/git-repos/https%3A%2F%2Fgithub.com%2Fdmiller12%2FRobotHarness", kill_on_drop: false }`
[INFO] [stderr] Cloning into bare repository '/workspace/cache/git-repos/https%3A%2F%2Fgithub.com%2Fdmiller12%2FRobotHarness'...
[INFO] running `Command { std: "git" "rev-parse" "HEAD", kill_on_drop: false }`
[INFO] [stdout] 68fa36053537e98e908e21f6952b09a92ff9d8dc
[INFO] checking dmiller12/RobotHarness against 3154cc1a3e6424e44f438a95007d043ed5ceaaf6+rustflags=-Znext-solver=coherence for pr-133502-30
[INFO] running `Command { std: "git" "clone" "/workspace/cache/git-repos/https%3A%2F%2Fgithub.com%2Fdmiller12%2FRobotHarness" "/workspace/builds/worker-3-tc1/source", kill_on_drop: false }`
[INFO] [stderr] Cloning into '/workspace/builds/worker-3-tc1/source'...
[INFO] [stderr] done.
[INFO] started tweaking git repo https://github.com/dmiller12/RobotHarness
[INFO] finished tweaking git repo https://github.com/dmiller12/RobotHarness
[INFO] tweaked toml for git repo https://github.com/dmiller12/RobotHarness written to /workspace/builds/worker-3-tc1/source/Cargo.toml
[INFO] validating manifest of git repo https://github.com/dmiller12/RobotHarness on toolchain 3154cc1a3e6424e44f438a95007d043ed5ceaaf6
[INFO] running `Command { std: CARGO_HOME="/workspace/cargo-home" RUSTUP_HOME="/workspace/rustup-home" "/workspace/cargo-home/bin/cargo" "+3154cc1a3e6424e44f438a95007d043ed5ceaaf6" "metadata" "--manifest-path" "Cargo.toml" "--no-deps", kill_on_drop: false }`
[INFO] crate git repo https://github.com/dmiller12/RobotHarness already has a lockfile, it will not be regenerated
[INFO] running `Command { std: CARGO_HOME="/workspace/cargo-home" RUSTUP_HOME="/workspace/rustup-home" "/workspace/cargo-home/bin/cargo" "+3154cc1a3e6424e44f438a95007d043ed5ceaaf6" "fetch" "--manifest-path" "Cargo.toml", kill_on_drop: false }`
[INFO] [stderr]     Updating crates.io index
[INFO] [stderr]  Downloading crates ...
[INFO] [stderr]   Downloaded ratatui-textarea v0.9.2
[INFO] [stderr]   Downloaded nokhwa v0.10.11
[INFO] [stderr]   Downloaded mozjpeg v0.10.13
[INFO] [stderr]   Downloaded nokhwa-core v0.1.9
[INFO] [stderr]   Downloaded nokhwa-bindings-windows v0.4.6
[INFO] [stderr]   Downloaded nokhwa-bindings-macos v0.2.4
[INFO] [stderr]   Downloaded mozjpeg-sys v2.2.3
[INFO] [stderr]   Downloaded nokhwa-bindings-linux v0.1.4
[INFO] running `Command { std: "docker" "create" "-v" "/var/lib/crater-agent-workspace/builds/worker-3-tc1/source:/opt/rustwide/workdir:ro,Z" "-v" "/var/lib/crater-agent-workspace/builds/worker-3-tc1/target:/opt/rustwide/target:rw,Z" "-v" "/var/lib/crater-agent-workspace/cargo-home:/opt/rustwide/cargo-home:ro,Z" "-v" "/var/lib/crater-agent-workspace/rustup-home:/opt/rustwide/rustup-home:ro,Z" "-m" "1610612736" "--network" "none" "ghcr.io/rust-lang/crates-build-env/linux@sha256:77db811e55d90add9212f6832c23229e3de5f1c1f9905e8cb07319ea15df73ac" "sleep" "infinity", kill_on_drop: false }`
[INFO] [stdout] f37792876143102be0ec08249f7649454fba519745cc1622c884da0ac0ceb4f4
[INFO] running `Command { std: "docker" "start" "f37792876143102be0ec08249f7649454fba519745cc1622c884da0ac0ceb4f4", kill_on_drop: false }`
[INFO] running `Command { std: "docker" "inspect" "f37792876143102be0ec08249f7649454fba519745cc1622c884da0ac0ceb4f4", kill_on_drop: false }`
[INFO] running `Command { std: "docker" "exec" "-e" "SOURCE_DIR=/opt/rustwide/workdir" "-e" "CARGO_HOME=/opt/rustwide/cargo-home" "-e" "RUSTUP_HOME=/opt/rustwide/rustup-home" "-e" "CARGO_TARGET_DIR=/opt/rustwide/target" "-w" "/opt/rustwide/workdir" "--user" "0:0" "f37792876143102be0ec08249f7649454fba519745cc1622c884da0ac0ceb4f4" "/opt/rustwide/cargo-home/bin/cargo" "+3154cc1a3e6424e44f438a95007d043ed5ceaaf6" "metadata" "--no-deps" "--format-version=1", kill_on_drop: false }`
[INFO] running `Command { std: "docker" "inspect" "f37792876143102be0ec08249f7649454fba519745cc1622c884da0ac0ceb4f4", kill_on_drop: false }`
[INFO] running `Command { std: "docker" "exec" "-e" "SOURCE_DIR=/opt/rustwide/workdir" "-e" "CARGO_HOME=/opt/rustwide/cargo-home" "-e" "RUSTUP_HOME=/opt/rustwide/rustup-home" "-e" "CARGO_TARGET_DIR=/opt/rustwide/target" "-e" "CARGO_INCREMENTAL=0" "-e" "RUST_BACKTRACE=full" "-e" "RUSTFLAGS=--cap-lints=forbid -Znext-solver=coherence" "-e" "RUSTDOCFLAGS=--cap-lints=forbid" "-w" "/opt/rustwide/workdir" "--user" "0:0" "f37792876143102be0ec08249f7649454fba519745cc1622c884da0ac0ceb4f4" "/opt/rustwide/cargo-home/bin/cargo" "+3154cc1a3e6424e44f438a95007d043ed5ceaaf6" "check" "--frozen" "--all" "--all-targets" "--message-format=json", kill_on_drop: false }`
[INFO] [stderr]    Compiling syn v3.0.4
[INFO] [stderr]     Checking hashbrown v0.17.1
[INFO] [stderr]    Compiling jobserver v0.1.35
[INFO] [stderr]     Checking errno v0.3.14
[INFO] [stderr]     Checking mio v1.2.2
[INFO] [stderr]     Checking parking_lot_core v0.9.12
[INFO] [stderr]    Compiling equator-macro v0.4.2
[INFO] [stderr]     Checking bytemuck v1.25.2
[INFO] [stderr]     Checking num-integer v0.1.47
[INFO] [stderr]    Compiling aho-corasick v1.1.5
[INFO] [stderr]     Checking futures-io v0.3.34
[INFO] [stderr]    Compiling clang-sys v1.9.1
[INFO] [stderr]    Compiling zerocopy-derive v0.8.56
[INFO] [stderr]    Compiling rustix v0.38.44
[INFO] [stderr]    Compiling libm v0.2.16
[INFO] [stderr]    Compiling prettyplease v0.2.37
[INFO] [stderr]    Compiling strum_macros v0.28.0
[INFO] [stderr]     Checking signal-hook-registry v1.4.8
[INFO] [stderr]     Checking castaway v0.2.4
[INFO] [stderr]    Compiling arg_enum_proc_macro v0.3.4
[INFO] [stderr]    Compiling profiling-procmacros v1.0.18
[INFO] [stderr]     Checking parking_lot v0.12.5
[INFO] [stderr]    Compiling linux-raw-sys v0.4.15
[INFO] [stderr]     Checking num-bigint v0.4.8
[INFO] [stderr]    Compiling nom v7.1.3
[INFO] [stderr]     Checking rgb v0.8.53
[INFO] [stderr]     Checking num-complex v0.4.6
[INFO] [stderr]     Checking unicode-truncate v2.0.1
[INFO] [stderr]     Checking profiling v1.0.18
[INFO] [stderr]    Compiling wayland-scanner v0.29.5
[INFO] [stderr]     Checking compact_str v0.9.1
[INFO] [stderr]    Compiling cc v1.4.4
[INFO] [stderr]    Compiling nasm-rs v0.3.2
[INFO] [stderr]     Checking indexmap v2.14.1
[INFO] [stderr]     Checking lru v0.18.3
[INFO] [stderr]     Checking maybe-rayon v0.1.1
[INFO] [stderr]     Checking equator v0.4.2
[INFO] [stderr]     Checking raw-cpuid v11.6.0
[INFO] [stderr]    Compiling memoffset v0.6.5
[INFO] [stderr]    Compiling num-derive v0.4.2
[INFO] [stderr]    Compiling simd_helpers v0.1.0
[INFO] [stderr]     Checking aligned-vec v0.6.4
[INFO] [stderr]     Checking imgref v1.12.3
[INFO] [stderr]     Checking v_frame v0.3.9
[INFO] [stderr]     Checking new_debug_unreachable v1.0.6
[INFO] [stderr]     Checking deranged v0.5.8
[INFO] [stderr]    Compiling either v1.18.0
[INFO] [stderr]    Compiling bindgen v0.65.1
[INFO] [stderr]    Compiling regex-automata v0.4.18
[INFO] [stderr]     Checking pulp-wasm-simd-flag v0.1.1
[INFO] [stderr]     Checking loop9 v0.1.5
[INFO] [stderr]     Checking zerocopy v0.8.56
[INFO] [stderr]     Checking num-rational v0.4.2
[INFO] [stderr]     Checking tracing v0.1.44
[INFO] [stderr]     Checking avif-serialize v0.8.9
[INFO] [stderr]     Checking zune-inflate v0.2.54
[INFO] [stderr]    Compiling wayland-sys v0.29.5
[INFO] [stderr]     Checking av1-grain v0.2.5
[INFO] [stderr]     Checking fax v0.2.7
[INFO] [stderr]    Compiling serde_json v1.0.151
[INFO] [stderr]    Compiling instability v0.3.13
[INFO] [stderr]    Compiling lazycell v1.3.0
[INFO] [stderr]     Checking bit_field v0.10.3
[INFO] [stderr]    Compiling peeking_take_while v0.1.2
[INFO] [stderr]     Checking lebe v0.5.3
[INFO] [stderr]     Checking moxcms v0.8.1
[INFO] [stderr]     Checking rustix v1.1.4
[INFO] [stderr]     Checking png v0.18.1
[INFO] [stderr]     Checking qoi v0.4.1
[INFO] [stderr]    Compiling openssl-sys v0.9.117
[INFO] [stderr]    Compiling mozjpeg-sys v2.2.3
[INFO] [stderr]     Checking strum v0.28.0
[INFO] [stderr]    Compiling onig_sys v69.9.3
[INFO] [stderr]     Checking nix v0.24.3
[INFO] [stderr]    Compiling cexpr v0.6.0
[INFO] [stderr]    Compiling derive_more-impl v2.1.1
[INFO] [stderr]    Compiling which v4.4.2
[INFO] [stderr]     Checking time v0.3.55
[INFO] [stderr]    Compiling openssl v0.10.81
[INFO] [stderr]     Checking pulp v0.22.3
[INFO] [stderr]    Compiling native-tls v0.2.18
[INFO] [stderr]     Checking signal-hook v0.3.18
[INFO] [stderr]    Compiling wayland-client v0.29.5
[INFO] [stderr]    Compiling toml_edit v0.25.13+spec-1.1.0
[INFO] [stderr]     Checking signal-hook-mio v0.2.5
[INFO] [stderr]     Checking derive_more v2.1.1
[INFO] [stderr]     Checking line-clipping v0.3.8
[INFO] [stderr]     Checking hashbrown v0.15.5
[INFO] [stderr]    Compiling darling_core v0.24.1
[INFO] [stderr]    Compiling proc-macro-crate v3.5.0
[INFO] [stderr]     Checking wayland-commons v0.29.5
[INFO] [stderr]    Compiling wayland-protocols v0.29.5
[INFO] [stderr]     Checking getrandom v0.2.17
[INFO] [stderr]    Compiling nokhwa-bindings-macos v0.2.4
[INFO] [stderr]     Checking nanorand v0.7.0
[INFO] [stderr]     Checking getrandom v0.4.3
[INFO] [stderr]     Checking hashlink v0.10.0
[INFO] [stderr]    Compiling serde_derive_internals v0.30.0
[INFO] [stderr]    Compiling regex v1.13.1
[INFO] [stderr]    Compiling minifb v0.28.0
[INFO] [stderr]    Compiling thiserror-impl v2.0.20
[INFO] [stderr]    Compiling zerovec-derive v0.11.6
[INFO] [stderr]    Compiling displaydoc v0.2.7
[INFO] [stderr]    Compiling futures-macro v0.3.34
[INFO] [stderr]    Compiling tokio-macros v2.7.2
[INFO] [stderr]     Checking futures-util v0.3.34
[INFO] [stderr]    Compiling serde_derive v1.0.229
[INFO] [stderr]     Checking zerotrie v0.2.5
[INFO] [stderr]     Checking crossterm v0.29.0
[INFO] [stderr]     Checking tokio v1.53.1
[INFO] [stderr]    Compiling rstest_macros v0.26.1
[INFO] [stderr]     Checking thiserror v2.0.20
[INFO] [stderr]     Checking av-scenechange v0.14.1
[INFO] [stderr]     Checking half v2.7.1
[INFO] [stderr]     Checking zerovec v0.11.8
[INFO] [stderr]     Checking kasuari v0.4.12
[INFO] [stderr]     Checking exr v1.74.2
[INFO] [stderr]     Checking ratatui-core v0.1.2
[INFO] [stderr]     Checking tiff v0.11.3
[INFO] [stderr]    Compiling ref-cast-impl v1.0.27
[INFO] [stderr]     Checking rav1e v0.8.1
[INFO] [stderr]     Checking tinystr v0.8.4
[INFO] [stderr]     Checking icu_locale_core v2.3.0
[INFO] [stderr]     Checking potential_utf v0.1.6
[INFO] [stderr]     Checking icu_collections v2.3.0
[INFO] [stderr]     Checking spin v0.9.9
[INFO] [stderr]     Checking simdutf8 v0.1.5
[INFO] [stderr]    Compiling darling_macro v0.24.1
[INFO] [stderr]     Checking yansi v1.0.1
[INFO] [stderr]    Compiling darling v0.24.1
[INFO] [stderr]     Checking arraydeque v0.5.1
[INFO] [stderr]     Checking diff v0.1.13
[INFO] [stderr]     Checking wayland-cursor v0.29.5
[INFO] [stderr]     Checking pulldown-cmark v0.13.4
[INFO] [stderr]     Checking pretty_assertions v1.4.1
[INFO] [stderr]     Checking tempfile v3.27.0
[INFO] [stderr]     Checking flume v0.11.1
[INFO] [stderr]     Checking yaml-rust2 v0.10.4
[INFO] [stderr]     Checking futures-executor v0.3.34
[INFO] [stderr]     Checking ratatui-widgets v0.3.2
[INFO] [stderr]     Checking ratatui-crossterm v0.1.2
[INFO] [stderr]     Checking ansi-to-tui v8.0.1
[INFO] [stderr]     Checking ref-cast v1.0.27
[INFO] [stderr]     Checking eventsource-stream v0.2.3
[INFO] [stderr]    Compiling schemars_derive v1.2.2
[INFO] [stderr]     Checking icu_provider v2.3.1
[INFO] [stderr]     Checking raw-window-handle v0.6.2
[INFO] [stderr]     Checking icu_properties v2.3.0
[INFO] [stderr]     Checking icu_normalizer v2.3.0
[INFO] [stderr]     Checking onig v6.5.3
[INFO] [stderr]     Checking futures v0.3.34
[INFO] [stderr]    Compiling async-trait v0.1.92
[INFO] [stderr]     Checking serde v1.0.229
[INFO] [stderr]     Checking mozjpeg v0.10.13
[INFO] [stderr]     Checking ratatui-macros v0.7.2
[INFO] [stderr]     Checking ratatui-textarea v0.9.2
[INFO] [stderr]     Checking ratatui v0.30.2
[INFO] [stderr]     Checking rstest v0.26.1
[INFO] [stderr]     Checking idna_adapter v1.2.2
[INFO] [stderr]     Checking idna v1.1.0
[INFO] [stderr]     Checking url v2.5.8
[INFO] [stderr]     Checking bincode v1.3.3
[INFO] [stderr]     Checking plist v1.10.0
[INFO] [stderr]     Checking serde_urlencoded v0.7.1
[INFO] [stderr]     Checking gray_matter v0.3.2
[INFO] [stderr]     Checking schemars v1.2.2
[INFO] [stderr]    Compiling v4l2-sys-mit v0.3.0
[INFO] [stderr]     Checking tokio-util v0.7.19
[INFO] [stderr]     Checking tokio-native-tls v0.3.1
[INFO] [stderr]     Checking tower v0.5.3
[INFO] [stderr]     Checking syntect v5.3.0
[INFO] [stderr]     Checking h2 v0.4.19
[INFO] [stderr]     Checking tower-http v0.6.11
[INFO] [stderr]     Checking ravif v0.13.0
[INFO] [stderr]     Checking v4l v0.14.0
[INFO] [stderr]     Checking image v0.25.10
[INFO] [stderr]     Checking tui-markdown v0.3.9
[INFO] [stderr]     Checking hyper v1.11.1
[INFO] [stderr]     Checking nokhwa-core v0.1.9
[INFO] [stderr]     Checking hyper-util v0.1.20
[INFO] [stderr]     Checking nokhwa-bindings-windows v0.4.6
[INFO] [stderr]     Checking nokhwa-bindings-linux v0.1.4
[INFO] [stderr]     Checking nokhwa v0.10.11
[INFO] [stderr]     Checking hyper-tls v0.6.0
[INFO] [stderr]     Checking reqwest v0.12.28
[INFO] [stderr]     Checking reqwest-eventsource v0.6.0
[INFO] [stderr]     Checking harness v0.1.0 (/opt/rustwide/workdir)
[INFO] [stdout] warning: unused import: `nokhwa::Buffer`
[INFO] [stdout]   --> src/app.rs:14:5
[INFO] [stdout]    |
[INFO] [stdout] 14 | use nokhwa::Buffer;
[INFO] [stdout]    |     ^^^^^^^^^^^^^^
[INFO] [stdout]    |
[INFO] [stdout]    = note: `#[warn(unused_imports)]` (part of `#[warn(unused)]`) on by default
[INFO] [stdout] 
[INFO] [stdout] 
[INFO] [stdout] warning: unused import: `Modifier`
[INFO] [stdout]  --> src/ui.rs:5:27
[INFO] [stdout]   |
[INFO] [stdout] 5 |     style::{Color, Style, Modifier},
[INFO] [stdout]   |                           ^^^^^^^^
[INFO] [stdout] 
[INFO] [stdout] 
[INFO] [stdout] warning: unused imports: `CameraIndex`, `ControlValueSetter`, and `KnownCameraControl`
[INFO] [stdout]  --> src/video.rs:3:19
[INFO] [stdout]   |
[INFO] [stdout] 3 |     CameraFormat, CameraIndex, ControlValueSetter, FrameFormat, KnownCameraControl,
[INFO] [stdout]   |                   ^^^^^^^^^^^  ^^^^^^^^^^^^^^^^^^               ^^^^^^^^^^^^^^^^^^
[INFO] [stdout] 
[INFO] [stdout] 
[INFO] [stdout] warning: unused import: `std::env`
[INFO] [stdout]   --> src/main.rs:27:5
[INFO] [stdout]    |
[INFO] [stdout] 27 | use std::env;
[INFO] [stdout]    |     ^^^^^^^^
[INFO] [stdout] 
[INFO] [stdout] 
[INFO] [stdout] warning: unused import: `nokhwa::Buffer`
[INFO] [stdout]   --> src/app.rs:14:5
[INFO] [stdout]    |
[INFO] [stdout] 14 | use nokhwa::Buffer;
[INFO] [stdout]    |     ^^^^^^^^^^^^^^
[INFO] [stdout]    |
[INFO] [stdout]    = note: `#[warn(unused_imports)]` (part of `#[warn(unused)]`) on by default
[INFO] [stdout] 
[INFO] [stdout] 
[INFO] [stdout] warning: unused import: `Modifier`
[INFO] [stdout]  --> src/ui.rs:5:27
[INFO] [stdout]   |
[INFO] [stdout] 5 |     style::{Color, Style, Modifier},
[INFO] [stdout]   |                           ^^^^^^^^
[INFO] [stdout] 
[INFO] [stdout] 
[INFO] [stdout] warning: unused imports: `CameraIndex`, `ControlValueSetter`, and `KnownCameraControl`
[INFO] [stdout]  --> src/video.rs:3:19
[INFO] [stdout]   |
[INFO] [stdout] 3 |     CameraFormat, CameraIndex, ControlValueSetter, FrameFormat, KnownCameraControl,
[INFO] [stdout]   |                   ^^^^^^^^^^^  ^^^^^^^^^^^^^^^^^^               ^^^^^^^^^^^^^^^^^^
[INFO] [stdout] 
[INFO] [stdout] 
[INFO] [stdout] warning: unused import: `std::env`
[INFO] [stdout]   --> src/main.rs:27:5
[INFO] [stdout]    |
[INFO] [stdout] 27 | use std::env;
[INFO] [stdout]    |     ^^^^^^^^
[INFO] [stdout] 
[INFO] [stdout] 
[INFO] [stdout] error[E0061]: this method takes 4 arguments but 3 arguments were supplied
[INFO] [stdout]    --> src/llm_client/openai.rs:265:31
[INFO] [stdout]     |
[INFO] [stdout] 265 |         let result = provider.stream_completion(&messages, &[], tx).await;
[INFO] [stdout]     |                               ^^^^^^^^^^^^^^^^^-------------------- argument #4 of type `std::option::Option<ReasoningEffort>` is missing
[INFO] [stdout]     |
[INFO] [stdout] note: method defined here
[INFO] [stdout]    --> src/llm_client/provider.rs:28:14
[INFO] [stdout]     |
[INFO] [stdout]  28 |     async fn stream_completion(
[INFO] [stdout]     |              ^^^^^^^^^^^^^^^^^
[INFO] [stdout] ...
[INFO] [stdout]  33 |         reasoning_effort: Option<ReasoningEffort>,
[INFO] [stdout]     |         ----------------
[INFO] [stdout] help: provide the argument
[INFO] [stdout]     |
[INFO] [stdout] 265 |         let result = provider.stream_completion(&messages, &[], tx, /* Option<ReasoningEffort> */).await;
[INFO] [stdout]     |                                                                   +++++++++++++++++++++++++++++++
[INFO] [stdout] 
[INFO] [stdout] 
[INFO] [stdout] error[E0061]: this function takes 3 arguments but 2 arguments were supplied
[INFO] [stdout]    --> src/llm_client.rs:135:24
[INFO] [stdout]     |
[INFO] [stdout] 135 |           let provider = OpenAiProvider::new(
[INFO] [stdout]     |  ________________________^^^^^^^^^^^^^^^^^^^-
[INFO] [stdout] 136 | |             "qwen3.5:4b-mlx",
[INFO] [stdout] 137 | |             "http://localhost:11434/v1/chat/completions",
[INFO] [stdout] 138 | |         );
[INFO] [stdout]     | |_________- argument #3 of type `std::option::Option<std::string::String>` is missing
[INFO] [stdout]     |
[INFO] [stdout] note: associated function defined here
[INFO] [stdout]    --> src/llm_client/openai.rs:29:12
[INFO] [stdout]     |
[INFO] [stdout]  29 |     pub fn new(model: &str, endpoint: &str, api_key: Option<String>) -> Self {
[INFO] [stdout]     |            ^^^                              -----------------------
[INFO] [stdout] help: provide the argument
[INFO] [stdout]     |
[INFO] [stdout] 135 |         let provider = OpenAiProvider::new(
[INFO] [stdout] 136 |             "qwen3.5:4b-mlx",
[INFO] [stdout] 137 |             "http://localhost:11434/v1/chat/completions",
[INFO] [stdout] 138 ~             /* Option<String> */,
[INFO] [stdout] 139 ~         );
[INFO] [stdout]     |
[INFO] [stdout] 
[INFO] [stdout] 
[INFO] [stdout] error[E0061]: this method takes 4 arguments but 2 arguments were supplied
[INFO] [stdout]    --> src/llm_client.rs:157:29
[INFO] [stdout]     |
[INFO] [stdout] 157 |         let result = client.run_agent_loop(session_arc.clone(), tx).await;
[INFO] [stdout]     |                             ^^^^^^^^^^^^^^------------------------- two arguments of type `std::option::Option<ReasoningEffort>` and `std::option::Option<Vec<std::string::String>>` are missing
[INFO] [stdout]     |
[INFO] [stdout] note: method defined here
[INFO] [stdout]    --> src/llm_client.rs:25:18
[INFO] [stdout]     |
[INFO] [stdout]  25 |     pub async fn run_agent_loop(
[INFO] [stdout]     |                  ^^^^^^^^^^^^^^
[INFO] [stdout] ...
[INFO] [stdout]  29 |         reasoning_effort: Option<ReasoningEffort>,
[INFO] [stdout]     |         -----------------------------------------
[INFO] [stdout]  30 |         allowed_tools: Option<Vec<String>>,
[INFO] [stdout]     |         ----------------------------------
[INFO] [stdout] help: provide the arguments
[INFO] [stdout]     |
[INFO] [stdout] 157 |         let result = client.run_agent_loop(session_arc.clone(), tx, /* Option<ReasoningEffort> */, /* Option<Vec<String>> */).await;
[INFO] [stdout]     |                                                                   ++++++++++++++++++++++++++++++++++++++++++++++++++++++++++
[INFO] [stdout] 
[INFO] [stdout] 
[INFO] [stdout] error[E0061]: this function takes 3 arguments but 2 arguments were supplied
[INFO] [stdout]    --> src/llm_client.rs:181:24
[INFO] [stdout]     |
[INFO] [stdout] 181 |           let provider = OpenAiProvider::new(
[INFO] [stdout]     |  ________________________^^^^^^^^^^^^^^^^^^^-
[INFO] [stdout] 182 | |             "qwen3.5:4b-mlx",
[INFO] [stdout] 183 | |             "http://localhost:11434/v1/chat/completions",
[INFO] [stdout] 184 | |         );
[INFO] [stdout]     | |_________- argument #3 of type `std::option::Option<std::string::String>` is missing
[INFO] [stdout]     |
[INFO] [stdout] note: associated function defined here
[INFO] [stdout]    --> src/llm_client/openai.rs:29:12
[INFO] [stdout]     |
[INFO] [stdout]  29 |     pub fn new(model: &str, endpoint: &str, api_key: Option<String>) -> Self {
[INFO] [stdout]     |            ^^^                              -----------------------
[INFO] [stdout] help: provide the argument
[INFO] [stdout]     |
[INFO] [stdout] 181 |         let provider = OpenAiProvider::new(
[INFO] [stdout] 182 |             "qwen3.5:4b-mlx",
[INFO] [stdout] 183 |             "http://localhost:11434/v1/chat/completions",
[INFO] [stdout] 184 ~             /* Option<String> */,
[INFO] [stdout] 185 ~         );
[INFO] [stdout]     |
[INFO] [stdout] 
[INFO] [stdout] 
[INFO] [stdout] error[E0061]: this method takes 4 arguments but 2 arguments were supplied
[INFO] [stdout]    --> src/llm_client.rs:213:29
[INFO] [stdout]     |
[INFO] [stdout] 213 |         let result = client.run_agent_loop(session_arc.clone(), tx).await;
[INFO] [stdout]     |                             ^^^^^^^^^^^^^^------------------------- two arguments of type `std::option::Option<ReasoningEffort>` and `std::option::Option<Vec<std::string::String>>` are missing
[INFO] [stdout]     |
[INFO] [stdout] note: method defined here
[INFO] [stdout]    --> src/llm_client.rs:25:18
[INFO] [stdout]     |
[INFO] [stdout]  25 |     pub async fn run_agent_loop(
[INFO] [stdout]     |                  ^^^^^^^^^^^^^^
[INFO] [stdout] ...
[INFO] [stdout]  29 |         reasoning_effort: Option<ReasoningEffort>,
[INFO] [stdout]     |         -----------------------------------------
[INFO] [stdout]  30 |         allowed_tools: Option<Vec<String>>,
[INFO] [stdout]     |         ----------------------------------
[INFO] [stdout] help: provide the arguments
[INFO] [stdout]     |
[INFO] [stdout] 213 |         let result = client.run_agent_loop(session_arc.clone(), tx, /* Option<ReasoningEffort> */, /* Option<Vec<String>> */).await;
[INFO] [stdout]     |                                                                   ++++++++++++++++++++++++++++++++++++++++++++++++++++++++++
[INFO] [stdout] 
[INFO] [stdout] 
[INFO] [stdout] warning: unused variable: `handle`
[INFO] [stdout]    --> src/events.rs:176:9
[INFO] [stdout]     |
[INFO] [stdout] 176 |     let handle = tokio::spawn(async move {
[INFO] [stdout]     |         ^^^^^^ help: if this is intentional, prefix it with an underscore: `_handle`
[INFO] [stdout]     |
[INFO] [stdout]     = note: `#[warn(unused_variables)]` (part of `#[warn(unused)]`) on by default
[INFO] [stdout] 
[INFO] [stdout] 
[INFO] [stdout] warning: unused variable: `handle`
[INFO] [stdout]    --> src/events.rs:176:9
[INFO] [stdout]     |
[INFO] [stdout] 176 |     let handle = tokio::spawn(async move {
[INFO] [stdout]     |         ^^^^^^ help: if this is intentional, prefix it with an underscore: `_handle`
[INFO] [stdout]     |
[INFO] [stdout]     = note: `#[warn(unused_variables)]` (part of `#[warn(unused)]`) on by default
[INFO] [stdout] 
[INFO] [stdout] 
[INFO] [stdout] warning: variable does not need to be mutable
[INFO] [stdout]   --> src/skill.rs:45:13
[INFO] [stdout]    |
[INFO] [stdout] 45 |         let mut matter = Matter::<YAML>::new();
[INFO] [stdout]    |             ----^^^^^^
[INFO] [stdout]    |             |
[INFO] [stdout]    |             help: remove this `mut`
[INFO] [stdout]    |
[INFO] [stdout]    = note: `#[warn(unused_mut)]` (part of `#[warn(unused)]`) on by default
[INFO] [stdout] 
[INFO] [stdout] 
[INFO] [stdout] warning: unused variable: `tx`
[INFO] [stdout]   --> src/tools/read_file.rs:29:41
[INFO] [stdout]    |
[INFO] [stdout] 29 |     async fn execute(&self, args: &str, tx: tokio::sync::mpsc::UnboundedSender<StreamEvent>) -> Result<String, String> {
[INFO] [stdout]    |                                         ^^ help: if this is intentional, prefix it with an underscore: `_tx`
[INFO] [stdout] 
[INFO] [stdout] 
[INFO] [stdout] warning: field `usage` is never read
[INFO] [stdout]   --> src/llm_client/provider.rs:16:9
[INFO] [stdout]    |
[INFO] [stdout] 12 | pub struct GenerationResult {
[INFO] [stdout]    |            ---------------- field in this struct
[INFO] [stdout] ...
[INFO] [stdout] 16 |     pub usage: Option<Usage>,
[INFO] [stdout]    |         ^^^^^
[INFO] [stdout]    |
[INFO] [stdout]    = note: `GenerationResult` has a derived impl for the trait `Debug`, but this is intentionally ignored during dead code analysis
[INFO] [stdout]    = note: `#[warn(dead_code)]` (part of `#[warn(unused)]`) on by default
[INFO] [stdout] 
[INFO] [stdout] 
[INFO] [stdout] warning: associated functions `load` and `load_from_path` are never used
[INFO] [stdout]   --> src/session.rs:77:12
[INFO] [stdout]    |
[INFO] [stdout] 48 | impl SessionData {
[INFO] [stdout]    | ---------------- associated functions in this implementation
[INFO] [stdout] ...
[INFO] [stdout] 77 |     pub fn load() -> Result<Self, String> {
[INFO] [stdout]    |            ^^^^
[INFO] [stdout] ...
[INFO] [stdout] 81 |     pub fn load_from_path(path: PathBuf) -> Result<Self, String> {
[INFO] [stdout]    |            ^^^^^^^^^^^^^^
[INFO] [stdout] 
[INFO] [stdout] 
[INFO] [stdout] warning: field `description` is never read
[INFO] [stdout]   --> src/skill.rs:10:9
[INFO] [stdout]    |
[INFO] [stdout]  8 | pub struct SkillMetadata {
[INFO] [stdout]    |            ------------- field in this struct
[INFO] [stdout]  9 |     pub name: String,
[INFO] [stdout] 10 |     pub description: String,
[INFO] [stdout]    |         ^^^^^^^^^^^
[INFO] [stdout]    |
[INFO] [stdout]    = note: `SkillMetadata` has derived impls for the traits `Clone` and `Debug`, but these are intentionally ignored during dead code analysis
[INFO] [stdout] 
[INFO] [stdout] 
[INFO] [stdout] warning: function `probe_camera_hardware` is never used
[INFO] [stdout]   --> src/video.rs:88:8
[INFO] [stdout]    |
[INFO] [stdout] 88 | pub fn probe_camera_hardware() {
[INFO] [stdout]    |        ^^^^^^^^^^^^^^^^^^^^^
[INFO] [stdout] 
[INFO] [stdout] 
[INFO] [stdout] warning: unused `Result` that must be used
[INFO] [stdout]    --> src/llm_client.rs:112:17
[INFO] [stdout]     |
[INFO] [stdout] 112 |                 session.save_state();
[INFO] [stdout]     |                 ^^^^^^^^^^^^^^^^^^^^
[INFO] [stdout]     |
[INFO] [stdout]     = note: this `Result` may be an `Err` variant, which should be handled
[INFO] [stdout]     = note: `#[warn(unused_must_use)]` (part of `#[warn(unused)]`) on by default
[INFO] [stdout] help: use `let _ = ...` to ignore the resulting value
[INFO] [stdout]     |
[INFO] [stdout] 112 |                 let _ = session.save_state();
[INFO] [stdout]     |                 +++++++
[INFO] [stdout] 
[INFO] [stdout] 
[INFO] [stdout] warning: unused `Result` that must be used
[INFO] [stdout]   --> src/tools/create_plan.rs:61:9
[INFO] [stdout]    |
[INFO] [stdout] 61 |         tx.send(StreamEvent::PlanUpdated(final_tasks.clone()));
[INFO] [stdout]    |         ^^^^^^^^^^^^^^^^^^^^^^^^^^^^^^^^^^^^^^^^^^^^^^^^^^^^^^
[INFO] [stdout]    |
[INFO] [stdout]    = note: this `Result` may be an `Err` variant, which should be handled
[INFO] [stdout] help: use `let _ = ...` to ignore the resulting value
[INFO] [stdout]    |
[INFO] [stdout] 61 |         let _ = tx.send(StreamEvent::PlanUpdated(final_tasks.clone()));
[INFO] [stdout]    |         +++++++
[INFO] [stdout] 
[INFO] [stdout] 
[INFO] [stdout] warning: variable does not need to be mutable
[INFO] [stdout]   --> src/skill.rs:45:13
[INFO] [stdout]    |
[INFO] [stdout] 45 |         let mut matter = Matter::<YAML>::new();
[INFO] [stdout]    |             ----^^^^^^
[INFO] [stdout]    |             |
[INFO] [stdout]    |             help: remove this `mut`
[INFO] [stdout]    |
[INFO] [stdout]    = note: `#[warn(unused_mut)]` (part of `#[warn(unused)]`) on by default
[INFO] [stdout] 
[INFO] [stdout] 
[INFO] [stdout] warning: unused variable: `tx`
[INFO] [stdout]   --> src/tools/read_file.rs:29:41
[INFO] [stdout]    |
[INFO] [stdout] 29 |     async fn execute(&self, args: &str, tx: tokio::sync::mpsc::UnboundedSender<StreamEvent>) -> Result<String, String> {
[INFO] [stdout]    |                                         ^^ help: if this is intentional, prefix it with an underscore: `_tx`
[INFO] [stdout] 
[INFO] [stdout] 
[INFO] [stdout] For more information about this error, try `rustc --explain E0061`.
[INFO] [stdout] 
[INFO] [stderr] error: could not compile `harness` (bin "harness" test) due to 5 previous errors; 7 warnings emitted
[INFO] running `Command { std: "docker" "inspect" "f37792876143102be0ec08249f7649454fba519745cc1622c884da0ac0ceb4f4", kill_on_drop: false }`
[INFO] running `Command { std: "docker" "rm" "-f" "f37792876143102be0ec08249f7649454fba519745cc1622c884da0ac0ceb4f4", kill_on_drop: false }`
[INFO] [stdout] f37792876143102be0ec08249f7649454fba519745cc1622c884da0ac0ceb4f4
