[INFO] cloning repository https://github.com/djhunter67/dev_macros
[INFO] running `Command { std: "git" "-c" "credential.helper=" "-c" "credential.helper=/workspace/cargo-home/bin/git-credential-null" "clone" "--bare" "https://github.com/djhunter67/dev_macros" "/workspace/cache/git-repos/https%3A%2F%2Fgithub.com%2Fdjhunter67%2Fdev_macros", kill_on_drop: false }`
[INFO] [stderr] Cloning into bare repository '/workspace/cache/git-repos/https%3A%2F%2Fgithub.com%2Fdjhunter67%2Fdev_macros'...
[INFO] running `Command { std: "git" "rev-parse" "HEAD", kill_on_drop: false }`
[INFO] [stdout] 8093a598c9ea181c91e663e95840e5df65f6ae9b
[INFO] checking djhunter67/dev_macros against 3154cc1a3e6424e44f438a95007d043ed5ceaaf6 for pr-133502-30
[INFO] running `Command { std: "git" "clone" "/workspace/cache/git-repos/https%3A%2F%2Fgithub.com%2Fdjhunter67%2Fdev_macros" "/workspace/builds/worker-1-tc2/source", kill_on_drop: false }`
[INFO] [stderr] Cloning into '/workspace/builds/worker-1-tc2/source'...
[INFO] [stderr] done.
[INFO] started tweaking git repo https://github.com/djhunter67/dev_macros
[INFO] finished tweaking git repo https://github.com/djhunter67/dev_macros
[INFO] tweaked toml for git repo https://github.com/djhunter67/dev_macros written to /workspace/builds/worker-1-tc2/source/Cargo.toml
[INFO] validating manifest of git repo https://github.com/djhunter67/dev_macros on toolchain 3154cc1a3e6424e44f438a95007d043ed5ceaaf6
[INFO] running `Command { std: CARGO_HOME="/workspace/cargo-home" RUSTUP_HOME="/workspace/rustup-home" "/workspace/cargo-home/bin/cargo" "+3154cc1a3e6424e44f438a95007d043ed5ceaaf6" "metadata" "--manifest-path" "Cargo.toml" "--no-deps", kill_on_drop: false }`
[INFO] crate git repo https://github.com/djhunter67/dev_macros already has a lockfile, it will not be regenerated
[INFO] running `Command { std: CARGO_HOME="/workspace/cargo-home" RUSTUP_HOME="/workspace/rustup-home" "/workspace/cargo-home/bin/cargo" "+3154cc1a3e6424e44f438a95007d043ed5ceaaf6" "fetch" "--manifest-path" "Cargo.toml", kill_on_drop: false }`
[INFO] [stderr] warning: Cargo.toml: unused manifest key: lib.proc_macros
[INFO] [stderr] warning: `dev_macros` (manifest) generated 1 warning
[INFO] running `Command { std: "docker" "create" "-v" "/var/lib/crater-agent-workspace/builds/worker-1-tc2/source:/opt/rustwide/workdir:ro,Z" "-v" "/var/lib/crater-agent-workspace/builds/worker-1-tc2/target:/opt/rustwide/target:rw,Z" "-v" "/var/lib/crater-agent-workspace/cargo-home:/opt/rustwide/cargo-home:ro,Z" "-v" "/var/lib/crater-agent-workspace/rustup-home:/opt/rustwide/rustup-home:ro,Z" "-m" "1610612736" "--network" "none" "ghcr.io/rust-lang/crates-build-env/linux@sha256:77db811e55d90add9212f6832c23229e3de5f1c1f9905e8cb07319ea15df73ac" "sleep" "infinity", kill_on_drop: false }`
[INFO] [stdout] 08f65b9080425148898c39a0496365f6b93b6fd24936fb42cd654e16fdaf7367
[INFO] running `Command { std: "docker" "start" "08f65b9080425148898c39a0496365f6b93b6fd24936fb42cd654e16fdaf7367", kill_on_drop: false }`
[INFO] running `Command { std: "docker" "inspect" "08f65b9080425148898c39a0496365f6b93b6fd24936fb42cd654e16fdaf7367", kill_on_drop: false }`
[INFO] running `Command { std: "docker" "exec" "-e" "SOURCE_DIR=/opt/rustwide/workdir" "-e" "CARGO_HOME=/opt/rustwide/cargo-home" "-e" "RUSTUP_HOME=/opt/rustwide/rustup-home" "-e" "CARGO_TARGET_DIR=/opt/rustwide/target" "-w" "/opt/rustwide/workdir" "--user" "0:0" "08f65b9080425148898c39a0496365f6b93b6fd24936fb42cd654e16fdaf7367" "/opt/rustwide/cargo-home/bin/cargo" "+3154cc1a3e6424e44f438a95007d043ed5ceaaf6" "metadata" "--no-deps" "--format-version=1", kill_on_drop: false }`
[INFO] running `Command { std: "docker" "inspect" "08f65b9080425148898c39a0496365f6b93b6fd24936fb42cd654e16fdaf7367", kill_on_drop: false }`
[INFO] running `Command { std: "docker" "exec" "-e" "SOURCE_DIR=/opt/rustwide/workdir" "-e" "CARGO_HOME=/opt/rustwide/cargo-home" "-e" "RUSTUP_HOME=/opt/rustwide/rustup-home" "-e" "CARGO_TARGET_DIR=/opt/rustwide/target" "-e" "CARGO_INCREMENTAL=0" "-e" "RUST_BACKTRACE=full" "-e" "RUSTFLAGS=--cap-lints=forbid" "-e" "RUSTDOCFLAGS=--cap-lints=forbid" "-w" "/opt/rustwide/workdir" "--user" "0:0" "08f65b9080425148898c39a0496365f6b93b6fd24936fb42cd654e16fdaf7367" "/opt/rustwide/cargo-home/bin/cargo" "+3154cc1a3e6424e44f438a95007d043ed5ceaaf6" "check" "--frozen" "--all" "--all-targets" "--message-format=json", kill_on_drop: false }`
[INFO] [stderr] warning: Cargo.toml: unused manifest key: lib.proc_macros
[INFO] [stderr] warning: `dev_macros` (manifest) generated 1 warning
[INFO] [stderr]    Compiling proc-macro2 v1.0.107
[INFO] [stderr]     Checking quote v1.0.47
[INFO] [stderr]     Checking syn v3.0.3
[INFO] [stderr]     Checking dev_macros v0.1.0 (/opt/rustwide/workdir)
[INFO] [stdout] error: the `proc_macro_attribute` attribute is only usable with crates of the `proc-macro` crate type
[INFO] [stdout]  --> src/lib.rs:5:3
[INFO] [stdout]   |
[INFO] [stdout] 5 | #[proc_macro_attribute]
[INFO] [stdout]   |   ^^^^^^^^^^^^^^^^^^^^
[INFO] [stdout] 
[INFO] [stdout] 
[INFO] [stdout] error[E0432]: unresolved import `proc_macro`
[INFO] [stdout]  --> src/lib.rs:1:5
[INFO] [stdout]   |
[INFO] [stdout] 1 | use proc_macro::TokenStream;
[INFO] [stdout]   |     ^^^^^^^^^^ use of unresolved module or unlinked crate `proc_macro`
[INFO] [stdout]   |
[INFO] [stdout]   = help: if you wanted to use a crate named `proc_macro`, use `cargo add proc_macro` to add it to your `Cargo.toml`
[INFO] [stdout] 
[INFO] [stdout] 
[INFO] [stdout] error[E0432]: unresolved imports `syn::FnArg`, `syn::ItemFn`, `syn::Pat`, `syn::PatType`
[INFO] [stdout]    --> src/lib.rs:3:18
[INFO] [stdout]     |
[INFO] [stdout]   3 | use syn::{Error, FnArg, ItemFn, Pat, PatType, Result, parse_macro_input};
[INFO] [stdout]     |                  ^^^^^  ^^^^^^  ^^^  ^^^^^^^ no `PatType` in the root
[INFO] [stdout]     |                  |      |       |
[INFO] [stdout]     |                  |      |       no `Pat` in the root
[INFO] [stdout]     |                  |      no `ItemFn` in the root
[INFO] [stdout]     |                  no `FnArg` in the root
[INFO] [stdout]     |
[INFO] [stdout] note: found an item that was configured out
[INFO] [stdout]    --> /opt/rustwide/cargo-home/registry/src/index.crates.io-1949cf8c6b5b557f/syn-3.0.3/src/lib.rs:545:21
[INFO] [stdout]     |
[INFO] [stdout] 542 | #[cfg(feature = "full")]
[INFO] [stdout]     |       ---------------- the item is gated behind the `full` feature
[INFO] [stdout] ...
[INFO] [stdout] 545 |     ConstModifiers, FnArg, FnModifiers, ForeignItem, ForeignItemFn, ForeignItemMacro,
[INFO] [stdout]     |                     ^^^^^
[INFO] [stdout] note: found an item that was configured out
[INFO] [stdout]    --> /opt/rustwide/cargo-home/registry/src/index.crates.io-1949cf8c6b5b557f/syn-3.0.3/src/lib.rs:547:78
[INFO] [stdout]     |
[INFO] [stdout] 542 | #[cfg(feature = "full")]
[INFO] [stdout]     |       ---------------- the item is gated behind the `full` feature
[INFO] [stdout] ...
[INFO] [stdout] 547 |     ImplItemType, ImplModifiers, Item, ItemConst, ItemEnum, ItemExternCrate, ItemFn,
[INFO] [stdout]     |                                                                              ^^^^^^
[INFO] [stdout] note: found an item that was configured out
[INFO] [stdout]    --> /opt/rustwide/cargo-home/registry/src/index.crates.io-1949cf8c6b5b557f/syn-3.0.3/src/lib.rs:602:15
[INFO] [stdout]     |
[INFO] [stdout] 599 | #[cfg(feature = "full")]
[INFO] [stdout]     |       ---------------- the item is gated behind the `full` feature
[INFO] [stdout] ...
[INFO] [stdout] 602 |     FieldPat, Pat, PatConst, PatGuard, PatIdent, PatLit, PatMacro, PatOr, PatParen, PatPath,
[INFO] [stdout]     |               ^^^
[INFO] [stdout] note: found an item that was configured out
[INFO] [stdout]    --> /opt/rustwide/cargo-home/registry/src/index.crates.io-1949cf8c6b5b557f/syn-3.0.3/src/lib.rs:603:85
[INFO] [stdout]     |
[INFO] [stdout] 599 | #[cfg(feature = "full")]
[INFO] [stdout]     |       ---------------- the item is gated behind the `full` feature
[INFO] [stdout] ...
[INFO] [stdout] 603 |     PatRange, PatReference, PatRest, PatSlice, PatStruct, PatTuple, PatTupleStruct, PatType,
[INFO] [stdout]     |                                                                                     ^^^^^^^
[INFO] [stdout] help: a similar name exists in the module
[INFO] [stdout]     |
[INFO] [stdout]   3 | use syn::{Error, FnArg, ItemFn, Path, PatType, Result, parse_macro_input};
[INFO] [stdout]     |                                    +
[INFO] [stdout] 
[INFO] [stdout] 
[INFO] [stdout] error[E0425]: cannot find value `req` in this scope
[INFO] [stdout]   --> src/lib.rs:40:53
[INFO] [stdout]    |
[INFO] [stdout] 40 |     if let (Some(req), Some(mongo), Some(redis)) = (req.ident, mongo_client, redis_client) {
[INFO] [stdout]    |                                                     ^^^ not found in this scope
[INFO] [stdout] 
[INFO] [stdout] 
[INFO] [stdout] warning: unused import: `Result`
[INFO] [stdout]  --> src/lib.rs:3:47
[INFO] [stdout]   |
[INFO] [stdout] 3 | use syn::{Error, FnArg, ItemFn, Pat, PatType, Result, parse_macro_input};
[INFO] [stdout]   |                                               ^^^^^^
[INFO] [stdout]   |
[INFO] [stdout]   = note: `#[warn(unused_imports)]` (part of `#[warn(unused)]`) on by default
[INFO] [stdout] 
[INFO] [stdout] 
[INFO] [stdout] Some errors have detailed explanations: E0425, E0432.
[INFO] [stdout] 
[INFO] [stdout] For more information about an error, try `rustc --explain E0425`.
[INFO] [stdout] 
[INFO] [stdout] error[E0432]: unresolved import `proc_macro`
[INFO] [stdout]  --> src/lib.rs:1:5
[INFO] [stdout]   |
[INFO] [stdout] 1 | use proc_macro::TokenStream;
[INFO] [stdout]   |     ^^^^^^^^^^ use of unresolved module or unlinked crate `proc_macro`
[INFO] [stdout]   |
[INFO] [stdout]   = help: if you wanted to use a crate named `proc_macro`, use `cargo add proc_macro` to add it to your `Cargo.toml`
[INFO] [stdout] 
[INFO] [stdout] 
[INFO] [stderr] error: could not compile `dev_macros` (lib test) due to 3 previous errors; 1 warning emitted
[INFO] [stderr] warning: build failed, waiting for other jobs to finish...
[INFO] [stdout] error[E0432]: unresolved imports `syn::FnArg`, `syn::ItemFn`, `syn::Pat`, `syn::PatType`
[INFO] [stdout]    --> src/lib.rs:3:18
[INFO] [stdout]     |
[INFO] [stdout]   3 | use syn::{Error, FnArg, ItemFn, Pat, PatType, Result, parse_macro_input};
[INFO] [stdout]     |                  ^^^^^  ^^^^^^  ^^^  ^^^^^^^ no `PatType` in the root
[INFO] [stdout]     |                  |      |       |
[INFO] [stdout]     |                  |      |       no `Pat` in the root
[INFO] [stdout]     |                  |      no `ItemFn` in the root
[INFO] [stdout]     |                  no `FnArg` in the root
[INFO] [stdout]     |
[INFO] [stdout] note: found an item that was configured out
[INFO] [stdout]    --> /opt/rustwide/cargo-home/registry/src/index.crates.io-1949cf8c6b5b557f/syn-3.0.3/src/lib.rs:545:21
[INFO] [stdout]     |
[INFO] [stdout] 542 | #[cfg(feature = "full")]
[INFO] [stdout]     |       ---------------- the item is gated behind the `full` feature
[INFO] [stdout] ...
[INFO] [stdout] 545 |     ConstModifiers, FnArg, FnModifiers, ForeignItem, ForeignItemFn, ForeignItemMacro,
[INFO] [stdout]     |                     ^^^^^
[INFO] [stdout] note: found an item that was configured out
[INFO] [stdout]    --> /opt/rustwide/cargo-home/registry/src/index.crates.io-1949cf8c6b5b557f/syn-3.0.3/src/lib.rs:547:78
[INFO] [stdout]     |
[INFO] [stdout] 542 | #[cfg(feature = "full")]
[INFO] [stdout]     |       ---------------- the item is gated behind the `full` feature
[INFO] [stdout] ...
[INFO] [stdout] 547 |     ImplItemType, ImplModifiers, Item, ItemConst, ItemEnum, ItemExternCrate, ItemFn,
[INFO] [stdout]     |                                                                              ^^^^^^
[INFO] [stdout] note: found an item that was configured out
[INFO] [stdout]    --> /opt/rustwide/cargo-home/registry/src/index.crates.io-1949cf8c6b5b557f/syn-3.0.3/src/lib.rs:602:15
[INFO] [stdout]     |
[INFO] [stdout] 599 | #[cfg(feature = "full")]
[INFO] [stdout]     |       ---------------- the item is gated behind the `full` feature
[INFO] [stdout] ...
[INFO] [stdout] 602 |     FieldPat, Pat, PatConst, PatGuard, PatIdent, PatLit, PatMacro, PatOr, PatParen, PatPath,
[INFO] [stdout]     |               ^^^
[INFO] [stdout] note: found an item that was configured out
[INFO] [stdout]    --> /opt/rustwide/cargo-home/registry/src/index.crates.io-1949cf8c6b5b557f/syn-3.0.3/src/lib.rs:603:85
[INFO] [stdout]     |
[INFO] [stdout] 599 | #[cfg(feature = "full")]
[INFO] [stdout]     |       ---------------- the item is gated behind the `full` feature
[INFO] [stdout] ...
[INFO] [stdout] 603 |     PatRange, PatReference, PatRest, PatSlice, PatStruct, PatTuple, PatTupleStruct, PatType,
[INFO] [stdout]     |                                                                                     ^^^^^^^
[INFO] [stdout] help: a similar name exists in the module
[INFO] [stdout]     |
[INFO] [stdout]   3 | use syn::{Error, FnArg, ItemFn, Path, PatType, Result, parse_macro_input};
[INFO] [stdout]     |                                    +
[INFO] [stdout] 
[INFO] [stdout] 
[INFO] [stdout] error[E0425]: cannot find value `req` in this scope
[INFO] [stdout]   --> src/lib.rs:40:53
[INFO] [stdout]    |
[INFO] [stdout] 40 |     if let (Some(req), Some(mongo), Some(redis)) = (req.ident, mongo_client, redis_client) {
[INFO] [stdout]    |                                                     ^^^ not found in this scope
[INFO] [stdout] 
[INFO] [stdout] 
[INFO] [stdout] warning: unused import: `Result`
[INFO] [stdout]  --> src/lib.rs:3:47
[INFO] [stdout]   |
[INFO] [stdout] 3 | use syn::{Error, FnArg, ItemFn, Pat, PatType, Result, parse_macro_input};
[INFO] [stdout]   |                                               ^^^^^^
[INFO] [stdout]   |
[INFO] [stdout]   = note: `#[warn(unused_imports)]` (part of `#[warn(unused)]`) on by default
[INFO] [stdout] 
[INFO] [stdout] 
[INFO] [stdout] Some errors have detailed explanations: E0425, E0432.
[INFO] [stdout] 
[INFO] [stdout] For more information about an error, try `rustc --explain E0425`.
[INFO] [stdout] 
[INFO] [stderr] error: could not compile `dev_macros` (lib) due to 4 previous errors; 1 warning emitted
[INFO] running `Command { std: "docker" "inspect" "08f65b9080425148898c39a0496365f6b93b6fd24936fb42cd654e16fdaf7367", kill_on_drop: false }`
[INFO] running `Command { std: "docker" "rm" "-f" "08f65b9080425148898c39a0496365f6b93b6fd24936fb42cd654e16fdaf7367", kill_on_drop: false }`
[INFO] [stdout] 08f65b9080425148898c39a0496365f6b93b6fd24936fb42cd654e16fdaf7367
